{"id":5371,"date":"2026-05-06T16:18:48","date_gmt":"2026-05-06T14:18:48","guid":{"rendered":"https:\/\/wiki.s12.at\/index.php\/maximilian-karner\/"},"modified":"2026-05-06T16:18:48","modified_gmt":"2026-05-06T14:18:48","slug":"maximilian-karner","status":"publish","type":"page","link":"https:\/\/wiki.s12.at\/index.php\/maximilian-karner\/","title":{"rendered":"Maximilian Karner"},"content":{"rendered":"<div class=\"mw-parser-output\">\n<div class=\"thumb tright\">\n<div class=\"thumbinner\" style=\"width:302px;\"><a href=\"\/Datei:SC_Wiener_Neustadt_vs._SV_Gr%C3%B6dig_2013-11-23_(36).jpg\" class=\"image\"><img fetchpriority=\"high\" alt=\"SC Wiener Neustadt vs. SV Gr\u00f6dig 2013-11-23 (36).jpg\" src=\"\/images\/thumb\/e\/e6\/SC_Wiener_Neustadt_vs._SV_Gr%C3%B6dig_2013-11-23_%2836%29.jpg\/330px-SC_Wiener_Neustadt_vs._SV_Gr%C3%B6dig_2013-11-23_%2836%29.jpg%3Futm_source%3Dcommons.wikimedia.org%26utm_campaign%3Dimageinfo%26utm_content%3Dthumbnail\" decoding=\"async\" width=\"300\" height=\"450\" class=\"thumbimage\" srcset=\"\/images\/thumb\/e\/e6\/SC_Wiener_Neustadt_vs._SV_Gr%C3%B6dig_2013-11-23_%2836%29.jpg\/500px-SC_Wiener_Neustadt_vs._SV_Gr%C3%B6dig_2013-11-23_%2836%29.jpg%3Futm_source%3Dcommons.wikimedia.org%26utm_campaign%3Dimageinfo%26utm_content%3Dthumbnail 1.5x, \/images\/thumb\/e\/e6\/SC_Wiener_Neustadt_vs._SV_Gr%C3%B6dig_2013-11-23_%2836%29.jpg\/960px-SC_Wiener_Neustadt_vs._SV_Gr%C3%B6dig_2013-11-23_%2836%29.jpg%3Futm_source%3Dcommons.wikimedia.org%26utm_campaign%3Dimageinfo%26utm_content%3Dthumbnail 2x\" \/><\/a>  <\/p>\n<div class=\"thumbcaption\">\n<div class=\"magnify\"><a href=\"\/Datei:SC_Wiener_Neustadt_vs._SV_Gr%C3%B6dig_2013-11-23_(36).jpg\" class=\"internal\" title=\"vergr\u00f6\u00dfern\"><\/a><\/div>\n<\/div>\n<\/div>\n<\/div>\n<ul>\n<li>Name: <b>Maximilian Karner<\/b><\/li>\n<li>Geburtstag:3. J\u00e4nner 1990<\/li>\n<li>Geburtsort: Salzburg<\/li>\n<li>Geburtsland: \u00d6sterreich<\/li>\n<li>Gr\u00f6\u00dfe:184 cm<\/li>\n<li>Position: Verteidiger<\/li>\n<li>Spiele f\u00fcr Salzburg: 41 Spiele (0 Tore) f\u00fcr die Red Bull Juniors<\/li>\n<li>Nationalmannschaft:U16 bis U21 24 Spiele (0 Tore) f\u00fcr \u00d6sterreich<\/li>\n<\/ul>\n<h2><span class=\"mw-headline\" id=\"Stationen\">Stationen<\/span><a href=\"\/index.php?title=Maximilian_Karner&amp;action=edit&amp;section=1\" title=\"Abschnitt bearbeiten: Stationen\">Bearbeiten<\/a><span class=\"mw-editsection-bracket\">]<\/span><\/span><\/h2>\n<ul>\n<li>Red Bull Juniors Salzburg (2005-2010)<\/li>\n<li>SV Ried<\/li>\n<li>SV Gr\u00f6dig (Leihe)<\/li>\n<li>SV Gr\u00f6dig<\/li>\n<\/ul>\n<h2><span class=\"mw-headline\" id=\"Besonderes\">Besonderes<\/span><a href=\"\/index.php?title=Maximilian_Karner&amp;action=edit&amp;section=2\" title=\"Abschnitt bearbeiten: Besonderes\">Bearbeiten<\/a><span class=\"mw-editsection-bracket\">]<\/span><\/span><\/h2>\n<p>Im Sommer 2007 erlitt er eine Herzmuskelentz\u00fcndung und meldete sich nach einer harten Regenerationsphase, w\u00e4hrend der er sein Herz kaum belasten durfte, zur Herbstsaison 2008 zum Training bei den Juniors wieder zur\u00fcck. Im Fr\u00fchjahr erfolgte jedoch der n\u00e4chste R\u00fcckschlag, Karner brach sich den Mittelfu\u00dfknochen und fiel erneut 2 Monate aus.\n<\/p>\n<p>F\u00fcr die Saison 2009\/10 meldete er sich wieder fit zur\u00fcck und erk\u00e4mpfte sich schnell einen Stammplatz unter Trainer Niko Kovac.\n<\/p>\n<\/div>\n","protected":false},"excerpt":{"rendered":"<p>Name: Maximilian Karner Geburtstag:3. J\u00e4nner 1990 Geburtsort: Salzburg Geburtsland: \u00d6sterreich Gr\u00f6\u00dfe:184 cm Position: Verteidiger Spiele f\u00fcr Salzburg: 41 Spiele (0 Tore) f\u00fcr die Red Bull Juniors Nationalmannschaft:U16 bis U21 24 Spiele (0 Tore) f\u00fcr \u00d6sterreich StationenBearbeiten] Red Bull Juniors Salzburg (2005-2010) SV Ried SV Gr\u00f6dig (Leihe) SV Gr\u00f6dig BesonderesBearbeiten] Im Sommer 2007 erlitt er eine [&hellip;]<\/p>\n","protected":false},"author":1,"featured_media":0,"parent":0,"menu_order":0,"comment_status":"closed","ping_status":"closed","template":"","meta":{"footnotes":""},"class_list":["post-5371","page","type-page","status-publish","hentry"],"_links":{"self":[{"href":"https:\/\/wiki.s12.at\/index.php\/wp-json\/wp\/v2\/pages\/5371","targetHints":{"allow":["GET"]}}],"collection":[{"href":"https:\/\/wiki.s12.at\/index.php\/wp-json\/wp\/v2\/pages"}],"about":[{"href":"https:\/\/wiki.s12.at\/index.php\/wp-json\/wp\/v2\/types\/page"}],"author":[{"embeddable":true,"href":"https:\/\/wiki.s12.at\/index.php\/wp-json\/wp\/v2\/users\/1"}],"replies":[{"embeddable":true,"href":"https:\/\/wiki.s12.at\/index.php\/wp-json\/wp\/v2\/comments?post=5371"}],"version-history":[{"count":0,"href":"https:\/\/wiki.s12.at\/index.php\/wp-json\/wp\/v2\/pages\/5371\/revisions"}],"wp:attachment":[{"href":"https:\/\/wiki.s12.at\/index.php\/wp-json\/wp\/v2\/media?parent=5371"}],"curies":[{"name":"wp","href":"https:\/\/api.w.org\/{rel}","templated":true}]}}

<div class="mw-parser-output">
<div class="thumb tright">
<div class="thumbinner" style="width:302px;"><a href="/Datei:SC_Wiener_Neustadt_vs._SV_Gr%C3%B6dig_2013-11-23_(36).jpg" class="image"><img fetchpriority="high" alt="SC Wiener Neustadt vs. SV Grödig 2013-11-23 (36).jpg" src="/images/thumb/e/e6/SC_Wiener_Neustadt_vs._SV_Gr%C3%B6dig_2013-11-23_%2836%29.jpg/330px-SC_Wiener_Neustadt_vs._SV_Gr%C3%B6dig_2013-11-23_%2836%29.jpg%3Futm_source%3Dcommons.wikimedia.org%26utm_campaign%3Dimageinfo%26utm_content%3Dthumbnail" decoding="async" width="300" height="450" class="thumbimage" srcset="/images/thumb/e/e6/SC_Wiener_Neustadt_vs._SV_Gr%C3%B6dig_2013-11-23_%2836%29.jpg/500px-SC_Wiener_Neustadt_vs._SV_Gr%C3%B6dig_2013-11-23_%2836%29.jpg%3Futm_source%3Dcommons.wikimedia.org%26utm_campaign%3Dimageinfo%26utm_content%3Dthumbnail 1.5x, /images/thumb/e/e6/SC_Wiener_Neustadt_vs._SV_Gr%C3%B6dig_2013-11-23_%2836%29.jpg/960px-SC_Wiener_Neustadt_vs._SV_Gr%C3%B6dig_2013-11-23_%2836%29.jpg%3Futm_source%3Dcommons.wikimedia.org%26utm_campaign%3Dimageinfo%26utm_content%3Dthumbnail 2x" /></a>  </p>
<div class="thumbcaption">
<div class="magnify"><a href="/Datei:SC_Wiener_Neustadt_vs._SV_Gr%C3%B6dig_2013-11-23_(36).jpg" class="internal" title="vergrößern"></a></div>
</div>
</div>
</div>
<ul>
<li>Name: <b>Maximilian Karner</b></li>
<li>Geburtstag:3. Jänner 1990</li>
<li>Geburtsort: Salzburg</li>
<li>Geburtsland: Österreich</li>
<li>Größe:184 cm</li>
<li>Position: Verteidiger</li>
<li>Spiele für Salzburg: 41 Spiele (0 Tore) für die Red Bull Juniors</li>
<li>Nationalmannschaft:U16 bis U21 24 Spiele (0 Tore) für Österreich</li>
</ul>
<h2><span class="mw-headline" id="Stationen">Stationen</span><a href="/index.php?title=Maximilian_Karner&amp;action=edit&amp;section=1" title="Abschnitt bearbeiten: Stationen">Bearbeiten</a><span class="mw-editsection-bracket">]</span></span></h2>
<ul>
<li>Red Bull Juniors Salzburg (2005-2010)</li>
<li>SV Ried</li>
<li>SV Grödig (Leihe)</li>
<li>SV Grödig</li>
</ul>
<h2><span class="mw-headline" id="Besonderes">Besonderes</span><a href="/index.php?title=Maximilian_Karner&amp;action=edit&amp;section=2" title="Abschnitt bearbeiten: Besonderes">Bearbeiten</a><span class="mw-editsection-bracket">]</span></span></h2>
<p>Im Sommer 2007 erlitt er eine Herzmuskelentzündung und meldete sich nach einer harten Regenerationsphase, während der er sein Herz kaum belasten durfte, zur Herbstsaison 2008 zum Training bei den Juniors wieder zurück. Im Frühjahr erfolgte jedoch der nächste Rückschlag, Karner brach sich den Mittelfußknochen und fiel erneut 2 Monate aus.
</p>
<p>Für die Saison 2009/10 meldete er sich wieder fit zurück und erkämpfte sich schnell einen Stammplatz unter Trainer Niko Kovac.
</p>
</div>

<p>Name: Maximilian Karner Geburtstag:3. Jänner 1990 Geburtsort: Salzburg Geburtsland: Österreich Größe:184 cm Position: Verteidiger Spiele für Salzburg: 41 Spiele (0 Tore) für die Red Bull Juniors Nationalmannschaft:U16 bis U21 24 Spiele (0 Tore) für Österreich StationenBearbeiten] Red Bull Juniors Salzburg (2005-2010) SV Ried SV Grödig (Leihe) SV Grödig BesonderesBearbeiten] Im Sommer 2007 erlitt er eine [&hellip;]</p>
