{"id":5354,"date":"2026-05-06T16:18:35","date_gmt":"2026-05-06T14:18:35","guid":{"rendered":"https:\/\/wiki.s12.at\/index.php\/massimo-bruno\/"},"modified":"2026-05-06T16:18:35","modified_gmt":"2026-05-06T14:18:35","slug":"massimo-bruno","status":"publish","type":"page","link":"https:\/\/wiki.s12.at\/index.php\/massimo-bruno\/","title":{"rendered":"Massimo Bruno"},"content":{"rendered":"<div class=\"mw-parser-output\">\n<div class=\"thumb tright\">\n<div class=\"thumbinner\" style=\"width:302px;\"><a href=\"\/Datei:Testspiel_Red_Bull_Salzburg_gegen_Schachtar_Donezk_16.JPG\" class=\"image\"><img fetchpriority=\"high\" alt=\"Testspiel Red Bull Salzburg gegen Schachtar Donezk 16.JPG\" src=\"\/images\/thumb\/a\/a6\/Testspiel_Red_Bull_Salzburg_gegen_Schachtar_Donezk_16.JPG\/330px-Testspiel_Red_Bull_Salzburg_gegen_Schachtar_Donezk_16.JPG%3Futm_source%3Dcommons.wikimedia.org%26utm_campaign%3Dimageinfo%26utm_content%3Dthumbnail\" decoding=\"async\" width=\"300\" height=\"762\" class=\"thumbimage\" srcset=\"\/images\/thumb\/a\/a6\/Testspiel_Red_Bull_Salzburg_gegen_Schachtar_Donezk_16.JPG\/500px-Testspiel_Red_Bull_Salzburg_gegen_Schachtar_Donezk_16.JPG%3Futm_source%3Dcommons.wikimedia.org%26utm_campaign%3Dimageinfo%26utm_content%3Dthumbnail 1.5x, \/images\/thumb\/a\/a6\/Testspiel_Red_Bull_Salzburg_gegen_Schachtar_Donezk_16.JPG\/Testspiel_Red_Bull_Salzburg_gegen_Schachtar_Donezk_16.JPG%3Futm_source%3Dcommons.wikimedia.org%26utm_campaign%3Dimageinfo%26utm_content%3Dthumbnail_unscaled 2x\" \/><\/a>  <\/p>\n<div class=\"thumbcaption\">\n<div class=\"magnify\"><a href=\"\/Datei:Testspiel_Red_Bull_Salzburg_gegen_Schachtar_Donezk_16.JPG\" class=\"internal\" title=\"vergr\u00f6\u00dfern\"><\/a><\/div>\n<\/div>\n<\/div>\n<\/div>\n<ul>\n<li>Name: <b>Massimo Bruno<\/b><\/li>\n<li>Geburtstag: 17. September 1993<\/li>\n<li>Geburtsort: Boussu<\/li>\n<li>Geburtsland: Belgien<\/li>\n<li>Position: Mittelfeldspieler<\/li>\n<li>Gr\u00f6\u00dfe:178 cm<\/li>\n<li>R\u00fcckennummer: 77<\/li>\n<li>Bundesligaspiele f\u00fcr Salzburg:<\/li>\n<li>Nationalmannschaft: Belgien U21<\/li>\n<\/ul>\n<h2><span class=\"mw-headline\" id=\"Stationen\">Stationen<\/span><a href=\"\/index.php?title=Massimo_Bruno&amp;action=edit&amp;section=1\" title=\"Abschnitt bearbeiten: Stationen\">Bearbeiten<\/a><span class=\"mw-editsection-bracket\">]<\/span><\/span><\/h2>\n<ul>\n<li>Sporting Charlroi (2010-2011)<\/li>\n<li>RSC Anderlecht (2011-2014)<\/li>\n<li>RB Leipzig (2014-2018 )<\/li>\n<li>FC Red Bull Salzburg Leihe (2014- 2015 )<\/li>\n<li>RSC Anderlecht (Leihe 2016-2018)<\/li>\n<li>Sporting Charleroi  (2018 &#8211; )<\/li>\n<\/ul>\n<\/div>\n","protected":false},"excerpt":{"rendered":"<p>Name: Massimo Bruno Geburtstag: 17. September 1993 Geburtsort: Boussu Geburtsland: Belgien Position: Mittelfeldspieler Gr\u00f6\u00dfe:178 cm R\u00fcckennummer: 77 Bundesligaspiele f\u00fcr Salzburg: Nationalmannschaft: Belgien U21 StationenBearbeiten] Sporting Charlroi (2010-2011) RSC Anderlecht (2011-2014) RB Leipzig (2014-2018 ) FC Red Bull Salzburg Leihe (2014- 2015 ) RSC Anderlecht (Leihe 2016-2018) Sporting Charleroi (2018 &#8211; )<\/p>\n","protected":false},"author":1,"featured_media":0,"parent":0,"menu_order":0,"comment_status":"closed","ping_status":"closed","template":"","meta":{"footnotes":""},"class_list":["post-5354","page","type-page","status-publish","hentry"],"_links":{"self":[{"href":"https:\/\/wiki.s12.at\/index.php\/wp-json\/wp\/v2\/pages\/5354","targetHints":{"allow":["GET"]}}],"collection":[{"href":"https:\/\/wiki.s12.at\/index.php\/wp-json\/wp\/v2\/pages"}],"about":[{"href":"https:\/\/wiki.s12.at\/index.php\/wp-json\/wp\/v2\/types\/page"}],"author":[{"embeddable":true,"href":"https:\/\/wiki.s12.at\/index.php\/wp-json\/wp\/v2\/users\/1"}],"replies":[{"embeddable":true,"href":"https:\/\/wiki.s12.at\/index.php\/wp-json\/wp\/v2\/comments?post=5354"}],"version-history":[{"count":0,"href":"https:\/\/wiki.s12.at\/index.php\/wp-json\/wp\/v2\/pages\/5354\/revisions"}],"wp:attachment":[{"href":"https:\/\/wiki.s12.at\/index.php\/wp-json\/wp\/v2\/media?parent=5354"}],"curies":[{"name":"wp","href":"https:\/\/api.w.org\/{rel}","templated":true}]}}

<div class="mw-parser-output">
<div class="thumb tright">
<div class="thumbinner" style="width:302px;"><a href="/Datei:Testspiel_Red_Bull_Salzburg_gegen_Schachtar_Donezk_16.JPG" class="image"><img fetchpriority="high" alt="Testspiel Red Bull Salzburg gegen Schachtar Donezk 16.JPG" src="/images/thumb/a/a6/Testspiel_Red_Bull_Salzburg_gegen_Schachtar_Donezk_16.JPG/330px-Testspiel_Red_Bull_Salzburg_gegen_Schachtar_Donezk_16.JPG%3Futm_source%3Dcommons.wikimedia.org%26utm_campaign%3Dimageinfo%26utm_content%3Dthumbnail" decoding="async" width="300" height="762" class="thumbimage" srcset="/images/thumb/a/a6/Testspiel_Red_Bull_Salzburg_gegen_Schachtar_Donezk_16.JPG/500px-Testspiel_Red_Bull_Salzburg_gegen_Schachtar_Donezk_16.JPG%3Futm_source%3Dcommons.wikimedia.org%26utm_campaign%3Dimageinfo%26utm_content%3Dthumbnail 1.5x, /images/thumb/a/a6/Testspiel_Red_Bull_Salzburg_gegen_Schachtar_Donezk_16.JPG/Testspiel_Red_Bull_Salzburg_gegen_Schachtar_Donezk_16.JPG%3Futm_source%3Dcommons.wikimedia.org%26utm_campaign%3Dimageinfo%26utm_content%3Dthumbnail_unscaled 2x" /></a>  </p>
<div class="thumbcaption">
<div class="magnify"><a href="/Datei:Testspiel_Red_Bull_Salzburg_gegen_Schachtar_Donezk_16.JPG" class="internal" title="vergrößern"></a></div>
</div>
</div>
</div>
<ul>
<li>Name: <b>Massimo Bruno</b></li>
<li>Geburtstag: 17. September 1993</li>
<li>Geburtsort: Boussu</li>
<li>Geburtsland: Belgien</li>
<li>Position: Mittelfeldspieler</li>
<li>Größe:178 cm</li>
<li>Rückennummer: 77</li>
<li>Bundesligaspiele für Salzburg:</li>
<li>Nationalmannschaft: Belgien U21</li>
</ul>
<h2><span class="mw-headline" id="Stationen">Stationen</span><a href="/index.php?title=Massimo_Bruno&amp;action=edit&amp;section=1" title="Abschnitt bearbeiten: Stationen">Bearbeiten</a><span class="mw-editsection-bracket">]</span></span></h2>
<ul>
<li>Sporting Charlroi (2010-2011)</li>
<li>RSC Anderlecht (2011-2014)</li>
<li>RB Leipzig (2014-2018 )</li>
<li>FC Red Bull Salzburg Leihe (2014- 2015 )</li>
<li>RSC Anderlecht (Leihe 2016-2018)</li>
<li>Sporting Charleroi  (2018 &#8211; )</li>
</ul>
</div>

<p>Name: Massimo Bruno Geburtstag: 17. September 1993 Geburtsort: Boussu Geburtsland: Belgien Position: Mittelfeldspieler Größe:178 cm Rückennummer: 77 Bundesligaspiele für Salzburg: Nationalmannschaft: Belgien U21 StationenBearbeiten] Sporting Charlroi (2010-2011) RSC Anderlecht (2011-2014) RB Leipzig (2014-2018 ) FC Red Bull Salzburg Leihe (2014- 2015 ) RSC Anderlecht (Leihe 2016-2018) Sporting Charleroi (2018 &#8211; )</p>
