{"id":5284,"date":"2026-05-06T16:16:41","date_gmt":"2026-05-06T14:16:41","guid":{"rendered":"https:\/\/wiki.s12.at\/index.php\/manuel-roedl\/"},"modified":"2026-05-06T16:16:41","modified_gmt":"2026-05-06T14:16:41","slug":"manuel-roedl","status":"publish","type":"page","link":"https:\/\/wiki.s12.at\/index.php\/manuel-roedl\/","title":{"rendered":"Manuel R\u00f6dl"},"content":{"rendered":"<div class=\"mw-parser-output\">\n<div class=\"thumb tright\">\n<div class=\"thumbinner\" style=\"width:302px;\"><a href=\"\/Datei:Manuel_R%C3%B6dl_-_SKNV_St._P%C3%B6lten_(01).jpg\" class=\"image\"><img fetchpriority=\"high\" alt=\"\" src=\"\/images\/thumb\/b\/bc\/Manuel_R%C3%B6dl_-_SKNV_St._P%C3%B6lten_%2801%29.jpg\/330px-Manuel_R%C3%B6dl_-_SKNV_St._P%C3%B6lten_%2801%29.jpg%3Futm_source%3Dcommons.wikimedia.org%26utm_campaign%3Dimageinfo%26utm_content%3Dthumbnail\" decoding=\"async\" width=\"300\" height=\"450\" class=\"thumbimage\" srcset=\"\/images\/thumb\/b\/bc\/Manuel_R%C3%B6dl_-_SKNV_St._P%C3%B6lten_%2801%29.jpg\/500px-Manuel_R%C3%B6dl_-_SKNV_St._P%C3%B6lten_%2801%29.jpg%3Futm_source%3Dcommons.wikimedia.org%26utm_campaign%3Dimageinfo%26utm_content%3Dthumbnail 1.5x, \/images\/thumb\/b\/bc\/Manuel_R%C3%B6dl_-_SKNV_St._P%C3%B6lten_%2801%29.jpg\/960px-Manuel_R%C3%B6dl_-_SKNV_St._P%C3%B6lten_%2801%29.jpg%3Futm_source%3Dcommons.wikimedia.org%26utm_campaign%3Dimageinfo%26utm_content%3Dthumbnail 2x\" \/><\/a>  <\/p>\n<div class=\"thumbcaption\">\n<div class=\"magnify\"><a href=\"\/Datei:Manuel_R%C3%B6dl_-_SKNV_St._P%C3%B6lten_(01).jpg\" class=\"internal\" title=\"vergr\u00f6\u00dfern\"><\/a><\/div>\n<p>2010<\/p><\/div>\n<\/div>\n<\/div>\n<ul>\n<li>Name: <b>Manuel R\u00f6dl<\/b><\/li>\n<li>Geburtstag: 23. September 1982<\/li>\n<li>Geburtsort:<\/li>\n<li>Geburtsland: \u00d6sterreich<\/li>\n<li>Gr\u00f6\u00dfe: 181 cm<\/li>\n<li>Position: Verteidiger<\/li>\n<li>Bundesligaspiele f\u00fcr Salzburg:&#160;? f\u00fcr Austria Salzburg Amateure; 0 Spiele  (0 Tore ) f\u00fcr Austria Salzburg<\/li>\n<\/ul>\n<h2><span class=\"mw-headline\" id=\"Stationen\">Stationen<\/span><a href=\"\/index.php?title=Manuel_R%C3%B6dl&amp;action=edit&amp;section=1\" title=\"Abschnitt bearbeiten: Stationen\">Bearbeiten<\/a><span class=\"mw-editsection-bracket\">]<\/span><\/span><\/h2>\n<ul>\n<li>Austria Salzburg Amateure (2000-2002)<\/li>\n<li>SV Austria Salzburg (2002-2003)<\/li>\n<li>SC Untersiebenbrunn<\/li>\n<li>FC Lustenau 07<\/li>\n<li>SKN St. P\u00f6lten<\/li>\n<\/ul>\n<\/div>\n","protected":false},"excerpt":{"rendered":"<p>2010 Name: Manuel R\u00f6dl Geburtstag: 23. September 1982 Geburtsort: Geburtsland: \u00d6sterreich Gr\u00f6\u00dfe: 181 cm Position: Verteidiger Bundesligaspiele f\u00fcr Salzburg:&#160;? f\u00fcr Austria Salzburg Amateure; 0 Spiele (0 Tore ) f\u00fcr Austria Salzburg StationenBearbeiten] Austria Salzburg Amateure (2000-2002) SV Austria Salzburg (2002-2003) SC Untersiebenbrunn FC Lustenau 07 SKN St. P\u00f6lten<\/p>\n","protected":false},"author":1,"featured_media":0,"parent":0,"menu_order":0,"comment_status":"closed","ping_status":"closed","template":"","meta":{"footnotes":""},"class_list":["post-5284","page","type-page","status-publish","hentry"],"_links":{"self":[{"href":"https:\/\/wiki.s12.at\/index.php\/wp-json\/wp\/v2\/pages\/5284","targetHints":{"allow":["GET"]}}],"collection":[{"href":"https:\/\/wiki.s12.at\/index.php\/wp-json\/wp\/v2\/pages"}],"about":[{"href":"https:\/\/wiki.s12.at\/index.php\/wp-json\/wp\/v2\/types\/page"}],"author":[{"embeddable":true,"href":"https:\/\/wiki.s12.at\/index.php\/wp-json\/wp\/v2\/users\/1"}],"replies":[{"embeddable":true,"href":"https:\/\/wiki.s12.at\/index.php\/wp-json\/wp\/v2\/comments?post=5284"}],"version-history":[{"count":0,"href":"https:\/\/wiki.s12.at\/index.php\/wp-json\/wp\/v2\/pages\/5284\/revisions"}],"wp:attachment":[{"href":"https:\/\/wiki.s12.at\/index.php\/wp-json\/wp\/v2\/media?parent=5284"}],"curies":[{"name":"wp","href":"https:\/\/api.w.org\/{rel}","templated":true}]}}

Manuel Rödl

<div class="mw-parser-output">
<div class="thumb tright">
<div class="thumbinner" style="width:302px;"><a href="/Datei:Manuel_R%C3%B6dl_-_SKNV_St._P%C3%B6lten_(01).jpg" class="image"><img fetchpriority="high" alt="" src="/images/thumb/b/bc/Manuel_R%C3%B6dl_-_SKNV_St._P%C3%B6lten_%2801%29.jpg/330px-Manuel_R%C3%B6dl_-_SKNV_St._P%C3%B6lten_%2801%29.jpg%3Futm_source%3Dcommons.wikimedia.org%26utm_campaign%3Dimageinfo%26utm_content%3Dthumbnail" decoding="async" width="300" height="450" class="thumbimage" srcset="/images/thumb/b/bc/Manuel_R%C3%B6dl_-_SKNV_St._P%C3%B6lten_%2801%29.jpg/500px-Manuel_R%C3%B6dl_-_SKNV_St._P%C3%B6lten_%2801%29.jpg%3Futm_source%3Dcommons.wikimedia.org%26utm_campaign%3Dimageinfo%26utm_content%3Dthumbnail 1.5x, /images/thumb/b/bc/Manuel_R%C3%B6dl_-_SKNV_St._P%C3%B6lten_%2801%29.jpg/960px-Manuel_R%C3%B6dl_-_SKNV_St._P%C3%B6lten_%2801%29.jpg%3Futm_source%3Dcommons.wikimedia.org%26utm_campaign%3Dimageinfo%26utm_content%3Dthumbnail 2x" /></a>  </p>
<div class="thumbcaption">
<div class="magnify"><a href="/Datei:Manuel_R%C3%B6dl_-_SKNV_St._P%C3%B6lten_(01).jpg" class="internal" title="vergrößern"></a></div>
<p>2010</p></div>
</div>
</div>
<ul>
<li>Name: <b>Manuel Rödl</b></li>
<li>Geburtstag: 23. September 1982</li>
<li>Geburtsort:</li>
<li>Geburtsland: Österreich</li>
<li>Größe: 181 cm</li>
<li>Position: Verteidiger</li>
<li>Bundesligaspiele für Salzburg:&#160;? für Austria Salzburg Amateure; 0 Spiele  (0 Tore ) für Austria Salzburg</li>
</ul>
<h2><span class="mw-headline" id="Stationen">Stationen</span><a href="/index.php?title=Manuel_R%C3%B6dl&amp;action=edit&amp;section=1" title="Abschnitt bearbeiten: Stationen">Bearbeiten</a><span class="mw-editsection-bracket">]</span></span></h2>
<ul>
<li>Austria Salzburg Amateure (2000-2002)</li>
<li>SV Austria Salzburg (2002-2003)</li>
<li>SC Untersiebenbrunn</li>
<li>FC Lustenau 07</li>
<li>SKN St. Pölten</li>
</ul>
</div>

<p>2010 Name: Manuel Rödl Geburtstag: 23. September 1982 Geburtsort: Geburtsland: Österreich Größe: 181 cm Position: Verteidiger Bundesligaspiele für Salzburg:&#160;? für Austria Salzburg Amateure; 0 Spiele (0 Tore ) für Austria Salzburg StationenBearbeiten] Austria Salzburg Amateure (2000-2002) SV Austria Salzburg (2002-2003) SC Untersiebenbrunn FC Lustenau 07 SKN St. Pölten</p>
