{"id":5271,"date":"2026-05-06T16:16:30","date_gmt":"2026-05-06T14:16:30","guid":{"rendered":"https:\/\/wiki.s12.at\/index.php\/malmoe-ff-gegen-fc-salzburg-2015\/"},"modified":"2026-05-06T16:16:30","modified_gmt":"2026-05-06T14:16:30","slug":"malmoe-ff-gegen-fc-salzburg-2015","status":"publish","type":"page","link":"https:\/\/wiki.s12.at\/index.php\/malmoe-ff-gegen-fc-salzburg-2015\/","title":{"rendered":"Malm\u00f6 FF gegen FC Salzburg (2015)"},"content":{"rendered":"<div class=\"mw-parser-output\">\n<h2><span class=\"mw-headline\" id=\"Fakten\">Fakten<\/span><a href=\"\/index.php?title=Malm%C3%B6_FF_gegen_FC_Salzburg_(2015)&amp;action=edit&amp;section=1\" title=\"Abschnitt bearbeiten: Fakten\">Bearbeiten<\/a><span class=\"mw-editsection-bracket\">]<\/span><\/span><\/h2>\n<table class=\"toptextcells toccolours\">\n<tbody>\n<tr>\n<th colspan=\"2\" style=\"text-align: center; vertical-align: top; padding: 0.3em 0.8em; font-size: 125%; background-color: lightsteelblue;\">Malm\u00f6 FF gegen FC Salzburg ,3:0\n<\/th>\n<\/tr>\n<tr>\n<th style=\"text-align:left;\"><b>Spieltag<\/b>\n<\/th>\n<th style=\"text-align:left;\">Uefa-Championsleague Play-off R\u00fcckspiel\n<\/th>\n<\/tr>\n<tr>\n<th style=\"text-align:left;\"><b>Datum<\/b>\n<\/th>\n<th style=\"text-align:left;\">5. August 2015\n<\/th>\n<\/tr>\n<tr>\n<th style=\"text-align:left;\"><b>Anpfiff<\/b>\n<\/th>\n<th style=\"text-align:left;\">20.30 Uhr\n<\/th>\n<\/tr>\n<tr>\n<td colspan=\"2\" style=\"text-align:center;\" bgcolor=\"lightgray\"><b>Aufstellung<\/b>\n<\/td>\n<\/tr>\n<tr>\n<th style=\"text-align:left;\"><b>Tor<\/b>\n<\/th>\n<th><a href=\"\/Cican_Stankovic\" title=\"Cican Stankovic\">Cican Stankovic<\/a>\n<\/th>\n<\/tr>\n<tr>\n<th style=\"text-align:left;\"><b>Verteidigung<\/b>\n<\/th>\n<th><a href=\"\/Benno_Schmitz\" title=\"Benno Schmitz\">Benno Schmitz<\/a> <a href=\"\/Paulo_Miranda\" title=\"Paulo Miranda\">Paulo Miranda<\/a> <a href=\"\/Martin_Hinteregger\" title=\"Martin Hinteregger\">Martin Hinteregger<\/a> <a href=\"\/Andreas_Ulmer\" title=\"Andreas Ulmer\">Andreas Ulmer<\/a>\n<\/th>\n<\/tr>\n<tr>\n<th style=\"text-align:left;\"><b>Mittelfeld<\/b>\n<\/th>\n<th><a href=\"\/David_Atanga\" title=\"David Atanga\">David Atanga<\/a> <a href=\"\/Naby_Keita\" title=\"Naby Keita\">Naby Keita<\/a> <a href=\"\/Christoph_Leitgeb\" title=\"Christoph Leitgeb\">Christoph Leitgeb<\/a> <a href=\"\/Valon_Berisha\" title=\"Valon Berisha\">Valon Berisha<\/a>\n<\/th>\n<\/tr>\n<tr>\n<th style=\"text-align:left;\"><b>Sturm<\/b>\n<\/th>\n<th><a href=\"\/Dimitri_Oberlin\" title=\"Dimitri Oberlin\">Dimitri Oberlin<\/a>  <a href=\"\/Felipe_Pires\" title=\"Felipe Pires\">Felipe Pires<\/a>\n<\/th>\n<\/tr>\n<tr>\n<td colspan=\"2\" style=\"text-align:center;\" bgcolor=\"lightgray\"><b>Wechsel<\/b>\n<\/td>\n<\/tr>\n<tr>\n<th style=\"text-align:left;\"><b>Wechsel<\/b>\n<\/th>\n<th style=\"text-align:left;\"><a href=\"\/Konrad_Laimer\" title=\"Konrad Laimer\">Konrad Laimer<\/a> f\u00fcr Miranda (77.), <a href=\"\/Smail_Prevljak\" title=\"Smail Prevljak\">Smail Prevljak<\/a> f\u00fcr Oberlin (77.), <a href=\"\/Yordy_Reyna\" title=\"Yordy Reyna\">Yordy Reyna<\/a> f\u00fcr Atanga (86.)\n<\/th>\n<\/tr>\n<tr>\n<td colspan=\"2\" style=\"text-align:center;\" bgcolor=\"lightgray\"><b>Statistik<\/b>\n<\/td>\n<\/tr>\n<tr>\n<th style=\"text-align:left;\"><b>Endstand<\/b>\n<\/th>\n<th style=\"text-align:left;\">3:0 (3:0)\n<\/th>\n<\/tr>\n<tr>\n<th style=\"text-align:left;\"><b>Torsch\u00fctzen<\/b>\n<\/th>\n<th style=\"text-align:left;\">Djurdjic (7.), Rosenberg (14.), Rodic (42.)\n<\/th>\n<\/tr>\n<tr>\n<th style=\"text-align:left;\"><b>Gelbe Karten<\/b>\n<\/th>\n<th style=\"text-align:left;\">Keita (27.), Kofi Adu (35.), Ulmer (57.), Leitgeb (64.), Tinnerholm (74.), Rosenberg (82.)\n<\/th>\n<\/tr>\n<tr>\n<th style=\"text-align:left;\"><b>Rote Karten<\/b>\n<\/th>\n<th style=\"text-align:left;\">Kofi Adu (65.)\n<\/th>\n<\/tr>\n<tr>\n<th style=\"text-align:left;\"><b>Schiedsrichter<\/b>\n<\/th>\n<th style=\"text-align:left;\">Michael Koukoulakis (GRE)\n<\/th>\n<\/tr>\n<tr>\n<th style=\"text-align:left;\"><b>Stadion<\/b>\n<\/th>\n<th style=\"text-align:left;\">Swedbankstadion, Malm\u00f6\n<\/th>\n<\/tr>\n<tr>\n<th style=\"text-align:left;\"><b>Zuschauer<\/b>\n<\/th>\n<th style=\"text-align:left;\">19 955\n<\/th>\n<\/tr>\n<\/tbody>\n<\/table>\n<h2><span class=\"mw-headline\" id=\"Bilder\">Bilder<\/span><a href=\"\/index.php?title=Malm%C3%B6_FF_gegen_FC_Salzburg_(2015)&amp;action=edit&amp;section=2\" title=\"Abschnitt bearbeiten: Bilder\">Bearbeiten<\/a><span class=\"mw-editsection-bracket\">]<\/span><\/span><\/h2>\n<ul class=\"gallery mw-gallery-traditional\">\n<li class=\"gallerybox\" style=\"width: 155px\">\n<div style=\"width: 155px\">\n<div class=\"thumb\" style=\"width: 150px;\">\n<div style=\"margin:31px auto;\"><a href=\"\/Datei:GEPA_Malm%C3%B6_(2).jpg\" class=\"image\"><img alt=\"GEPA Malm\u00f6 (2).jpg\" src=\"\/images\/thumb\/1\/11\/GEPA_Malm%C3%B6_%282%29.jpg\/120px-GEPA_Malm%C3%B6_%282%29.jpg\" decoding=\"async\" width=\"120\" height=\"88\" srcset=\"\/images\/thumb\/1\/11\/GEPA_Malm%C3%B6_%282%29.jpg\/180px-GEPA_Malm%C3%B6_%282%29.jpg 1.5x, \/images\/thumb\/1\/11\/GEPA_Malm%C3%B6_%282%29.jpg\/240px-GEPA_Malm%C3%B6_%282%29.jpg 2x\" \/><\/a><\/div>\n<\/div>\n<div class=\"gallerytext\">\n\t\t\t<\/div>\n<\/p><\/div>\n<\/li>\n<li class=\"gallerybox\" style=\"width: 155px\">\n<div style=\"width: 155px\">\n<div class=\"thumb\" style=\"width: 150px;\">\n<div style=\"margin:34px auto;\"><a href=\"\/Datei:GEPA_Malm%C3%B6_(1).jpg\" class=\"image\"><img alt=\"GEPA Malm\u00f6 (1).jpg\" src=\"\/images\/thumb\/f\/f5\/GEPA_Malm%C3%B6_%281%29.jpg\/120px-GEPA_Malm%C3%B6_%281%29.jpg\" decoding=\"async\" width=\"120\" height=\"82\" srcset=\"\/images\/thumb\/f\/f5\/GEPA_Malm%C3%B6_%281%29.jpg\/180px-GEPA_Malm%C3%B6_%281%29.jpg 1.5x, \/images\/thumb\/f\/f5\/GEPA_Malm%C3%B6_%281%29.jpg\/240px-GEPA_Malm%C3%B6_%281%29.jpg 2x\" \/><\/a><\/div>\n<\/div>\n<div class=\"gallerytext\">\n\t\t\t<\/div>\n<\/p><\/div>\n<\/li>\n<li class=\"gallerybox\" style=\"width: 155px\">\n<div style=\"width: 155px\">\n<div class=\"thumb\" style=\"width: 150px;\">\n<div style=\"margin:32.5px auto;\"><a href=\"\/Datei:GEPA_Malm%C3%B6_(3).jpg\" class=\"image\"><img alt=\"GEPA Malm\u00f6 (3).jpg\" src=\"\/images\/thumb\/2\/2c\/GEPA_Malm%C3%B6_%283%29.jpg\/120px-GEPA_Malm%C3%B6_%283%29.jpg\" decoding=\"async\" width=\"120\" height=\"85\" srcset=\"\/images\/thumb\/2\/2c\/GEPA_Malm%C3%B6_%283%29.jpg\/180px-GEPA_Malm%C3%B6_%283%29.jpg 1.5x, \/images\/thumb\/2\/2c\/GEPA_Malm%C3%B6_%283%29.jpg\/240px-GEPA_Malm%C3%B6_%283%29.jpg 2x\" \/><\/a><\/div>\n<\/div>\n<div class=\"gallerytext\">\n\t\t\t<\/div>\n<\/p><\/div>\n<\/li>\n<li class=\"gallerybox\" style=\"width: 155px\">\n<div style=\"width: 155px\">\n<div class=\"thumb\" style=\"width: 150px;\">\n<div style=\"margin:27.5px auto;\"><a href=\"\/Datei:GEPA_Malm%C3%B6_(4).jpg\" class=\"image\"><img loading=\"lazy\" alt=\"GEPA Malm\u00f6 (4).jpg\" src=\"\/images\/thumb\/7\/7a\/GEPA_Malm%C3%B6_%284%29.jpg\/120px-GEPA_Malm%C3%B6_%284%29.jpg\" decoding=\"async\" width=\"120\" height=\"95\" srcset=\"\/images\/thumb\/7\/7a\/GEPA_Malm%C3%B6_%284%29.jpg\/180px-GEPA_Malm%C3%B6_%284%29.jpg 1.5x, \/images\/thumb\/7\/7a\/GEPA_Malm%C3%B6_%284%29.jpg\/240px-GEPA_Malm%C3%B6_%284%29.jpg 2x\" \/><\/a><\/div>\n<\/div>\n<div class=\"gallerytext\">\n\t\t\t<\/div>\n<\/p><\/div>\n<\/li>\n<li class=\"gallerybox\" style=\"width: 155px\">\n<div style=\"width: 155px\">\n<div class=\"thumb\" style=\"width: 150px;\">\n<div style=\"margin:33.5px auto;\"><a href=\"\/Datei:GEPA_Malm%C3%B6_(5).jpg\" class=\"image\"><img loading=\"lazy\" alt=\"GEPA Malm\u00f6 (5).jpg\" src=\"\/images\/thumb\/e\/e1\/GEPA_Malm%C3%B6_%285%29.jpg\/120px-GEPA_Malm%C3%B6_%285%29.jpg\" decoding=\"async\" width=\"120\" height=\"83\" srcset=\"\/images\/thumb\/e\/e1\/GEPA_Malm%C3%B6_%285%29.jpg\/180px-GEPA_Malm%C3%B6_%285%29.jpg 1.5x, \/images\/thumb\/e\/e1\/GEPA_Malm%C3%B6_%285%29.jpg\/240px-GEPA_Malm%C3%B6_%285%29.jpg 2x\" \/><\/a><\/div>\n<\/div>\n<div class=\"gallerytext\">\n\t\t\t<\/div>\n<\/p><\/div>\n<\/li>\n<\/ul>\n<h2><span class=\"mw-headline\" id=\"Weblinks\">Weblinks<\/span><a href=\"\/index.php?title=Malm%C3%B6_FF_gegen_FC_Salzburg_(2015)&amp;action=edit&amp;section=3\" title=\"Abschnitt bearbeiten: Weblinks\">Bearbeiten<\/a><span class=\"mw-editsection-bracket\">]<\/span><\/span><\/h2>\n<ul>\n<li><a rel=\"nofollow\" class=\"external text\" href=\"http:\/\/www.redbullsalzburg.at\/de\/fc-red-bull-salzburg\/news\/saison_2015_16\/der-fc-red-bull-salzburg-verliert-das-rueckspiel-bei-malmoe-ff-mit-0-3.html\">Spielbericht Vereinshomepage<\/a><\/li>\n<\/ul>\n<h2><span class=\"mw-headline\" id=\"Stimmen_zum_Spiel\">Stimmen zum Spiel<\/span><a href=\"\/index.php?title=Malm%C3%B6_FF_gegen_FC_Salzburg_(2015)&amp;action=edit&amp;section=4\" title=\"Abschnitt bearbeiten: Stimmen zum Spiel\">Bearbeiten<\/a><span class=\"mw-editsection-bracket\">]<\/span><\/span><\/h2>\n<p><b>Peter Zeidler:<\/b> Wir hatten einen sehr guten Beginn und auch die ersten zwei Torsch\u00fcsse im Spiel. Nach dem 1:0 waren wir ganz klar dran, den Ausgleich zu erzielen. Dann war da dieses ganz verr\u00fcckte 2:0 \u2013 was nat\u00fcrlich nicht passieren darf, dass man so einfach einen Standard bekommt \u2013 doch das haben wir weggesteckt. \u00dcber das 3:0 brauchen wir, glaube ich, nicht zu diskutieren. Einen solchen Fehler darf man auf diesem Niveau einfach nicht machen. Wir brauchten nur noch einen Treffer, um uns zu qualifizieren und haben auch alles probiert. Ich kann mich in der zweiten Halbzeit an keine Chance unseres Gegners erinnern. Wir hatten derer viele, aber es ist nun mal so, dass Tore entscheidend sind im Fu\u00dfball, und das ist uns trotz vieler Sch\u00fcsse aufs Tor nicht gelungen.\n<\/p>\n<p><b>Martin Hinteregger:<\/b> Wir hatten eine gute Ausgangsposition und h\u00e4tten die Torchancen nutzen m\u00fcssen, die wir in der ersten Halbzeit vorgefunden haben. Wir haben uns in der ersten Spielh\u00e4lfte im defensiven Bereich nicht gut pr\u00e4sentiert. Malm\u00f6 hat uns aufgezeigt, wie man in so einem Spiel agieren muss und hat daher auch verdient gewonnen.\n<\/p>\n<\/div>\n","protected":false},"excerpt":{"rendered":"<p>FaktenBearbeiten] Malm\u00f6 FF gegen FC Salzburg ,3:0 Spieltag Uefa-Championsleague Play-off R\u00fcckspiel Datum 5. August 2015 Anpfiff 20.30 Uhr Aufstellung Tor Cican Stankovic Verteidigung Benno Schmitz Paulo Miranda Martin Hinteregger Andreas Ulmer Mittelfeld David Atanga Naby Keita Christoph Leitgeb Valon Berisha Sturm Dimitri Oberlin Felipe Pires Wechsel Wechsel Konrad Laimer f\u00fcr Miranda (77.), Smail Prevljak f\u00fcr [&hellip;]<\/p>\n","protected":false},"author":1,"featured_media":0,"parent":0,"menu_order":0,"comment_status":"closed","ping_status":"closed","template":"","meta":{"footnotes":""},"class_list":["post-5271","page","type-page","status-publish","hentry"],"_links":{"self":[{"href":"https:\/\/wiki.s12.at\/index.php\/wp-json\/wp\/v2\/pages\/5271","targetHints":{"allow":["GET"]}}],"collection":[{"href":"https:\/\/wiki.s12.at\/index.php\/wp-json\/wp\/v2\/pages"}],"about":[{"href":"https:\/\/wiki.s12.at\/index.php\/wp-json\/wp\/v2\/types\/page"}],"author":[{"embeddable":true,"href":"https:\/\/wiki.s12.at\/index.php\/wp-json\/wp\/v2\/users\/1"}],"replies":[{"embeddable":true,"href":"https:\/\/wiki.s12.at\/index.php\/wp-json\/wp\/v2\/comments?post=5271"}],"version-history":[{"count":0,"href":"https:\/\/wiki.s12.at\/index.php\/wp-json\/wp\/v2\/pages\/5271\/revisions"}],"wp:attachment":[{"href":"https:\/\/wiki.s12.at\/index.php\/wp-json\/wp\/v2\/media?parent=5271"}],"curies":[{"name":"wp","href":"https:\/\/api.w.org\/{rel}","templated":true}]}}

Malmö FF gegen FC Salzburg (2015)

<div class="mw-parser-output">
<h2><span class="mw-headline" id="Fakten">Fakten</span><a href="/index.php?title=Malm%C3%B6_FF_gegen_FC_Salzburg_(2015)&amp;action=edit&amp;section=1" title="Abschnitt bearbeiten: Fakten">Bearbeiten</a><span class="mw-editsection-bracket">]</span></span></h2>
<table class="toptextcells toccolours">
<tbody>
<tr>
<th colspan="2" style="text-align: center; vertical-align: top; padding: 0.3em 0.8em; font-size: 125%; background-color: lightsteelblue;">Malmö FF gegen FC Salzburg ,3:0
</th>
</tr>
<tr>
<th style="text-align:left;"><b>Spieltag</b>
</th>
<th style="text-align:left;">Uefa-Championsleague Play-off Rückspiel
</th>
</tr>
<tr>
<th style="text-align:left;"><b>Datum</b>
</th>
<th style="text-align:left;">5. August 2015
</th>
</tr>
<tr>
<th style="text-align:left;"><b>Anpfiff</b>
</th>
<th style="text-align:left;">20.30 Uhr
</th>
</tr>
<tr>
<td colspan="2" style="text-align:center;" bgcolor="lightgray"><b>Aufstellung</b>
</td>
</tr>
<tr>
<th style="text-align:left;"><b>Tor</b>
</th>
<th><a href="/Cican_Stankovic" title="Cican Stankovic">Cican Stankovic</a>
</th>
</tr>
<tr>
<th style="text-align:left;"><b>Verteidigung</b>
</th>
<th><a href="/Benno_Schmitz" title="Benno Schmitz">Benno Schmitz</a> <a href="/Paulo_Miranda" title="Paulo Miranda">Paulo Miranda</a> <a href="/Martin_Hinteregger" title="Martin Hinteregger">Martin Hinteregger</a> <a href="/Andreas_Ulmer" title="Andreas Ulmer">Andreas Ulmer</a>
</th>
</tr>
<tr>
<th style="text-align:left;"><b>Mittelfeld</b>
</th>
<th><a href="/David_Atanga" title="David Atanga">David Atanga</a> <a href="/Naby_Keita" title="Naby Keita">Naby Keita</a> <a href="/Christoph_Leitgeb" title="Christoph Leitgeb">Christoph Leitgeb</a> <a href="/Valon_Berisha" title="Valon Berisha">Valon Berisha</a>
</th>
</tr>
<tr>
<th style="text-align:left;"><b>Sturm</b>
</th>
<th><a href="/Dimitri_Oberlin" title="Dimitri Oberlin">Dimitri Oberlin</a>  <a href="/Felipe_Pires" title="Felipe Pires">Felipe Pires</a>
</th>
</tr>
<tr>
<td colspan="2" style="text-align:center;" bgcolor="lightgray"><b>Wechsel</b>
</td>
</tr>
<tr>
<th style="text-align:left;"><b>Wechsel</b>
</th>
<th style="text-align:left;"><a href="/Konrad_Laimer" title="Konrad Laimer">Konrad Laimer</a> für Miranda (77.), <a href="/Smail_Prevljak" title="Smail Prevljak">Smail Prevljak</a> für Oberlin (77.), <a href="/Yordy_Reyna" title="Yordy Reyna">Yordy Reyna</a> für Atanga (86.)
</th>
</tr>
<tr>
<td colspan="2" style="text-align:center;" bgcolor="lightgray"><b>Statistik</b>
</td>
</tr>
<tr>
<th style="text-align:left;"><b>Endstand</b>
</th>
<th style="text-align:left;">3:0 (3:0)
</th>
</tr>
<tr>
<th style="text-align:left;"><b>Torschützen</b>
</th>
<th style="text-align:left;">Djurdjic (7.), Rosenberg (14.), Rodic (42.)
</th>
</tr>
<tr>
<th style="text-align:left;"><b>Gelbe Karten</b>
</th>
<th style="text-align:left;">Keita (27.), Kofi Adu (35.), Ulmer (57.), Leitgeb (64.), Tinnerholm (74.), Rosenberg (82.)
</th>
</tr>
<tr>
<th style="text-align:left;"><b>Rote Karten</b>
</th>
<th style="text-align:left;">Kofi Adu (65.)
</th>
</tr>
<tr>
<th style="text-align:left;"><b>Schiedsrichter</b>
</th>
<th style="text-align:left;">Michael Koukoulakis (GRE)
</th>
</tr>
<tr>
<th style="text-align:left;"><b>Stadion</b>
</th>
<th style="text-align:left;">Swedbankstadion, Malmö
</th>
</tr>
<tr>
<th style="text-align:left;"><b>Zuschauer</b>
</th>
<th style="text-align:left;">19 955
</th>
</tr>
</tbody>
</table>
<h2><span class="mw-headline" id="Bilder">Bilder</span><a href="/index.php?title=Malm%C3%B6_FF_gegen_FC_Salzburg_(2015)&amp;action=edit&amp;section=2" title="Abschnitt bearbeiten: Bilder">Bearbeiten</a><span class="mw-editsection-bracket">]</span></span></h2>
<ul class="gallery mw-gallery-traditional">
<li class="gallerybox" style="width: 155px">
<div style="width: 155px">
<div class="thumb" style="width: 150px;">
<div style="margin:31px auto;"><a href="/Datei:GEPA_Malm%C3%B6_(2).jpg" class="image"><img alt="GEPA Malmö (2).jpg" src="/images/thumb/1/11/GEPA_Malm%C3%B6_%282%29.jpg/120px-GEPA_Malm%C3%B6_%282%29.jpg" decoding="async" width="120" height="88" srcset="/images/thumb/1/11/GEPA_Malm%C3%B6_%282%29.jpg/180px-GEPA_Malm%C3%B6_%282%29.jpg 1.5x, /images/thumb/1/11/GEPA_Malm%C3%B6_%282%29.jpg/240px-GEPA_Malm%C3%B6_%282%29.jpg 2x" /></a></div>
</div>
<div class="gallerytext">
			</div>
</p></div>
</li>
<li class="gallerybox" style="width: 155px">
<div style="width: 155px">
<div class="thumb" style="width: 150px;">
<div style="margin:34px auto;"><a href="/Datei:GEPA_Malm%C3%B6_(1).jpg" class="image"><img alt="GEPA Malmö (1).jpg" src="/images/thumb/f/f5/GEPA_Malm%C3%B6_%281%29.jpg/120px-GEPA_Malm%C3%B6_%281%29.jpg" decoding="async" width="120" height="82" srcset="/images/thumb/f/f5/GEPA_Malm%C3%B6_%281%29.jpg/180px-GEPA_Malm%C3%B6_%281%29.jpg 1.5x, /images/thumb/f/f5/GEPA_Malm%C3%B6_%281%29.jpg/240px-GEPA_Malm%C3%B6_%281%29.jpg 2x" /></a></div>
</div>
<div class="gallerytext">
			</div>
</p></div>
</li>
<li class="gallerybox" style="width: 155px">
<div style="width: 155px">
<div class="thumb" style="width: 150px;">
<div style="margin:32.5px auto;"><a href="/Datei:GEPA_Malm%C3%B6_(3).jpg" class="image"><img alt="GEPA Malmö (3).jpg" src="/images/thumb/2/2c/GEPA_Malm%C3%B6_%283%29.jpg/120px-GEPA_Malm%C3%B6_%283%29.jpg" decoding="async" width="120" height="85" srcset="/images/thumb/2/2c/GEPA_Malm%C3%B6_%283%29.jpg/180px-GEPA_Malm%C3%B6_%283%29.jpg 1.5x, /images/thumb/2/2c/GEPA_Malm%C3%B6_%283%29.jpg/240px-GEPA_Malm%C3%B6_%283%29.jpg 2x" /></a></div>
</div>
<div class="gallerytext">
			</div>
</p></div>
</li>
<li class="gallerybox" style="width: 155px">
<div style="width: 155px">
<div class="thumb" style="width: 150px;">
<div style="margin:27.5px auto;"><a href="/Datei:GEPA_Malm%C3%B6_(4).jpg" class="image"><img loading="lazy" alt="GEPA Malmö (4).jpg" src="/images/thumb/7/7a/GEPA_Malm%C3%B6_%284%29.jpg/120px-GEPA_Malm%C3%B6_%284%29.jpg" decoding="async" width="120" height="95" srcset="/images/thumb/7/7a/GEPA_Malm%C3%B6_%284%29.jpg/180px-GEPA_Malm%C3%B6_%284%29.jpg 1.5x, /images/thumb/7/7a/GEPA_Malm%C3%B6_%284%29.jpg/240px-GEPA_Malm%C3%B6_%284%29.jpg 2x" /></a></div>
</div>
<div class="gallerytext">
			</div>
</p></div>
</li>
<li class="gallerybox" style="width: 155px">
<div style="width: 155px">
<div class="thumb" style="width: 150px;">
<div style="margin:33.5px auto;"><a href="/Datei:GEPA_Malm%C3%B6_(5).jpg" class="image"><img loading="lazy" alt="GEPA Malmö (5).jpg" src="/images/thumb/e/e1/GEPA_Malm%C3%B6_%285%29.jpg/120px-GEPA_Malm%C3%B6_%285%29.jpg" decoding="async" width="120" height="83" srcset="/images/thumb/e/e1/GEPA_Malm%C3%B6_%285%29.jpg/180px-GEPA_Malm%C3%B6_%285%29.jpg 1.5x, /images/thumb/e/e1/GEPA_Malm%C3%B6_%285%29.jpg/240px-GEPA_Malm%C3%B6_%285%29.jpg 2x" /></a></div>
</div>
<div class="gallerytext">
			</div>
</p></div>
</li>
</ul>
<h2><span class="mw-headline" id="Weblinks">Weblinks</span><a href="/index.php?title=Malm%C3%B6_FF_gegen_FC_Salzburg_(2015)&amp;action=edit&amp;section=3" title="Abschnitt bearbeiten: Weblinks">Bearbeiten</a><span class="mw-editsection-bracket">]</span></span></h2>
<ul>
<li><a rel="nofollow" class="external text" href="http://www.redbullsalzburg.at/de/fc-red-bull-salzburg/news/saison_2015_16/der-fc-red-bull-salzburg-verliert-das-rueckspiel-bei-malmoe-ff-mit-0-3.html">Spielbericht Vereinshomepage</a></li>
</ul>
<h2><span class="mw-headline" id="Stimmen_zum_Spiel">Stimmen zum Spiel</span><a href="/index.php?title=Malm%C3%B6_FF_gegen_FC_Salzburg_(2015)&amp;action=edit&amp;section=4" title="Abschnitt bearbeiten: Stimmen zum Spiel">Bearbeiten</a><span class="mw-editsection-bracket">]</span></span></h2>
<p><b>Peter Zeidler:</b> Wir hatten einen sehr guten Beginn und auch die ersten zwei Torschüsse im Spiel. Nach dem 1:0 waren wir ganz klar dran, den Ausgleich zu erzielen. Dann war da dieses ganz verrückte 2:0 – was natürlich nicht passieren darf, dass man so einfach einen Standard bekommt – doch das haben wir weggesteckt. Über das 3:0 brauchen wir, glaube ich, nicht zu diskutieren. Einen solchen Fehler darf man auf diesem Niveau einfach nicht machen. Wir brauchten nur noch einen Treffer, um uns zu qualifizieren und haben auch alles probiert. Ich kann mich in der zweiten Halbzeit an keine Chance unseres Gegners erinnern. Wir hatten derer viele, aber es ist nun mal so, dass Tore entscheidend sind im Fußball, und das ist uns trotz vieler Schüsse aufs Tor nicht gelungen.
</p>
<p><b>Martin Hinteregger:</b> Wir hatten eine gute Ausgangsposition und hätten die Torchancen nutzen müssen, die wir in der ersten Halbzeit vorgefunden haben. Wir haben uns in der ersten Spielhälfte im defensiven Bereich nicht gut präsentiert. Malmö hat uns aufgezeigt, wie man in so einem Spiel agieren muss und hat daher auch verdient gewonnen.
</p>
</div>

<p>FaktenBearbeiten] Malmö FF gegen FC Salzburg ,3:0 Spieltag Uefa-Championsleague Play-off Rückspiel Datum 5. August 2015 Anpfiff 20.30 Uhr Aufstellung Tor Cican Stankovic Verteidigung Benno Schmitz Paulo Miranda Martin Hinteregger Andreas Ulmer Mittelfeld David Atanga Naby Keita Christoph Leitgeb Valon Berisha Sturm Dimitri Oberlin Felipe Pires Wechsel Wechsel Konrad Laimer für Miranda (77.), Smail Prevljak für [&hellip;]</p>
