{"id":5263,"date":"2026-05-06T16:16:07","date_gmt":"2026-05-06T14:16:07","guid":{"rendered":"https:\/\/wiki.s12.at\/index.php\/mads-bidstrup\/"},"modified":"2026-05-06T16:16:07","modified_gmt":"2026-05-06T14:16:07","slug":"mads-bidstrup","status":"publish","type":"page","link":"https:\/\/wiki.s12.at\/index.php\/mads-bidstrup\/","title":{"rendered":"Mads Bidstrup"},"content":{"rendered":"<div class=\"mw-parser-output\">\n<div class=\"thumb tright\">\n<div class=\"thumbinner\" style=\"width:302px;\"><a href=\"\/Datei:FC_Red_Bull_Salzburg_gegen_FK_Austria_Wien_(2023-08-13)_21.jpg\" class=\"image\"><img fetchpriority=\"high\" alt=\"FC Red Bull Salzburg gegen FK Austria Wien (2023-08-13) 21.jpg\" src=\"\/images\/thumb\/9\/9f\/FC_Red_Bull_Salzburg_gegen_FK_Austria_Wien_%282023-08-13%29_21.jpg\/330px-FC_Red_Bull_Salzburg_gegen_FK_Austria_Wien_%282023-08-13%29_21.jpg%3Futm_source%3Dcommons.wikimedia.org%26utm_campaign%3Dimageinfo%26utm_content%3Dthumbnail\" decoding=\"async\" width=\"300\" height=\"337\" class=\"thumbimage\" srcset=\"\/images\/thumb\/9\/9f\/FC_Red_Bull_Salzburg_gegen_FK_Austria_Wien_%282023-08-13%29_21.jpg\/500px-FC_Red_Bull_Salzburg_gegen_FK_Austria_Wien_%282023-08-13%29_21.jpg%3Futm_source%3Dcommons.wikimedia.org%26utm_campaign%3Dimageinfo%26utm_content%3Dthumbnail 1.5x, \/images\/thumb\/9\/9f\/FC_Red_Bull_Salzburg_gegen_FK_Austria_Wien_%282023-08-13%29_21.jpg\/960px-FC_Red_Bull_Salzburg_gegen_FK_Austria_Wien_%282023-08-13%29_21.jpg%3Futm_source%3Dcommons.wikimedia.org%26utm_campaign%3Dimageinfo%26utm_content%3Dthumbnail 2x\" \/><\/a>  <\/p>\n<div class=\"thumbcaption\">\n<div class=\"magnify\"><a href=\"\/Datei:FC_Red_Bull_Salzburg_gegen_FK_Austria_Wien_(2023-08-13)_21.jpg\" class=\"internal\" title=\"vergr\u00f6\u00dfern\"><\/a><\/div>\n<\/div>\n<\/div>\n<\/div>\n<ul>\n<li>Name: <b>Mads Bidstrup<\/b><\/li>\n<li>Geburtstag: 25. Februar 2001<\/li>\n<li>Geburtsort:  \tK\u00f8ge<\/li>\n<li>Geburtsland: D\u00e4nemark<\/li>\n<li>Gr\u00f6\u00dfe: 175 cm<\/li>\n<li>Position: Mittelfeldspieler<\/li>\n<li>Nationalspieler: D\u00e4nemark U16 bis U21<\/li>\n<\/ul>\n<h2><span class=\"mw-headline\" id=\"Stationen\">Stationen<\/span><a href=\"\/index.php?title=Mads_Bidstrup&amp;action=edit&amp;section=1\" title=\"Abschnitt bearbeiten: Stationen\">Bearbeiten<\/a><span class=\"mw-editsection-bracket\">]<\/span><\/span><\/h2>\n<ul>\n<li>FC Kopenhagen (Jugend)<\/li>\n<li>RB Leipzig (Jugend)<\/li>\n<li>FC Brentford<\/li>\n<li>FC Nordsj\u00e6lland (Leihe)<\/li>\n<li>FC Red Bull Salzburg (2023- )<\/li>\n<\/ul>\n<\/div>\n","protected":false},"excerpt":{"rendered":"<p>Name: Mads Bidstrup Geburtstag: 25. Februar 2001 Geburtsort: K\u00f8ge Geburtsland: D\u00e4nemark Gr\u00f6\u00dfe: 175 cm Position: Mittelfeldspieler Nationalspieler: D\u00e4nemark U16 bis U21 StationenBearbeiten] FC Kopenhagen (Jugend) RB Leipzig (Jugend) FC Brentford FC Nordsj\u00e6lland (Leihe) FC Red Bull Salzburg (2023- )<\/p>\n","protected":false},"author":1,"featured_media":0,"parent":0,"menu_order":0,"comment_status":"closed","ping_status":"closed","template":"","meta":{"footnotes":""},"class_list":["post-5263","page","type-page","status-publish","hentry"],"_links":{"self":[{"href":"https:\/\/wiki.s12.at\/index.php\/wp-json\/wp\/v2\/pages\/5263","targetHints":{"allow":["GET"]}}],"collection":[{"href":"https:\/\/wiki.s12.at\/index.php\/wp-json\/wp\/v2\/pages"}],"about":[{"href":"https:\/\/wiki.s12.at\/index.php\/wp-json\/wp\/v2\/types\/page"}],"author":[{"embeddable":true,"href":"https:\/\/wiki.s12.at\/index.php\/wp-json\/wp\/v2\/users\/1"}],"replies":[{"embeddable":true,"href":"https:\/\/wiki.s12.at\/index.php\/wp-json\/wp\/v2\/comments?post=5263"}],"version-history":[{"count":0,"href":"https:\/\/wiki.s12.at\/index.php\/wp-json\/wp\/v2\/pages\/5263\/revisions"}],"wp:attachment":[{"href":"https:\/\/wiki.s12.at\/index.php\/wp-json\/wp\/v2\/media?parent=5263"}],"curies":[{"name":"wp","href":"https:\/\/api.w.org\/{rel}","templated":true}]}}

<div class="mw-parser-output">
<div class="thumb tright">
<div class="thumbinner" style="width:302px;"><a href="/Datei:FC_Red_Bull_Salzburg_gegen_FK_Austria_Wien_(2023-08-13)_21.jpg" class="image"><img fetchpriority="high" alt="FC Red Bull Salzburg gegen FK Austria Wien (2023-08-13) 21.jpg" src="/images/thumb/9/9f/FC_Red_Bull_Salzburg_gegen_FK_Austria_Wien_%282023-08-13%29_21.jpg/330px-FC_Red_Bull_Salzburg_gegen_FK_Austria_Wien_%282023-08-13%29_21.jpg%3Futm_source%3Dcommons.wikimedia.org%26utm_campaign%3Dimageinfo%26utm_content%3Dthumbnail" decoding="async" width="300" height="337" class="thumbimage" srcset="/images/thumb/9/9f/FC_Red_Bull_Salzburg_gegen_FK_Austria_Wien_%282023-08-13%29_21.jpg/500px-FC_Red_Bull_Salzburg_gegen_FK_Austria_Wien_%282023-08-13%29_21.jpg%3Futm_source%3Dcommons.wikimedia.org%26utm_campaign%3Dimageinfo%26utm_content%3Dthumbnail 1.5x, /images/thumb/9/9f/FC_Red_Bull_Salzburg_gegen_FK_Austria_Wien_%282023-08-13%29_21.jpg/960px-FC_Red_Bull_Salzburg_gegen_FK_Austria_Wien_%282023-08-13%29_21.jpg%3Futm_source%3Dcommons.wikimedia.org%26utm_campaign%3Dimageinfo%26utm_content%3Dthumbnail 2x" /></a>  </p>
<div class="thumbcaption">
<div class="magnify"><a href="/Datei:FC_Red_Bull_Salzburg_gegen_FK_Austria_Wien_(2023-08-13)_21.jpg" class="internal" title="vergrößern"></a></div>
</div>
</div>
</div>
<ul>
<li>Name: <b>Mads Bidstrup</b></li>
<li>Geburtstag: 25. Februar 2001</li>
<li>Geburtsort:  	Køge</li>
<li>Geburtsland: Dänemark</li>
<li>Größe: 175 cm</li>
<li>Position: Mittelfeldspieler</li>
<li>Nationalspieler: Dänemark U16 bis U21</li>
</ul>
<h2><span class="mw-headline" id="Stationen">Stationen</span><a href="/index.php?title=Mads_Bidstrup&amp;action=edit&amp;section=1" title="Abschnitt bearbeiten: Stationen">Bearbeiten</a><span class="mw-editsection-bracket">]</span></span></h2>
<ul>
<li>FC Kopenhagen (Jugend)</li>
<li>RB Leipzig (Jugend)</li>
<li>FC Brentford</li>
<li>FC Nordsjælland (Leihe)</li>
<li>FC Red Bull Salzburg (2023- )</li>
</ul>
</div>

<p>Name: Mads Bidstrup Geburtstag: 25. Februar 2001 Geburtsort: Køge Geburtsland: Dänemark Größe: 175 cm Position: Mittelfeldspieler Nationalspieler: Dänemark U16 bis U21 StationenBearbeiten] FC Kopenhagen (Jugend) RB Leipzig (Jugend) FC Brentford FC Nordsjælland (Leihe) FC Red Bull Salzburg (2023- )</p>
