{"id":5255,"date":"2026-05-06T16:16:03","date_gmt":"2026-05-06T14:16:03","guid":{"rendered":"https:\/\/wiki.s12.at\/index.php\/msk-zilina-u19-gegen-fc-salzburg-u19\/"},"modified":"2026-05-06T16:16:03","modified_gmt":"2026-05-06T14:16:03","slug":"msk-zilina-u19-gegen-fc-salzburg-u19","status":"publish","type":"page","link":"https:\/\/wiki.s12.at\/index.php\/msk-zilina-u19-gegen-fc-salzburg-u19\/","title":{"rendered":"MSK Zilina U19 gegen FC Salzburg U19"},"content":{"rendered":"<div class=\"mw-parser-output\">\n<table class=\"toptextcells toccolours\">\n<tbody>\n<tr>\n<th colspan=\"2\" style=\"text-align: center; vertical-align: top; padding: 0.3em 0.8em; font-size: 125%; background-color: lightsteelblue;\">MSK Zilina U19  gegen FC Salzburg U19, 1:1 3:4 n. E.\n<\/th>\n<\/tr>\n<tr>\n<th style=\"text-align:left;\"><b>Spieltag<\/b>\n<\/th>\n<th style=\"text-align:left;\">Uefa Youth League, Achtelfinale\n<\/th>\n<\/tr>\n<tr>\n<th style=\"text-align:left;\"><b>Datum<\/b>\n<\/th>\n<th style=\"text-align:left;\">3. M\u00e4rz 2022\n<\/th>\n<\/tr>\n<tr>\n<th style=\"text-align:left;\"><b>Anpfiff<\/b>\n<\/th>\n<th style=\"text-align:left;\">16.30 Uhr\n<\/th>\n<\/tr>\n<tr>\n<td colspan=\"2\" style=\"text-align:center;\" bgcolor=\"lightgray\"><b>Aufstellung<\/b>\n<\/td>\n<\/tr>\n<tr>\n<th style=\"text-align:left;\"><b>Tor<\/b>\n<\/th>\n<th><a href=\"\/Adam_Stejskal\" title=\"Adam Stejskal\">Adam Stejskal<\/a>\n<\/th>\n<\/tr>\n<tr>\n<th style=\"text-align:left;\"><b>Verteidigung<\/b>\n<\/th>\n<th><a href=\"\/Benjamin_Atiabou\" title=\"Benjamin Atiabou\">Benjamin Atiabou<\/a> &#8211; <a href=\"\/Lukas_Wallner\" title=\"Lukas Wallner\">Lukas Wallner<\/a> &#8211; <a href=\"\/Samson_Baidoo\" title=\"Samson Baidoo\">Samson Baidoo<\/a> &#8211; <a href=\"\/Lukas_Ibertsberger\" title=\"Lukas Ibertsberger\">Lukas Ibertsberger<\/a>\n<\/th>\n<\/tr>\n<tr>\n<th style=\"text-align:left;\"><b>Mittelfeld<\/b>\n<\/th>\n<th><a href=\"\/Justin_Omoregie\" title=\"Justin Omoregie\">Justin Omoregie<\/a> &#8211; <a href=\"\/Julian_Halwachs\" title=\"Julian Halwachs\">Julian Halwachs<\/a> &#8211; <a href=\"\/Lawrence_Agyekum\" title=\"Lawrence Agyekum\">Lawrence Agyekum<\/a> &#8211; <a href=\"\/Dijon_Kameri\" title=\"Dijon Kameri\">Dijon Kameri<\/a>\n<\/th>\n<\/tr>\n<tr>\n<th style=\"text-align:left;\"><b>Sturm<\/b>\n<\/th>\n<th><a href=\"\/Luka_Reischl\" title=\"Luka Reischl\">Luka Reischl<\/a> &#8211; <a href=\"\/Roko_Simic\" title=\"Roko Simic\">Roko Simic<\/a>\n<\/th>\n<\/tr>\n<tr>\n<td colspan=\"2\" style=\"text-align:center;\" bgcolor=\"lightgray\"><b>Wechsel<\/b>\n<\/td>\n<\/tr>\n<tr>\n<th style=\"text-align:left;\"><b>Wechsel<\/b>\n<\/th>\n<th style=\"text-align:left;\"><a href=\"\/Oumar_Diakite\" title=\"Oumar Diakite\">Oumar Diakite<\/a> f\u00fcr Reischl (66.), <a href=\"\/Zeteny_Jano\" title=\"Zeteny Jano\">Zeteny  Jano<\/a> f\u00fcr Agyekum (66.), <a href=\"\/Raphael_Hofer\" title=\"Raphael Hofer\">Raphael Hofer<\/a> f\u00fcr Kameri (87.)\n<\/th>\n<\/tr>\n<tr>\n<td colspan=\"2\" style=\"text-align:center;\" bgcolor=\"lightgray\"><b>Statistik<\/b>\n<\/td>\n<\/tr>\n<tr>\n<th style=\"text-align:left;\"><b>Endstand<\/b>\n<\/th>\n<th style=\"text-align:left;\">1:1(1:0) 3:4 im E.\n<\/th>\n<\/tr>\n<tr>\n<th style=\"text-align:left;\"><b>Torsch\u00fctzen<\/b>\n<\/th>\n<th style=\"text-align:left;\">Addo (37.); Simic (65., E.); Elfmeterschie\u00dfen:Simic, Omoregie, Atiabou, Halwachs\n<\/th>\n<\/tr>\n<tr>\n<th style=\"text-align:left;\"><b>Gelbe Karten<\/b>\n<\/th>\n<th style=\"text-align:left;\">Owusu (65.),  Leitner  (69.), Va\u013eko  (80.); Jano (67.)\n<\/th>\n<\/tr>\n<tr>\n<th style=\"text-align:left;\"><b>Rote Karten<\/b>\n<\/th>\n<th style=\"text-align:left;\">\n<\/th>\n<\/tr>\n<tr>\n<th style=\"text-align:left;\"><b>Schiedsrichter<\/b>\n<\/th>\n<th style=\"text-align:left;\">Trustin Farrugia Cann (MLT)\n<\/th>\n<\/tr>\n<tr>\n<th style=\"text-align:left;\"><b>Stadion<\/b>\n<\/th>\n<th style=\"text-align:left;\">\u0160tadi\u00f3n M\u0160K \u017dilina, Zilina\n<\/th>\n<\/tr>\n<tr>\n<th style=\"text-align:left;\"><b>Zuschauer<\/b>\n<\/th>\n<th style=\"text-align:left;\">5 500\n<\/th>\n<\/tr>\n<\/tbody>\n<\/table>\n<h2><span class=\"mw-headline\" id=\"Spielbericht\">Spielbericht<\/span><a href=\"\/index.php?title=MSK_Zilina_U19_gegen_FC_Salzburg_U19&amp;action=edit&amp;section=1\" title=\"Abschnitt bearbeiten: Spielbericht\">Bearbeiten<\/a><span class=\"mw-editsection-bracket\">]<\/span><\/span><\/h2>\n<h2><span class=\"mw-headline\" id=\"Stimmen_zum_Spiel\">Stimmen zum Spiel<\/span><a href=\"\/index.php?title=MSK_Zilina_U19_gegen_FC_Salzburg_U19&amp;action=edit&amp;section=2\" title=\"Abschnitt bearbeiten: Stimmen zum Spiel\">Bearbeiten<\/a><span class=\"mw-editsection-bracket\">]<\/span><\/span><\/h2>\n<p><b>Fabio Ingolitsch: <\/b>  Es war ein sehr intensives Spiel, das hatten wir aber auch erwartet. Zilina ist ein Gegner, der eine unglaubliche Power und Wucht in der Offensive hat. Da haben wir eine Zeit lang gebraucht, um uns darauf einzustellen.\n<\/p>\n<p>Die Burschen haben sich heute eine Party verdient, wir werden die Zeit gemeinsam genie\u00dfen und ein wenig feiern. Wir freuen uns nat\u00fcrlich auch, dass wir gemeinsam nach Paris fliegen werden!\n<\/p>\n<\/div>\n","protected":false},"excerpt":{"rendered":"<p>MSK Zilina U19 gegen FC Salzburg U19, 1:1 3:4 n. E. Spieltag Uefa Youth League, Achtelfinale Datum 3. M\u00e4rz 2022 Anpfiff 16.30 Uhr Aufstellung Tor Adam Stejskal Verteidigung Benjamin Atiabou &#8211; Lukas Wallner &#8211; Samson Baidoo &#8211; Lukas Ibertsberger Mittelfeld Justin Omoregie &#8211; Julian Halwachs &#8211; Lawrence Agyekum &#8211; Dijon Kameri Sturm Luka Reischl &#8211; [&hellip;]<\/p>\n","protected":false},"author":1,"featured_media":0,"parent":0,"menu_order":0,"comment_status":"closed","ping_status":"closed","template":"","meta":{"footnotes":""},"class_list":["post-5255","page","type-page","status-publish","hentry"],"_links":{"self":[{"href":"https:\/\/wiki.s12.at\/index.php\/wp-json\/wp\/v2\/pages\/5255","targetHints":{"allow":["GET"]}}],"collection":[{"href":"https:\/\/wiki.s12.at\/index.php\/wp-json\/wp\/v2\/pages"}],"about":[{"href":"https:\/\/wiki.s12.at\/index.php\/wp-json\/wp\/v2\/types\/page"}],"author":[{"embeddable":true,"href":"https:\/\/wiki.s12.at\/index.php\/wp-json\/wp\/v2\/users\/1"}],"replies":[{"embeddable":true,"href":"https:\/\/wiki.s12.at\/index.php\/wp-json\/wp\/v2\/comments?post=5255"}],"version-history":[{"count":0,"href":"https:\/\/wiki.s12.at\/index.php\/wp-json\/wp\/v2\/pages\/5255\/revisions"}],"wp:attachment":[{"href":"https:\/\/wiki.s12.at\/index.php\/wp-json\/wp\/v2\/media?parent=5255"}],"curies":[{"name":"wp","href":"https:\/\/api.w.org\/{rel}","templated":true}]}}

<div class="mw-parser-output">
<table class="toptextcells toccolours">
<tbody>
<tr>
<th colspan="2" style="text-align: center; vertical-align: top; padding: 0.3em 0.8em; font-size: 125%; background-color: lightsteelblue;">MSK Zilina U19  gegen FC Salzburg U19, 1:1 3:4 n. E.
</th>
</tr>
<tr>
<th style="text-align:left;"><b>Spieltag</b>
</th>
<th style="text-align:left;">Uefa Youth League, Achtelfinale
</th>
</tr>
<tr>
<th style="text-align:left;"><b>Datum</b>
</th>
<th style="text-align:left;">3. März 2022
</th>
</tr>
<tr>
<th style="text-align:left;"><b>Anpfiff</b>
</th>
<th style="text-align:left;">16.30 Uhr
</th>
</tr>
<tr>
<td colspan="2" style="text-align:center;" bgcolor="lightgray"><b>Aufstellung</b>
</td>
</tr>
<tr>
<th style="text-align:left;"><b>Tor</b>
</th>
<th><a href="/Adam_Stejskal" title="Adam Stejskal">Adam Stejskal</a>
</th>
</tr>
<tr>
<th style="text-align:left;"><b>Verteidigung</b>
</th>
<th><a href="/Benjamin_Atiabou" title="Benjamin Atiabou">Benjamin Atiabou</a> &#8211; <a href="/Lukas_Wallner" title="Lukas Wallner">Lukas Wallner</a> &#8211; <a href="/Samson_Baidoo" title="Samson Baidoo">Samson Baidoo</a> &#8211; <a href="/Lukas_Ibertsberger" title="Lukas Ibertsberger">Lukas Ibertsberger</a>
</th>
</tr>
<tr>
<th style="text-align:left;"><b>Mittelfeld</b>
</th>
<th><a href="/Justin_Omoregie" title="Justin Omoregie">Justin Omoregie</a> &#8211; <a href="/Julian_Halwachs" title="Julian Halwachs">Julian Halwachs</a> &#8211; <a href="/Lawrence_Agyekum" title="Lawrence Agyekum">Lawrence Agyekum</a> &#8211; <a href="/Dijon_Kameri" title="Dijon Kameri">Dijon Kameri</a>
</th>
</tr>
<tr>
<th style="text-align:left;"><b>Sturm</b>
</th>
<th><a href="/Luka_Reischl" title="Luka Reischl">Luka Reischl</a> &#8211; <a href="/Roko_Simic" title="Roko Simic">Roko Simic</a>
</th>
</tr>
<tr>
<td colspan="2" style="text-align:center;" bgcolor="lightgray"><b>Wechsel</b>
</td>
</tr>
<tr>
<th style="text-align:left;"><b>Wechsel</b>
</th>
<th style="text-align:left;"><a href="/Oumar_Diakite" title="Oumar Diakite">Oumar Diakite</a> für Reischl (66.), <a href="/Zeteny_Jano" title="Zeteny Jano">Zeteny  Jano</a> für Agyekum (66.), <a href="/Raphael_Hofer" title="Raphael Hofer">Raphael Hofer</a> für Kameri (87.)
</th>
</tr>
<tr>
<td colspan="2" style="text-align:center;" bgcolor="lightgray"><b>Statistik</b>
</td>
</tr>
<tr>
<th style="text-align:left;"><b>Endstand</b>
</th>
<th style="text-align:left;">1:1(1:0) 3:4 im E.
</th>
</tr>
<tr>
<th style="text-align:left;"><b>Torschützen</b>
</th>
<th style="text-align:left;">Addo (37.); Simic (65., E.); Elfmeterschießen:Simic, Omoregie, Atiabou, Halwachs
</th>
</tr>
<tr>
<th style="text-align:left;"><b>Gelbe Karten</b>
</th>
<th style="text-align:left;">Owusu (65.),  Leitner  (69.), Vaľko  (80.); Jano (67.)
</th>
</tr>
<tr>
<th style="text-align:left;"><b>Rote Karten</b>
</th>
<th style="text-align:left;">
</th>
</tr>
<tr>
<th style="text-align:left;"><b>Schiedsrichter</b>
</th>
<th style="text-align:left;">Trustin Farrugia Cann (MLT)
</th>
</tr>
<tr>
<th style="text-align:left;"><b>Stadion</b>
</th>
<th style="text-align:left;">Štadión MŠK Žilina, Zilina
</th>
</tr>
<tr>
<th style="text-align:left;"><b>Zuschauer</b>
</th>
<th style="text-align:left;">5 500
</th>
</tr>
</tbody>
</table>
<h2><span class="mw-headline" id="Spielbericht">Spielbericht</span><a href="/index.php?title=MSK_Zilina_U19_gegen_FC_Salzburg_U19&amp;action=edit&amp;section=1" title="Abschnitt bearbeiten: Spielbericht">Bearbeiten</a><span class="mw-editsection-bracket">]</span></span></h2>
<h2><span class="mw-headline" id="Stimmen_zum_Spiel">Stimmen zum Spiel</span><a href="/index.php?title=MSK_Zilina_U19_gegen_FC_Salzburg_U19&amp;action=edit&amp;section=2" title="Abschnitt bearbeiten: Stimmen zum Spiel">Bearbeiten</a><span class="mw-editsection-bracket">]</span></span></h2>
<p><b>Fabio Ingolitsch: </b>  Es war ein sehr intensives Spiel, das hatten wir aber auch erwartet. Zilina ist ein Gegner, der eine unglaubliche Power und Wucht in der Offensive hat. Da haben wir eine Zeit lang gebraucht, um uns darauf einzustellen.
</p>
<p>Die Burschen haben sich heute eine Party verdient, wir werden die Zeit gemeinsam genießen und ein wenig feiern. Wir freuen uns natürlich auch, dass wir gemeinsam nach Paris fliegen werden!
</p>
</div>

<p>MSK Zilina U19 gegen FC Salzburg U19, 1:1 3:4 n. E. Spieltag Uefa Youth League, Achtelfinale Datum 3. März 2022 Anpfiff 16.30 Uhr Aufstellung Tor Adam Stejskal Verteidigung Benjamin Atiabou &#8211; Lukas Wallner &#8211; Samson Baidoo &#8211; Lukas Ibertsberger Mittelfeld Justin Omoregie &#8211; Julian Halwachs &#8211; Lawrence Agyekum &#8211; Dijon Kameri Sturm Luka Reischl &#8211; [&hellip;]</p>
