{"id":5245,"date":"2026-05-06T16:15:51","date_gmt":"2026-05-06T14:15:51","guid":{"rendered":"https:\/\/wiki.s12.at\/index.php\/lukas-fridrikas\/"},"modified":"2026-05-06T16:15:51","modified_gmt":"2026-05-06T14:15:51","slug":"lukas-fridrikas","status":"publish","type":"page","link":"https:\/\/wiki.s12.at\/index.php\/lukas-fridrikas\/","title":{"rendered":"Lukas Fridrikas"},"content":{"rendered":"<div class=\"mw-parser-output\">\n<ul>\n<li>Name: <b>Lukas Fridrikas<\/b><\/li>\n<li>Geburtstag: 30. Dezember 1997<\/li>\n<li>Geburtsort:<\/li>\n<li>Geburtsland: \u00d6sterreich<\/li>\n<li>Nationalit\u00e4t: \u00d6sterreicher <a href=\"\/Datei:Flag_of_Austria.svg\" class=\"image\" title=\"\u00d6sterreicher\"><img alt=\"\u00d6sterreicher\" src=\"\/images\/thumb\/4\/41\/Flag_of_Austria.svg\/langde-20px-Flag_of_Austria.svg.png%3Futm_source%3Dcommons.wikimedia.org%26utm_campaign%3Dimageinfo%26utm_content%3Dthumbnail\" decoding=\"async\" width=\"20\" height=\"13\" srcset=\"\/images\/thumb\/4\/41\/Flag_of_Austria.svg\/langde-40px-Flag_of_Austria.svg.png%3Futm_source%3Dcommons.wikimedia.org%26utm_campaign%3Dimageinfo%26utm_content%3Dthumbnail 1.5x\" \/><\/a><\/li>\n<li>Position: Mittelfeld<\/li>\n<li>R\u00fcckennummer:<\/li>\n<\/ul>\n<h2><span class=\"mw-headline\" id=\"Stationen\">Stationen<\/span><a href=\"\/index.php?title=Lukas_Fridrikas&amp;action=edit&amp;section=1\" title=\"Abschnitt bearbeiten: Stationen\">Bearbeiten<\/a><span class=\"mw-editsection-bracket\">]<\/span><\/span><\/h2>\n<ul>\n<li>Akademie Red Bull Salzburg U16<\/li>\n<li>Akademie Red Bull Salzburg U18<\/li>\n<li>SPG USK Anif\/RB Juniors<\/li>\n<li>SV Seekirchen<\/li>\n<li>SC Wiener Neustadt<\/li>\n<li>SC\/ESV Parndorf (Leihe)<\/li>\n<li>FC Dornbirn<\/li>\n<li>FC Wacker Innsbruck<\/li>\n<\/ul>\n<h2><span class=\"mw-headline\" id=\"Besonderes\">Besonderes<\/span><a href=\"\/index.php?title=Lukas_Fridrikas&amp;action=edit&amp;section=2\" title=\"Abschnitt bearbeiten: Besonderes\">Bearbeiten<\/a><span class=\"mw-editsection-bracket\">]<\/span><\/span><\/h2>\n<p>Im Trainingslager des FC Lieferings in Belek kam er am 6. Februar 2015 zu seinem ersten Einsatz in einer Profimannschaft. Beim Testspiel gegen den deutschen Regionalligisten Nordhaus kam er in der 2. Halbzeit zum Einsatz.\n<\/p>\n<\/div>\n","protected":false},"excerpt":{"rendered":"<p>Name: Lukas Fridrikas Geburtstag: 30. Dezember 1997 Geburtsort: Geburtsland: \u00d6sterreich Nationalit\u00e4t: \u00d6sterreicher Position: Mittelfeld R\u00fcckennummer: StationenBearbeiten] Akademie Red Bull Salzburg U16 Akademie Red Bull Salzburg U18 SPG USK Anif\/RB Juniors SV Seekirchen SC Wiener Neustadt SC\/ESV Parndorf (Leihe) FC Dornbirn FC Wacker Innsbruck BesonderesBearbeiten] Im Trainingslager des FC Lieferings in Belek kam er am 6. [&hellip;]<\/p>\n","protected":false},"author":1,"featured_media":0,"parent":0,"menu_order":0,"comment_status":"closed","ping_status":"closed","template":"","meta":{"footnotes":""},"class_list":["post-5245","page","type-page","status-publish","hentry"],"_links":{"self":[{"href":"https:\/\/wiki.s12.at\/index.php\/wp-json\/wp\/v2\/pages\/5245","targetHints":{"allow":["GET"]}}],"collection":[{"href":"https:\/\/wiki.s12.at\/index.php\/wp-json\/wp\/v2\/pages"}],"about":[{"href":"https:\/\/wiki.s12.at\/index.php\/wp-json\/wp\/v2\/types\/page"}],"author":[{"embeddable":true,"href":"https:\/\/wiki.s12.at\/index.php\/wp-json\/wp\/v2\/users\/1"}],"replies":[{"embeddable":true,"href":"https:\/\/wiki.s12.at\/index.php\/wp-json\/wp\/v2\/comments?post=5245"}],"version-history":[{"count":0,"href":"https:\/\/wiki.s12.at\/index.php\/wp-json\/wp\/v2\/pages\/5245\/revisions"}],"wp:attachment":[{"href":"https:\/\/wiki.s12.at\/index.php\/wp-json\/wp\/v2\/media?parent=5245"}],"curies":[{"name":"wp","href":"https:\/\/api.w.org\/{rel}","templated":true}]}}

<div class="mw-parser-output">
<ul>
<li>Name: <b>Lukas Fridrikas</b></li>
<li>Geburtstag: 30. Dezember 1997</li>
<li>Geburtsort:</li>
<li>Geburtsland: Österreich</li>
<li>Nationalität: Österreicher <a href="/Datei:Flag_of_Austria.svg" class="image" title="Österreicher"><img alt="Österreicher" src="/images/thumb/4/41/Flag_of_Austria.svg/langde-20px-Flag_of_Austria.svg.png%3Futm_source%3Dcommons.wikimedia.org%26utm_campaign%3Dimageinfo%26utm_content%3Dthumbnail" decoding="async" width="20" height="13" srcset="/images/thumb/4/41/Flag_of_Austria.svg/langde-40px-Flag_of_Austria.svg.png%3Futm_source%3Dcommons.wikimedia.org%26utm_campaign%3Dimageinfo%26utm_content%3Dthumbnail 1.5x" /></a></li>
<li>Position: Mittelfeld</li>
<li>Rückennummer:</li>
</ul>
<h2><span class="mw-headline" id="Stationen">Stationen</span><a href="/index.php?title=Lukas_Fridrikas&amp;action=edit&amp;section=1" title="Abschnitt bearbeiten: Stationen">Bearbeiten</a><span class="mw-editsection-bracket">]</span></span></h2>
<ul>
<li>Akademie Red Bull Salzburg U16</li>
<li>Akademie Red Bull Salzburg U18</li>
<li>SPG USK Anif/RB Juniors</li>
<li>SV Seekirchen</li>
<li>SC Wiener Neustadt</li>
<li>SC/ESV Parndorf (Leihe)</li>
<li>FC Dornbirn</li>
<li>FC Wacker Innsbruck</li>
</ul>
<h2><span class="mw-headline" id="Besonderes">Besonderes</span><a href="/index.php?title=Lukas_Fridrikas&amp;action=edit&amp;section=2" title="Abschnitt bearbeiten: Besonderes">Bearbeiten</a><span class="mw-editsection-bracket">]</span></span></h2>
<p>Im Trainingslager des FC Lieferings in Belek kam er am 6. Februar 2015 zu seinem ersten Einsatz in einer Profimannschaft. Beim Testspiel gegen den deutschen Regionalligisten Nordhaus kam er in der 2. Halbzeit zum Einsatz.
</p>
</div>

<p>Name: Lukas Fridrikas Geburtstag: 30. Dezember 1997 Geburtsort: Geburtsland: Österreich Nationalität: Österreicher Position: Mittelfeld Rückennummer: StationenBearbeiten] Akademie Red Bull Salzburg U16 Akademie Red Bull Salzburg U18 SPG USK Anif/RB Juniors SV Seekirchen SC Wiener Neustadt SC/ESV Parndorf (Leihe) FC Dornbirn FC Wacker Innsbruck BesonderesBearbeiten] Im Trainingslager des FC Lieferings in Belek kam er am 6. [&hellip;]</p>
