{"id":5108,"date":"2026-05-06T16:11:42","date_gmt":"2026-05-06T14:11:42","guid":{"rendered":"https:\/\/wiki.s12.at\/index.php\/kurt-wiebach\/"},"modified":"2026-05-06T16:11:42","modified_gmt":"2026-05-06T14:11:42","slug":"kurt-wiebach","status":"publish","type":"page","link":"https:\/\/wiki.s12.at\/index.php\/kurt-wiebach\/","title":{"rendered":"Kurt Wiebach"},"content":{"rendered":"<div class=\"mw-parser-output\">\n<p><b>Kurt Wiebach<\/b> (* 6. Juni 1946 in Berlin, Deutschland) ist ein Fu\u00dfballtrainer und -funktion\u00e4r.  Sowohl mit dem SAK als auch mit Austria Salzburg gelang ihm der Aufstieg in \u00d6sterreichs h\u00f6chste Spielklasse.\n<\/p>\n<p>Nach der \u00dcbernahme des SV Austria Salzburg durch Red Bull Salzburg wurde er sportlicher Leiter, verlie\u00df aber nach der Entlassung Kurt Jaras den Verein ebenfalls.\n<\/p>\n<h2><span class=\"mw-headline\" id=\"Trainerstationen\">Trainerstationen<\/span><a href=\"\/index.php?title=Kurt_Wiebach&amp;action=edit&amp;section=1\" title=\"Abschnitt bearbeiten: Trainerstationen\">Bearbeiten<\/a><span class=\"mw-editsection-bracket\">]<\/span><\/span><\/h2>\n<ul>\n<li>SAK 1914<\/li>\n<li>SV Asutria Salzburg<\/li>\n<li>SG Sch\u00f6nau (Bayrische Kreisklasse)<\/li>\n<\/ul>\n<h2><span class=\"mw-headline\" id=\"Weblinks\">Weblinks<\/span><a href=\"\/index.php?title=Kurt_Wiebach&amp;action=edit&amp;section=2\" title=\"Abschnitt bearbeiten: Weblinks\">Bearbeiten<\/a><span class=\"mw-editsection-bracket\">]<\/span><\/span><\/h2>\n<ul>\n<li><a rel=\"nofollow\" class=\"external text\" href=\"http:\/\/www.as-forum.com\/archiv\/wbb\/index.php?page=Thread&amp;threadID=3010&amp;pageNo=1&amp;s=39eb4c678a0ecf26076c82f0522ad07b82383407\">Austria Salzburg Forum zu Kurt Wiebach<\/a><\/li>\n<\/ul>\n<\/div>\n","protected":false},"excerpt":{"rendered":"<p>Kurt Wiebach (* 6. Juni 1946 in Berlin, Deutschland) ist ein Fu\u00dfballtrainer und -funktion\u00e4r. Sowohl mit dem SAK als auch mit Austria Salzburg gelang ihm der Aufstieg in \u00d6sterreichs h\u00f6chste Spielklasse. Nach der \u00dcbernahme des SV Austria Salzburg durch Red Bull Salzburg wurde er sportlicher Leiter, verlie\u00df aber nach der Entlassung Kurt Jaras den Verein [&hellip;]<\/p>\n","protected":false},"author":1,"featured_media":0,"parent":0,"menu_order":0,"comment_status":"closed","ping_status":"closed","template":"","meta":{"footnotes":""},"class_list":["post-5108","page","type-page","status-publish","hentry"],"_links":{"self":[{"href":"https:\/\/wiki.s12.at\/index.php\/wp-json\/wp\/v2\/pages\/5108","targetHints":{"allow":["GET"]}}],"collection":[{"href":"https:\/\/wiki.s12.at\/index.php\/wp-json\/wp\/v2\/pages"}],"about":[{"href":"https:\/\/wiki.s12.at\/index.php\/wp-json\/wp\/v2\/types\/page"}],"author":[{"embeddable":true,"href":"https:\/\/wiki.s12.at\/index.php\/wp-json\/wp\/v2\/users\/1"}],"replies":[{"embeddable":true,"href":"https:\/\/wiki.s12.at\/index.php\/wp-json\/wp\/v2\/comments?post=5108"}],"version-history":[{"count":0,"href":"https:\/\/wiki.s12.at\/index.php\/wp-json\/wp\/v2\/pages\/5108\/revisions"}],"wp:attachment":[{"href":"https:\/\/wiki.s12.at\/index.php\/wp-json\/wp\/v2\/media?parent=5108"}],"curies":[{"name":"wp","href":"https:\/\/api.w.org\/{rel}","templated":true}]}}

<div class="mw-parser-output">
<p><b>Kurt Wiebach</b> (* 6. Juni 1946 in Berlin, Deutschland) ist ein Fußballtrainer und -funktionär.  Sowohl mit dem SAK als auch mit Austria Salzburg gelang ihm der Aufstieg in Österreichs höchste Spielklasse.
</p>
<p>Nach der Übernahme des SV Austria Salzburg durch Red Bull Salzburg wurde er sportlicher Leiter, verließ aber nach der Entlassung Kurt Jaras den Verein ebenfalls.
</p>
<h2><span class="mw-headline" id="Trainerstationen">Trainerstationen</span><a href="/index.php?title=Kurt_Wiebach&amp;action=edit&amp;section=1" title="Abschnitt bearbeiten: Trainerstationen">Bearbeiten</a><span class="mw-editsection-bracket">]</span></span></h2>
<ul>
<li>SAK 1914</li>
<li>SV Asutria Salzburg</li>
<li>SG Schönau (Bayrische Kreisklasse)</li>
</ul>
<h2><span class="mw-headline" id="Weblinks">Weblinks</span><a href="/index.php?title=Kurt_Wiebach&amp;action=edit&amp;section=2" title="Abschnitt bearbeiten: Weblinks">Bearbeiten</a><span class="mw-editsection-bracket">]</span></span></h2>
<ul>
<li><a rel="nofollow" class="external text" href="http://www.as-forum.com/archiv/wbb/index.php?page=Thread&amp;threadID=3010&amp;pageNo=1&amp;s=39eb4c678a0ecf26076c82f0522ad07b82383407">Austria Salzburg Forum zu Kurt Wiebach</a></li>
</ul>
</div>

<p>Kurt Wiebach (* 6. Juni 1946 in Berlin, Deutschland) ist ein Fußballtrainer und -funktionär. Sowohl mit dem SAK als auch mit Austria Salzburg gelang ihm der Aufstieg in Österreichs höchste Spielklasse. Nach der Übernahme des SV Austria Salzburg durch Red Bull Salzburg wurde er sportlicher Leiter, verließ aber nach der Entlassung Kurt Jaras den Verein [&hellip;]</p>
