{"id":5097,"date":"2026-05-06T16:11:36","date_gmt":"2026-05-06T14:11:36","guid":{"rendered":"https:\/\/wiki.s12.at\/index.php\/konyaspor-gegen-fc-salzburg\/"},"modified":"2026-05-06T16:11:36","modified_gmt":"2026-05-06T14:11:36","slug":"konyaspor-gegen-fc-salzburg","status":"publish","type":"page","link":"https:\/\/wiki.s12.at\/index.php\/konyaspor-gegen-fc-salzburg\/","title":{"rendered":"Konyaspor gegen FC Salzburg"},"content":{"rendered":"<div class=\"mw-parser-output\">\n<h2><span class=\"mw-headline\" id=\"Fakten\">Fakten<\/span><a href=\"\/index.php?title=Konyaspor_gegen_FC_Salzburg&amp;action=edit&amp;section=1\" title=\"Abschnitt bearbeiten: Fakten\">Bearbeiten<\/a><span class=\"mw-editsection-bracket\">]<\/span><\/span><\/h2>\n<table class=\"toptextcells toccolours\">\n<tbody>\n<tr>\n<th colspan=\"2\" style=\"text-align: center; vertical-align: top; padding: 0.3em 0.8em; font-size: 125%; background-color: lightsteelblue;\">Konyaspor  gegen FC Salzburg , 0:2\n<\/th>\n<\/tr>\n<tr>\n<th style=\"text-align:left;\"><b>Spieltag<\/b>\n<\/th>\n<th style=\"text-align:left;\">EL-Qualifikation, Gruppe I\n<\/th>\n<\/tr>\n<tr>\n<th style=\"text-align:left;\"><b>Datum<\/b>\n<\/th>\n<th style=\"text-align:left;\">19. Oktober 2017\n<\/th>\n<\/tr>\n<tr>\n<th style=\"text-align:left;\"><b>Anpfiff<\/b>\n<\/th>\n<th style=\"text-align:left;\">19 Uhr\n<\/th>\n<\/tr>\n<tr>\n<td colspan=\"2\" style=\"text-align:center;\" bgcolor=\"lightgray\"><b>Aufstellung<\/b>\n<\/td>\n<\/tr>\n<tr>\n<th style=\"text-align:left;\"><b>Tor<\/b>\n<\/th>\n<th><a href=\"\/Alexander_Walke\" title=\"Alexander Walke\">Alexander Walke<\/a>\n<\/th>\n<\/tr>\n<tr>\n<th style=\"text-align:left;\"><b>Verteidigung<\/b>\n<\/th>\n<th><a href=\"\/Stefan_Lainer\" title=\"Stefan Lainer\">Stefan Lainer<\/a> &#8211; <a href=\"\/Paulo_Miranda\" title=\"Paulo Miranda\">Paulo Miranda<\/a> &#8211; <a href=\"\/Duje_Caleta-Car\" title=\"Duje Caleta-Car\">Duje Caleta-Car<\/a> &#8211; <a href=\"\/Andreas_Ulmer\" title=\"Andreas Ulmer\">Andreas Ulmer<\/a>\n<\/th>\n<\/tr>\n<tr>\n<th style=\"text-align:left;\"><b>Mittelfeld<\/b>\n<\/th>\n<th><a href=\"\/Hannes_Wolf\" title=\"Hannes Wolf\">Hannes Wolf<\/a> &#8211; <a href=\"\/Diadie_Samassekou\" title=\"Diadie Samassekou\">Diadie Samassekou <\/a> &#8211; <a href=\"\/Valon_Berisha\" title=\"Valon Berisha\">Valon Berisha<\/a> &#8211; <a href=\"\/Amadou_Haidara\" title=\"Amadou Haidara\">Amadou Haidara<\/a>\n<\/th>\n<\/tr>\n<tr>\n<th style=\"text-align:left;\"><b>Sturm<\/b>\n<\/th>\n<th><a href=\"\/Fredrik_Gulbrandsen\" title=\"Fredrik Gulbrandsen\">Fredrik Gulbrandsen<\/a> &#8211; <a href=\"\/Munas_Dabbur\" title=\"Munas Dabbur\">Munas Dabbur<\/a>\n<\/th>\n<\/tr>\n<tr>\n<td colspan=\"2\" style=\"text-align:center;\" bgcolor=\"lightgray\"><b>Wechsel<\/b>\n<\/td>\n<\/tr>\n<tr>\n<th style=\"text-align:left;\"><b>Wechsel<\/b>\n<\/th>\n<th style=\"text-align:left;\"><a href=\"\/Xaver_Schlager\" title=\"Xaver Schlager\">Xaver Schlager<\/a> f\u00fcr Wolf (71.), <a href=\"\/Takumi_Minamino\" title=\"Takumi Minamino\">Takumi Minamino<\/a> f\u00fcr Haidara (78.), <a href=\"\/Marc_Rzatkowski\" title=\"Marc Rzatkowski\">Marc Rzatkowski<\/a> f\u00fcr Gulbrandsen (88.)\n<\/th>\n<\/tr>\n<tr>\n<td colspan=\"2\" style=\"text-align:center;\" bgcolor=\"lightgray\"><b>Statistik<\/b>\n<\/td>\n<\/tr>\n<tr>\n<th style=\"text-align:left;\"><b>Endstand<\/b>\n<\/th>\n<th style=\"text-align:left;\">1:1  (1:1)\n<\/th>\n<\/tr>\n<tr>\n<th style=\"text-align:left;\"><b>Torsch\u00fctzen<\/b>\n<\/th>\n<th style=\"text-align:left;\">Gulbrandsen (5.), Dabbur (80.)\n<\/th>\n<\/tr>\n<tr>\n<th style=\"text-align:left;\"><b>Gelbe Karten<\/b>\n<\/th>\n<th style=\"text-align:left;\">Jonsson (53.); Lainer (56.)\n<\/th>\n<\/tr>\n<tr>\n<th style=\"text-align:left;\"><b>Rote Karten<\/b>\n<\/th>\n<th style=\"text-align:left;\">\n<\/th>\n<\/tr>\n<tr>\n<th style=\"text-align:left;\"><b>Schiedsrichter<\/b>\n<\/th>\n<th style=\"text-align:left;\">Greg Pawson (ENG)\n<\/th>\n<\/tr>\n<tr>\n<th style=\"text-align:left;\"><b>Stadion<\/b>\n<\/th>\n<th style=\"text-align:left;\">Konya B\u00fcy\u00fck\u015fehir Belediyesi Stadyumu\n<\/th>\n<\/tr>\n<tr>\n<th style=\"text-align:left;\"><b>Zuschauer<\/b>\n<\/th>\n<th style=\"text-align:left;\">23 000\n<\/th>\n<\/tr>\n<\/tbody>\n<\/table>\n<h2><span class=\"mw-headline\" id=\"Weblinks\">Weblinks<\/span><a href=\"\/index.php?title=Konyaspor_gegen_FC_Salzburg&amp;action=edit&amp;section=2\" title=\"Abschnitt bearbeiten: Weblinks\">Bearbeiten<\/a><span class=\"mw-editsection-bracket\">]<\/span><\/span><\/h2>\n<p><a rel=\"nofollow\" class=\"external text\" href=\"http:\/\/www.redbullsalzburg.at\/de\/fc-red-bull-salzburg\/news\/saison_2017_18\/fc-salzburg-festigt-gruppenfuehrung-mit-2-0-sieg-bei-konyaspor.html\">Spielbericht Homepage<\/a>\n<\/p>\n<h2><span class=\"mw-headline\" id=\"Bilder\">Bilder<\/span><a href=\"\/index.php?title=Konyaspor_gegen_FC_Salzburg&amp;action=edit&amp;section=3\" title=\"Abschnitt bearbeiten: Bilder\">Bearbeiten<\/a><span class=\"mw-editsection-bracket\">]<\/span><\/span><\/h2>\n<ul class=\"gallery mw-gallery-traditional\">\n<li class=\"gallerybox\" style=\"width: 155px\">\n<div style=\"width: 155px\">\n<div class=\"thumb\" style=\"width: 150px;\">\n<div style=\"margin:39px auto;\"><a href=\"\/Datei:Konyaspor.PNG\" class=\"image\"><img alt=\"Konyaspor.PNG\" src=\"\/images\/thumb\/1\/1b\/Konyaspor.PNG\/120px-Konyaspor.PNG\" decoding=\"async\" width=\"120\" height=\"72\" srcset=\"\/images\/thumb\/1\/1b\/Konyaspor.PNG\/180px-Konyaspor.PNG 1.5x, \/images\/thumb\/1\/1b\/Konyaspor.PNG\/240px-Konyaspor.PNG 2x\" \/><\/a><\/div>\n<\/div>\n<div class=\"gallerytext\">\n\t\t\t<\/div>\n<\/p><\/div>\n<\/li>\n<\/ul>\n<h2><span class=\"mw-headline\" id=\"Stimmen_zum_Spiel\">Stimmen zum Spiel<\/span><a href=\"\/index.php?title=Konyaspor_gegen_FC_Salzburg&amp;action=edit&amp;section=4\" title=\"Abschnitt bearbeiten: Stimmen zum Spiel\">Bearbeiten<\/a><span class=\"mw-editsection-bracket\">]<\/span><\/span><\/h2>\n<p><b>Marco Rose:<\/b> Mit der Art und Weise, wie meine Mannschaft heute aufgetreten ist, bin ich sehr zufrieden. Wir wollten bei dieser Party mit dabei sein und haben das Beste daraus gemacht, sind aktiv gewesen und aggressiv nach vorne gegangen. Der Gegner hat Qualit\u00e4t \u2013 das wussten wir vorher schon \u2013, aber wir sind trotzdem fr\u00fch verdient in F\u00fchrung gegangen. Sp\u00e4ter waren wir hinten etwas l\u00f6chrig, wodurch der Gegner noch mal etwas aufgekommen ist. Wir haben dann auf 4-4-2-flach umgestellt und mit dem 2:0 dann den Deckel draufgemacht.\n<\/p>\n<p><b>Andreas Ulmer:<\/b> Wir sind sehr zufrieden mit unserer heutigen Leistung und nat\u00fcrlich auch mit dem Sieg. Mit der ersten guten Aktion sind wir gleich in F\u00fchrung gegangen, und damit ist uns ein \u00fcberragender Start gelungen. Wir hatten gute Ballgewinne und h\u00e4tten sicher noch das eine oder andere Tor erzielen k\u00f6nnen. In den n\u00e4chsten drei Spielen sind noch viele wichtige Punkte f\u00fcr uns drinnen, damit wir in der Gruppe eine gute Platzierung machen k\u00f6nnen.\n<\/p>\n<p>\n<\/p>\n<p>\n<\/p>\n<p>\n<\/p>\n<p>\n<\/p>\n<h2><span class=\"mw-headline\" id=\"Weblinks_2\">Weblinks<\/span><a href=\"\/index.php?title=Konyaspor_gegen_FC_Salzburg&amp;action=edit&amp;section=5\" title=\"Abschnitt bearbeiten: Weblinks\">Bearbeiten<\/a><span class=\"mw-editsection-bracket\">]<\/span><\/span><\/h2>\n<p><a rel=\"nofollow\" class=\"external text\" href=\"http:\/\/www.redbullsalzburg.at\/de\/fc-red-bull-salzburg\/news\/saison_2017_18\/ein-hart-umkaempftes-1-1-zum-auftakt-der-uel-gruppenphase.html\">Spielbericht Homepage<\/a>\n<\/p>\n<h2><span class=\"mw-headline\" id=\"Bilder_2\">Bilder<\/span><a href=\"\/index.php?title=Konyaspor_gegen_FC_Salzburg&amp;action=edit&amp;section=6\" title=\"Abschnitt bearbeiten: Bilder\">Bearbeiten<\/a><span class=\"mw-editsection-bracket\">]<\/span><\/span><\/h2>\n<p>&lt;gallery&gt;<br \/>\nDatei:Guimaraes.PNG<br \/>\n&lt;\/gall\u00b4\u00b4\u00b4\u00b4\u00b4\u00b4\u00b4\u00b4\u00b4\u00b4\u00b4\u00b4\u00b4\u00b4\u00b4\u00b4\u00b4*\u00b4\u00b4ery&gt;\n<\/p>\n<h2><span class=\"mw-headline\" id=\"Stimmen_zum_Spiel_2\">Stimmen zum Spiel<\/span><a href=\"\/index.php?title=Konyaspor_gegen_FC_Salzburg&amp;action=edit&amp;section=7\" title=\"Abschnitt bearbeiten: Stimmen zum Spiel\">Bearbeiten<\/a><span class=\"mw-editsection-bracket\">]<\/span><\/span><\/h2>\n<p><b>Marco Rose:<\/b> Es ist weder ein gewonnener Punkt, noch sind es zwei verlorene, es ist, wie es ist. Nat\u00fcrlich merkt man jetzt an der Stimmung der Mannschaft in der Kabine, dass sie sich einen Sieg gew\u00fcnscht haben. Ich bin sehr zufrieden mit dem Auftritt meiner Mannschaft, und es ist uns heute ein guter Start in den Bewerb gelungen. Mir hat gefallen, wie wir ins Spiel reingekommen sind, wie wir versucht haben, L\u00f6sungen auf dem Platz zu finden und die Herausforderung insgesamt angenommen haben. Speziell in Hinblick auf Kontervermeidung und flei\u00dfiges Zur\u00fccklaufen haben wir das heute gegen\u00fcber dem Rapid-Spiel am vergangenen Sonntag schon sehr viel besser gemacht.\n<\/p>\n<p><b>Valon Berisha:<\/b> Klar sind wir entt\u00e4uscht, dass es heute nicht f\u00fcr einen Sieg gereicht hat. Wir haben uns ganz gut verkauft und hart gek\u00e4mpft. Es w\u00e4re heute mehr drin gewesen. Aber auch Vitoria hatte gute Chancen, deshalb m\u00fcssen wir uns mit dem Unentschieden auch zufriedengeben.\n<\/p>\n<\/div>\n","protected":false},"excerpt":{"rendered":"<p>FaktenBearbeiten] Konyaspor gegen FC Salzburg , 0:2 Spieltag EL-Qualifikation, Gruppe I Datum 19. Oktober 2017 Anpfiff 19 Uhr Aufstellung Tor Alexander Walke Verteidigung Stefan Lainer &#8211; Paulo Miranda &#8211; Duje Caleta-Car &#8211; Andreas Ulmer Mittelfeld Hannes Wolf &#8211; Diadie Samassekou &#8211; Valon Berisha &#8211; Amadou Haidara Sturm Fredrik Gulbrandsen &#8211; Munas Dabbur Wechsel Wechsel Xaver [&hellip;]<\/p>\n","protected":false},"author":1,"featured_media":0,"parent":0,"menu_order":0,"comment_status":"closed","ping_status":"closed","template":"","meta":{"footnotes":""},"class_list":["post-5097","page","type-page","status-publish","hentry"],"_links":{"self":[{"href":"https:\/\/wiki.s12.at\/index.php\/wp-json\/wp\/v2\/pages\/5097","targetHints":{"allow":["GET"]}}],"collection":[{"href":"https:\/\/wiki.s12.at\/index.php\/wp-json\/wp\/v2\/pages"}],"about":[{"href":"https:\/\/wiki.s12.at\/index.php\/wp-json\/wp\/v2\/types\/page"}],"author":[{"embeddable":true,"href":"https:\/\/wiki.s12.at\/index.php\/wp-json\/wp\/v2\/users\/1"}],"replies":[{"embeddable":true,"href":"https:\/\/wiki.s12.at\/index.php\/wp-json\/wp\/v2\/comments?post=5097"}],"version-history":[{"count":0,"href":"https:\/\/wiki.s12.at\/index.php\/wp-json\/wp\/v2\/pages\/5097\/revisions"}],"wp:attachment":[{"href":"https:\/\/wiki.s12.at\/index.php\/wp-json\/wp\/v2\/media?parent=5097"}],"curies":[{"name":"wp","href":"https:\/\/api.w.org\/{rel}","templated":true}]}}

<div class="mw-parser-output">
<h2><span class="mw-headline" id="Fakten">Fakten</span><a href="/index.php?title=Konyaspor_gegen_FC_Salzburg&amp;action=edit&amp;section=1" title="Abschnitt bearbeiten: Fakten">Bearbeiten</a><span class="mw-editsection-bracket">]</span></span></h2>
<table class="toptextcells toccolours">
<tbody>
<tr>
<th colspan="2" style="text-align: center; vertical-align: top; padding: 0.3em 0.8em; font-size: 125%; background-color: lightsteelblue;">Konyaspor  gegen FC Salzburg , 0:2
</th>
</tr>
<tr>
<th style="text-align:left;"><b>Spieltag</b>
</th>
<th style="text-align:left;">EL-Qualifikation, Gruppe I
</th>
</tr>
<tr>
<th style="text-align:left;"><b>Datum</b>
</th>
<th style="text-align:left;">19. Oktober 2017
</th>
</tr>
<tr>
<th style="text-align:left;"><b>Anpfiff</b>
</th>
<th style="text-align:left;">19 Uhr
</th>
</tr>
<tr>
<td colspan="2" style="text-align:center;" bgcolor="lightgray"><b>Aufstellung</b>
</td>
</tr>
<tr>
<th style="text-align:left;"><b>Tor</b>
</th>
<th><a href="/Alexander_Walke" title="Alexander Walke">Alexander Walke</a>
</th>
</tr>
<tr>
<th style="text-align:left;"><b>Verteidigung</b>
</th>
<th><a href="/Stefan_Lainer" title="Stefan Lainer">Stefan Lainer</a> &#8211; <a href="/Paulo_Miranda" title="Paulo Miranda">Paulo Miranda</a> &#8211; <a href="/Duje_Caleta-Car" title="Duje Caleta-Car">Duje Caleta-Car</a> &#8211; <a href="/Andreas_Ulmer" title="Andreas Ulmer">Andreas Ulmer</a>
</th>
</tr>
<tr>
<th style="text-align:left;"><b>Mittelfeld</b>
</th>
<th><a href="/Hannes_Wolf" title="Hannes Wolf">Hannes Wolf</a> &#8211; <a href="/Diadie_Samassekou" title="Diadie Samassekou">Diadie Samassekou </a> &#8211; <a href="/Valon_Berisha" title="Valon Berisha">Valon Berisha</a> &#8211; <a href="/Amadou_Haidara" title="Amadou Haidara">Amadou Haidara</a>
</th>
</tr>
<tr>
<th style="text-align:left;"><b>Sturm</b>
</th>
<th><a href="/Fredrik_Gulbrandsen" title="Fredrik Gulbrandsen">Fredrik Gulbrandsen</a> &#8211; <a href="/Munas_Dabbur" title="Munas Dabbur">Munas Dabbur</a>
</th>
</tr>
<tr>
<td colspan="2" style="text-align:center;" bgcolor="lightgray"><b>Wechsel</b>
</td>
</tr>
<tr>
<th style="text-align:left;"><b>Wechsel</b>
</th>
<th style="text-align:left;"><a href="/Xaver_Schlager" title="Xaver Schlager">Xaver Schlager</a> für Wolf (71.), <a href="/Takumi_Minamino" title="Takumi Minamino">Takumi Minamino</a> für Haidara (78.), <a href="/Marc_Rzatkowski" title="Marc Rzatkowski">Marc Rzatkowski</a> für Gulbrandsen (88.)
</th>
</tr>
<tr>
<td colspan="2" style="text-align:center;" bgcolor="lightgray"><b>Statistik</b>
</td>
</tr>
<tr>
<th style="text-align:left;"><b>Endstand</b>
</th>
<th style="text-align:left;">1:1  (1:1)
</th>
</tr>
<tr>
<th style="text-align:left;"><b>Torschützen</b>
</th>
<th style="text-align:left;">Gulbrandsen (5.), Dabbur (80.)
</th>
</tr>
<tr>
<th style="text-align:left;"><b>Gelbe Karten</b>
</th>
<th style="text-align:left;">Jonsson (53.); Lainer (56.)
</th>
</tr>
<tr>
<th style="text-align:left;"><b>Rote Karten</b>
</th>
<th style="text-align:left;">
</th>
</tr>
<tr>
<th style="text-align:left;"><b>Schiedsrichter</b>
</th>
<th style="text-align:left;">Greg Pawson (ENG)
</th>
</tr>
<tr>
<th style="text-align:left;"><b>Stadion</b>
</th>
<th style="text-align:left;">Konya Büyükşehir Belediyesi Stadyumu
</th>
</tr>
<tr>
<th style="text-align:left;"><b>Zuschauer</b>
</th>
<th style="text-align:left;">23 000
</th>
</tr>
</tbody>
</table>
<h2><span class="mw-headline" id="Weblinks">Weblinks</span><a href="/index.php?title=Konyaspor_gegen_FC_Salzburg&amp;action=edit&amp;section=2" title="Abschnitt bearbeiten: Weblinks">Bearbeiten</a><span class="mw-editsection-bracket">]</span></span></h2>
<p><a rel="nofollow" class="external text" href="http://www.redbullsalzburg.at/de/fc-red-bull-salzburg/news/saison_2017_18/fc-salzburg-festigt-gruppenfuehrung-mit-2-0-sieg-bei-konyaspor.html">Spielbericht Homepage</a>
</p>
<h2><span class="mw-headline" id="Bilder">Bilder</span><a href="/index.php?title=Konyaspor_gegen_FC_Salzburg&amp;action=edit&amp;section=3" title="Abschnitt bearbeiten: Bilder">Bearbeiten</a><span class="mw-editsection-bracket">]</span></span></h2>
<ul class="gallery mw-gallery-traditional">
<li class="gallerybox" style="width: 155px">
<div style="width: 155px">
<div class="thumb" style="width: 150px;">
<div style="margin:39px auto;"><a href="/Datei:Konyaspor.PNG" class="image"><img alt="Konyaspor.PNG" src="/images/thumb/1/1b/Konyaspor.PNG/120px-Konyaspor.PNG" decoding="async" width="120" height="72" srcset="/images/thumb/1/1b/Konyaspor.PNG/180px-Konyaspor.PNG 1.5x, /images/thumb/1/1b/Konyaspor.PNG/240px-Konyaspor.PNG 2x" /></a></div>
</div>
<div class="gallerytext">
			</div>
</p></div>
</li>
</ul>
<h2><span class="mw-headline" id="Stimmen_zum_Spiel">Stimmen zum Spiel</span><a href="/index.php?title=Konyaspor_gegen_FC_Salzburg&amp;action=edit&amp;section=4" title="Abschnitt bearbeiten: Stimmen zum Spiel">Bearbeiten</a><span class="mw-editsection-bracket">]</span></span></h2>
<p><b>Marco Rose:</b> Mit der Art und Weise, wie meine Mannschaft heute aufgetreten ist, bin ich sehr zufrieden. Wir wollten bei dieser Party mit dabei sein und haben das Beste daraus gemacht, sind aktiv gewesen und aggressiv nach vorne gegangen. Der Gegner hat Qualität – das wussten wir vorher schon –, aber wir sind trotzdem früh verdient in Führung gegangen. Später waren wir hinten etwas löchrig, wodurch der Gegner noch mal etwas aufgekommen ist. Wir haben dann auf 4-4-2-flach umgestellt und mit dem 2:0 dann den Deckel draufgemacht.
</p>
<p><b>Andreas Ulmer:</b> Wir sind sehr zufrieden mit unserer heutigen Leistung und natürlich auch mit dem Sieg. Mit der ersten guten Aktion sind wir gleich in Führung gegangen, und damit ist uns ein überragender Start gelungen. Wir hatten gute Ballgewinne und hätten sicher noch das eine oder andere Tor erzielen können. In den nächsten drei Spielen sind noch viele wichtige Punkte für uns drinnen, damit wir in der Gruppe eine gute Platzierung machen können.
</p>
<p>
</p>
<p>
</p>
<p>
</p>
<p>
</p>
<h2><span class="mw-headline" id="Weblinks_2">Weblinks</span><a href="/index.php?title=Konyaspor_gegen_FC_Salzburg&amp;action=edit&amp;section=5" title="Abschnitt bearbeiten: Weblinks">Bearbeiten</a><span class="mw-editsection-bracket">]</span></span></h2>
<p><a rel="nofollow" class="external text" href="http://www.redbullsalzburg.at/de/fc-red-bull-salzburg/news/saison_2017_18/ein-hart-umkaempftes-1-1-zum-auftakt-der-uel-gruppenphase.html">Spielbericht Homepage</a>
</p>
<h2><span class="mw-headline" id="Bilder_2">Bilder</span><a href="/index.php?title=Konyaspor_gegen_FC_Salzburg&amp;action=edit&amp;section=6" title="Abschnitt bearbeiten: Bilder">Bearbeiten</a><span class="mw-editsection-bracket">]</span></span></h2>
<p>&lt;gallery&gt;<br />
Datei:Guimaraes.PNG<br />
&lt;/gall´´´´´´´´´´´´´´´´´*´´ery&gt;
</p>
<h2><span class="mw-headline" id="Stimmen_zum_Spiel_2">Stimmen zum Spiel</span><a href="/index.php?title=Konyaspor_gegen_FC_Salzburg&amp;action=edit&amp;section=7" title="Abschnitt bearbeiten: Stimmen zum Spiel">Bearbeiten</a><span class="mw-editsection-bracket">]</span></span></h2>
<p><b>Marco Rose:</b> Es ist weder ein gewonnener Punkt, noch sind es zwei verlorene, es ist, wie es ist. Natürlich merkt man jetzt an der Stimmung der Mannschaft in der Kabine, dass sie sich einen Sieg gewünscht haben. Ich bin sehr zufrieden mit dem Auftritt meiner Mannschaft, und es ist uns heute ein guter Start in den Bewerb gelungen. Mir hat gefallen, wie wir ins Spiel reingekommen sind, wie wir versucht haben, Lösungen auf dem Platz zu finden und die Herausforderung insgesamt angenommen haben. Speziell in Hinblick auf Kontervermeidung und fleißiges Zurücklaufen haben wir das heute gegenüber dem Rapid-Spiel am vergangenen Sonntag schon sehr viel besser gemacht.
</p>
<p><b>Valon Berisha:</b> Klar sind wir enttäuscht, dass es heute nicht für einen Sieg gereicht hat. Wir haben uns ganz gut verkauft und hart gekämpft. Es wäre heute mehr drin gewesen. Aber auch Vitoria hatte gute Chancen, deshalb müssen wir uns mit dem Unentschieden auch zufriedengeben.
</p>
</div>
