{"id":5093,"date":"2026-05-06T16:11:33","date_gmt":"2026-05-06T14:11:33","guid":{"rendered":"https:\/\/wiki.s12.at\/index.php\/konrad-laimer\/"},"modified":"2026-05-06T16:11:33","modified_gmt":"2026-05-06T14:11:33","slug":"konrad-laimer","status":"publish","type":"page","link":"https:\/\/wiki.s12.at\/index.php\/konrad-laimer\/","title":{"rendered":"Konrad Laimer"},"content":{"rendered":"<div class=\"mw-parser-output\">\n<div class=\"thumb tright\">\n<div class=\"thumbinner\" style=\"width:302px;\"><a href=\"\/Datei:FC_Liefering_gegen_FC_Wacker_Innsbruck_(3.Oktober_2014)_24.JPG\" class=\"image\"><img fetchpriority=\"high\" alt=\"FC Liefering gegen FC Wacker Innsbruck (3.Oktober 2014) 24.JPG\" src=\"\/images\/thumb\/3\/3a\/FC_Liefering_gegen_FC_Wacker_Innsbruck_%283.Oktober_2014%29_24.JPG\/330px-FC_Liefering_gegen_FC_Wacker_Innsbruck_%283.Oktober_2014%29_24.JPG%3Futm_source%3Dcommons.wikimedia.org%26utm_campaign%3Dimageinfo%26utm_content%3Dthumbnail\" decoding=\"async\" width=\"300\" height=\"242\" class=\"thumbimage\" srcset=\"\/images\/thumb\/3\/3a\/FC_Liefering_gegen_FC_Wacker_Innsbruck_%283.Oktober_2014%29_24.JPG\/500px-FC_Liefering_gegen_FC_Wacker_Innsbruck_%283.Oktober_2014%29_24.JPG%3Futm_source%3Dcommons.wikimedia.org%26utm_campaign%3Dimageinfo%26utm_content%3Dthumbnail 1.5x, \/images\/thumb\/3\/3a\/FC_Liefering_gegen_FC_Wacker_Innsbruck_%283.Oktober_2014%29_24.JPG\/960px-FC_Liefering_gegen_FC_Wacker_Innsbruck_%283.Oktober_2014%29_24.JPG%3Futm_source%3Dcommons.wikimedia.org%26utm_campaign%3Dimageinfo%26utm_content%3Dthumbnail 2x\" \/><\/a>  <\/p>\n<div class=\"thumbcaption\">\n<div class=\"magnify\"><a href=\"\/Datei:FC_Liefering_gegen_FC_Wacker_Innsbruck_(3.Oktober_2014)_24.JPG\" class=\"internal\" title=\"vergr\u00f6\u00dfern\"><\/a><\/div>\n<\/div>\n<\/div>\n<\/div>\n<ul>\n<li>Name: <b>Konrad Laimer<\/b><\/li>\n<li>Geburtstag: 27. Mai 1997<\/li>\n<li>Geburtsort:<\/li>\n<li>Geburtsland: \u00d6sterreich<\/li>\n<li>Gr\u00f6\u00dfe:179 cm<\/li>\n<li>Position: Mittelfeldspieler<\/li>\n<li>Nationalmannschaft:\u00d6sterreich U16, U19<\/li>\n<\/ul>\n<h2><span class=\"mw-headline\" id=\"Stationen\">Stationen<\/span><a href=\"\/index.php?title=Konrad_Laimer&amp;action=edit&amp;section=1\" title=\"Abschnitt bearbeiten: Stationen\">Bearbeiten<\/a><span class=\"mw-editsection-bracket\">]<\/span><\/span><\/h2>\n<ul>\n<li>Red Bull Jugend<\/li>\n<li>Akademie FC Red Bull Salzburg<\/li>\n<li>FC Liefering (2013-2014)<\/li>\n<li>FC Red Bull Salzburg (2014- )<\/li>\n<\/ul>\n<h2><span class=\"mw-headline\" id=\"Erfolge\">Erfolge<\/span><a href=\"\/index.php?title=Konrad_Laimer&amp;action=edit&amp;section=2\" title=\"Abschnitt bearbeiten: Erfolge\">Bearbeiten<\/a><span class=\"mw-editsection-bracket\">]<\/span><\/span><\/h2>\n<ul>\n<li>\u00d6sterreichischer Meister: 2015, 2016, 2017<\/li>\n<li>\u00d6sterreichischer Cupsieger: 2015, 2016<\/li>\n<li>Bester Spieler der Bundesliga: 2017<\/li>\n<\/ul>\n<h2><span class=\"mw-headline\" id=\"Bilder\">Bilder<\/span><a href=\"\/index.php?title=Konrad_Laimer&amp;action=edit&amp;section=3\" title=\"Abschnitt bearbeiten: Bilder\">Bearbeiten<\/a><span class=\"mw-editsection-bracket\">]<\/span><\/span><\/h2>\n<p><img alt=\"\" src=\"\/images\/thumb\/4\/4a\/Commons-logo.svg\/langde-20px-Commons-logo.svg.png%3Futm_source%3Dcommons.wikimedia.org%26utm_campaign%3Dimageinfo%26utm_content%3Dthumbnail\" decoding=\"async\" title=\"Commons\" width=\"12\" height=\"16\" srcset=\"\/images\/thumb\/4\/4a\/Commons-logo.svg\/langde-40px-Commons-logo.svg.png%3Futm_source%3Dcommons.wikimedia.org%26utm_campaign%3Dimageinfo%26utm_content%3Dthumbnail 2x\" \/>&#160;<b><a href=\"http:\/\/commons.wikimedia.org\/wiki\/Category:Konrad_Laimer\" class=\"extiw\" title=\"commons:Category:Konrad Laimer\">Konrad Laimer<\/a><\/b>&#160;\u2013 Sammlung von Bildern, Videos und Audiodateien auf <a href=\"\/Wikimedia_Commons\" title=\"Wikimedia Commons\">Wikimedia Commons<\/a>\n<\/p>\n<h2><span class=\"mw-headline\" id=\"Besonderes\">Besonderes<\/span><a href=\"\/index.php?title=Konrad_Laimer&amp;action=edit&amp;section=4\" title=\"Abschnitt bearbeiten: Besonderes\">Bearbeiten<\/a><span class=\"mw-editsection-bracket\">]<\/span><\/span><\/h2>\n<p>Konrad Laimer gab sein offizielles Debut in der ersten Mannschaft am 28. Juli 2013 als er im Testspiel gegen Paderborn in der 85. Minute f\u00fcr Kevin Kampl eingewechselt wurde. Sein erstes Spiel  in der Kampfmannschaft bestritt er gegen die Gewinner der &#8222;eybl Stierwascher-Trophy&#8220;. Im April 2014 erhielt er seinen ersten Profivertrag und spielte am 2. Mai 2014 sein erstes Spiel f\u00fcr den FC Liefering.\n<\/p>\n<h2><span class=\"mw-headline\" id=\"Auszeichnungen\">Auszeichnungen<\/span><a href=\"\/index.php?title=Konrad_Laimer&amp;action=edit&amp;section=5\" title=\"Abschnitt bearbeiten: Auszeichnungen\">Bearbeiten<\/a><span class=\"mw-editsection-bracket\">]<\/span><\/span><\/h2>\n<ul>\n<li>Leonidas Sportlerwahl-Rookie des Jahres 2015<\/li>\n<li>Spieler der Saison in der Tipico Bundesliga 2016\/17<\/li>\n<\/ul>\n<\/div>\n","protected":false},"excerpt":{"rendered":"<p>Name: Konrad Laimer Geburtstag: 27. Mai 1997 Geburtsort: Geburtsland: \u00d6sterreich Gr\u00f6\u00dfe:179 cm Position: Mittelfeldspieler Nationalmannschaft:\u00d6sterreich U16, U19 StationenBearbeiten] Red Bull Jugend Akademie FC Red Bull Salzburg FC Liefering (2013-2014) FC Red Bull Salzburg (2014- ) ErfolgeBearbeiten] \u00d6sterreichischer Meister: 2015, 2016, 2017 \u00d6sterreichischer Cupsieger: 2015, 2016 Bester Spieler der Bundesliga: 2017 BilderBearbeiten] &#160;Konrad Laimer&#160;\u2013 Sammlung von [&hellip;]<\/p>\n","protected":false},"author":1,"featured_media":0,"parent":0,"menu_order":0,"comment_status":"closed","ping_status":"closed","template":"","meta":{"footnotes":""},"class_list":["post-5093","page","type-page","status-publish","hentry"],"_links":{"self":[{"href":"https:\/\/wiki.s12.at\/index.php\/wp-json\/wp\/v2\/pages\/5093","targetHints":{"allow":["GET"]}}],"collection":[{"href":"https:\/\/wiki.s12.at\/index.php\/wp-json\/wp\/v2\/pages"}],"about":[{"href":"https:\/\/wiki.s12.at\/index.php\/wp-json\/wp\/v2\/types\/page"}],"author":[{"embeddable":true,"href":"https:\/\/wiki.s12.at\/index.php\/wp-json\/wp\/v2\/users\/1"}],"replies":[{"embeddable":true,"href":"https:\/\/wiki.s12.at\/index.php\/wp-json\/wp\/v2\/comments?post=5093"}],"version-history":[{"count":0,"href":"https:\/\/wiki.s12.at\/index.php\/wp-json\/wp\/v2\/pages\/5093\/revisions"}],"wp:attachment":[{"href":"https:\/\/wiki.s12.at\/index.php\/wp-json\/wp\/v2\/media?parent=5093"}],"curies":[{"name":"wp","href":"https:\/\/api.w.org\/{rel}","templated":true}]}}

<div class="mw-parser-output">
<div class="thumb tright">
<div class="thumbinner" style="width:302px;"><a href="/Datei:FC_Liefering_gegen_FC_Wacker_Innsbruck_(3.Oktober_2014)_24.JPG" class="image"><img fetchpriority="high" alt="FC Liefering gegen FC Wacker Innsbruck (3.Oktober 2014) 24.JPG" src="/images/thumb/3/3a/FC_Liefering_gegen_FC_Wacker_Innsbruck_%283.Oktober_2014%29_24.JPG/330px-FC_Liefering_gegen_FC_Wacker_Innsbruck_%283.Oktober_2014%29_24.JPG%3Futm_source%3Dcommons.wikimedia.org%26utm_campaign%3Dimageinfo%26utm_content%3Dthumbnail" decoding="async" width="300" height="242" class="thumbimage" srcset="/images/thumb/3/3a/FC_Liefering_gegen_FC_Wacker_Innsbruck_%283.Oktober_2014%29_24.JPG/500px-FC_Liefering_gegen_FC_Wacker_Innsbruck_%283.Oktober_2014%29_24.JPG%3Futm_source%3Dcommons.wikimedia.org%26utm_campaign%3Dimageinfo%26utm_content%3Dthumbnail 1.5x, /images/thumb/3/3a/FC_Liefering_gegen_FC_Wacker_Innsbruck_%283.Oktober_2014%29_24.JPG/960px-FC_Liefering_gegen_FC_Wacker_Innsbruck_%283.Oktober_2014%29_24.JPG%3Futm_source%3Dcommons.wikimedia.org%26utm_campaign%3Dimageinfo%26utm_content%3Dthumbnail 2x" /></a>  </p>
<div class="thumbcaption">
<div class="magnify"><a href="/Datei:FC_Liefering_gegen_FC_Wacker_Innsbruck_(3.Oktober_2014)_24.JPG" class="internal" title="vergrößern"></a></div>
</div>
</div>
</div>
<ul>
<li>Name: <b>Konrad Laimer</b></li>
<li>Geburtstag: 27. Mai 1997</li>
<li>Geburtsort:</li>
<li>Geburtsland: Österreich</li>
<li>Größe:179 cm</li>
<li>Position: Mittelfeldspieler</li>
<li>Nationalmannschaft:Österreich U16, U19</li>
</ul>
<h2><span class="mw-headline" id="Stationen">Stationen</span><a href="/index.php?title=Konrad_Laimer&amp;action=edit&amp;section=1" title="Abschnitt bearbeiten: Stationen">Bearbeiten</a><span class="mw-editsection-bracket">]</span></span></h2>
<ul>
<li>Red Bull Jugend</li>
<li>Akademie FC Red Bull Salzburg</li>
<li>FC Liefering (2013-2014)</li>
<li>FC Red Bull Salzburg (2014- )</li>
</ul>
<h2><span class="mw-headline" id="Erfolge">Erfolge</span><a href="/index.php?title=Konrad_Laimer&amp;action=edit&amp;section=2" title="Abschnitt bearbeiten: Erfolge">Bearbeiten</a><span class="mw-editsection-bracket">]</span></span></h2>
<ul>
<li>Österreichischer Meister: 2015, 2016, 2017</li>
<li>Österreichischer Cupsieger: 2015, 2016</li>
<li>Bester Spieler der Bundesliga: 2017</li>
</ul>
<h2><span class="mw-headline" id="Bilder">Bilder</span><a href="/index.php?title=Konrad_Laimer&amp;action=edit&amp;section=3" title="Abschnitt bearbeiten: Bilder">Bearbeiten</a><span class="mw-editsection-bracket">]</span></span></h2>
<p><img alt="" src="/images/thumb/4/4a/Commons-logo.svg/langde-20px-Commons-logo.svg.png%3Futm_source%3Dcommons.wikimedia.org%26utm_campaign%3Dimageinfo%26utm_content%3Dthumbnail" decoding="async" title="Commons" width="12" height="16" srcset="/images/thumb/4/4a/Commons-logo.svg/langde-40px-Commons-logo.svg.png%3Futm_source%3Dcommons.wikimedia.org%26utm_campaign%3Dimageinfo%26utm_content%3Dthumbnail 2x" />&#160;<b><a href="http://commons.wikimedia.org/wiki/Category:Konrad_Laimer" class="extiw" title="commons:Category:Konrad Laimer">Konrad Laimer</a></b>&#160;– Sammlung von Bildern, Videos und Audiodateien auf <a href="/Wikimedia_Commons" title="Wikimedia Commons">Wikimedia Commons</a>
</p>
<h2><span class="mw-headline" id="Besonderes">Besonderes</span><a href="/index.php?title=Konrad_Laimer&amp;action=edit&amp;section=4" title="Abschnitt bearbeiten: Besonderes">Bearbeiten</a><span class="mw-editsection-bracket">]</span></span></h2>
<p>Konrad Laimer gab sein offizielles Debut in der ersten Mannschaft am 28. Juli 2013 als er im Testspiel gegen Paderborn in der 85. Minute für Kevin Kampl eingewechselt wurde. Sein erstes Spiel  in der Kampfmannschaft bestritt er gegen die Gewinner der &#8222;eybl Stierwascher-Trophy&#8220;. Im April 2014 erhielt er seinen ersten Profivertrag und spielte am 2. Mai 2014 sein erstes Spiel für den FC Liefering.
</p>
<h2><span class="mw-headline" id="Auszeichnungen">Auszeichnungen</span><a href="/index.php?title=Konrad_Laimer&amp;action=edit&amp;section=5" title="Abschnitt bearbeiten: Auszeichnungen">Bearbeiten</a><span class="mw-editsection-bracket">]</span></span></h2>
<ul>
<li>Leonidas Sportlerwahl-Rookie des Jahres 2015</li>
<li>Spieler der Saison in der Tipico Bundesliga 2016/17</li>
</ul>
</div>

<p>Name: Konrad Laimer Geburtstag: 27. Mai 1997 Geburtsort: Geburtsland: Österreich Größe:179 cm Position: Mittelfeldspieler Nationalmannschaft:Österreich U16, U19 StationenBearbeiten] Red Bull Jugend Akademie FC Red Bull Salzburg FC Liefering (2013-2014) FC Red Bull Salzburg (2014- ) ErfolgeBearbeiten] Österreichischer Meister: 2015, 2016, 2017 Österreichischer Cupsieger: 2015, 2016 Bester Spieler der Bundesliga: 2017 BilderBearbeiten] &#160;Konrad Laimer&#160;– Sammlung von [&hellip;]</p>
