{"id":4891,"date":"2026-05-06T16:06:26","date_gmt":"2026-05-06T14:06:26","guid":{"rendered":"https:\/\/wiki.s12.at\/index.php\/julian-goelles\/"},"modified":"2026-05-06T16:06:26","modified_gmt":"2026-05-06T14:06:26","slug":"julian-goelles","status":"publish","type":"page","link":"https:\/\/wiki.s12.at\/index.php\/julian-goelles\/","title":{"rendered":"Julian G\u00f6lles"},"content":{"rendered":"<div class=\"mw-parser-output\">\n<div class=\"thumb tright\">\n<div class=\"thumbinner\" style=\"width:302px;\"><a href=\"\/Datei:Union_V%C3%B6cklamarkt_gegen_FC_Red_Bull_Salzburg_10.jpg\" class=\"image\"><img fetchpriority=\"high\" alt=\"Union V\u00f6cklamarkt gegen FC Red Bull Salzburg 10.jpg\" src=\"\/images\/thumb\/e\/ec\/Union_V%C3%B6cklamarkt_gegen_FC_Red_Bull_Salzburg_10.jpg\/330px-Union_V%C3%B6cklamarkt_gegen_FC_Red_Bull_Salzburg_10.jpg%3Futm_source%3Dcommons.wikimedia.org%26utm_campaign%3Dimageinfo%26utm_content%3Dthumbnail\" decoding=\"async\" width=\"300\" height=\"298\" class=\"thumbimage\" srcset=\"\/images\/thumb\/e\/ec\/Union_V%C3%B6cklamarkt_gegen_FC_Red_Bull_Salzburg_10.jpg\/500px-Union_V%C3%B6cklamarkt_gegen_FC_Red_Bull_Salzburg_10.jpg%3Futm_source%3Dcommons.wikimedia.org%26utm_campaign%3Dimageinfo%26utm_content%3Dthumbnail 1.5x, \/images\/thumb\/e\/ec\/Union_V%C3%B6cklamarkt_gegen_FC_Red_Bull_Salzburg_10.jpg\/960px-Union_V%C3%B6cklamarkt_gegen_FC_Red_Bull_Salzburg_10.jpg%3Futm_source%3Dcommons.wikimedia.org%26utm_campaign%3Dimageinfo%26utm_content%3Dthumbnail 2x\" \/><\/a>  <\/p>\n<div class=\"thumbcaption\">\n<div class=\"magnify\"><a href=\"\/Datei:Union_V%C3%B6cklamarkt_gegen_FC_Red_Bull_Salzburg_10.jpg\" class=\"internal\" title=\"vergr\u00f6\u00dfern\"><\/a><\/div>\n<\/div>\n<\/div>\n<\/div>\n<ul>\n<li>Name: <b> Julian G\u00f6lles <\/b><\/li>\n<li>Geburtstag: 22. September 1999<\/li>\n<li>Geburtsort:<\/li>\n<li>Geburtsland: \u00d6sterreich<\/li>\n<li>Gr\u00f6\u00dfe:<\/li>\n<li>Position: Verteidiger<\/li>\n<li>Nationalmannschaft: \u00d6sterreich (U16)<\/li>\n<\/ul>\n<h2><span class=\"mw-headline\" id=\"Stationen\">Stationen<\/span><a href=\"\/index.php?title=Julian_G%C3%B6lles&amp;action=edit&amp;section=1\" title=\"Abschnitt bearbeiten: Stationen\">Bearbeiten<\/a><span class=\"mw-editsection-bracket\">]<\/span><\/span><\/h2>\n<ul>\n<li>Vasoldsberg Jugend<\/li>\n<li>SK Sturm Graz Jugend<\/li>\n<li>SK Sturm Graz Akademie U15<\/li>\n<li>Akademie Red Bull Salzburg U16\/U18<\/li>\n<li>FC Liefering<\/li>\n<li>SC Wiener Neustadt<\/li>\n<li>WSG Wattens<\/li>\n<li>FC Blau-Wei\u00df Linz<\/li>\n<\/ul>\n<h2><span class=\"mw-headline\" id=\"Erfolge\">Erfolge<\/span><a href=\"\/index.php?title=Julian_G%C3%B6lles&amp;action=edit&amp;section=2\" title=\"Abschnitt bearbeiten: Erfolge\">Bearbeiten<\/a><span class=\"mw-editsection-bracket\">]<\/span><\/span><\/h2>\n<ul>\n<li>\u00d6sterreichischer Meister U18: 2016<\/li>\n<li>Kader des FC Red Bull Salzburg (U19) f\u00fcr die UEFA Youth League 2015\/16<\/li>\n<li>UEFA Youth League 2017<\/li>\n<\/ul>\n<\/div>\n","protected":false},"excerpt":{"rendered":"<p>Name: Julian G\u00f6lles Geburtstag: 22. September 1999 Geburtsort: Geburtsland: \u00d6sterreich Gr\u00f6\u00dfe: Position: Verteidiger Nationalmannschaft: \u00d6sterreich (U16) StationenBearbeiten] Vasoldsberg Jugend SK Sturm Graz Jugend SK Sturm Graz Akademie U15 Akademie Red Bull Salzburg U16\/U18 FC Liefering SC Wiener Neustadt WSG Wattens FC Blau-Wei\u00df Linz ErfolgeBearbeiten] \u00d6sterreichischer Meister U18: 2016 Kader des FC Red Bull Salzburg (U19) [&hellip;]<\/p>\n","protected":false},"author":1,"featured_media":0,"parent":0,"menu_order":0,"comment_status":"closed","ping_status":"closed","template":"","meta":{"footnotes":""},"class_list":["post-4891","page","type-page","status-publish","hentry"],"_links":{"self":[{"href":"https:\/\/wiki.s12.at\/index.php\/wp-json\/wp\/v2\/pages\/4891","targetHints":{"allow":["GET"]}}],"collection":[{"href":"https:\/\/wiki.s12.at\/index.php\/wp-json\/wp\/v2\/pages"}],"about":[{"href":"https:\/\/wiki.s12.at\/index.php\/wp-json\/wp\/v2\/types\/page"}],"author":[{"embeddable":true,"href":"https:\/\/wiki.s12.at\/index.php\/wp-json\/wp\/v2\/users\/1"}],"replies":[{"embeddable":true,"href":"https:\/\/wiki.s12.at\/index.php\/wp-json\/wp\/v2\/comments?post=4891"}],"version-history":[{"count":0,"href":"https:\/\/wiki.s12.at\/index.php\/wp-json\/wp\/v2\/pages\/4891\/revisions"}],"wp:attachment":[{"href":"https:\/\/wiki.s12.at\/index.php\/wp-json\/wp\/v2\/media?parent=4891"}],"curies":[{"name":"wp","href":"https:\/\/api.w.org\/{rel}","templated":true}]}}

Julian Gölles

<div class="mw-parser-output">
<div class="thumb tright">
<div class="thumbinner" style="width:302px;"><a href="/Datei:Union_V%C3%B6cklamarkt_gegen_FC_Red_Bull_Salzburg_10.jpg" class="image"><img fetchpriority="high" alt="Union Vöcklamarkt gegen FC Red Bull Salzburg 10.jpg" src="/images/thumb/e/ec/Union_V%C3%B6cklamarkt_gegen_FC_Red_Bull_Salzburg_10.jpg/330px-Union_V%C3%B6cklamarkt_gegen_FC_Red_Bull_Salzburg_10.jpg%3Futm_source%3Dcommons.wikimedia.org%26utm_campaign%3Dimageinfo%26utm_content%3Dthumbnail" decoding="async" width="300" height="298" class="thumbimage" srcset="/images/thumb/e/ec/Union_V%C3%B6cklamarkt_gegen_FC_Red_Bull_Salzburg_10.jpg/500px-Union_V%C3%B6cklamarkt_gegen_FC_Red_Bull_Salzburg_10.jpg%3Futm_source%3Dcommons.wikimedia.org%26utm_campaign%3Dimageinfo%26utm_content%3Dthumbnail 1.5x, /images/thumb/e/ec/Union_V%C3%B6cklamarkt_gegen_FC_Red_Bull_Salzburg_10.jpg/960px-Union_V%C3%B6cklamarkt_gegen_FC_Red_Bull_Salzburg_10.jpg%3Futm_source%3Dcommons.wikimedia.org%26utm_campaign%3Dimageinfo%26utm_content%3Dthumbnail 2x" /></a>  </p>
<div class="thumbcaption">
<div class="magnify"><a href="/Datei:Union_V%C3%B6cklamarkt_gegen_FC_Red_Bull_Salzburg_10.jpg" class="internal" title="vergrößern"></a></div>
</div>
</div>
</div>
<ul>
<li>Name: <b> Julian Gölles </b></li>
<li>Geburtstag: 22. September 1999</li>
<li>Geburtsort:</li>
<li>Geburtsland: Österreich</li>
<li>Größe:</li>
<li>Position: Verteidiger</li>
<li>Nationalmannschaft: Österreich (U16)</li>
</ul>
<h2><span class="mw-headline" id="Stationen">Stationen</span><a href="/index.php?title=Julian_G%C3%B6lles&amp;action=edit&amp;section=1" title="Abschnitt bearbeiten: Stationen">Bearbeiten</a><span class="mw-editsection-bracket">]</span></span></h2>
<ul>
<li>Vasoldsberg Jugend</li>
<li>SK Sturm Graz Jugend</li>
<li>SK Sturm Graz Akademie U15</li>
<li>Akademie Red Bull Salzburg U16/U18</li>
<li>FC Liefering</li>
<li>SC Wiener Neustadt</li>
<li>WSG Wattens</li>
<li>FC Blau-Weiß Linz</li>
</ul>
<h2><span class="mw-headline" id="Erfolge">Erfolge</span><a href="/index.php?title=Julian_G%C3%B6lles&amp;action=edit&amp;section=2" title="Abschnitt bearbeiten: Erfolge">Bearbeiten</a><span class="mw-editsection-bracket">]</span></span></h2>
<ul>
<li>Österreichischer Meister U18: 2016</li>
<li>Kader des FC Red Bull Salzburg (U19) für die UEFA Youth League 2015/16</li>
<li>UEFA Youth League 2017</li>
</ul>
</div>

<p>Name: Julian Gölles Geburtstag: 22. September 1999 Geburtsort: Geburtsland: Österreich Größe: Position: Verteidiger Nationalmannschaft: Österreich (U16) StationenBearbeiten] Vasoldsberg Jugend SK Sturm Graz Jugend SK Sturm Graz Akademie U15 Akademie Red Bull Salzburg U16/U18 FC Liefering SC Wiener Neustadt WSG Wattens FC Blau-Weiß Linz ErfolgeBearbeiten] Österreichischer Meister U18: 2016 Kader des FC Red Bull Salzburg (U19) [&hellip;]</p>
