{"id":4874,"date":"2026-05-06T16:05:50","date_gmt":"2026-05-06T14:05:50","guid":{"rendered":"https:\/\/wiki.s12.at\/index.php\/josef-prorok\/"},"modified":"2026-05-06T16:05:50","modified_gmt":"2026-05-06T14:05:50","slug":"josef-prorok","status":"publish","type":"page","link":"https:\/\/wiki.s12.at\/index.php\/josef-prorok\/","title":{"rendered":"Josef Prorok"},"content":{"rendered":"<div class=\"mw-parser-output\">\n<ul>\n<li>Name: <b>Josef Prorok<\/b><\/li>\n<li>Geburtstag:<\/li>\n<li>Geburtsort:<\/li>\n<li>Geburtsland: \u00d6sterreich<\/li>\n<li>Position: Verteidiger<\/li>\n<\/ul>\n<p>\n<\/p>\n<h2><span class=\"mw-headline\" id=\"Stationen\">Stationen<\/span><a href=\"\/index.php?title=Josef_Prorok&amp;action=edit&amp;section=1\" title=\"Abschnitt bearbeiten: Stationen\">Bearbeiten<\/a><span class=\"mw-editsection-bracket\">]<\/span><\/span><\/h2>\n<ul>\n<li>FC Rapid Salzburg (? &#8211; 1933)<\/li>\n<li>SV Austria Salzburg (1933-&#160;?)<\/li>\n<\/ul>\n<h2><span class=\"mw-headline\" id=\"Besonderes\">Besonderes<\/span><a href=\"\/index.php?title=Josef_Prorok&amp;action=edit&amp;section=2\" title=\"Abschnitt bearbeiten: Besonderes\">Bearbeiten<\/a><span class=\"mw-editsection-bracket\">]<\/span><\/span><\/h2>\n<p>Er war auch ma\u00dfgeblich an der Entstehung der Austria beteiligt. Als Mannschaftskapit\u00e4n und Schriftf\u00fchrer vom FC Rapid stellte er gemeinsam mit Josef Brandst\u00e4tter die Delegation von Rapid bei der ersten Gr\u00fcndungssitzung am 07.09.1933.\n<\/p>\n<\/div>\n","protected":false},"excerpt":{"rendered":"<p>Name: Josef Prorok Geburtstag: Geburtsort: Geburtsland: \u00d6sterreich Position: Verteidiger StationenBearbeiten] FC Rapid Salzburg (? &#8211; 1933) SV Austria Salzburg (1933-&#160;?) BesonderesBearbeiten] Er war auch ma\u00dfgeblich an der Entstehung der Austria beteiligt. Als Mannschaftskapit\u00e4n und Schriftf\u00fchrer vom FC Rapid stellte er gemeinsam mit Josef Brandst\u00e4tter die Delegation von Rapid bei der ersten Gr\u00fcndungssitzung am 07.09.1933.<\/p>\n","protected":false},"author":1,"featured_media":0,"parent":0,"menu_order":0,"comment_status":"closed","ping_status":"closed","template":"","meta":{"footnotes":""},"class_list":["post-4874","page","type-page","status-publish","hentry"],"_links":{"self":[{"href":"https:\/\/wiki.s12.at\/index.php\/wp-json\/wp\/v2\/pages\/4874","targetHints":{"allow":["GET"]}}],"collection":[{"href":"https:\/\/wiki.s12.at\/index.php\/wp-json\/wp\/v2\/pages"}],"about":[{"href":"https:\/\/wiki.s12.at\/index.php\/wp-json\/wp\/v2\/types\/page"}],"author":[{"embeddable":true,"href":"https:\/\/wiki.s12.at\/index.php\/wp-json\/wp\/v2\/users\/1"}],"replies":[{"embeddable":true,"href":"https:\/\/wiki.s12.at\/index.php\/wp-json\/wp\/v2\/comments?post=4874"}],"version-history":[{"count":0,"href":"https:\/\/wiki.s12.at\/index.php\/wp-json\/wp\/v2\/pages\/4874\/revisions"}],"wp:attachment":[{"href":"https:\/\/wiki.s12.at\/index.php\/wp-json\/wp\/v2\/media?parent=4874"}],"curies":[{"name":"wp","href":"https:\/\/api.w.org\/{rel}","templated":true}]}}

<div class="mw-parser-output">
<ul>
<li>Name: <b>Josef Prorok</b></li>
<li>Geburtstag:</li>
<li>Geburtsort:</li>
<li>Geburtsland: Österreich</li>
<li>Position: Verteidiger</li>
</ul>
<p>
</p>
<h2><span class="mw-headline" id="Stationen">Stationen</span><a href="/index.php?title=Josef_Prorok&amp;action=edit&amp;section=1" title="Abschnitt bearbeiten: Stationen">Bearbeiten</a><span class="mw-editsection-bracket">]</span></span></h2>
<ul>
<li>FC Rapid Salzburg (? &#8211; 1933)</li>
<li>SV Austria Salzburg (1933-&#160;?)</li>
</ul>
<h2><span class="mw-headline" id="Besonderes">Besonderes</span><a href="/index.php?title=Josef_Prorok&amp;action=edit&amp;section=2" title="Abschnitt bearbeiten: Besonderes">Bearbeiten</a><span class="mw-editsection-bracket">]</span></span></h2>
<p>Er war auch maßgeblich an der Entstehung der Austria beteiligt. Als Mannschaftskapitän und Schriftführer vom FC Rapid stellte er gemeinsam mit Josef Brandstätter die Delegation von Rapid bei der ersten Gründungssitzung am 07.09.1933.
</p>
</div>

<p>Name: Josef Prorok Geburtstag: Geburtsort: Geburtsland: Österreich Position: Verteidiger StationenBearbeiten] FC Rapid Salzburg (? &#8211; 1933) SV Austria Salzburg (1933-&#160;?) BesonderesBearbeiten] Er war auch maßgeblich an der Entstehung der Austria beteiligt. Als Mannschaftskapitän und Schriftführer vom FC Rapid stellte er gemeinsam mit Josef Brandstätter die Delegation von Rapid bei der ersten Gründungssitzung am 07.09.1933.</p>
