{"id":4830,"date":"2026-05-06T16:04:46","date_gmt":"2026-05-06T14:04:46","guid":{"rendered":"https:\/\/wiki.s12.at\/index.php\/johan-vonlanthen\/"},"modified":"2026-05-06T16:04:46","modified_gmt":"2026-05-06T14:04:46","slug":"johan-vonlanthen","status":"publish","type":"page","link":"https:\/\/wiki.s12.at\/index.php\/johan-vonlanthen\/","title":{"rendered":"Johan Vonlanthen"},"content":{"rendered":"<div class=\"mw-parser-output\">\n<div class=\"thumb tright\">\n<div class=\"thumbinner\" style=\"width:232px;\"><a href=\"\/Datei:Johan_Vonlanthen.JPG\" class=\"image\"><img fetchpriority=\"high\" alt=\"\" src=\"\/images\/thumb\/f\/f4\/Johan_Vonlanthen.JPG\/250px-Johan_Vonlanthen.JPG%3Futm_source%3Dcommons.wikimedia.org%26utm_campaign%3Dimageinfo%26utm_content%3Dthumbnail\" decoding=\"async\" width=\"230\" height=\"364\" class=\"thumbimage\" srcset=\"\/images\/thumb\/f\/f4\/Johan_Vonlanthen.JPG\/500px-Johan_Vonlanthen.JPG%3Futm_source%3Dcommons.wikimedia.org%26utm_campaign%3Dimageinfo%26utm_content%3Dthumbnail 1.5x\" \/><\/a>  <\/p>\n<div class=\"thumbcaption\">\n<div class=\"magnify\"><a href=\"\/Datei:Johan_Vonlanthen.JPG\" class=\"internal\" title=\"vergr\u00f6\u00dfern\"><\/a><\/div>\n<p>Johan Vonlanthen<\/p><\/div>\n<\/div>\n<\/div>\n<ul>\n<li>Name: <b>Joahn Vonlanthen<\/b><\/li>\n<li>Langname: Johan Vonlanthen Benav\u00eddez<\/li>\n<li>Geburtstag: 1. Februar 1986<\/li>\n<li>Geburtsort: Santa Maria<\/li>\n<li>Geburtsland: Kolumbien<\/li>\n<li>Nationalit\u00e4t: Schweizer <a href=\"\/Datei:Flag_of_Switzerland.svg\" class=\"image\" title=\"Schweizer\"><img alt=\"Schweizer\" src=\"\/images\/thumb\/f\/f3\/Flag_of_Switzerland.svg\/langde-20px-Flag_of_Switzerland.svg.png%3Futm_source%3Dcommons.wikimedia.org%26utm_campaign%3Dimageinfo%26utm_content%3Dthumbnail\" decoding=\"async\" width=\"20\" height=\"20\" srcset=\"\/images\/thumb\/f\/f3\/Flag_of_Switzerland.svg\/langde-40px-Flag_of_Switzerland.svg.png%3Futm_source%3Dcommons.wikimedia.org%26utm_campaign%3Dimageinfo%26utm_content%3Dthumbnail 1.5x\" \/><\/a><\/li>\n<li>2. Nationalit\u00e4t: Kolumbianer <a href=\"\/Datei:Flag_of_Colombia.svg\" class=\"image\" title=\"Kolumbianer\"><img alt=\"Kolumbianer\" src=\"\/images\/thumb\/2\/21\/Flag_of_Colombia.svg\/langde-20px-Flag_of_Colombia.svg.png%3Futm_source%3Dcommons.wikimedia.org%26utm_campaign%3Dimageinfo%26utm_content%3Dthumbnail\" decoding=\"async\" width=\"20\" height=\"13\" srcset=\"\/images\/thumb\/2\/21\/Flag_of_Colombia.svg\/langde-40px-Flag_of_Colombia.svg.png%3Futm_source%3Dcommons.wikimedia.org%26utm_campaign%3Dimageinfo%26utm_content%3Dthumbnail 1.5x\" \/><\/a><\/li>\n<li>Gr\u00f6\u00dfe: 175 cm<\/li>\n<li>Position: Mittelfeld \/ Sturm<\/li>\n<li>Starker Fu\u00df: Rechts<\/li>\n<li>R\u00fcckennummer: 10 <small>(Saison 2006\/07 Nummer 19)<\/small><\/li>\n<li>Bundesligaspiele f\u00fcr Salzburg: 85 Spiele (11 Tore)<\/li>\n<li>Nationalmannschaft: 40 Spiele (7 Tore) f\u00fcr Schweiz<\/li>\n<\/ul>\n<h2><span class=\"mw-headline\" id=\"Stationen\">Stationen<\/span><a href=\"\/index.php?title=Johan_Vonlanthen&amp;action=edit&amp;section=1\" title=\"Abschnitt bearbeiten: Stationen\">Bearbeiten<\/a><span class=\"mw-editsection-bracket\">]<\/span><\/span><\/h2>\n<ul>\n<li>FC Flamatt (1997\u20131999)<\/li>\n<li>BSC Young Boys (1999\u20132003)<\/li>\n<li>PSV Eindhoven (2003\u20132006)<\/li>\n<li>Brescia Calcio <i>&#8222;Leihe&#8220;<\/i> (2005)<\/li>\n<li>NAC Breda <i>&#8222;Leihe&#8220;<\/i> (2005\u20132006)<\/li>\n<li>Red Bull Salzburg (2006\u20132011)<\/li>\n<li>FC Z\u00fcrich <i>&#8222;Leihe&#8220;<\/i> (2009\u20132010)<\/li>\n<li>Itag\u00fc\u00ed Ditaires (2011-2012)<\/li>\n<li>Grashoppers Z\u00fcrich (2012- )<\/li>\n<li>FC Schaffhausen <i>&#8222;Leihe&#8220;<\/i> (2013- )<\/li>\n<\/ul>\n<h2><span class=\"mw-headline\" id=\"Erfolge\">Erfolge<\/span><a href=\"\/index.php?title=Johan_Vonlanthen&amp;action=edit&amp;section=2\" title=\"Abschnitt bearbeiten: Erfolge\">Bearbeiten<\/a><span class=\"mw-editsection-bracket\">]<\/span><\/span><\/h2>\n<ul>\n<li>2x \u00d6sterreichischer Meister: 2007, 2009<\/li>\n<li>2x Champions League Teilnahme: 2003\/04, 2009\/10<\/li>\n<li>2x Teilnahme an Europameisterschaften: 2004, 2008<\/li>\n<\/ul>\n<h2><span class=\"mw-headline\" id=\"Bilder\">Bilder<\/span><a href=\"\/index.php?title=Johan_Vonlanthen&amp;action=edit&amp;section=3\" title=\"Abschnitt bearbeiten: Bilder\">Bearbeiten<\/a><span class=\"mw-editsection-bracket\">]<\/span><\/span><\/h2>\n<p><img loading=\"lazy\" alt=\"\" src=\"\/images\/thumb\/4\/4a\/Commons-logo.svg\/langde-20px-Commons-logo.svg.png%3Futm_source%3Dcommons.wikimedia.org%26utm_campaign%3Dimageinfo%26utm_content%3Dthumbnail\" decoding=\"async\" title=\"Commons\" width=\"12\" height=\"16\" srcset=\"\/images\/thumb\/4\/4a\/Commons-logo.svg\/langde-40px-Commons-logo.svg.png%3Futm_source%3Dcommons.wikimedia.org%26utm_campaign%3Dimageinfo%26utm_content%3Dthumbnail 2x\" \/>&#160;<b><a href=\"http:\/\/commons.wikimedia.org\/wiki\/Category:Johan_Vonlanthen\" class=\"extiw\" title=\"commons:Category:Johan Vonlanthen\">Johan Vonlanthen<\/a><\/b>&#160;\u2013 Sammlung von Bildern, Videos und Audiodateien auf <a href=\"\/Wikimedia_Commons\" title=\"Wikimedia Commons\">Wikimedia Commons<\/a>\n<\/p>\n<h2><span class=\"mw-headline\" id=\"Besonders\">Besonders<\/span><a href=\"\/index.php?title=Johan_Vonlanthen&amp;action=edit&amp;section=4\" title=\"Abschnitt bearbeiten: Besonders\">Bearbeiten<\/a><span class=\"mw-editsection-bracket\">]<\/span><\/span><\/h2>\n<p>Johan Vonlantehn geh\u00f6rt der Glaubensgemeinschaft der <i>Siebenten-Tags-Adventisten<\/i> an, welche es ihm verbieten an einem Samstag zu arbeiten und deshalb auch keine Fu\u00dfballspiele an Samstagen bestreitet. Das war vermutlich auch der Grund, warum sein Vertrag gel\u00f6st wurde und er seine Karriere 2012 beendete.\n<\/p>\n<\/div>\n","protected":false},"excerpt":{"rendered":"<p>Johan Vonlanthen Name: Joahn Vonlanthen Langname: Johan Vonlanthen Benav\u00eddez Geburtstag: 1. Februar 1986 Geburtsort: Santa Maria Geburtsland: Kolumbien Nationalit\u00e4t: Schweizer 2. Nationalit\u00e4t: Kolumbianer Gr\u00f6\u00dfe: 175 cm Position: Mittelfeld \/ Sturm Starker Fu\u00df: Rechts R\u00fcckennummer: 10 (Saison 2006\/07 Nummer 19) Bundesligaspiele f\u00fcr Salzburg: 85 Spiele (11 Tore) Nationalmannschaft: 40 Spiele (7 Tore) f\u00fcr Schweiz StationenBearbeiten] FC [&hellip;]<\/p>\n","protected":false},"author":1,"featured_media":0,"parent":0,"menu_order":0,"comment_status":"closed","ping_status":"closed","template":"","meta":{"footnotes":""},"class_list":["post-4830","page","type-page","status-publish","hentry"],"_links":{"self":[{"href":"https:\/\/wiki.s12.at\/index.php\/wp-json\/wp\/v2\/pages\/4830","targetHints":{"allow":["GET"]}}],"collection":[{"href":"https:\/\/wiki.s12.at\/index.php\/wp-json\/wp\/v2\/pages"}],"about":[{"href":"https:\/\/wiki.s12.at\/index.php\/wp-json\/wp\/v2\/types\/page"}],"author":[{"embeddable":true,"href":"https:\/\/wiki.s12.at\/index.php\/wp-json\/wp\/v2\/users\/1"}],"replies":[{"embeddable":true,"href":"https:\/\/wiki.s12.at\/index.php\/wp-json\/wp\/v2\/comments?post=4830"}],"version-history":[{"count":0,"href":"https:\/\/wiki.s12.at\/index.php\/wp-json\/wp\/v2\/pages\/4830\/revisions"}],"wp:attachment":[{"href":"https:\/\/wiki.s12.at\/index.php\/wp-json\/wp\/v2\/media?parent=4830"}],"curies":[{"name":"wp","href":"https:\/\/api.w.org\/{rel}","templated":true}]}}

<div class="mw-parser-output">
<div class="thumb tright">
<div class="thumbinner" style="width:232px;"><a href="/Datei:Johan_Vonlanthen.JPG" class="image"><img fetchpriority="high" alt="" src="/images/thumb/f/f4/Johan_Vonlanthen.JPG/250px-Johan_Vonlanthen.JPG%3Futm_source%3Dcommons.wikimedia.org%26utm_campaign%3Dimageinfo%26utm_content%3Dthumbnail" decoding="async" width="230" height="364" class="thumbimage" srcset="/images/thumb/f/f4/Johan_Vonlanthen.JPG/500px-Johan_Vonlanthen.JPG%3Futm_source%3Dcommons.wikimedia.org%26utm_campaign%3Dimageinfo%26utm_content%3Dthumbnail 1.5x" /></a>  </p>
<div class="thumbcaption">
<div class="magnify"><a href="/Datei:Johan_Vonlanthen.JPG" class="internal" title="vergrößern"></a></div>
<p>Johan Vonlanthen</p></div>
</div>
</div>
<ul>
<li>Name: <b>Joahn Vonlanthen</b></li>
<li>Langname: Johan Vonlanthen Benavídez</li>
<li>Geburtstag: 1. Februar 1986</li>
<li>Geburtsort: Santa Maria</li>
<li>Geburtsland: Kolumbien</li>
<li>Nationalität: Schweizer <a href="/Datei:Flag_of_Switzerland.svg" class="image" title="Schweizer"><img alt="Schweizer" src="/images/thumb/f/f3/Flag_of_Switzerland.svg/langde-20px-Flag_of_Switzerland.svg.png%3Futm_source%3Dcommons.wikimedia.org%26utm_campaign%3Dimageinfo%26utm_content%3Dthumbnail" decoding="async" width="20" height="20" srcset="/images/thumb/f/f3/Flag_of_Switzerland.svg/langde-40px-Flag_of_Switzerland.svg.png%3Futm_source%3Dcommons.wikimedia.org%26utm_campaign%3Dimageinfo%26utm_content%3Dthumbnail 1.5x" /></a></li>
<li>2. Nationalität: Kolumbianer <a href="/Datei:Flag_of_Colombia.svg" class="image" title="Kolumbianer"><img alt="Kolumbianer" src="/images/thumb/2/21/Flag_of_Colombia.svg/langde-20px-Flag_of_Colombia.svg.png%3Futm_source%3Dcommons.wikimedia.org%26utm_campaign%3Dimageinfo%26utm_content%3Dthumbnail" decoding="async" width="20" height="13" srcset="/images/thumb/2/21/Flag_of_Colombia.svg/langde-40px-Flag_of_Colombia.svg.png%3Futm_source%3Dcommons.wikimedia.org%26utm_campaign%3Dimageinfo%26utm_content%3Dthumbnail 1.5x" /></a></li>
<li>Größe: 175 cm</li>
<li>Position: Mittelfeld / Sturm</li>
<li>Starker Fuß: Rechts</li>
<li>Rückennummer: 10 <small>(Saison 2006/07 Nummer 19)</small></li>
<li>Bundesligaspiele für Salzburg: 85 Spiele (11 Tore)</li>
<li>Nationalmannschaft: 40 Spiele (7 Tore) für Schweiz</li>
</ul>
<h2><span class="mw-headline" id="Stationen">Stationen</span><a href="/index.php?title=Johan_Vonlanthen&amp;action=edit&amp;section=1" title="Abschnitt bearbeiten: Stationen">Bearbeiten</a><span class="mw-editsection-bracket">]</span></span></h2>
<ul>
<li>FC Flamatt (1997–1999)</li>
<li>BSC Young Boys (1999–2003)</li>
<li>PSV Eindhoven (2003–2006)</li>
<li>Brescia Calcio <i>&#8222;Leihe&#8220;</i> (2005)</li>
<li>NAC Breda <i>&#8222;Leihe&#8220;</i> (2005–2006)</li>
<li>Red Bull Salzburg (2006–2011)</li>
<li>FC Zürich <i>&#8222;Leihe&#8220;</i> (2009–2010)</li>
<li>Itagüí Ditaires (2011-2012)</li>
<li>Grashoppers Zürich (2012- )</li>
<li>FC Schaffhausen <i>&#8222;Leihe&#8220;</i> (2013- )</li>
</ul>
<h2><span class="mw-headline" id="Erfolge">Erfolge</span><a href="/index.php?title=Johan_Vonlanthen&amp;action=edit&amp;section=2" title="Abschnitt bearbeiten: Erfolge">Bearbeiten</a><span class="mw-editsection-bracket">]</span></span></h2>
<ul>
<li>2x Österreichischer Meister: 2007, 2009</li>
<li>2x Champions League Teilnahme: 2003/04, 2009/10</li>
<li>2x Teilnahme an Europameisterschaften: 2004, 2008</li>
</ul>
<h2><span class="mw-headline" id="Bilder">Bilder</span><a href="/index.php?title=Johan_Vonlanthen&amp;action=edit&amp;section=3" title="Abschnitt bearbeiten: Bilder">Bearbeiten</a><span class="mw-editsection-bracket">]</span></span></h2>
<p><img loading="lazy" alt="" src="/images/thumb/4/4a/Commons-logo.svg/langde-20px-Commons-logo.svg.png%3Futm_source%3Dcommons.wikimedia.org%26utm_campaign%3Dimageinfo%26utm_content%3Dthumbnail" decoding="async" title="Commons" width="12" height="16" srcset="/images/thumb/4/4a/Commons-logo.svg/langde-40px-Commons-logo.svg.png%3Futm_source%3Dcommons.wikimedia.org%26utm_campaign%3Dimageinfo%26utm_content%3Dthumbnail 2x" />&#160;<b><a href="http://commons.wikimedia.org/wiki/Category:Johan_Vonlanthen" class="extiw" title="commons:Category:Johan Vonlanthen">Johan Vonlanthen</a></b>&#160;– Sammlung von Bildern, Videos und Audiodateien auf <a href="/Wikimedia_Commons" title="Wikimedia Commons">Wikimedia Commons</a>
</p>
<h2><span class="mw-headline" id="Besonders">Besonders</span><a href="/index.php?title=Johan_Vonlanthen&amp;action=edit&amp;section=4" title="Abschnitt bearbeiten: Besonders">Bearbeiten</a><span class="mw-editsection-bracket">]</span></span></h2>
<p>Johan Vonlantehn gehört der Glaubensgemeinschaft der <i>Siebenten-Tags-Adventisten</i> an, welche es ihm verbieten an einem Samstag zu arbeiten und deshalb auch keine Fußballspiele an Samstagen bestreitet. Das war vermutlich auch der Grund, warum sein Vertrag gelöst wurde und er seine Karriere 2012 beendete.
</p>
</div>

<p>Johan Vonlanthen Name: Joahn Vonlanthen Langname: Johan Vonlanthen Benavídez Geburtstag: 1. Februar 1986 Geburtsort: Santa Maria Geburtsland: Kolumbien Nationalität: Schweizer 2. Nationalität: Kolumbianer Größe: 175 cm Position: Mittelfeld / Sturm Starker Fuß: Rechts Rückennummer: 10 (Saison 2006/07 Nummer 19) Bundesligaspiele für Salzburg: 85 Spiele (11 Tore) Nationalmannschaft: 40 Spiele (7 Tore) für Schweiz StationenBearbeiten] FC [&hellip;]</p>
