{"id":4808,"date":"2026-05-06T16:04:27","date_gmt":"2026-05-06T14:04:27","guid":{"rendered":"https:\/\/wiki.s12.at\/index.php\/jakob-brandtner\/"},"modified":"2026-05-06T16:04:27","modified_gmt":"2026-05-06T14:04:27","slug":"jakob-brandtner","status":"publish","type":"page","link":"https:\/\/wiki.s12.at\/index.php\/jakob-brandtner\/","title":{"rendered":"Jakob Brandtner"},"content":{"rendered":"<div class=\"mw-parser-output\">\n<div class=\"thumb tright\">\n<div class=\"thumbinner\" style=\"width:302px;\"><a href=\"\/Datei:FC_Liefering_gegen_SV_Ried_(2025-03-09_Zweite_Liga)_43.jpg\" class=\"image\"><img fetchpriority=\"high\" alt=\"FC Liefering gegen SV Ried (2025-03-09 Zweite Liga) 43.jpg\" src=\"\/images\/thumb\/6\/67\/FC_Liefering_gegen_SV_Ried_%282025-03-09_Zweite_Liga%29_43.jpg\/330px-FC_Liefering_gegen_SV_Ried_%282025-03-09_Zweite_Liga%29_43.jpg%3Futm_source%3Dcommons.wikimedia.org%26utm_campaign%3Dimageinfo%26utm_content%3Dthumbnail\" decoding=\"async\" width=\"300\" height=\"414\" class=\"thumbimage\" srcset=\"\/images\/thumb\/6\/67\/FC_Liefering_gegen_SV_Ried_%282025-03-09_Zweite_Liga%29_43.jpg\/500px-FC_Liefering_gegen_SV_Ried_%282025-03-09_Zweite_Liga%29_43.jpg%3Futm_source%3Dcommons.wikimedia.org%26utm_campaign%3Dimageinfo%26utm_content%3Dthumbnail 1.5x, \/images\/thumb\/6\/67\/FC_Liefering_gegen_SV_Ried_%282025-03-09_Zweite_Liga%29_43.jpg\/960px-FC_Liefering_gegen_SV_Ried_%282025-03-09_Zweite_Liga%29_43.jpg%3Futm_source%3Dcommons.wikimedia.org%26utm_campaign%3Dimageinfo%26utm_content%3Dthumbnail 2x\" \/><\/a>  <\/p>\n<div class=\"thumbcaption\">\n<div class=\"magnify\"><a href=\"\/Datei:FC_Liefering_gegen_SV_Ried_(2025-03-09_Zweite_Liga)_43.jpg\" class=\"internal\" title=\"vergr\u00f6\u00dfern\"><\/a><\/div>\n<\/div>\n<\/div>\n<\/div>\n<ul>\n<li>Name: <b>Jakob Brandtner<\/b><\/li>\n<li>Geburtstag: 2. M\u00e4rz 2006<\/li>\n<li>Geburtsort:<\/li>\n<li>Geburtsland: \u00d6sterreich<\/li>\n<li>Nationalit\u00e4t: \u00d6sterreicher <a href=\"\/Datei:Flag_of_Austria.svg\" class=\"image\" title=\"\u00d6sterreicher\"><img alt=\"\u00d6sterreicher\" src=\"\/images\/thumb\/4\/41\/Flag_of_Austria.svg\/langde-20px-Flag_of_Austria.svg.png%3Futm_source%3Dcommons.wikimedia.org%26utm_campaign%3Dimageinfo%26utm_content%3Dthumbnail\" decoding=\"async\" width=\"20\" height=\"13\" srcset=\"\/images\/thumb\/4\/41\/Flag_of_Austria.svg\/langde-40px-Flag_of_Austria.svg.png%3Futm_source%3Dcommons.wikimedia.org%26utm_campaign%3Dimageinfo%26utm_content%3Dthumbnail 1.5x\" \/><\/a><\/li>\n<li>Position: Mittelfeld<\/li>\n<li>Nationalmannschaft: \u00d6sterreich U18<\/li>\n<\/ul>\n<h2><span class=\"mw-headline\" id=\"Stationen\">Stationen<\/span><a href=\"\/index.php?title=Jakob_Brandtner&amp;action=edit&amp;section=1\" title=\"Abschnitt bearbeiten: Stationen\">Bearbeiten<\/a><span class=\"mw-editsection-bracket\">]<\/span><\/span><\/h2>\n<ul>\n<li>Akademie Red Bull Salzburg (U15, U16,U18)<\/li>\n<li>FC Liefering<\/li>\n<\/ul>\n<\/div>\n","protected":false},"excerpt":{"rendered":"<p>Name: Jakob Brandtner Geburtstag: 2. M\u00e4rz 2006 Geburtsort: Geburtsland: \u00d6sterreich Nationalit\u00e4t: \u00d6sterreicher Position: Mittelfeld Nationalmannschaft: \u00d6sterreich U18 StationenBearbeiten] Akademie Red Bull Salzburg (U15, U16,U18) FC Liefering<\/p>\n","protected":false},"author":1,"featured_media":0,"parent":0,"menu_order":0,"comment_status":"closed","ping_status":"closed","template":"","meta":{"footnotes":""},"class_list":["post-4808","page","type-page","status-publish","hentry"],"_links":{"self":[{"href":"https:\/\/wiki.s12.at\/index.php\/wp-json\/wp\/v2\/pages\/4808","targetHints":{"allow":["GET"]}}],"collection":[{"href":"https:\/\/wiki.s12.at\/index.php\/wp-json\/wp\/v2\/pages"}],"about":[{"href":"https:\/\/wiki.s12.at\/index.php\/wp-json\/wp\/v2\/types\/page"}],"author":[{"embeddable":true,"href":"https:\/\/wiki.s12.at\/index.php\/wp-json\/wp\/v2\/users\/1"}],"replies":[{"embeddable":true,"href":"https:\/\/wiki.s12.at\/index.php\/wp-json\/wp\/v2\/comments?post=4808"}],"version-history":[{"count":0,"href":"https:\/\/wiki.s12.at\/index.php\/wp-json\/wp\/v2\/pages\/4808\/revisions"}],"wp:attachment":[{"href":"https:\/\/wiki.s12.at\/index.php\/wp-json\/wp\/v2\/media?parent=4808"}],"curies":[{"name":"wp","href":"https:\/\/api.w.org\/{rel}","templated":true}]}}

<div class="mw-parser-output">
<div class="thumb tright">
<div class="thumbinner" style="width:302px;"><a href="/Datei:FC_Liefering_gegen_SV_Ried_(2025-03-09_Zweite_Liga)_43.jpg" class="image"><img fetchpriority="high" alt="FC Liefering gegen SV Ried (2025-03-09 Zweite Liga) 43.jpg" src="/images/thumb/6/67/FC_Liefering_gegen_SV_Ried_%282025-03-09_Zweite_Liga%29_43.jpg/330px-FC_Liefering_gegen_SV_Ried_%282025-03-09_Zweite_Liga%29_43.jpg%3Futm_source%3Dcommons.wikimedia.org%26utm_campaign%3Dimageinfo%26utm_content%3Dthumbnail" decoding="async" width="300" height="414" class="thumbimage" srcset="/images/thumb/6/67/FC_Liefering_gegen_SV_Ried_%282025-03-09_Zweite_Liga%29_43.jpg/500px-FC_Liefering_gegen_SV_Ried_%282025-03-09_Zweite_Liga%29_43.jpg%3Futm_source%3Dcommons.wikimedia.org%26utm_campaign%3Dimageinfo%26utm_content%3Dthumbnail 1.5x, /images/thumb/6/67/FC_Liefering_gegen_SV_Ried_%282025-03-09_Zweite_Liga%29_43.jpg/960px-FC_Liefering_gegen_SV_Ried_%282025-03-09_Zweite_Liga%29_43.jpg%3Futm_source%3Dcommons.wikimedia.org%26utm_campaign%3Dimageinfo%26utm_content%3Dthumbnail 2x" /></a>  </p>
<div class="thumbcaption">
<div class="magnify"><a href="/Datei:FC_Liefering_gegen_SV_Ried_(2025-03-09_Zweite_Liga)_43.jpg" class="internal" title="vergrößern"></a></div>
</div>
</div>
</div>
<ul>
<li>Name: <b>Jakob Brandtner</b></li>
<li>Geburtstag: 2. März 2006</li>
<li>Geburtsort:</li>
<li>Geburtsland: Österreich</li>
<li>Nationalität: Österreicher <a href="/Datei:Flag_of_Austria.svg" class="image" title="Österreicher"><img alt="Österreicher" src="/images/thumb/4/41/Flag_of_Austria.svg/langde-20px-Flag_of_Austria.svg.png%3Futm_source%3Dcommons.wikimedia.org%26utm_campaign%3Dimageinfo%26utm_content%3Dthumbnail" decoding="async" width="20" height="13" srcset="/images/thumb/4/41/Flag_of_Austria.svg/langde-40px-Flag_of_Austria.svg.png%3Futm_source%3Dcommons.wikimedia.org%26utm_campaign%3Dimageinfo%26utm_content%3Dthumbnail 1.5x" /></a></li>
<li>Position: Mittelfeld</li>
<li>Nationalmannschaft: Österreich U18</li>
</ul>
<h2><span class="mw-headline" id="Stationen">Stationen</span><a href="/index.php?title=Jakob_Brandtner&amp;action=edit&amp;section=1" title="Abschnitt bearbeiten: Stationen">Bearbeiten</a><span class="mw-editsection-bracket">]</span></span></h2>
<ul>
<li>Akademie Red Bull Salzburg (U15, U16,U18)</li>
<li>FC Liefering</li>
</ul>
</div>

<p>Name: Jakob Brandtner Geburtstag: 2. März 2006 Geburtsort: Geburtsland: Österreich Nationalität: Österreicher Position: Mittelfeld Nationalmannschaft: Österreich U18 StationenBearbeiten] Akademie Red Bull Salzburg (U15, U16,U18) FC Liefering</p>
