{"id":4796,"date":"2026-05-06T16:04:11","date_gmt":"2026-05-06T14:04:11","guid":{"rendered":"https:\/\/wiki.s12.at\/index.php\/interview-mit-ralf-rangnick-2013\/"},"modified":"2026-05-06T16:04:11","modified_gmt":"2026-05-06T14:04:11","slug":"interview-mit-ralf-rangnick-2013","status":"publish","type":"page","link":"https:\/\/wiki.s12.at\/index.php\/interview-mit-ralf-rangnick-2013\/","title":{"rendered":"Interview mit Ralf Rangnick (2013)"},"content":{"rendered":"<div class=\"mw-parser-output\">\n<p><i>SALZBURG12.at: Herr Rangnick, danke f\u00fcr Ihre Zeit. War das 3:0 gegen die Austria ein kleines Trostpflaster f\u00fcr den verpassten Meistertitel?<\/i>\n<\/p>\n<p>Ralf Rangnick: Es ist ein sch\u00f6ner Abschluss der Saison. Wir haben gegen die Austria in den direkten Duellen sechs Punkte aufgeholt, den Titel haben wir gegen die kleineren Mannschaften verloren.\n<\/p>\n<p><i>Die beste Saison in der Red-Bull-\u00c4ra: Punkterekord, 77 an der Zahl, dazu noch 91 geschossene Tore. Was hat das f\u00fcr einen Stellenwert und was bedeutet das f\u00fcr die kommende Saison?<\/i>\n<\/p>\n<p>Es hat schon viel gestimmt, allerdings m\u00fcssen wir uns generell noch weiter verbessern. Wir haben schon vor Tagen mit der Saisonanalyse begonnen und m\u00fcssen diese noch weiter vorantreiben. An einigen Schwachstellen m\u00fcssen wir intensive arbeiten wie zum Beispiel der Gef\u00e4hrlichkeit nach Standards und der Defensive. Die Mannschaft spielt teilweise richtig guten, attraktiven Fu\u00dfball nach vorne, muss aber insgesamt viel besser gegen den Ball arbeiten. Wir haben heuer noch zu viele Gegentore bekommen.\n<\/p>\n<p><i>Trainer Schmidt stand unter anderem in der \u00f6ffentlichen Kritik. Wie geht es im Sommer mit unserem Cheftrainer weiter?<\/i>\n<\/p>\n<p>Ich korrigiere Sie, er stand ausschlie\u00dflich in der \u00f6ffentlichen Kritik. Intern wurde Trainer Roger Schmidt nie in Frage gestellt.\n<\/p>\n<p><i>Eine Frage zu Ihrer Person. Gibt es irgendwelche Urlaubspl\u00e4ne? Haben Sie etwas vor in der Sommerpause?<\/i>\n<\/p>\n<p>Meine Saison ist noch nicht vorbei. Wir haben ja mit RB Leipzig noch zwei immens wichtige Relegationsspiele. Danach muss ich mich um die Kader beider Mannschaften k\u00fcmmern.\n<\/p>\n<p><i>Mit dem Beginn der Sommerpause beginnt auch die Transferzeit. Werden Sie am Transfermarkt aktiv?<\/i>\n<\/p>\n<p>Man muss dies in den n\u00e4chsten Tagen und Wochen genau analysieren. Allerdings wird es keinen Totalumbruch wie letzten Sommer geben, wir werden uns h\u00f6chstens punktuell verst\u00e4rken.\n<\/p>\n<p><i>Danke f\u00fcr das Interview, Herr Rangnick.<\/i>\n<\/p>\n<p>Quelle:salzburg12.at\n<\/p>\n<\/div>\n","protected":false},"excerpt":{"rendered":"<p>SALZBURG12.at: Herr Rangnick, danke f\u00fcr Ihre Zeit. War das 3:0 gegen die Austria ein kleines Trostpflaster f\u00fcr den verpassten Meistertitel? Ralf Rangnick: Es ist ein sch\u00f6ner Abschluss der Saison. Wir haben gegen die Austria in den direkten Duellen sechs Punkte aufgeholt, den Titel haben wir gegen die kleineren Mannschaften verloren. Die beste Saison in der [&hellip;]<\/p>\n","protected":false},"author":1,"featured_media":0,"parent":0,"menu_order":0,"comment_status":"closed","ping_status":"closed","template":"","meta":{"footnotes":""},"class_list":["post-4796","page","type-page","status-publish","hentry"],"_links":{"self":[{"href":"https:\/\/wiki.s12.at\/index.php\/wp-json\/wp\/v2\/pages\/4796","targetHints":{"allow":["GET"]}}],"collection":[{"href":"https:\/\/wiki.s12.at\/index.php\/wp-json\/wp\/v2\/pages"}],"about":[{"href":"https:\/\/wiki.s12.at\/index.php\/wp-json\/wp\/v2\/types\/page"}],"author":[{"embeddable":true,"href":"https:\/\/wiki.s12.at\/index.php\/wp-json\/wp\/v2\/users\/1"}],"replies":[{"embeddable":true,"href":"https:\/\/wiki.s12.at\/index.php\/wp-json\/wp\/v2\/comments?post=4796"}],"version-history":[{"count":0,"href":"https:\/\/wiki.s12.at\/index.php\/wp-json\/wp\/v2\/pages\/4796\/revisions"}],"wp:attachment":[{"href":"https:\/\/wiki.s12.at\/index.php\/wp-json\/wp\/v2\/media?parent=4796"}],"curies":[{"name":"wp","href":"https:\/\/api.w.org\/{rel}","templated":true}]}}

<div class="mw-parser-output">
<p><i>SALZBURG12.at: Herr Rangnick, danke für Ihre Zeit. War das 3:0 gegen die Austria ein kleines Trostpflaster für den verpassten Meistertitel?</i>
</p>
<p>Ralf Rangnick: Es ist ein schöner Abschluss der Saison. Wir haben gegen die Austria in den direkten Duellen sechs Punkte aufgeholt, den Titel haben wir gegen die kleineren Mannschaften verloren.
</p>
<p><i>Die beste Saison in der Red-Bull-Ära: Punkterekord, 77 an der Zahl, dazu noch 91 geschossene Tore. Was hat das für einen Stellenwert und was bedeutet das für die kommende Saison?</i>
</p>
<p>Es hat schon viel gestimmt, allerdings müssen wir uns generell noch weiter verbessern. Wir haben schon vor Tagen mit der Saisonanalyse begonnen und müssen diese noch weiter vorantreiben. An einigen Schwachstellen müssen wir intensive arbeiten wie zum Beispiel der Gefährlichkeit nach Standards und der Defensive. Die Mannschaft spielt teilweise richtig guten, attraktiven Fußball nach vorne, muss aber insgesamt viel besser gegen den Ball arbeiten. Wir haben heuer noch zu viele Gegentore bekommen.
</p>
<p><i>Trainer Schmidt stand unter anderem in der öffentlichen Kritik. Wie geht es im Sommer mit unserem Cheftrainer weiter?</i>
</p>
<p>Ich korrigiere Sie, er stand ausschließlich in der öffentlichen Kritik. Intern wurde Trainer Roger Schmidt nie in Frage gestellt.
</p>
<p><i>Eine Frage zu Ihrer Person. Gibt es irgendwelche Urlaubspläne? Haben Sie etwas vor in der Sommerpause?</i>
</p>
<p>Meine Saison ist noch nicht vorbei. Wir haben ja mit RB Leipzig noch zwei immens wichtige Relegationsspiele. Danach muss ich mich um die Kader beider Mannschaften kümmern.
</p>
<p><i>Mit dem Beginn der Sommerpause beginnt auch die Transferzeit. Werden Sie am Transfermarkt aktiv?</i>
</p>
<p>Man muss dies in den nächsten Tagen und Wochen genau analysieren. Allerdings wird es keinen Totalumbruch wie letzten Sommer geben, wir werden uns höchstens punktuell verstärken.
</p>
<p><i>Danke für das Interview, Herr Rangnick.</i>
</p>
<p>Quelle:salzburg12.at
</p>
</div>

<p>SALZBURG12.at: Herr Rangnick, danke für Ihre Zeit. War das 3:0 gegen die Austria ein kleines Trostpflaster für den verpassten Meistertitel? Ralf Rangnick: Es ist ein schöner Abschluss der Saison. Wir haben gegen die Austria in den direkten Duellen sechs Punkte aufgeholt, den Titel haben wir gegen die kleineren Mannschaften verloren. Die beste Saison in der [&hellip;]</p>
