{"id":4793,"date":"2026-05-06T16:03:55","date_gmt":"2026-05-06T14:03:55","guid":{"rendered":"https:\/\/wiki.s12.at\/index.php\/interview-mit-isaac-vorsah-2012\/"},"modified":"2026-05-06T16:03:55","modified_gmt":"2026-05-06T14:03:55","slug":"interview-mit-isaac-vorsah-2012","status":"publish","type":"page","link":"https:\/\/wiki.s12.at\/index.php\/interview-mit-isaac-vorsah-2012\/","title":{"rendered":"Interview mit Isaac Vorsah (2012)"},"content":{"rendered":"<div class=\"mw-parser-output\">\n<div class=\"thumb tright\">\n<div class=\"thumbinner\" style=\"width:302px;\"><a href=\"\/Datei:Isaac_Vorsah15.JPG\" class=\"image\"><img fetchpriority=\"high\" alt=\"Isaac Vorsah15.JPG\" src=\"\/images\/thumb\/f\/f9\/Isaac_Vorsah15.JPG\/330px-Isaac_Vorsah15.JPG%3Futm_source%3Dcommons.wikimedia.org%26utm_campaign%3Dimageinfo%26utm_content%3Dthumbnail\" decoding=\"async\" width=\"300\" height=\"248\" class=\"thumbimage\" srcset=\"\/images\/thumb\/f\/f9\/Isaac_Vorsah15.JPG\/500px-Isaac_Vorsah15.JPG%3Futm_source%3Dcommons.wikimedia.org%26utm_campaign%3Dimageinfo%26utm_content%3Dthumbnail 1.5x, \/images\/thumb\/f\/f9\/Isaac_Vorsah15.JPG\/960px-Isaac_Vorsah15.JPG%3Futm_source%3Dcommons.wikimedia.org%26utm_campaign%3Dimageinfo%26utm_content%3Dthumbnail 2x\" \/><\/a>  <\/p>\n<div class=\"thumbcaption\">\n<div class=\"magnify\"><a href=\"\/Datei:Isaac_Vorsah15.JPG\" class=\"internal\" title=\"vergr\u00f6\u00dfern\"><\/a><\/div>\n<\/div>\n<\/div>\n<\/div>\n<p><b>\u00bbIm Fr\u00fchjahr geben wir Gas!\u00ab<\/b>\n<\/p>\n<p><i>Der 1,92-Meter-H\u00fcne Isaac Vorsah ist nach anf\u00e4nglichen Schwierigkeiten mittlerweile in seiner neuen Heimat Salzburg angekommen. Im Interview spricht er \u00fcber seine Liebe zu Ghana, wie sehr ihm seine kleine Tochter fehlt und wie er den \u00f6sterreichischen Fu\u00dfball popul\u00e4rer machen will.<\/i>\n<\/p>\n<p><b>Heute steht das letzte Spiel vor der Winterpause am Programm. Wie f\u00e4llt deine pers\u00f6nliche Herbstbilanz aus?<\/b>\n<\/p>\n<p>Zuallererst m\u00f6chte ich mich bei meinen Mitspielern, den Fans und nat\u00fcrlich auch bei allen Menschen im Verein bedanken.<br \/>\nIch bin hier sehr offenherzig empfangen worden, und Salzburg ist f\u00fcr mich bereits zu meiner neuen Heimat geworden. Sportlich haben wir uns nach einem eher m\u00e4\u00dfigen Start zwar verbessert, doch zufrieden k\u00f6nnen wir nat\u00fcrlich nicht sein, da wir vor dem heutigen Spiel bereits sieben Punkte hinter der Austria liegen. Trotzdem muss ich unserer Mannschaft und dem Trainerteam<br \/>\nein gro\u00dfes Lob aussprechen. Es wird hier t\u00e4glich mit vollem Einsatz gearbeitet, und wir haben sehr viel Klasse im Team. Nun m\u00fcssen wir heute gewinnen, dann werden wir im Fr\u00fchjahr ordentlich angreifen, um uns wieder an die Spitze zu schie\u00dfen.\n<\/p>\n<p><b>Du hattest einen durchwachsenen Start in Salzburg: sahst gleich in deiner ersten Partie die Rote Karte.<\/b>\n<\/p>\n<p>Ja, das war wie ein b\u00f6ser Traum. Ich war nat\u00fcrlich extrem motiviert und wollte den Fans und meinen Kollegen beweisen, dass ich ein guter Fu\u00dfballer bin. Und dann sehe ich gegen Ried gleich nach f\u00fcnf Minuten Rot. Am Anfang war ich nat\u00fcrlich<br \/>\nsehr niedergeschlagen, auch weil ich mir nicht sicher war, ob dieser Ausschluss gerechtfertigt war. Aber dann ich habe die Sache abgehakt, und nachtr\u00e4glich gesehen hat mich diese Rote Karte nur zus\u00e4tzlich motiviert.\n<\/p>\n<p><b>Die richtige Antwort hast du ja in Runde elf mit deinem Treffer in Mattersburg gegeben.<\/b>\n<\/p>\n<p>Ich hatte mich schon in den Partien davor sehr gut gef\u00fchlt, aber das Tor im Burgenland war schon ein Highlight. Ich wollte allen zeigen, dass ich es besser kann und dieser Ausschluss eine einmalige, dumme Aktion war. Heute kommt ja ausgerechnet  Mattersburg zu uns in die Red Bull Arena, und da hoffe ich, dass mir  erneut ein Treffer gelingt. Das w\u00e4re doch ein sch\u00f6ner Abschluss, und ich k\u00f6nnte zufrieden in die Winterpause gehen.\n<\/p>\n<p><b>Wie werdet ihr das Spiel gegen Mattersburg anlegen?<\/b>\n<\/p>\n<p>Wir wissen, dass wir nicht verlieren d\u00fcrfen, weil der Abstand zur Wiener Austria dann noch gr\u00f6\u00dfer werden w\u00fcrde. Nach dem Remis  in Graz stehen wir sicherlich unter Druck, doch davon d\u00fcrfen wir uns nicht nerv\u00f6s machen lassen. Wir sind der Favorit, und dieser Rolle m\u00fcssen wir auch gerecht werden. Wir werden druckvoll wie immer agieren und versuchen, den Burgenl\u00e4ndern unser Spiel aufzuzwingen.Wir werden fr\u00fch attackieren und somit Druck auf ihre Hintermannschaft aus\u00fcben. Dadurch werden sie hoffentlich Fehler machen und wir zu Torchancen kommen.\n<\/p>\n<p><b>Deine ehemaligen Kollegen in Hoffenheim haben dich als ruhigen, umg\u00e4nglichen Typen beschrieben. Wenn man dich am Platz in Aktion sieht, kann man das schwer glauben.<\/b>\n<\/p>\n<p>Ich denke, als Spitzensportler muss man zwei Gesichter haben. Privat bin ich sicherlich eher der ruhige Typ, der nicht allzu<br \/>\ngerne im Scheinwerferlicht oder in der \u00d6ffentlichkeit steht. Meine Erziehung in Ghana hat mich gelehrt, den Ball gewisserma\u00dfen flach zu halten und durch Leistung aufzufallen. Und daher gebe ich am Platz wahrscheinlich auch ein anderes Bild von mir ab. Wenn es  um Punkte geht, wird gek\u00e4mpft, und ich verlange mir dann auch immer hundert Prozent ab. Da geht es nicht nur um mich, sondern um die Mannschaft und den Verein.\n<\/p>\n<p><b>Darum stehst du wohl auch im Kader der Nationalmannschaft von Ghana. Ihr habt euch Bedeutung hat das Nationalteam f\u00fcr dich?<\/b>\n<\/p>\n<p>F\u00fcr Ghana zu spielen ist eine ganz gro\u00dfe Sache. Ich liebe es, meine Landsm\u00e4nner zu treffen, mit ihnen zu trainieren und Matches zu bestreiten. Es herrscht immer eine ganz au\u00dfergew\u00f6hnliche Stimmung, von der ich dann jedes Mal noch lange Zeit bei meinem Verein zehre. Die  Freude am Fu\u00dfball wird ganz gro\u00dfgeschrieben bei uns, und diese Freude hat uns auch in der Qualifikation zum<br \/>\nAfrika-Cup angetrieben. Au\u00dferdem sind Heimspiele mit dem Nationalteam immer auch eine hervorragende  Gelegenheit, um nach Hause zu kommen und meine Familie und alte Freunde zu sehen.\n<\/p>\n<p><b>Wann wirst du deine Heimat wieder besuchen?<\/b>\n<\/p>\n<p>Jetzt zu Weihnachten fliege ich nach Ghana \u2013 darauf freue ich mich schon so sehr. Es ist ganz speziell, wenn wir alle gemeinsam Weihnachten feiern, und nat\u00fcrlich freuen sich die Kinder auf die Geschenke.\n<\/p>\n<p><b>Du hast ja auch eine kleine Tochter.<\/b>\n<\/p>\n<p>Ja, sie ist das Beste in meinem Leben, und ich vermisse sie jeden Tag, weil sie noch mit meiner Freundin in Ghana lebt. Ich hoffe aber, dass sie im Sommer beide nach Salzburg kommen und hier mit mir zusammen sein k\u00f6nnen.\n<\/p>\n<p><b>Wie hast du dich in Salzburg eingelebt?<\/b>\n<\/p>\n<p>Es ist wundersch\u00f6n hier. Ich habe ein sch\u00f6nes Haus gefunden, da ist auch gen\u00fcgend Platz f\u00fcr meine kleine Familie. Ich mag Salzburg, weil es  nicht zu gro\u00df ist und es sehr famili\u00e4r zugeht. Ich werde oft von Fans auf der Stra\u00dfe angesprochen, und alle sind<br \/>\nsehr freundlich und w\u00fcnschen mir Gl\u00fcck.\n<\/p>\n<p><b>Ralf Rangnick hat dich zu Red Bull Salzburg geholt. Du kennst ihn ja bereits aus deiner Zeit in Hoffenheim. Was<\/b><br \/>\nf\u00fcr ein Typ Mensch ist er?<b><\/b><br \/>\nEr lebt f\u00fcr den Fu\u00dfball, und ich habe noch nie eine Person getroffen, die sich so sehr mit diesem Sport besch\u00e4ftigt. Und darum glaube ich auch, dass er der perfekte Mann f\u00fcr das Fu\u00dfball-Projekt von Red Bull ist. Aber auch abseits des Sports ist er ein Vorbild f\u00fcr mich, weil er einfach ein sehr smarter Mann ist, der sehr viel nachdenkt und dem der \u201eMensch im Fu\u00dfballer\u201c auch sehr wichtig ist.\n<\/p>\n<p><b>Was f\u00e4llt dir auf, wenn du die deutsche mit der \u00f6sterreichischen Bundesliga vergleichst?<\/b>\n<\/p>\n<p>Der Unterschied ist viel geringer, als ich mir im Vorfeld erwartet hatte. Die \u00f6sterreichische Bundesliga hatte in Deutschland lange Zeit sicherlich nicht den besten Ruf, doch das hat sich in den letzten Jahren ge\u00e4ndert. Legion\u00e4re wie David Alaba, Marko Arnautovic, Sebastian Pr\u00f6dl oder Martin Harnik machen die beste Werbung f\u00fcr \u00d6sterreichs Fu\u00dfball. Klar ist die deutsche<br \/>\nBundesliga besser, aber \u00d6sterreich ist auf einem guten Weg, und ich hoffe, dass auch ich meinen Beitrag leisten kann, um die Liga<br \/>\nin Europa noch popul\u00e4rer machen zu k\u00f6nnen. Au\u00dferdem will ich endlich einen Titel gewinnen!\n<\/p>\n<p><b>Was w\u00fcnschst du dir zu Weihnachten?<\/b>\n<\/p>\n<p>Gesundheit f\u00fcr meine Familie, meine Freunde und alle Fans unseres Vereins.\n<\/p>\n<ul>\n<li><b>Quelle<\/b>: heimspiel-Stadionmagazin des FC Red Bull Salzburg<\/li>\n<\/ul>\n<\/div>\n","protected":false},"excerpt":{"rendered":"<p>\u00bbIm Fr\u00fchjahr geben wir Gas!\u00ab Der 1,92-Meter-H\u00fcne Isaac Vorsah ist nach anf\u00e4nglichen Schwierigkeiten mittlerweile in seiner neuen Heimat Salzburg angekommen. Im Interview spricht er \u00fcber seine Liebe zu Ghana, wie sehr ihm seine kleine Tochter fehlt und wie er den \u00f6sterreichischen Fu\u00dfball popul\u00e4rer machen will. Heute steht das letzte Spiel vor der Winterpause am Programm. [&hellip;]<\/p>\n","protected":false},"author":1,"featured_media":0,"parent":0,"menu_order":0,"comment_status":"closed","ping_status":"closed","template":"","meta":{"footnotes":""},"class_list":["post-4793","page","type-page","status-publish","hentry"],"_links":{"self":[{"href":"https:\/\/wiki.s12.at\/index.php\/wp-json\/wp\/v2\/pages\/4793","targetHints":{"allow":["GET"]}}],"collection":[{"href":"https:\/\/wiki.s12.at\/index.php\/wp-json\/wp\/v2\/pages"}],"about":[{"href":"https:\/\/wiki.s12.at\/index.php\/wp-json\/wp\/v2\/types\/page"}],"author":[{"embeddable":true,"href":"https:\/\/wiki.s12.at\/index.php\/wp-json\/wp\/v2\/users\/1"}],"replies":[{"embeddable":true,"href":"https:\/\/wiki.s12.at\/index.php\/wp-json\/wp\/v2\/comments?post=4793"}],"version-history":[{"count":0,"href":"https:\/\/wiki.s12.at\/index.php\/wp-json\/wp\/v2\/pages\/4793\/revisions"}],"wp:attachment":[{"href":"https:\/\/wiki.s12.at\/index.php\/wp-json\/wp\/v2\/media?parent=4793"}],"curies":[{"name":"wp","href":"https:\/\/api.w.org\/{rel}","templated":true}]}}

<div class="mw-parser-output">
<div class="thumb tright">
<div class="thumbinner" style="width:302px;"><a href="/Datei:Isaac_Vorsah15.JPG" class="image"><img fetchpriority="high" alt="Isaac Vorsah15.JPG" src="/images/thumb/f/f9/Isaac_Vorsah15.JPG/330px-Isaac_Vorsah15.JPG%3Futm_source%3Dcommons.wikimedia.org%26utm_campaign%3Dimageinfo%26utm_content%3Dthumbnail" decoding="async" width="300" height="248" class="thumbimage" srcset="/images/thumb/f/f9/Isaac_Vorsah15.JPG/500px-Isaac_Vorsah15.JPG%3Futm_source%3Dcommons.wikimedia.org%26utm_campaign%3Dimageinfo%26utm_content%3Dthumbnail 1.5x, /images/thumb/f/f9/Isaac_Vorsah15.JPG/960px-Isaac_Vorsah15.JPG%3Futm_source%3Dcommons.wikimedia.org%26utm_campaign%3Dimageinfo%26utm_content%3Dthumbnail 2x" /></a>  </p>
<div class="thumbcaption">
<div class="magnify"><a href="/Datei:Isaac_Vorsah15.JPG" class="internal" title="vergrößern"></a></div>
</div>
</div>
</div>
<p><b>»Im Frühjahr geben wir Gas!«</b>
</p>
<p><i>Der 1,92-Meter-Hüne Isaac Vorsah ist nach anfänglichen Schwierigkeiten mittlerweile in seiner neuen Heimat Salzburg angekommen. Im Interview spricht er über seine Liebe zu Ghana, wie sehr ihm seine kleine Tochter fehlt und wie er den österreichischen Fußball populärer machen will.</i>
</p>
<p><b>Heute steht das letzte Spiel vor der Winterpause am Programm. Wie fällt deine persönliche Herbstbilanz aus?</b>
</p>
<p>Zuallererst möchte ich mich bei meinen Mitspielern, den Fans und natürlich auch bei allen Menschen im Verein bedanken.<br />
Ich bin hier sehr offenherzig empfangen worden, und Salzburg ist für mich bereits zu meiner neuen Heimat geworden. Sportlich haben wir uns nach einem eher mäßigen Start zwar verbessert, doch zufrieden können wir natürlich nicht sein, da wir vor dem heutigen Spiel bereits sieben Punkte hinter der Austria liegen. Trotzdem muss ich unserer Mannschaft und dem Trainerteam<br />
ein großes Lob aussprechen. Es wird hier täglich mit vollem Einsatz gearbeitet, und wir haben sehr viel Klasse im Team. Nun müssen wir heute gewinnen, dann werden wir im Frühjahr ordentlich angreifen, um uns wieder an die Spitze zu schießen.
</p>
<p><b>Du hattest einen durchwachsenen Start in Salzburg: sahst gleich in deiner ersten Partie die Rote Karte.</b>
</p>
<p>Ja, das war wie ein böser Traum. Ich war natürlich extrem motiviert und wollte den Fans und meinen Kollegen beweisen, dass ich ein guter Fußballer bin. Und dann sehe ich gegen Ried gleich nach fünf Minuten Rot. Am Anfang war ich natürlich<br />
sehr niedergeschlagen, auch weil ich mir nicht sicher war, ob dieser Ausschluss gerechtfertigt war. Aber dann ich habe die Sache abgehakt, und nachträglich gesehen hat mich diese Rote Karte nur zusätzlich motiviert.
</p>
<p><b>Die richtige Antwort hast du ja in Runde elf mit deinem Treffer in Mattersburg gegeben.</b>
</p>
<p>Ich hatte mich schon in den Partien davor sehr gut gefühlt, aber das Tor im Burgenland war schon ein Highlight. Ich wollte allen zeigen, dass ich es besser kann und dieser Ausschluss eine einmalige, dumme Aktion war. Heute kommt ja ausgerechnet  Mattersburg zu uns in die Red Bull Arena, und da hoffe ich, dass mir  erneut ein Treffer gelingt. Das wäre doch ein schöner Abschluss, und ich könnte zufrieden in die Winterpause gehen.
</p>
<p><b>Wie werdet ihr das Spiel gegen Mattersburg anlegen?</b>
</p>
<p>Wir wissen, dass wir nicht verlieren dürfen, weil der Abstand zur Wiener Austria dann noch größer werden würde. Nach dem Remis  in Graz stehen wir sicherlich unter Druck, doch davon dürfen wir uns nicht nervös machen lassen. Wir sind der Favorit, und dieser Rolle müssen wir auch gerecht werden. Wir werden druckvoll wie immer agieren und versuchen, den Burgenländern unser Spiel aufzuzwingen.Wir werden früh attackieren und somit Druck auf ihre Hintermannschaft ausüben. Dadurch werden sie hoffentlich Fehler machen und wir zu Torchancen kommen.
</p>
<p><b>Deine ehemaligen Kollegen in Hoffenheim haben dich als ruhigen, umgänglichen Typen beschrieben. Wenn man dich am Platz in Aktion sieht, kann man das schwer glauben.</b>
</p>
<p>Ich denke, als Spitzensportler muss man zwei Gesichter haben. Privat bin ich sicherlich eher der ruhige Typ, der nicht allzu<br />
gerne im Scheinwerferlicht oder in der Öffentlichkeit steht. Meine Erziehung in Ghana hat mich gelehrt, den Ball gewissermaßen flach zu halten und durch Leistung aufzufallen. Und daher gebe ich am Platz wahrscheinlich auch ein anderes Bild von mir ab. Wenn es  um Punkte geht, wird gekämpft, und ich verlange mir dann auch immer hundert Prozent ab. Da geht es nicht nur um mich, sondern um die Mannschaft und den Verein.
</p>
<p><b>Darum stehst du wohl auch im Kader der Nationalmannschaft von Ghana. Ihr habt euch Bedeutung hat das Nationalteam für dich?</b>
</p>
<p>Für Ghana zu spielen ist eine ganz große Sache. Ich liebe es, meine Landsmänner zu treffen, mit ihnen zu trainieren und Matches zu bestreiten. Es herrscht immer eine ganz außergewöhnliche Stimmung, von der ich dann jedes Mal noch lange Zeit bei meinem Verein zehre. Die  Freude am Fußball wird ganz großgeschrieben bei uns, und diese Freude hat uns auch in der Qualifikation zum<br />
Afrika-Cup angetrieben. Außerdem sind Heimspiele mit dem Nationalteam immer auch eine hervorragende  Gelegenheit, um nach Hause zu kommen und meine Familie und alte Freunde zu sehen.
</p>
<p><b>Wann wirst du deine Heimat wieder besuchen?</b>
</p>
<p>Jetzt zu Weihnachten fliege ich nach Ghana – darauf freue ich mich schon so sehr. Es ist ganz speziell, wenn wir alle gemeinsam Weihnachten feiern, und natürlich freuen sich die Kinder auf die Geschenke.
</p>
<p><b>Du hast ja auch eine kleine Tochter.</b>
</p>
<p>Ja, sie ist das Beste in meinem Leben, und ich vermisse sie jeden Tag, weil sie noch mit meiner Freundin in Ghana lebt. Ich hoffe aber, dass sie im Sommer beide nach Salzburg kommen und hier mit mir zusammen sein können.
</p>
<p><b>Wie hast du dich in Salzburg eingelebt?</b>
</p>
<p>Es ist wunderschön hier. Ich habe ein schönes Haus gefunden, da ist auch genügend Platz für meine kleine Familie. Ich mag Salzburg, weil es  nicht zu groß ist und es sehr familiär zugeht. Ich werde oft von Fans auf der Straße angesprochen, und alle sind<br />
sehr freundlich und wünschen mir Glück.
</p>
<p><b>Ralf Rangnick hat dich zu Red Bull Salzburg geholt. Du kennst ihn ja bereits aus deiner Zeit in Hoffenheim. Was</b><br />
für ein Typ Mensch ist er?<b></b><br />
Er lebt für den Fußball, und ich habe noch nie eine Person getroffen, die sich so sehr mit diesem Sport beschäftigt. Und darum glaube ich auch, dass er der perfekte Mann für das Fußball-Projekt von Red Bull ist. Aber auch abseits des Sports ist er ein Vorbild für mich, weil er einfach ein sehr smarter Mann ist, der sehr viel nachdenkt und dem der „Mensch im Fußballer“ auch sehr wichtig ist.
</p>
<p><b>Was fällt dir auf, wenn du die deutsche mit der österreichischen Bundesliga vergleichst?</b>
</p>
<p>Der Unterschied ist viel geringer, als ich mir im Vorfeld erwartet hatte. Die österreichische Bundesliga hatte in Deutschland lange Zeit sicherlich nicht den besten Ruf, doch das hat sich in den letzten Jahren geändert. Legionäre wie David Alaba, Marko Arnautovic, Sebastian Prödl oder Martin Harnik machen die beste Werbung für Österreichs Fußball. Klar ist die deutsche<br />
Bundesliga besser, aber Österreich ist auf einem guten Weg, und ich hoffe, dass auch ich meinen Beitrag leisten kann, um die Liga<br />
in Europa noch populärer machen zu können. Außerdem will ich endlich einen Titel gewinnen!
</p>
<p><b>Was wünschst du dir zu Weihnachten?</b>
</p>
<p>Gesundheit für meine Familie, meine Freunde und alle Fans unseres Vereins.
</p>
<ul>
<li><b>Quelle</b>: heimspiel-Stadionmagazin des FC Red Bull Salzburg</li>
</ul>
</div>

<p>»Im Frühjahr geben wir Gas!« Der 1,92-Meter-Hüne Isaac Vorsah ist nach anfänglichen Schwierigkeiten mittlerweile in seiner neuen Heimat Salzburg angekommen. Im Interview spricht er über seine Liebe zu Ghana, wie sehr ihm seine kleine Tochter fehlt und wie er den österreichischen Fußball populärer machen will. Heute steht das letzte Spiel vor der Winterpause am Programm. [&hellip;]</p>
