{"id":4735,"date":"2026-05-06T16:02:47","date_gmt":"2026-05-06T14:02:47","guid":{"rendered":"https:\/\/wiki.s12.at\/index.php\/inter-mailand-gegen-fc-salzburg\/"},"modified":"2026-05-06T16:02:47","modified_gmt":"2026-05-06T14:02:47","slug":"inter-mailand-gegen-fc-salzburg","status":"publish","type":"page","link":"https:\/\/wiki.s12.at\/index.php\/inter-mailand-gegen-fc-salzburg\/","title":{"rendered":"Inter Mailand gegen FC Salzburg"},"content":{"rendered":"<div class=\"mw-parser-output\">\n<table class=\"toptextcells toccolours\">\n<tbody>\n<tr>\n<th colspan=\"2\" style=\"text-align: center; vertical-align: top; padding: 0.3em 0.8em; font-size: 125%; background-color: lightsteelblue;\">Inter Mailand gegen FC Salzburg,  2:1\n<\/th>\n<\/tr>\n<tr>\n<th style=\"text-align:left;\"><b>Spieltag<\/b>\n<\/th>\n<th style=\"text-align:left;\">UEFA-Championsleague, Gruppe D-3. Runde\n<\/th>\n<\/tr>\n<tr>\n<th style=\"text-align:left;\"><b>Datum<\/b>\n<\/th>\n<th style=\"text-align:left;\">24. Oktober 2023\n<\/th>\n<\/tr>\n<tr>\n<th style=\"text-align:left;\"><b>Anpfiff<\/b>\n<\/th>\n<th style=\"text-align:left;\">21 Uhr\n<\/th>\n<\/tr>\n<tr>\n<td colspan=\"2\" style=\"text-align:center;\" bgcolor=\"lightgray\"><b>Aufstellung<\/b>\n<\/td>\n<\/tr>\n<tr>\n<th style=\"text-align:left;\"><b>Tor<\/b>\n<\/th>\n<th><a href=\"\/Alexander_Schlager\" title=\"Alexander Schlager\">Alexander Schlager<\/a>\n<\/th>\n<\/tr>\n<tr>\n<th style=\"text-align:left;\"><b>Verteidigung<\/b>\n<\/th>\n<th><a href=\"\/Amar_Dedic\" title=\"Amar Dedic\">Amar Dedic<\/a>  &#8211; <a href=\"\/Oumar_Solet\" title=\"Oumar Solet\">Oumar Solet<\/a>  &#8211;<a href=\"\/Strahinja_Pavlovic\" title=\"Strahinja Pavlovic\">Strahinja Pavlovic<\/a>  &#8211;  <a href=\"\/Andreas_Ulmer\" title=\"Andreas Ulmer\">Andreas Ulmer<\/a>\n<\/th>\n<\/tr>\n<tr>\n<th style=\"text-align:left;\"><b>Mittelfeld<\/b>\n<\/th>\n<th><a href=\"\/Lucas_Gourna-Douath\" title=\"Lucas Gourna-Douath\">Lucas Gourna-Douath<\/a>  &#8211; <a href=\"\/Mads_Bidstrup\" title=\"Mads Bidstrup\">Mads Bidstrup<\/a>  &#8211;  <a href=\"\/Maurits_Kjaergaard\" title=\"Maurits Kjaergaard\">Maurits Kjaergaard<\/a> &#8211; <a href=\"\/Luka_Sucic\" title=\"Luka Sucic\">Luka Sucic<\/a>\n<\/th>\n<\/tr>\n<tr>\n<th style=\"text-align:left;\"><b>Sturm<\/b>\n<\/th>\n<th><a href=\"\/Oscar_Gloukh\" title=\"Oscar Gloukh\">Oscar Gloukh<\/a> &#8211; <a href=\"\/Roko_Simic\" title=\"Roko Simic\">Roko Simic<\/a>\n<\/th>\n<\/tr>\n<tr>\n<td colspan=\"2\" style=\"text-align:center;\" bgcolor=\"lightgray\"><b>Wechsel<\/b>\n<\/td>\n<\/tr>\n<tr>\n<th style=\"text-align:left;\"><b>Wechsel<\/b>\n<\/th>\n<th style=\"text-align:left;\"><a href=\"\/Dorgeles_Nene\" class=\"mw-redirect\" title=\"Dorgeles Nene\">Dorgeles Nene<\/a> f\u00fcr Kjaergaard (72.), <a href=\"\/Karim_Konate\" title=\"Karim Konate\">Karim Konate<\/a> f\u00fcr Bidstrup (72.), <a href=\"\/Petar_Ratkov\" title=\"Petar Ratkov\">Petar Ratkov<\/a> f\u00fcr Simic (72.),<br \/><a href=\"\/Amankwah_Forson\" title=\"Amankwah Forson\">Amankwah  Forson<\/a> f\u00fcr Gloukh (85.), <a href=\"\/Nicolas_Capaldo\" title=\"Nicolas Capaldo\">Nicolas Capaldo<\/a> f\u00fcr Gourna-Douath (85.)\n<\/th>\n<\/tr>\n<tr>\n<td colspan=\"2\" style=\"text-align:center;\" bgcolor=\"lightgray\"><b>Statistik<\/b>\n<\/td>\n<\/tr>\n<tr>\n<th style=\"text-align:left;\"><b>Endstand<\/b>\n<\/th>\n<th style=\"text-align:left;\">2:1 (1:0)\n<\/th>\n<\/tr>\n<tr>\n<th style=\"text-align:left;\"><b>Torsch\u00fctzen<\/b>\n<\/th>\n<th style=\"text-align:left;\">Sanchez (19.), \u00c7alhanoglu (64., E.); Gloukh (57.)\n<\/th>\n<\/tr>\n<tr>\n<th style=\"text-align:left;\"><b>Gelbe Karten<\/b>\n<\/th>\n<th style=\"text-align:left;\">Mkhitaryan  (28.); Simic (23.), Gourna-Douath (29.), Struber (45.+2)\n<\/th>\n<\/tr>\n<tr>\n<th style=\"text-align:left;\"><b>Rote Karten<\/b>\n<\/th>\n<th style=\"text-align:left;\">\n<\/th>\n<\/tr>\n<tr>\n<th style=\"text-align:left;\"><b>Schiedsrichter<\/b>\n<\/th>\n<th style=\"text-align:left;\">Fran\u00e7ois Letexier (FRA )\n<\/th>\n<\/tr>\n<tr>\n<th style=\"text-align:left;\"><b>Stadion<\/b>\n<\/th>\n<th style=\"text-align:left;\">Stadio San Siro, Mailand\n<\/th>\n<\/tr>\n<tr>\n<th style=\"text-align:left;\"><b>Zuschauer<\/b>\n<\/th>\n<th style=\"text-align:left;\">71 500\n<\/th>\n<\/tr>\n<\/tbody>\n<\/table>\n<h2><span class=\"mw-headline\" id=\"Spielbericht\">Spielbericht<\/span><a href=\"\/index.php?title=Inter_Mailand_gegen_FC_Salzburg&amp;action=edit&amp;section=1\" title=\"Abschnitt bearbeiten: Spielbericht\">Bearbeiten<\/a><span class=\"mw-editsection-bracket\">]<\/span><\/span><\/h2>\n<p><a rel=\"nofollow\" class=\"external text\" href=\"https:\/\/www.redbullsalzburg.at\/de\/2023-2024\/spielplan\/champions-league-runde-3-internazionale-vs-fc-salzburg#spielbericht\">Spielbericht Vereinshomepage<\/a>\n<\/p>\n<h2><span class=\"mw-headline\" id=\"Stimmen_zum_Spiel\">Stimmen zum Spiel<\/span><a href=\"\/index.php?title=Inter_Mailand_gegen_FC_Salzburg&amp;action=edit&amp;section=2\" title=\"Abschnitt bearbeiten: Stimmen zum Spiel\">Bearbeiten<\/a><span class=\"mw-editsection-bracket\">]<\/span><\/span><\/h2>\n<p><b>Gerhard Struber:<\/b>  Es ist nicht einfach, mit diesem Resultat heimzufliegen, weil gef\u00fchlt mehr drinnen gewesen w\u00e4re. Wir haben uns speziell in der ersten Phase mit unseren Pressingmomenten und einem anderen Setting gute M\u00f6glichkeiten erarbeitet \u2013 da h\u00e4tten wir in F\u00fchrung gehen k\u00f6nnen. Die Burschen waren \u00fcber die gesamte Spielzeit hinweg sehr griffig, von dem her sind wir mit der Performance happy. Heute war die Mentalit\u00e4t, der Wille, etwas in Bewegung zu bringen, sp\u00fcrbar. Diese Haltung m\u00fcssen wir jetzt mitnehmen!\n<\/p>\n<p><b>Alexander Schlager:<\/b> Eine Leistung, auf die man schon stolz sein kann, das ist der Standard, der in uns drinnensteckt. Wir haben von der ersten Sekunde an sehr mutig und \u00fcberzeugt von unserem Spiel agiert und sie immer wieder vor Probleme gestellt. Letztendlich ist es nat\u00fcrlich bitter, wie das 2:1 zustande kommt.\n<\/p>\n<p><b>Oscar Gloukh:<\/b> Das Gef\u00fchl, hier bei dieser Atmosph\u00e4re im San Siro zu spielen, war etwas ganz Besonderes. Der zwischenzeitliche Ausgleichstreffer war eines der emotionalsten Tore meiner bisherigen Karriere, aber dass es dann nicht genug war, macht mich nat\u00fcrlich traurig. Wir sind als starkes Kollektiv aufgetreten und haben uns als Team deutlich verbessert. Insofern ist es sehr schade, dass es schlussendlich nicht gereicht hat.\n<\/p>\n<p><b>Luka Sucic:<\/b> Es war im Gro\u00dfen und Ganzen ein sehr gutes Spiel von uns! In der ersten Halbzeit hatten wir zwei, drei gute Chancen, die m\u00fcssen wir besser zu Ende spielen. Man hat heute wieder gesehen, dass wir gro\u00dfe Mannschaften mit unserem Fu\u00dfball \u00e4rgern k\u00f6nnen.\n<\/p>\n<\/div>\n","protected":false},"excerpt":{"rendered":"<p>Inter Mailand gegen FC Salzburg, 2:1 Spieltag UEFA-Championsleague, Gruppe D-3. Runde Datum 24. Oktober 2023 Anpfiff 21 Uhr Aufstellung Tor Alexander Schlager Verteidigung Amar Dedic &#8211; Oumar Solet &#8211;Strahinja Pavlovic &#8211; Andreas Ulmer Mittelfeld Lucas Gourna-Douath &#8211; Mads Bidstrup &#8211; Maurits Kjaergaard &#8211; Luka Sucic Sturm Oscar Gloukh &#8211; Roko Simic Wechsel Wechsel Dorgeles Nene [&hellip;]<\/p>\n","protected":false},"author":1,"featured_media":0,"parent":0,"menu_order":0,"comment_status":"closed","ping_status":"closed","template":"","meta":{"footnotes":""},"class_list":["post-4735","page","type-page","status-publish","hentry"],"_links":{"self":[{"href":"https:\/\/wiki.s12.at\/index.php\/wp-json\/wp\/v2\/pages\/4735","targetHints":{"allow":["GET"]}}],"collection":[{"href":"https:\/\/wiki.s12.at\/index.php\/wp-json\/wp\/v2\/pages"}],"about":[{"href":"https:\/\/wiki.s12.at\/index.php\/wp-json\/wp\/v2\/types\/page"}],"author":[{"embeddable":true,"href":"https:\/\/wiki.s12.at\/index.php\/wp-json\/wp\/v2\/users\/1"}],"replies":[{"embeddable":true,"href":"https:\/\/wiki.s12.at\/index.php\/wp-json\/wp\/v2\/comments?post=4735"}],"version-history":[{"count":0,"href":"https:\/\/wiki.s12.at\/index.php\/wp-json\/wp\/v2\/pages\/4735\/revisions"}],"wp:attachment":[{"href":"https:\/\/wiki.s12.at\/index.php\/wp-json\/wp\/v2\/media?parent=4735"}],"curies":[{"name":"wp","href":"https:\/\/api.w.org\/{rel}","templated":true}]}}

<div class="mw-parser-output">
<table class="toptextcells toccolours">
<tbody>
<tr>
<th colspan="2" style="text-align: center; vertical-align: top; padding: 0.3em 0.8em; font-size: 125%; background-color: lightsteelblue;">Inter Mailand gegen FC Salzburg,  2:1
</th>
</tr>
<tr>
<th style="text-align:left;"><b>Spieltag</b>
</th>
<th style="text-align:left;">UEFA-Championsleague, Gruppe D-3. Runde
</th>
</tr>
<tr>
<th style="text-align:left;"><b>Datum</b>
</th>
<th style="text-align:left;">24. Oktober 2023
</th>
</tr>
<tr>
<th style="text-align:left;"><b>Anpfiff</b>
</th>
<th style="text-align:left;">21 Uhr
</th>
</tr>
<tr>
<td colspan="2" style="text-align:center;" bgcolor="lightgray"><b>Aufstellung</b>
</td>
</tr>
<tr>
<th style="text-align:left;"><b>Tor</b>
</th>
<th><a href="/Alexander_Schlager" title="Alexander Schlager">Alexander Schlager</a>
</th>
</tr>
<tr>
<th style="text-align:left;"><b>Verteidigung</b>
</th>
<th><a href="/Amar_Dedic" title="Amar Dedic">Amar Dedic</a>  &#8211; <a href="/Oumar_Solet" title="Oumar Solet">Oumar Solet</a>  &#8211;<a href="/Strahinja_Pavlovic" title="Strahinja Pavlovic">Strahinja Pavlovic</a>  &#8211;  <a href="/Andreas_Ulmer" title="Andreas Ulmer">Andreas Ulmer</a>
</th>
</tr>
<tr>
<th style="text-align:left;"><b>Mittelfeld</b>
</th>
<th><a href="/Lucas_Gourna-Douath" title="Lucas Gourna-Douath">Lucas Gourna-Douath</a>  &#8211; <a href="/Mads_Bidstrup" title="Mads Bidstrup">Mads Bidstrup</a>  &#8211;  <a href="/Maurits_Kjaergaard" title="Maurits Kjaergaard">Maurits Kjaergaard</a> &#8211; <a href="/Luka_Sucic" title="Luka Sucic">Luka Sucic</a>
</th>
</tr>
<tr>
<th style="text-align:left;"><b>Sturm</b>
</th>
<th><a href="/Oscar_Gloukh" title="Oscar Gloukh">Oscar Gloukh</a> &#8211; <a href="/Roko_Simic" title="Roko Simic">Roko Simic</a>
</th>
</tr>
<tr>
<td colspan="2" style="text-align:center;" bgcolor="lightgray"><b>Wechsel</b>
</td>
</tr>
<tr>
<th style="text-align:left;"><b>Wechsel</b>
</th>
<th style="text-align:left;"><a href="/Dorgeles_Nene" class="mw-redirect" title="Dorgeles Nene">Dorgeles Nene</a> für Kjaergaard (72.), <a href="/Karim_Konate" title="Karim Konate">Karim Konate</a> für Bidstrup (72.), <a href="/Petar_Ratkov" title="Petar Ratkov">Petar Ratkov</a> für Simic (72.),<br /><a href="/Amankwah_Forson" title="Amankwah Forson">Amankwah  Forson</a> für Gloukh (85.), <a href="/Nicolas_Capaldo" title="Nicolas Capaldo">Nicolas Capaldo</a> für Gourna-Douath (85.)
</th>
</tr>
<tr>
<td colspan="2" style="text-align:center;" bgcolor="lightgray"><b>Statistik</b>
</td>
</tr>
<tr>
<th style="text-align:left;"><b>Endstand</b>
</th>
<th style="text-align:left;">2:1 (1:0)
</th>
</tr>
<tr>
<th style="text-align:left;"><b>Torschützen</b>
</th>
<th style="text-align:left;">Sanchez (19.), Çalhanoglu (64., E.); Gloukh (57.)
</th>
</tr>
<tr>
<th style="text-align:left;"><b>Gelbe Karten</b>
</th>
<th style="text-align:left;">Mkhitaryan  (28.); Simic (23.), Gourna-Douath (29.), Struber (45.+2)
</th>
</tr>
<tr>
<th style="text-align:left;"><b>Rote Karten</b>
</th>
<th style="text-align:left;">
</th>
</tr>
<tr>
<th style="text-align:left;"><b>Schiedsrichter</b>
</th>
<th style="text-align:left;">François Letexier (FRA )
</th>
</tr>
<tr>
<th style="text-align:left;"><b>Stadion</b>
</th>
<th style="text-align:left;">Stadio San Siro, Mailand
</th>
</tr>
<tr>
<th style="text-align:left;"><b>Zuschauer</b>
</th>
<th style="text-align:left;">71 500
</th>
</tr>
</tbody>
</table>
<h2><span class="mw-headline" id="Spielbericht">Spielbericht</span><a href="/index.php?title=Inter_Mailand_gegen_FC_Salzburg&amp;action=edit&amp;section=1" title="Abschnitt bearbeiten: Spielbericht">Bearbeiten</a><span class="mw-editsection-bracket">]</span></span></h2>
<p><a rel="nofollow" class="external text" href="https://www.redbullsalzburg.at/de/2023-2024/spielplan/champions-league-runde-3-internazionale-vs-fc-salzburg#spielbericht">Spielbericht Vereinshomepage</a>
</p>
<h2><span class="mw-headline" id="Stimmen_zum_Spiel">Stimmen zum Spiel</span><a href="/index.php?title=Inter_Mailand_gegen_FC_Salzburg&amp;action=edit&amp;section=2" title="Abschnitt bearbeiten: Stimmen zum Spiel">Bearbeiten</a><span class="mw-editsection-bracket">]</span></span></h2>
<p><b>Gerhard Struber:</b>  Es ist nicht einfach, mit diesem Resultat heimzufliegen, weil gefühlt mehr drinnen gewesen wäre. Wir haben uns speziell in der ersten Phase mit unseren Pressingmomenten und einem anderen Setting gute Möglichkeiten erarbeitet – da hätten wir in Führung gehen können. Die Burschen waren über die gesamte Spielzeit hinweg sehr griffig, von dem her sind wir mit der Performance happy. Heute war die Mentalität, der Wille, etwas in Bewegung zu bringen, spürbar. Diese Haltung müssen wir jetzt mitnehmen!
</p>
<p><b>Alexander Schlager:</b> Eine Leistung, auf die man schon stolz sein kann, das ist der Standard, der in uns drinnensteckt. Wir haben von der ersten Sekunde an sehr mutig und überzeugt von unserem Spiel agiert und sie immer wieder vor Probleme gestellt. Letztendlich ist es natürlich bitter, wie das 2:1 zustande kommt.
</p>
<p><b>Oscar Gloukh:</b> Das Gefühl, hier bei dieser Atmosphäre im San Siro zu spielen, war etwas ganz Besonderes. Der zwischenzeitliche Ausgleichstreffer war eines der emotionalsten Tore meiner bisherigen Karriere, aber dass es dann nicht genug war, macht mich natürlich traurig. Wir sind als starkes Kollektiv aufgetreten und haben uns als Team deutlich verbessert. Insofern ist es sehr schade, dass es schlussendlich nicht gereicht hat.
</p>
<p><b>Luka Sucic:</b> Es war im Großen und Ganzen ein sehr gutes Spiel von uns! In der ersten Halbzeit hatten wir zwei, drei gute Chancen, die müssen wir besser zu Ende spielen. Man hat heute wieder gesehen, dass wir große Mannschaften mit unserem Fußball ärgern können.
</p>
</div>
