{"id":4696,"date":"2026-05-06T16:02:20","date_gmt":"2026-05-06T14:02:20","guid":{"rendered":"https:\/\/wiki.s12.at\/index.php\/hibernians-fc-gegen-fc-salzburg\/"},"modified":"2026-05-06T16:02:20","modified_gmt":"2026-05-06T14:02:20","slug":"hibernians-fc-gegen-fc-salzburg","status":"publish","type":"page","link":"https:\/\/wiki.s12.at\/index.php\/hibernians-fc-gegen-fc-salzburg\/","title":{"rendered":"Hibernians FC gegen FC Salzburg"},"content":{"rendered":"<div class=\"mw-parser-output\">\n<h2><span class=\"mw-headline\" id=\"Fakten\">Fakten<\/span><a href=\"\/index.php?title=Hibernians_FC_gegen_FC_Salzburg&amp;action=edit&amp;section=1\" title=\"Abschnitt bearbeiten: Fakten\">Bearbeiten<\/a><span class=\"mw-editsection-bracket\">]<\/span><\/span><\/h2>\n<table class=\"toptextcells toccolours\">\n<tbody>\n<tr>\n<th colspan=\"2\" style=\"text-align: center; vertical-align: top; padding: 0.3em 0.8em; font-size: 125%; background-color: lightsteelblue;\">Hibernians FC gegen FC Salzburg, 0:3\n<\/th>\n<\/tr>\n<tr>\n<th style=\"text-align:left;\"><b>Spieltag<\/b>\n<\/th>\n<th style=\"text-align:left;\">CL-Qualifikation, 2. Runde-Hinspiel\n<\/th>\n<\/tr>\n<tr>\n<th style=\"text-align:left;\"><b>Datum<\/b>\n<\/th>\n<th style=\"text-align:left;\">11. Juli 2017\n<\/th>\n<\/tr>\n<tr>\n<th style=\"text-align:left;\"><b>Anpfiff<\/b>\n<\/th>\n<th style=\"text-align:left;\">20.30 Uhr\n<\/th>\n<\/tr>\n<tr>\n<td colspan=\"2\" style=\"text-align:center;\" bgcolor=\"lightgray\"><b>Aufstellung<\/b>\n<\/td>\n<\/tr>\n<tr>\n<th style=\"text-align:left;\"><b>Tor<\/b>\n<\/th>\n<th><a href=\"\/Alexander_Walke\" title=\"Alexander Walke\">Alexander Walke<\/a>\n<\/th>\n<\/tr>\n<tr>\n<th style=\"text-align:left;\"><b>Verteidigung<\/b>\n<\/th>\n<th><a href=\"\/Valentino_Lazaro\" title=\"Valentino Lazaro\">Valentino Lazaro<\/a> &#8211; <a href=\"\/Paulo_Miranda\" title=\"Paulo Miranda\">Paulo Miranda<\/a> &#8211; <a href=\"\/Duje_Caleta-Car\" title=\"Duje Caleta-Car\">Duje Caleta-Car<\/a> &#8211; <a href=\"\/Andreas_Ulmer\" title=\"Andreas Ulmer\">Andreas Ulmer<\/a>\n<\/th>\n<\/tr>\n<tr>\n<th style=\"text-align:left;\"><b>Mittelfeld<\/b>\n<\/th>\n<th><a href=\"\/Reinhold_Yabo\" title=\"Reinhold Yabo\">Reinhold Yabo<\/a> &#8211; <a href=\"\/Diadie_Samassekou\" title=\"Diadie Samassekou\">Diadie Samassekou <\/a> &#8211; <a href=\"\/Valon_Berisha\" title=\"Valon Berisha\">Valon Berisha<\/a> &#8211; <a href=\"\/Takumi_Minamino\" title=\"Takumi Minamino\">Takumi Minamino<\/a>\n<\/th>\n<\/tr>\n<tr>\n<th style=\"text-align:left;\"><b>Sturm<\/b>\n<\/th>\n<th><a href=\"\/Hee-Chan_Hwang\" title=\"Hee-Chan Hwang\">Hee-Chan Hwang<\/a> &#8211; <a href=\"\/Munas_Dabbur\" title=\"Munas Dabbur\">Munas Dabbur<\/a>\n<\/th>\n<\/tr>\n<tr>\n<td colspan=\"2\" style=\"text-align:center;\" bgcolor=\"lightgray\"><b>Wechsel<\/b>\n<\/td>\n<\/tr>\n<tr>\n<th style=\"text-align:left;\"><b>Wechsel<\/b>\n<\/th>\n<th style=\"text-align:left;\"><a href=\"\/Hannes_Wolf\" title=\"Hannes Wolf\">Hannes Wolf<\/a> f\u00fcr Minamino (63.), <a href=\"\/Fredrik_Gulbrandsen\" title=\"Fredrik Gulbrandsen\">Fredrik Gulbrandsen<\/a> f\u00fcr Dabbur (70.), <a href=\"\/Marc_Rzatkowski\" title=\"Marc Rzatkowski\">Marc Rzatkowski<\/a> f\u00fcr Yabo (75.)\n<\/th>\n<\/tr>\n<tr>\n<td colspan=\"2\" style=\"text-align:center;\" bgcolor=\"lightgray\"><b>Statistik<\/b>\n<\/td>\n<\/tr>\n<tr>\n<th style=\"text-align:left;\"><b>Endstand<\/b>\n<\/th>\n<th style=\"text-align:left;\">0:3 (0:2)\n<\/th>\n<\/tr>\n<tr>\n<th style=\"text-align:left;\"><b>Torsch\u00fctzen<\/b>\n<\/th>\n<th style=\"text-align:left;\">Berisha (32.,E.), Hwang (35.), Minamino (54.)\n<\/th>\n<\/tr>\n<tr>\n<th style=\"text-align:left;\"><b>Gelbe Karten<\/b>\n<\/th>\n<th style=\"text-align:left;\">Dias (12.); Lazaro (44.), Minamino (45.)\n<\/th>\n<\/tr>\n<tr>\n<th style=\"text-align:left;\"><b>Rote Karten<\/b>\n<\/th>\n<th style=\"text-align:left;\">Berisha (86.)\n<\/th>\n<\/tr>\n<tr>\n<th style=\"text-align:left;\"><b>Schiedsrichter<\/b>\n<\/th>\n<th style=\"text-align:left;\">Fran Jovi\u0107 (CRO)\n<\/th>\n<\/tr>\n<tr>\n<th style=\"text-align:left;\"><b>Stadion<\/b>\n<\/th>\n<th style=\"text-align:left;\">Hibernians Football Ground, Paola\n<\/th>\n<\/tr>\n<tr>\n<th style=\"text-align:left;\"><b>Zuschauer<\/b>\n<\/th>\n<th style=\"text-align:left;\">\n<\/th>\n<\/tr>\n<\/tbody>\n<\/table>\n<h2><span class=\"mw-headline\" id=\"Weblinks\">Weblinks<\/span><a href=\"\/index.php?title=Hibernians_FC_gegen_FC_Salzburg&amp;action=edit&amp;section=2\" title=\"Abschnitt bearbeiten: Weblinks\">Bearbeiten<\/a><span class=\"mw-editsection-bracket\">]<\/span><\/span><\/h2>\n<ul>\n<li><a rel=\"nofollow\" class=\"external text\" href=\"http:\/\/www.redbullsalzburg.at\/de\/fc-red-bull-salzburg\/news\/saison_2017_18\/rote-bullen-gewinnen-cl-quali-hinspiel-in-malta-mit-3-0.html\">Spielbericht Vereinshomepage<\/a><\/li>\n<\/ul>\n<h2><span class=\"mw-headline\" id=\"Bilder\">Bilder<\/span><a href=\"\/index.php?title=Hibernians_FC_gegen_FC_Salzburg&amp;action=edit&amp;section=3\" title=\"Abschnitt bearbeiten: Bilder\">Bearbeiten<\/a><span class=\"mw-editsection-bracket\">]<\/span><\/span><\/h2>\n<ul class=\"gallery mw-gallery-traditional\">\n<li class=\"gallerybox\" style=\"width: 155px\">\n<div style=\"width: 155px\">\n<div class=\"thumb\" style=\"width: 150px;\">\n<div style=\"margin:38.5px auto;\"><a href=\"\/Datei:Hibernians_FCSt.PNG\" class=\"image\"><img alt=\"Hibernians FCSt.PNG\" src=\"\/images\/thumb\/5\/56\/Hibernians_FCSt.PNG\/120px-Hibernians_FCSt.PNG\" decoding=\"async\" width=\"120\" height=\"73\" srcset=\"\/images\/thumb\/5\/56\/Hibernians_FCSt.PNG\/180px-Hibernians_FCSt.PNG 1.5x, \/images\/thumb\/5\/56\/Hibernians_FCSt.PNG\/240px-Hibernians_FCSt.PNG 2x\" \/><\/a><\/div>\n<\/div>\n<div class=\"gallerytext\">\n\t\t\t<\/div>\n<\/p><\/div>\n<\/li>\n<li class=\"gallerybox\" style=\"width: 155px\">\n<div style=\"width: 155px\">\n<div class=\"thumb\" style=\"width: 150px;\">\n<div style=\"margin:30px auto;\"><a href=\"\/Datei:CL_Quali_2017_n.jpg\" class=\"image\" title=\"(c) Manfred Auer\"><img alt=\"(c) Manfred Auer\" src=\"\/images\/thumb\/d\/db\/CL_Quali_2017_n.jpg\/120px-CL_Quali_2017_n.jpg\" decoding=\"async\" width=\"120\" height=\"90\" srcset=\"\/images\/thumb\/d\/db\/CL_Quali_2017_n.jpg\/180px-CL_Quali_2017_n.jpg 1.5x, \/images\/thumb\/d\/db\/CL_Quali_2017_n.jpg\/240px-CL_Quali_2017_n.jpg 2x\" \/><\/a><\/div>\n<\/div>\n<div class=\"gallerytext\">\n<p>(c) Manfred Auer\n<\/p>\n<\/p><\/div>\n<\/p><\/div>\n<\/li>\n<\/ul>\n<h2><span class=\"mw-headline\" id=\"Stimmen_zum_Spiel\">Stimmen zum Spiel<\/span><a href=\"\/index.php?title=Hibernians_FC_gegen_FC_Salzburg&amp;action=edit&amp;section=4\" title=\"Abschnitt bearbeiten: Stimmen zum Spiel\">Bearbeiten<\/a><span class=\"mw-editsection-bracket\">]<\/span><\/span><\/h2>\n<ul>\n<li><b>Marco Rose:<\/b> Ich glaube, wenn man mit 3:0 ausw\u00e4rts in einem Champions League-Qualifikations-Hinspiel f\u00fchrt, kann man als Trainer auf jeden Fall mit dem Auftritt seiner Mannschaft zufrieden sein, und das bin ich auch. Die Jungs haben das sehr konzentriert heruntergespielt, vielleicht da und dort noch ein paar kleinere Fehler gemacht, was auch ein wenig auf die Hitze zur\u00fcckzuf\u00fchren ist, aber ansonsten war es ein gutes Spiel von uns.<\/li>\n<\/ul>\n<ul>\n<li><b>Valon Berisha:<\/b> Es war ein ganz normaler Zweikampf. Ich wollte an den Ball kommen und war dabei vielleicht etwas zu ungest\u00fcm. Der Schiedsrichter hat auf Rote Karte entschieden und ich nehme diese Entscheidung an. Ich werde die Mannschaft zwar nicht am Platz unterst\u00fctzen k\u00f6nnen, aber mental helfen, uns auf das R\u00fcckspiel vorzubereiten. Die Partie war schon sehr hitzig, nicht nur klimatisch. Wir haben heute schon ganz gut gepresst, brauchen aber noch ein paar Spiele, damit das so richtig reifen kann. Zu Hause werden wir auf jeden Fall noch mehr Gas geben.<\/li>\n<\/ul>\n<\/div>\n","protected":false},"excerpt":{"rendered":"<p>FaktenBearbeiten] Hibernians FC gegen FC Salzburg, 0:3 Spieltag CL-Qualifikation, 2. Runde-Hinspiel Datum 11. Juli 2017 Anpfiff 20.30 Uhr Aufstellung Tor Alexander Walke Verteidigung Valentino Lazaro &#8211; Paulo Miranda &#8211; Duje Caleta-Car &#8211; Andreas Ulmer Mittelfeld Reinhold Yabo &#8211; Diadie Samassekou &#8211; Valon Berisha &#8211; Takumi Minamino Sturm Hee-Chan Hwang &#8211; Munas Dabbur Wechsel Wechsel Hannes [&hellip;]<\/p>\n","protected":false},"author":1,"featured_media":0,"parent":0,"menu_order":0,"comment_status":"closed","ping_status":"closed","template":"","meta":{"footnotes":""},"class_list":["post-4696","page","type-page","status-publish","hentry"],"_links":{"self":[{"href":"https:\/\/wiki.s12.at\/index.php\/wp-json\/wp\/v2\/pages\/4696","targetHints":{"allow":["GET"]}}],"collection":[{"href":"https:\/\/wiki.s12.at\/index.php\/wp-json\/wp\/v2\/pages"}],"about":[{"href":"https:\/\/wiki.s12.at\/index.php\/wp-json\/wp\/v2\/types\/page"}],"author":[{"embeddable":true,"href":"https:\/\/wiki.s12.at\/index.php\/wp-json\/wp\/v2\/users\/1"}],"replies":[{"embeddable":true,"href":"https:\/\/wiki.s12.at\/index.php\/wp-json\/wp\/v2\/comments?post=4696"}],"version-history":[{"count":0,"href":"https:\/\/wiki.s12.at\/index.php\/wp-json\/wp\/v2\/pages\/4696\/revisions"}],"wp:attachment":[{"href":"https:\/\/wiki.s12.at\/index.php\/wp-json\/wp\/v2\/media?parent=4696"}],"curies":[{"name":"wp","href":"https:\/\/api.w.org\/{rel}","templated":true}]}}

<div class="mw-parser-output">
<h2><span class="mw-headline" id="Fakten">Fakten</span><a href="/index.php?title=Hibernians_FC_gegen_FC_Salzburg&amp;action=edit&amp;section=1" title="Abschnitt bearbeiten: Fakten">Bearbeiten</a><span class="mw-editsection-bracket">]</span></span></h2>
<table class="toptextcells toccolours">
<tbody>
<tr>
<th colspan="2" style="text-align: center; vertical-align: top; padding: 0.3em 0.8em; font-size: 125%; background-color: lightsteelblue;">Hibernians FC gegen FC Salzburg, 0:3
</th>
</tr>
<tr>
<th style="text-align:left;"><b>Spieltag</b>
</th>
<th style="text-align:left;">CL-Qualifikation, 2. Runde-Hinspiel
</th>
</tr>
<tr>
<th style="text-align:left;"><b>Datum</b>
</th>
<th style="text-align:left;">11. Juli 2017
</th>
</tr>
<tr>
<th style="text-align:left;"><b>Anpfiff</b>
</th>
<th style="text-align:left;">20.30 Uhr
</th>
</tr>
<tr>
<td colspan="2" style="text-align:center;" bgcolor="lightgray"><b>Aufstellung</b>
</td>
</tr>
<tr>
<th style="text-align:left;"><b>Tor</b>
</th>
<th><a href="/Alexander_Walke" title="Alexander Walke">Alexander Walke</a>
</th>
</tr>
<tr>
<th style="text-align:left;"><b>Verteidigung</b>
</th>
<th><a href="/Valentino_Lazaro" title="Valentino Lazaro">Valentino Lazaro</a> &#8211; <a href="/Paulo_Miranda" title="Paulo Miranda">Paulo Miranda</a> &#8211; <a href="/Duje_Caleta-Car" title="Duje Caleta-Car">Duje Caleta-Car</a> &#8211; <a href="/Andreas_Ulmer" title="Andreas Ulmer">Andreas Ulmer</a>
</th>
</tr>
<tr>
<th style="text-align:left;"><b>Mittelfeld</b>
</th>
<th><a href="/Reinhold_Yabo" title="Reinhold Yabo">Reinhold Yabo</a> &#8211; <a href="/Diadie_Samassekou" title="Diadie Samassekou">Diadie Samassekou </a> &#8211; <a href="/Valon_Berisha" title="Valon Berisha">Valon Berisha</a> &#8211; <a href="/Takumi_Minamino" title="Takumi Minamino">Takumi Minamino</a>
</th>
</tr>
<tr>
<th style="text-align:left;"><b>Sturm</b>
</th>
<th><a href="/Hee-Chan_Hwang" title="Hee-Chan Hwang">Hee-Chan Hwang</a> &#8211; <a href="/Munas_Dabbur" title="Munas Dabbur">Munas Dabbur</a>
</th>
</tr>
<tr>
<td colspan="2" style="text-align:center;" bgcolor="lightgray"><b>Wechsel</b>
</td>
</tr>
<tr>
<th style="text-align:left;"><b>Wechsel</b>
</th>
<th style="text-align:left;"><a href="/Hannes_Wolf" title="Hannes Wolf">Hannes Wolf</a> für Minamino (63.), <a href="/Fredrik_Gulbrandsen" title="Fredrik Gulbrandsen">Fredrik Gulbrandsen</a> für Dabbur (70.), <a href="/Marc_Rzatkowski" title="Marc Rzatkowski">Marc Rzatkowski</a> für Yabo (75.)
</th>
</tr>
<tr>
<td colspan="2" style="text-align:center;" bgcolor="lightgray"><b>Statistik</b>
</td>
</tr>
<tr>
<th style="text-align:left;"><b>Endstand</b>
</th>
<th style="text-align:left;">0:3 (0:2)
</th>
</tr>
<tr>
<th style="text-align:left;"><b>Torschützen</b>
</th>
<th style="text-align:left;">Berisha (32.,E.), Hwang (35.), Minamino (54.)
</th>
</tr>
<tr>
<th style="text-align:left;"><b>Gelbe Karten</b>
</th>
<th style="text-align:left;">Dias (12.); Lazaro (44.), Minamino (45.)
</th>
</tr>
<tr>
<th style="text-align:left;"><b>Rote Karten</b>
</th>
<th style="text-align:left;">Berisha (86.)
</th>
</tr>
<tr>
<th style="text-align:left;"><b>Schiedsrichter</b>
</th>
<th style="text-align:left;">Fran Jović (CRO)
</th>
</tr>
<tr>
<th style="text-align:left;"><b>Stadion</b>
</th>
<th style="text-align:left;">Hibernians Football Ground, Paola
</th>
</tr>
<tr>
<th style="text-align:left;"><b>Zuschauer</b>
</th>
<th style="text-align:left;">
</th>
</tr>
</tbody>
</table>
<h2><span class="mw-headline" id="Weblinks">Weblinks</span><a href="/index.php?title=Hibernians_FC_gegen_FC_Salzburg&amp;action=edit&amp;section=2" title="Abschnitt bearbeiten: Weblinks">Bearbeiten</a><span class="mw-editsection-bracket">]</span></span></h2>
<ul>
<li><a rel="nofollow" class="external text" href="http://www.redbullsalzburg.at/de/fc-red-bull-salzburg/news/saison_2017_18/rote-bullen-gewinnen-cl-quali-hinspiel-in-malta-mit-3-0.html">Spielbericht Vereinshomepage</a></li>
</ul>
<h2><span class="mw-headline" id="Bilder">Bilder</span><a href="/index.php?title=Hibernians_FC_gegen_FC_Salzburg&amp;action=edit&amp;section=3" title="Abschnitt bearbeiten: Bilder">Bearbeiten</a><span class="mw-editsection-bracket">]</span></span></h2>
<ul class="gallery mw-gallery-traditional">
<li class="gallerybox" style="width: 155px">
<div style="width: 155px">
<div class="thumb" style="width: 150px;">
<div style="margin:38.5px auto;"><a href="/Datei:Hibernians_FCSt.PNG" class="image"><img alt="Hibernians FCSt.PNG" src="/images/thumb/5/56/Hibernians_FCSt.PNG/120px-Hibernians_FCSt.PNG" decoding="async" width="120" height="73" srcset="/images/thumb/5/56/Hibernians_FCSt.PNG/180px-Hibernians_FCSt.PNG 1.5x, /images/thumb/5/56/Hibernians_FCSt.PNG/240px-Hibernians_FCSt.PNG 2x" /></a></div>
</div>
<div class="gallerytext">
			</div>
</p></div>
</li>
<li class="gallerybox" style="width: 155px">
<div style="width: 155px">
<div class="thumb" style="width: 150px;">
<div style="margin:30px auto;"><a href="/Datei:CL_Quali_2017_n.jpg" class="image" title="(c) Manfred Auer"><img alt="(c) Manfred Auer" src="/images/thumb/d/db/CL_Quali_2017_n.jpg/120px-CL_Quali_2017_n.jpg" decoding="async" width="120" height="90" srcset="/images/thumb/d/db/CL_Quali_2017_n.jpg/180px-CL_Quali_2017_n.jpg 1.5x, /images/thumb/d/db/CL_Quali_2017_n.jpg/240px-CL_Quali_2017_n.jpg 2x" /></a></div>
</div>
<div class="gallerytext">
<p>(c) Manfred Auer
</p>
</p></div>
</p></div>
</li>
</ul>
<h2><span class="mw-headline" id="Stimmen_zum_Spiel">Stimmen zum Spiel</span><a href="/index.php?title=Hibernians_FC_gegen_FC_Salzburg&amp;action=edit&amp;section=4" title="Abschnitt bearbeiten: Stimmen zum Spiel">Bearbeiten</a><span class="mw-editsection-bracket">]</span></span></h2>
<ul>
<li><b>Marco Rose:</b> Ich glaube, wenn man mit 3:0 auswärts in einem Champions League-Qualifikations-Hinspiel führt, kann man als Trainer auf jeden Fall mit dem Auftritt seiner Mannschaft zufrieden sein, und das bin ich auch. Die Jungs haben das sehr konzentriert heruntergespielt, vielleicht da und dort noch ein paar kleinere Fehler gemacht, was auch ein wenig auf die Hitze zurückzuführen ist, aber ansonsten war es ein gutes Spiel von uns.</li>
</ul>
<ul>
<li><b>Valon Berisha:</b> Es war ein ganz normaler Zweikampf. Ich wollte an den Ball kommen und war dabei vielleicht etwas zu ungestüm. Der Schiedsrichter hat auf Rote Karte entschieden und ich nehme diese Entscheidung an. Ich werde die Mannschaft zwar nicht am Platz unterstützen können, aber mental helfen, uns auf das Rückspiel vorzubereiten. Die Partie war schon sehr hitzig, nicht nur klimatisch. Wir haben heute schon ganz gut gepresst, brauchen aber noch ein paar Spiele, damit das so richtig reifen kann. Zu Hause werden wir auf jeden Fall noch mehr Gas geben.</li>
</ul>
</div>
