{"id":4627,"date":"2026-05-06T15:59:42","date_gmt":"2026-05-06T13:59:42","guid":{"rendered":"https:\/\/wiki.s12.at\/index.php\/harald-planer\/"},"modified":"2026-05-06T15:59:42","modified_gmt":"2026-05-06T13:59:42","slug":"harald-planer","status":"publish","type":"page","link":"https:\/\/wiki.s12.at\/index.php\/harald-planer\/","title":{"rendered":"Harald Planer"},"content":{"rendered":"<div class=\"mw-parser-output\">\n<div class=\"thumb tright\">\n<div class=\"thumbinner\" style=\"width:302px;\"><a href=\"\/Datei:Harald_Planer_-_FC_Wacker_Innsbruck_(2).jpg\" class=\"image\"><img fetchpriority=\"high\" alt=\"Harald Planer - FC Wacker Innsbruck (2).jpg\" src=\"\/images\/thumb\/a\/a0\/Harald_Planer_-_FC_Wacker_Innsbruck_%282%29.jpg\/330px-Harald_Planer_-_FC_Wacker_Innsbruck_%282%29.jpg%3Futm_source%3Dcommons.wikimedia.org%26utm_campaign%3Dimageinfo%26utm_content%3Dthumbnail\" decoding=\"async\" width=\"300\" height=\"200\" class=\"thumbimage\" srcset=\"\/images\/thumb\/a\/a0\/Harald_Planer_-_FC_Wacker_Innsbruck_%282%29.jpg\/500px-Harald_Planer_-_FC_Wacker_Innsbruck_%282%29.jpg%3Futm_source%3Dcommons.wikimedia.org%26utm_campaign%3Dimageinfo%26utm_content%3Dthumbnail 1.5x, \/images\/thumb\/a\/a0\/Harald_Planer_-_FC_Wacker_Innsbruck_%282%29.jpg\/960px-Harald_Planer_-_FC_Wacker_Innsbruck_%282%29.jpg%3Futm_source%3Dcommons.wikimedia.org%26utm_campaign%3Dimageinfo%26utm_content%3Dthumbnail 2x\" \/><\/a>  <\/p>\n<div class=\"thumbcaption\">\n<div class=\"magnify\"><a href=\"\/Datei:Harald_Planer_-_FC_Wacker_Innsbruck_(2).jpg\" class=\"internal\" title=\"vergr\u00f6\u00dfern\"><\/a><\/div>\n<\/div>\n<\/div>\n<\/div>\n<ul>\n<li>Name: <b>Harald Planer<\/b><\/li>\n<li>Geburtstag: 24. Dezember 1978<\/li>\n<li>Geburtsort:<\/li>\n<li>Geburtsland: \u00d6sterreich<\/li>\n<li>Gr\u00f6\u00dfe: 187 cm<\/li>\n<li>Position: Torwart<\/li>\n<li>R\u00fcckennummer:Karriereende<\/li>\n<\/ul>\n<h2><span class=\"mw-headline\" id=\"Stationen\">Stationen<\/span><a href=\"\/index.php?title=Harald_Planer&amp;action=edit&amp;section=1\" title=\"Abschnitt bearbeiten: Stationen\">Bearbeiten<\/a><span class=\"mw-editsection-bracket\">]<\/span><\/span><\/h2>\n<ul>\n<li>Wacker Innsbruck<\/li>\n<li>SV W\u00f6rgl<\/li>\n<li>FC Kufstein<\/li>\n<li>Red Bull Juniors<\/li>\n<li>Wacker Innsbruck<\/li>\n<li>Karriereende 2011<\/li>\n<\/ul>\n<\/div>\n","protected":false},"excerpt":{"rendered":"<p>Name: Harald Planer Geburtstag: 24. Dezember 1978 Geburtsort: Geburtsland: \u00d6sterreich Gr\u00f6\u00dfe: 187 cm Position: Torwart R\u00fcckennummer:Karriereende StationenBearbeiten] Wacker Innsbruck SV W\u00f6rgl FC Kufstein Red Bull Juniors Wacker Innsbruck Karriereende 2011<\/p>\n","protected":false},"author":1,"featured_media":0,"parent":0,"menu_order":0,"comment_status":"closed","ping_status":"closed","template":"","meta":{"footnotes":""},"class_list":["post-4627","page","type-page","status-publish","hentry"],"_links":{"self":[{"href":"https:\/\/wiki.s12.at\/index.php\/wp-json\/wp\/v2\/pages\/4627","targetHints":{"allow":["GET"]}}],"collection":[{"href":"https:\/\/wiki.s12.at\/index.php\/wp-json\/wp\/v2\/pages"}],"about":[{"href":"https:\/\/wiki.s12.at\/index.php\/wp-json\/wp\/v2\/types\/page"}],"author":[{"embeddable":true,"href":"https:\/\/wiki.s12.at\/index.php\/wp-json\/wp\/v2\/users\/1"}],"replies":[{"embeddable":true,"href":"https:\/\/wiki.s12.at\/index.php\/wp-json\/wp\/v2\/comments?post=4627"}],"version-history":[{"count":0,"href":"https:\/\/wiki.s12.at\/index.php\/wp-json\/wp\/v2\/pages\/4627\/revisions"}],"wp:attachment":[{"href":"https:\/\/wiki.s12.at\/index.php\/wp-json\/wp\/v2\/media?parent=4627"}],"curies":[{"name":"wp","href":"https:\/\/api.w.org\/{rel}","templated":true}]}}

<div class="mw-parser-output">
<div class="thumb tright">
<div class="thumbinner" style="width:302px;"><a href="/Datei:Harald_Planer_-_FC_Wacker_Innsbruck_(2).jpg" class="image"><img fetchpriority="high" alt="Harald Planer - FC Wacker Innsbruck (2).jpg" src="/images/thumb/a/a0/Harald_Planer_-_FC_Wacker_Innsbruck_%282%29.jpg/330px-Harald_Planer_-_FC_Wacker_Innsbruck_%282%29.jpg%3Futm_source%3Dcommons.wikimedia.org%26utm_campaign%3Dimageinfo%26utm_content%3Dthumbnail" decoding="async" width="300" height="200" class="thumbimage" srcset="/images/thumb/a/a0/Harald_Planer_-_FC_Wacker_Innsbruck_%282%29.jpg/500px-Harald_Planer_-_FC_Wacker_Innsbruck_%282%29.jpg%3Futm_source%3Dcommons.wikimedia.org%26utm_campaign%3Dimageinfo%26utm_content%3Dthumbnail 1.5x, /images/thumb/a/a0/Harald_Planer_-_FC_Wacker_Innsbruck_%282%29.jpg/960px-Harald_Planer_-_FC_Wacker_Innsbruck_%282%29.jpg%3Futm_source%3Dcommons.wikimedia.org%26utm_campaign%3Dimageinfo%26utm_content%3Dthumbnail 2x" /></a>  </p>
<div class="thumbcaption">
<div class="magnify"><a href="/Datei:Harald_Planer_-_FC_Wacker_Innsbruck_(2).jpg" class="internal" title="vergrößern"></a></div>
</div>
</div>
</div>
<ul>
<li>Name: <b>Harald Planer</b></li>
<li>Geburtstag: 24. Dezember 1978</li>
<li>Geburtsort:</li>
<li>Geburtsland: Österreich</li>
<li>Größe: 187 cm</li>
<li>Position: Torwart</li>
<li>Rückennummer:Karriereende</li>
</ul>
<h2><span class="mw-headline" id="Stationen">Stationen</span><a href="/index.php?title=Harald_Planer&amp;action=edit&amp;section=1" title="Abschnitt bearbeiten: Stationen">Bearbeiten</a><span class="mw-editsection-bracket">]</span></span></h2>
<ul>
<li>Wacker Innsbruck</li>
<li>SV Wörgl</li>
<li>FC Kufstein</li>
<li>Red Bull Juniors</li>
<li>Wacker Innsbruck</li>
<li>Karriereende 2011</li>
</ul>
</div>

<p>Name: Harald Planer Geburtstag: 24. Dezember 1978 Geburtsort: Geburtsland: Österreich Größe: 187 cm Position: Torwart Rückennummer:Karriereende StationenBearbeiten] Wacker Innsbruck SV Wörgl FC Kufstein Red Bull Juniors Wacker Innsbruck Karriereende 2011</p>
