{"id":4585,"date":"2026-05-06T15:56:57","date_gmt":"2026-05-06T13:56:57","guid":{"rendered":"https:\/\/wiki.s12.at\/index.php\/halbfinale-fc-salzburg-gegen-cf-barcelona\/"},"modified":"2026-05-06T15:56:57","modified_gmt":"2026-05-06T13:56:57","slug":"halbfinale-fc-salzburg-gegen-cf-barcelona","status":"publish","type":"page","link":"https:\/\/wiki.s12.at\/index.php\/halbfinale-fc-salzburg-gegen-cf-barcelona\/","title":{"rendered":"Halbfinale: FC Salzburg gegen CF Barcelona"},"content":{"rendered":"<div class=\"mw-parser-output\">\n<h2><span class=\"mw-headline\" id=\"Fakten\">Fakten<\/span><a href=\"\/index.php?title=Halbfinale:_FC_Salzburg_gegen_CF_Barcelona&amp;action=edit&amp;section=1\" title=\"Abschnitt bearbeiten: Fakten\">Bearbeiten<\/a><span class=\"mw-editsection-bracket\">]<\/span><\/span><\/h2>\n<table class=\"toptextcells toccolours\">\n<tbody>\n<tr>\n<th colspan=\"2\" style=\"text-align: center; vertical-align: top; padding: 0.3em 0.8em; font-size: 125%; background-color: lightsteelblue;\">FC Red Bull Salzburg (U19) gegen CF Barcelona (U19), 2:1\n<\/th>\n<\/tr>\n<tr>\n<th style=\"text-align:left;\"><b>Spieltag<\/b>\n<\/th>\n<th style=\"text-align:left;\">UEFA Youth League Halbfinale\n<\/th>\n<\/tr>\n<tr>\n<th style=\"text-align:left;\"><b>Datum<\/b>\n<\/th>\n<th style=\"text-align:left;\">21. April  2017\n<\/th>\n<\/tr>\n<tr>\n<th style=\"text-align:left;\"><b>Anpfiff<\/b>\n<\/th>\n<th style=\"text-align:left;\">13 Uhr\n<\/th>\n<\/tr>\n<tr>\n<td colspan=\"2\" style=\"text-align:center;\" bgcolor=\"lightgray\"><b>Aufstellung<\/b>\n<\/td>\n<\/tr>\n<tr>\n<th style=\"text-align:left;\"><b>Tor<\/b>\n<\/th>\n<th><a href=\"\/Bartlomiej_Zynel\" class=\"mw-redirect\" title=\"Bartlomiej Zynel\">Bartlomiej Zynel<\/a>\n<\/th>\n<\/tr>\n<tr>\n<th style=\"text-align:left;\"><b>Verteidigung<\/b>\n<\/th>\n<th><a href=\"\/Sandro_Ingolitsch\" title=\"Sandro Ingolitsch\">Sandro Ingolitsch<\/a> (C) &#8211; <a href=\"\/Igor\" class=\"mw-redirect\" title=\"Igor\">Igor<\/a> &#8211; <a href=\"\/Luca_Meisl\" title=\"Luca Meisl\">Luca Meisl<\/a> &#8211; <a href=\"\/Alexander_Burgstaller\" title=\"Alexander Burgstaller\">Alexander Burgstaller<\/a>\n<\/th>\n<\/tr>\n<tr>\n<th style=\"text-align:left;\"><b>Mittelfeld<\/b>\n<\/th>\n<th><a href=\"\/Philipp_Sturm\" title=\"Philipp Sturm\">Philipp Sturm<\/a> &#8211; <a href=\"\/Amadou_Haidara\" title=\"Amadou Haidara\">Amadou Haidara<\/a> &#8211; <a href=\"\/Nico_Gorzel\" title=\"Nico Gorzel\">Nico Gorzel<\/a> &#8211; <a href=\"\/Hannes_Wolf\" title=\"Hannes Wolf\">Hannes Wolf<\/a>\n<\/th>\n<\/tr>\n<tr>\n<th style=\"text-align:left;\"><b>Sturm<\/b>\n<\/th>\n<th><a href=\"\/Nicolas_Meister\" title=\"Nicolas Meister\">Nicolas Meister<\/a> &#8211; <a href=\"\/Mergim_Berisha\" title=\"Mergim Berisha\">Mergim Berisha<\/a>\n<\/th>\n<\/tr>\n<tr>\n<td colspan=\"2\" style=\"text-align:center;\" bgcolor=\"lightgray\"><b>Wechsel<\/b>\n<\/td>\n<\/tr>\n<tr>\n<th style=\"text-align:left;\"><b>Wechsel<\/b>\n<\/th>\n<th style=\"text-align:left;\"><a href=\"\/Patson_Daka\" title=\"Patson Daka\">Patson Daka <\/a> f\u00fcr Meister (59.), <a href=\"\/Kenan_Kirim\" title=\"Kenan Kirim\">Kenan Kirim<\/a> f\u00fcr Sturm (76.), <a href=\"\/Bojan_Lugonja\" title=\"Bojan Lugonja\">Bojan Lugonja <\/a> f\u00fcr Wolf (90.)\n<\/th>\n<\/tr>\n<tr>\n<td colspan=\"2\" style=\"text-align:center;\" bgcolor=\"lightgray\"><b>Statistik<\/b>\n<\/td>\n<\/tr>\n<tr>\n<th style=\"text-align:left;\"><b>Endstand<\/b>\n<\/th>\n<th style=\"text-align:left;\">2:1 (0:1)\n<\/th>\n<\/tr>\n<tr>\n<th style=\"text-align:left;\"><b>Torsch\u00fctzen<\/b>\n<\/th>\n<th style=\"text-align:left;\">Wolf (63.) , Daka (84.);  Mboula (19.)\n<\/th>\n<\/tr>\n<tr>\n<th style=\"text-align:left;\"><b>Gelbe Karten<\/b>\n<\/th>\n<th style=\"text-align:left;\">Berisha (39.), Ingolitsch (61.); Montes (23.), Cucu (75.)\n<\/th>\n<\/tr>\n<tr>\n<th style=\"text-align:left;\"><b>Rote Karten<\/b>\n<\/th>\n<th style=\"text-align:left;\">\n<\/th>\n<\/tr>\n<tr>\n<th style=\"text-align:left;\"><b>Schiedsrichter<\/b>\n<\/th>\n<th style=\"text-align:left;\">Andris Treimanis (LVA)\n<\/th>\n<\/tr>\n<tr>\n<th style=\"text-align:left;\"><b>Stadion<\/b>\n<\/th>\n<th style=\"text-align:left;\">Colovray Sports Centre, Nyon\n<\/th>\n<\/tr>\n<tr>\n<th style=\"text-align:left;\"><b>Zuschauer<\/b>\n<\/th>\n<th style=\"text-align:left;\">3 870\n<\/th>\n<\/tr>\n<\/tbody>\n<\/table>\n<h2><span class=\"mw-headline\" id=\"Bilder\">Bilder<\/span><a href=\"\/index.php?title=Halbfinale:_FC_Salzburg_gegen_CF_Barcelona&amp;action=edit&amp;section=2\" title=\"Abschnitt bearbeiten: Bilder\">Bearbeiten<\/a><span class=\"mw-editsection-bracket\">]<\/span><\/span><\/h2>\n<ul class=\"gallery mw-gallery-traditional\">\n<li class=\"gallerybox\" style=\"width: 155px\">\n<div style=\"width: 155px\">\n<div class=\"thumb\" style=\"width: 150px;\">\n<div style=\"margin:41.5px auto;\"><a href=\"\/Datei:FCSFCB.PNG\" class=\"image\"><img alt=\"FCSFCB.PNG\" src=\"\/images\/thumb\/8\/84\/FCSFCB.PNG\/120px-FCSFCB.PNG\" decoding=\"async\" width=\"120\" height=\"67\" srcset=\"\/images\/thumb\/8\/84\/FCSFCB.PNG\/180px-FCSFCB.PNG 1.5x, \/images\/thumb\/8\/84\/FCSFCB.PNG\/240px-FCSFCB.PNG 2x\" \/><\/a><\/div>\n<\/div>\n<div class=\"gallerytext\">\n\t\t\t<\/div>\n<\/p><\/div>\n<\/li>\n<\/ul>\n<h2><span class=\"mw-headline\" id=\"Weblinks\">Weblinks<\/span><a href=\"\/index.php?title=Halbfinale:_FC_Salzburg_gegen_CF_Barcelona&amp;action=edit&amp;section=3\" title=\"Abschnitt bearbeiten: Weblinks\">Bearbeiten<\/a><span class=\"mw-editsection-bracket\">]<\/span><\/span><\/h2>\n<ul>\n<li><a rel=\"nofollow\" class=\"external text\" href=\"http:\/\/www.redbullsalzburg.at\/de\/fc-red-bull-salzburg\/news\/saison_2016_17\/salzburger-jungbullen-stehen-im-finale-der-uefa-youth-league.html\">Spielbericht Vereinshomepage<\/a><\/li>\n<li><a rel=\"nofollow\" class=\"external text\" href=\"http:\/\/de.uefa.com\/uefayouthleague\/season=2017\/matches\/round=2000820\/match=2022578\/postmatch\/report\/index.html\">Spielbericht UEFA.com<\/a><\/li>\n<\/ul>\n<p>&lt;youtube&gt;RKcPNFTGqpk&lt;\/youtube&gt;\n<\/p>\n<h2><span class=\"mw-headline\" id=\"Stimmen_zum_Spiel\">Stimmen zum Spiel<\/span><a href=\"\/index.php?title=Halbfinale:_FC_Salzburg_gegen_CF_Barcelona&amp;action=edit&amp;section=4\" title=\"Abschnitt bearbeiten: Stimmen zum Spiel\">Bearbeiten<\/a><span class=\"mw-editsection-bracket\">]<\/span><\/span><\/h2>\n<p><b>Marco Rose:<\/b> Wir sind heute \u00fcbergl\u00fccklich. Die Mannschaft hat sich in die Partie hineingebissen, hat mutig agiert und tolle Kombinationen gezeigt \u2013 darauf kann man sehr stolz sein. F\u00fcr uns ist es etwas Besonderes, dass wir das Ganze hier in Nyon erleben d\u00fcrfen. Wir stehen verdient im Finale und freuen uns richtig darauf. Jetzt k\u00f6nnen wir uns das andere Halbfinale entspannt ansehen und lassen uns \u00fcberraschen, welche Mannschaft sich durchsetzt. Aber eines darf man nicht vergessen: Gro\u00dfes Kompliment an die mitgereisten Fans, die uns unglaublich unterst\u00fctzt haben.\n<\/p>\n<p><b>Patson Daka:<\/b> Es ist ein unglaubliches Gef\u00fchl. Ich m\u00f6chte mich beim Trainerteam f\u00fcr das entgegengebrachte Vertrauen bedanken, dass ich erstmals mit dabei sein durfte. Ich wollte unbedingt etwas zur\u00fcckgeben. Ich glaube, das ist mir gelungen. Wir haben heute wirklich gut gespielt, eine der besten Mannschaften dominiert und haben uns verdient durchgesetzt. Unsere Mannschaft ist wirklich einzigartig.\n<\/p>\n<\/div>\n","protected":false},"excerpt":{"rendered":"<p>FaktenBearbeiten] FC Red Bull Salzburg (U19) gegen CF Barcelona (U19), 2:1 Spieltag UEFA Youth League Halbfinale Datum 21. April 2017 Anpfiff 13 Uhr Aufstellung Tor Bartlomiej Zynel Verteidigung Sandro Ingolitsch (C) &#8211; Igor &#8211; Luca Meisl &#8211; Alexander Burgstaller Mittelfeld Philipp Sturm &#8211; Amadou Haidara &#8211; Nico Gorzel &#8211; Hannes Wolf Sturm Nicolas Meister &#8211; [&hellip;]<\/p>\n","protected":false},"author":1,"featured_media":0,"parent":0,"menu_order":0,"comment_status":"closed","ping_status":"closed","template":"","meta":{"footnotes":""},"class_list":["post-4585","page","type-page","status-publish","hentry"],"_links":{"self":[{"href":"https:\/\/wiki.s12.at\/index.php\/wp-json\/wp\/v2\/pages\/4585","targetHints":{"allow":["GET"]}}],"collection":[{"href":"https:\/\/wiki.s12.at\/index.php\/wp-json\/wp\/v2\/pages"}],"about":[{"href":"https:\/\/wiki.s12.at\/index.php\/wp-json\/wp\/v2\/types\/page"}],"author":[{"embeddable":true,"href":"https:\/\/wiki.s12.at\/index.php\/wp-json\/wp\/v2\/users\/1"}],"replies":[{"embeddable":true,"href":"https:\/\/wiki.s12.at\/index.php\/wp-json\/wp\/v2\/comments?post=4585"}],"version-history":[{"count":0,"href":"https:\/\/wiki.s12.at\/index.php\/wp-json\/wp\/v2\/pages\/4585\/revisions"}],"wp:attachment":[{"href":"https:\/\/wiki.s12.at\/index.php\/wp-json\/wp\/v2\/media?parent=4585"}],"curies":[{"name":"wp","href":"https:\/\/api.w.org\/{rel}","templated":true}]}}

<div class="mw-parser-output">
<h2><span class="mw-headline" id="Fakten">Fakten</span><a href="/index.php?title=Halbfinale:_FC_Salzburg_gegen_CF_Barcelona&amp;action=edit&amp;section=1" title="Abschnitt bearbeiten: Fakten">Bearbeiten</a><span class="mw-editsection-bracket">]</span></span></h2>
<table class="toptextcells toccolours">
<tbody>
<tr>
<th colspan="2" style="text-align: center; vertical-align: top; padding: 0.3em 0.8em; font-size: 125%; background-color: lightsteelblue;">FC Red Bull Salzburg (U19) gegen CF Barcelona (U19), 2:1
</th>
</tr>
<tr>
<th style="text-align:left;"><b>Spieltag</b>
</th>
<th style="text-align:left;">UEFA Youth League Halbfinale
</th>
</tr>
<tr>
<th style="text-align:left;"><b>Datum</b>
</th>
<th style="text-align:left;">21. April  2017
</th>
</tr>
<tr>
<th style="text-align:left;"><b>Anpfiff</b>
</th>
<th style="text-align:left;">13 Uhr
</th>
</tr>
<tr>
<td colspan="2" style="text-align:center;" bgcolor="lightgray"><b>Aufstellung</b>
</td>
</tr>
<tr>
<th style="text-align:left;"><b>Tor</b>
</th>
<th><a href="/Bartlomiej_Zynel" class="mw-redirect" title="Bartlomiej Zynel">Bartlomiej Zynel</a>
</th>
</tr>
<tr>
<th style="text-align:left;"><b>Verteidigung</b>
</th>
<th><a href="/Sandro_Ingolitsch" title="Sandro Ingolitsch">Sandro Ingolitsch</a> (C) &#8211; <a href="/Igor" class="mw-redirect" title="Igor">Igor</a> &#8211; <a href="/Luca_Meisl" title="Luca Meisl">Luca Meisl</a> &#8211; <a href="/Alexander_Burgstaller" title="Alexander Burgstaller">Alexander Burgstaller</a>
</th>
</tr>
<tr>
<th style="text-align:left;"><b>Mittelfeld</b>
</th>
<th><a href="/Philipp_Sturm" title="Philipp Sturm">Philipp Sturm</a> &#8211; <a href="/Amadou_Haidara" title="Amadou Haidara">Amadou Haidara</a> &#8211; <a href="/Nico_Gorzel" title="Nico Gorzel">Nico Gorzel</a> &#8211; <a href="/Hannes_Wolf" title="Hannes Wolf">Hannes Wolf</a>
</th>
</tr>
<tr>
<th style="text-align:left;"><b>Sturm</b>
</th>
<th><a href="/Nicolas_Meister" title="Nicolas Meister">Nicolas Meister</a> &#8211; <a href="/Mergim_Berisha" title="Mergim Berisha">Mergim Berisha</a>
</th>
</tr>
<tr>
<td colspan="2" style="text-align:center;" bgcolor="lightgray"><b>Wechsel</b>
</td>
</tr>
<tr>
<th style="text-align:left;"><b>Wechsel</b>
</th>
<th style="text-align:left;"><a href="/Patson_Daka" title="Patson Daka">Patson Daka </a> für Meister (59.), <a href="/Kenan_Kirim" title="Kenan Kirim">Kenan Kirim</a> für Sturm (76.), <a href="/Bojan_Lugonja" title="Bojan Lugonja">Bojan Lugonja </a> für Wolf (90.)
</th>
</tr>
<tr>
<td colspan="2" style="text-align:center;" bgcolor="lightgray"><b>Statistik</b>
</td>
</tr>
<tr>
<th style="text-align:left;"><b>Endstand</b>
</th>
<th style="text-align:left;">2:1 (0:1)
</th>
</tr>
<tr>
<th style="text-align:left;"><b>Torschützen</b>
</th>
<th style="text-align:left;">Wolf (63.) , Daka (84.);  Mboula (19.)
</th>
</tr>
<tr>
<th style="text-align:left;"><b>Gelbe Karten</b>
</th>
<th style="text-align:left;">Berisha (39.), Ingolitsch (61.); Montes (23.), Cucu (75.)
</th>
</tr>
<tr>
<th style="text-align:left;"><b>Rote Karten</b>
</th>
<th style="text-align:left;">
</th>
</tr>
<tr>
<th style="text-align:left;"><b>Schiedsrichter</b>
</th>
<th style="text-align:left;">Andris Treimanis (LVA)
</th>
</tr>
<tr>
<th style="text-align:left;"><b>Stadion</b>
</th>
<th style="text-align:left;">Colovray Sports Centre, Nyon
</th>
</tr>
<tr>
<th style="text-align:left;"><b>Zuschauer</b>
</th>
<th style="text-align:left;">3 870
</th>
</tr>
</tbody>
</table>
<h2><span class="mw-headline" id="Bilder">Bilder</span><a href="/index.php?title=Halbfinale:_FC_Salzburg_gegen_CF_Barcelona&amp;action=edit&amp;section=2" title="Abschnitt bearbeiten: Bilder">Bearbeiten</a><span class="mw-editsection-bracket">]</span></span></h2>
<ul class="gallery mw-gallery-traditional">
<li class="gallerybox" style="width: 155px">
<div style="width: 155px">
<div class="thumb" style="width: 150px;">
<div style="margin:41.5px auto;"><a href="/Datei:FCSFCB.PNG" class="image"><img alt="FCSFCB.PNG" src="/images/thumb/8/84/FCSFCB.PNG/120px-FCSFCB.PNG" decoding="async" width="120" height="67" srcset="/images/thumb/8/84/FCSFCB.PNG/180px-FCSFCB.PNG 1.5x, /images/thumb/8/84/FCSFCB.PNG/240px-FCSFCB.PNG 2x" /></a></div>
</div>
<div class="gallerytext">
			</div>
</p></div>
</li>
</ul>
<h2><span class="mw-headline" id="Weblinks">Weblinks</span><a href="/index.php?title=Halbfinale:_FC_Salzburg_gegen_CF_Barcelona&amp;action=edit&amp;section=3" title="Abschnitt bearbeiten: Weblinks">Bearbeiten</a><span class="mw-editsection-bracket">]</span></span></h2>
<ul>
<li><a rel="nofollow" class="external text" href="http://www.redbullsalzburg.at/de/fc-red-bull-salzburg/news/saison_2016_17/salzburger-jungbullen-stehen-im-finale-der-uefa-youth-league.html">Spielbericht Vereinshomepage</a></li>
<li><a rel="nofollow" class="external text" href="http://de.uefa.com/uefayouthleague/season=2017/matches/round=2000820/match=2022578/postmatch/report/index.html">Spielbericht UEFA.com</a></li>
</ul>
<p>&lt;youtube&gt;RKcPNFTGqpk&lt;/youtube&gt;
</p>
<h2><span class="mw-headline" id="Stimmen_zum_Spiel">Stimmen zum Spiel</span><a href="/index.php?title=Halbfinale:_FC_Salzburg_gegen_CF_Barcelona&amp;action=edit&amp;section=4" title="Abschnitt bearbeiten: Stimmen zum Spiel">Bearbeiten</a><span class="mw-editsection-bracket">]</span></span></h2>
<p><b>Marco Rose:</b> Wir sind heute überglücklich. Die Mannschaft hat sich in die Partie hineingebissen, hat mutig agiert und tolle Kombinationen gezeigt – darauf kann man sehr stolz sein. Für uns ist es etwas Besonderes, dass wir das Ganze hier in Nyon erleben dürfen. Wir stehen verdient im Finale und freuen uns richtig darauf. Jetzt können wir uns das andere Halbfinale entspannt ansehen und lassen uns überraschen, welche Mannschaft sich durchsetzt. Aber eines darf man nicht vergessen: Großes Kompliment an die mitgereisten Fans, die uns unglaublich unterstützt haben.
</p>
<p><b>Patson Daka:</b> Es ist ein unglaubliches Gefühl. Ich möchte mich beim Trainerteam für das entgegengebrachte Vertrauen bedanken, dass ich erstmals mit dabei sein durfte. Ich wollte unbedingt etwas zurückgeben. Ich glaube, das ist mir gelungen. Wir haben heute wirklich gut gespielt, eine der besten Mannschaften dominiert und haben uns verdient durchgesetzt. Unsere Mannschaft ist wirklich einzigartig.
</p>
</div>
