{"id":4581,"date":"2026-05-06T15:56:54","date_gmt":"2026-05-06T13:56:54","guid":{"rendered":"https:\/\/wiki.s12.at\/index.php\/halbfinale-sv-horn-gegen-fc-red-bull-salzburg\/"},"modified":"2026-05-06T15:56:54","modified_gmt":"2026-05-06T13:56:54","slug":"halbfinale-sv-horn-gegen-fc-red-bull-salzburg","status":"publish","type":"page","link":"https:\/\/wiki.s12.at\/index.php\/halbfinale-sv-horn-gegen-fc-red-bull-salzburg\/","title":{"rendered":"Halbfinale, SV Horn gegen FC Red Bull Salzburg"},"content":{"rendered":"<div class=\"mw-parser-output\">\n<h2><span class=\"mw-headline\" id=\"Fakten\">Fakten<\/span><a href=\"\/index.php?title=Halbfinale,_SV_Horn_gegen_FC_Red_Bull_Salzburg&amp;action=edit&amp;section=1\" title=\"Abschnitt bearbeiten: Fakten\">Bearbeiten<\/a><span class=\"mw-editsection-bracket\">]<\/span><\/span><\/h2>\n<table class=\"toptextcells toccolours\">\n<tbody>\n<tr>\n<th colspan=\"2\" style=\"text-align: center; vertical-align: top; padding: 0.3em 0.8em; font-size: 125%; background-color: lightsteelblue;\">SV Horn gegen FC Red Bull Salzburg, 0:7\n<\/th>\n<\/tr>\n<tr>\n<th style=\"text-align:left;\"><b>Spieltag<\/b>\n<\/th>\n<th style=\"text-align:left;\">\u00d6FB-Cup, Halbfinale\n<\/th>\n<\/tr>\n<tr>\n<th style=\"text-align:left;\"><b>Datum<\/b>\n<\/th>\n<th style=\"text-align:left;\">7. Mai 2014\n<\/th>\n<\/tr>\n<tr>\n<th style=\"text-align:left;\"><b>Anpfiff<\/b>\n<\/th>\n<th style=\"text-align:left;\">18 Uhr\n<\/th>\n<\/tr>\n<tr>\n<td colspan=\"2\" style=\"text-align:center;\" bgcolor=\"lightgray\"><b>Aufstellung<\/b>\n<\/td>\n<\/tr>\n<tr>\n<th style=\"text-align:left;\"><b>Tor<\/b>\n<\/th>\n<th><a href=\"\/Peter_Gulacsi\" class=\"mw-redirect\" title=\"Peter Gulacsi\">Peter Gulacsi<\/a>\n<\/th>\n<\/tr>\n<tr>\n<th style=\"text-align:left;\"><b>Verteidigung<\/b>\n<\/th>\n<th><a href=\"\/Florian_Klein\" title=\"Florian Klein\">Florian Klein<\/a> <a href=\"\/Andre_Ramalho\" class=\"mw-redirect\" title=\"Andre Ramalho\">Andre Ramalho<\/a> <a href=\"\/Martin_Hinteregger\" title=\"Martin Hinteregger\">Martin Hinteregger<\/a> <a href=\"\/Andreas_Ulmer\" title=\"Andreas Ulmer\">Andreas Ulmer<\/a>\n<\/th>\n<\/tr>\n<tr>\n<th style=\"text-align:left;\"><b>Mittelfeld<\/b>\n<\/th>\n<th><a href=\"\/Stefan_Ilsanker\" title=\"Stefan Ilsanker\">Stefan Ilsanker<\/a> <a href=\"\/Christoph_Leitgeb\" title=\"Christoph Leitgeb\">Christoph Leitgeb<\/a> <a href=\"\/Sadio_Man%C3%A9\" title=\"Sadio Man\u00e9\">Sadio Man\u00e9<\/a> <a href=\"\/Kevin_Kampl\" title=\"Kevin Kampl\">Kevin Kampl<\/a>\n<\/th>\n<\/tr>\n<tr>\n<th style=\"text-align:left;\"><b>Sturm<\/b>\n<\/th>\n<th><a href=\"\/Alan\" title=\"Alan\">Alan<\/a> <a href=\"\/Jonatan_Soriano\" title=\"Jonatan Soriano\">Jonatan Soriano<\/a>\n<\/th>\n<\/tr>\n<tr>\n<td colspan=\"2\" style=\"text-align:center;\" bgcolor=\"lightgray\"><b>Wechsel<\/b>\n<\/td>\n<\/tr>\n<tr>\n<th style=\"text-align:left;\"><b>Wechsel<\/b>\n<\/th>\n<th style=\"text-align:left;\"><a href=\"\/Christian_Schwegler\" title=\"Christian Schwegler\">Christian Schwegler<\/a> f\u00fcr Ulmer (46.), <a href=\"\/Stefan_Hierl%C3%A4nder\" title=\"Stefan Hierl\u00e4nder\">Stefan Hierl\u00e4nder<\/a> f\u00fcr Ramalho (49.), <a href=\"\/Robert_Zulj\" title=\"Robert Zulj\">Robert Zulj<\/a> f\u00fcr Soriano (79.)\n<\/th>\n<\/tr>\n<tr>\n<td colspan=\"2\" style=\"text-align:center;\" bgcolor=\"lightgray\"><b>Statistik<\/b>\n<\/td>\n<\/tr>\n<tr>\n<th style=\"text-align:left;\"><b>Endstand<\/b>\n<\/th>\n<th style=\"text-align:left;\">0:7 (0:2)\n<\/th>\n<\/tr>\n<tr>\n<th style=\"text-align:left;\"><b>Torsch\u00fctzen<\/b>\n<\/th>\n<th style=\"text-align:left;\">Antonitsch (29., ET.), Man\u00e9 (31., 65., 79.), Kampl (52.), Alan (75.), Zulj (83.)\n<\/th>\n<\/tr>\n<tr>\n<th style=\"text-align:left;\"><b>Gelbe Karten<\/b>\n<\/th>\n<th style=\"text-align:left;\">Lackner (44.); Schwegler (50.)\n<\/th>\n<\/tr>\n<tr>\n<th style=\"text-align:left;\"><b>Rote Karten<\/b>\n<\/th>\n<th style=\"text-align:left;\">\n<\/th>\n<\/tr>\n<tr>\n<th style=\"text-align:left;\"><b>Schiedsrichter<\/b>\n<\/th>\n<th style=\"text-align:left;\">Andreas Kollegger\n<\/th>\n<\/tr>\n<tr>\n<th style=\"text-align:left;\"><b>Stadion<\/b>\n<\/th>\n<th style=\"text-align:left;\">Waldviertler Volksbank Arena, Horn\n<\/th>\n<\/tr>\n<tr>\n<th style=\"text-align:left;\"><b>Zuschauer<\/b>\n<\/th>\n<th style=\"text-align:left;\">5 500\n<\/th>\n<\/tr>\n<\/tbody>\n<\/table>\n<h2><span class=\"mw-headline\" id=\"Weblinks\">Weblinks<\/span><a href=\"\/index.php?title=Halbfinale,_SV_Horn_gegen_FC_Red_Bull_Salzburg&amp;action=edit&amp;section=2\" title=\"Abschnitt bearbeiten: Weblinks\">Bearbeiten<\/a><span class=\"mw-editsection-bracket\">]<\/span><\/span><\/h2>\n<h2><span class=\"mw-headline\" id=\"Stimmen_zum_Spiel\">Stimmen zum Spiel<\/span><a href=\"\/index.php?title=Halbfinale,_SV_Horn_gegen_FC_Red_Bull_Salzburg&amp;action=edit&amp;section=3\" title=\"Abschnitt bearbeiten: Stimmen zum Spiel\">Bearbeiten<\/a><span class=\"mw-editsection-bracket\">]<\/span><\/span><\/h2>\n<p><b>Willi Schuldes (Trainer Horn):<\/b> &#8222;In der ersten Spielh\u00e4lfte haben wir viel in das Spiel investiert. Nat\u00fcrlich war Salzburg feld\u00fcberlegen, wir h\u00e4tten aus Kontern aber in F\u00fchrung gehen k\u00f6nnen. Das braucht man in so einem Spiel nat\u00fcrlich. Nach den zwei Gegentoren hatten wir auch das Spiel gegen Parndorf im Kopf. Wenn man gegen so eine Mannschaft aber nicht mehr mit 100 Prozent dagegenh\u00e4lt, dann wird es schwer. Immerhin haben die Zuschauer ein Torfestival gesehen, ob wir jetzt 0:4 oder 0:7 verlieren ist dann auch egal.&#8220;\n<\/p>\n<p><b>Philipp Petermann (Torh\u00fcter Horn):<\/b> &#8222;Das 0:3 war der Knackpunkt, da haben wir gesehen, dass wir keine Chance haben. Es ist schwierig gegen so eine Mannschaft, die nicht aufh\u00f6rt, Fu\u00dfball zu spielen.&#8220;\n<\/p>\n<p><b>Roger Schmidt:<\/b> &#8222;In der ersten Spielh\u00e4lfte haben wir sehr viele Fehler gemacht. Wir waren zu nachl\u00e4ssig, das 2:0 zur Pause war etwas schmeichelhaft. In der zweiten Spielh\u00e4lfte haben wir dann guten Fu\u00dfball gezeigt und verdient gewonnen. Die Tore waren super herausgespielt, wir hatten gute Situationen, in denen wir noch das eine oder andere Tor mehr schie\u00dfen h\u00e4tten k\u00f6nnen.&#8220;\n<\/p>\n<p><b>Kevin Kampl:<\/b> &#8222;Ich glaube es hat einfacher ausgeschaut, als es war. Wir haben in der ersten H\u00e4lfte gar nicht gut gespielt, sind nicht richtig ins Spiel gekommen, haben den Hornern zu viele Konter erlaubt und sind nur gl\u00fccklich in F\u00fchrung gegangen. In der zweiten H\u00e4lfte haben wir unsere Sache besser gemacht und auch die Tore geschossen.&#8220;\n<\/p>\n<\/div>\n","protected":false},"excerpt":{"rendered":"<p>FaktenBearbeiten] SV Horn gegen FC Red Bull Salzburg, 0:7 Spieltag \u00d6FB-Cup, Halbfinale Datum 7. Mai 2014 Anpfiff 18 Uhr Aufstellung Tor Peter Gulacsi Verteidigung Florian Klein Andre Ramalho Martin Hinteregger Andreas Ulmer Mittelfeld Stefan Ilsanker Christoph Leitgeb Sadio Man\u00e9 Kevin Kampl Sturm Alan Jonatan Soriano Wechsel Wechsel Christian Schwegler f\u00fcr Ulmer (46.), Stefan Hierl\u00e4nder f\u00fcr [&hellip;]<\/p>\n","protected":false},"author":1,"featured_media":0,"parent":0,"menu_order":0,"comment_status":"closed","ping_status":"closed","template":"","meta":{"footnotes":""},"class_list":["post-4581","page","type-page","status-publish","hentry"],"_links":{"self":[{"href":"https:\/\/wiki.s12.at\/index.php\/wp-json\/wp\/v2\/pages\/4581","targetHints":{"allow":["GET"]}}],"collection":[{"href":"https:\/\/wiki.s12.at\/index.php\/wp-json\/wp\/v2\/pages"}],"about":[{"href":"https:\/\/wiki.s12.at\/index.php\/wp-json\/wp\/v2\/types\/page"}],"author":[{"embeddable":true,"href":"https:\/\/wiki.s12.at\/index.php\/wp-json\/wp\/v2\/users\/1"}],"replies":[{"embeddable":true,"href":"https:\/\/wiki.s12.at\/index.php\/wp-json\/wp\/v2\/comments?post=4581"}],"version-history":[{"count":0,"href":"https:\/\/wiki.s12.at\/index.php\/wp-json\/wp\/v2\/pages\/4581\/revisions"}],"wp:attachment":[{"href":"https:\/\/wiki.s12.at\/index.php\/wp-json\/wp\/v2\/media?parent=4581"}],"curies":[{"name":"wp","href":"https:\/\/api.w.org\/{rel}","templated":true}]}}

<div class="mw-parser-output">
<h2><span class="mw-headline" id="Fakten">Fakten</span><a href="/index.php?title=Halbfinale,_SV_Horn_gegen_FC_Red_Bull_Salzburg&amp;action=edit&amp;section=1" title="Abschnitt bearbeiten: Fakten">Bearbeiten</a><span class="mw-editsection-bracket">]</span></span></h2>
<table class="toptextcells toccolours">
<tbody>
<tr>
<th colspan="2" style="text-align: center; vertical-align: top; padding: 0.3em 0.8em; font-size: 125%; background-color: lightsteelblue;">SV Horn gegen FC Red Bull Salzburg, 0:7
</th>
</tr>
<tr>
<th style="text-align:left;"><b>Spieltag</b>
</th>
<th style="text-align:left;">ÖFB-Cup, Halbfinale
</th>
</tr>
<tr>
<th style="text-align:left;"><b>Datum</b>
</th>
<th style="text-align:left;">7. Mai 2014
</th>
</tr>
<tr>
<th style="text-align:left;"><b>Anpfiff</b>
</th>
<th style="text-align:left;">18 Uhr
</th>
</tr>
<tr>
<td colspan="2" style="text-align:center;" bgcolor="lightgray"><b>Aufstellung</b>
</td>
</tr>
<tr>
<th style="text-align:left;"><b>Tor</b>
</th>
<th><a href="/Peter_Gulacsi" class="mw-redirect" title="Peter Gulacsi">Peter Gulacsi</a>
</th>
</tr>
<tr>
<th style="text-align:left;"><b>Verteidigung</b>
</th>
<th><a href="/Florian_Klein" title="Florian Klein">Florian Klein</a> <a href="/Andre_Ramalho" class="mw-redirect" title="Andre Ramalho">Andre Ramalho</a> <a href="/Martin_Hinteregger" title="Martin Hinteregger">Martin Hinteregger</a> <a href="/Andreas_Ulmer" title="Andreas Ulmer">Andreas Ulmer</a>
</th>
</tr>
<tr>
<th style="text-align:left;"><b>Mittelfeld</b>
</th>
<th><a href="/Stefan_Ilsanker" title="Stefan Ilsanker">Stefan Ilsanker</a> <a href="/Christoph_Leitgeb" title="Christoph Leitgeb">Christoph Leitgeb</a> <a href="/Sadio_Man%C3%A9" title="Sadio Mané">Sadio Mané</a> <a href="/Kevin_Kampl" title="Kevin Kampl">Kevin Kampl</a>
</th>
</tr>
<tr>
<th style="text-align:left;"><b>Sturm</b>
</th>
<th><a href="/Alan" title="Alan">Alan</a> <a href="/Jonatan_Soriano" title="Jonatan Soriano">Jonatan Soriano</a>
</th>
</tr>
<tr>
<td colspan="2" style="text-align:center;" bgcolor="lightgray"><b>Wechsel</b>
</td>
</tr>
<tr>
<th style="text-align:left;"><b>Wechsel</b>
</th>
<th style="text-align:left;"><a href="/Christian_Schwegler" title="Christian Schwegler">Christian Schwegler</a> für Ulmer (46.), <a href="/Stefan_Hierl%C3%A4nder" title="Stefan Hierländer">Stefan Hierländer</a> für Ramalho (49.), <a href="/Robert_Zulj" title="Robert Zulj">Robert Zulj</a> für Soriano (79.)
</th>
</tr>
<tr>
<td colspan="2" style="text-align:center;" bgcolor="lightgray"><b>Statistik</b>
</td>
</tr>
<tr>
<th style="text-align:left;"><b>Endstand</b>
</th>
<th style="text-align:left;">0:7 (0:2)
</th>
</tr>
<tr>
<th style="text-align:left;"><b>Torschützen</b>
</th>
<th style="text-align:left;">Antonitsch (29., ET.), Mané (31., 65., 79.), Kampl (52.), Alan (75.), Zulj (83.)
</th>
</tr>
<tr>
<th style="text-align:left;"><b>Gelbe Karten</b>
</th>
<th style="text-align:left;">Lackner (44.); Schwegler (50.)
</th>
</tr>
<tr>
<th style="text-align:left;"><b>Rote Karten</b>
</th>
<th style="text-align:left;">
</th>
</tr>
<tr>
<th style="text-align:left;"><b>Schiedsrichter</b>
</th>
<th style="text-align:left;">Andreas Kollegger
</th>
</tr>
<tr>
<th style="text-align:left;"><b>Stadion</b>
</th>
<th style="text-align:left;">Waldviertler Volksbank Arena, Horn
</th>
</tr>
<tr>
<th style="text-align:left;"><b>Zuschauer</b>
</th>
<th style="text-align:left;">5 500
</th>
</tr>
</tbody>
</table>
<h2><span class="mw-headline" id="Weblinks">Weblinks</span><a href="/index.php?title=Halbfinale,_SV_Horn_gegen_FC_Red_Bull_Salzburg&amp;action=edit&amp;section=2" title="Abschnitt bearbeiten: Weblinks">Bearbeiten</a><span class="mw-editsection-bracket">]</span></span></h2>
<h2><span class="mw-headline" id="Stimmen_zum_Spiel">Stimmen zum Spiel</span><a href="/index.php?title=Halbfinale,_SV_Horn_gegen_FC_Red_Bull_Salzburg&amp;action=edit&amp;section=3" title="Abschnitt bearbeiten: Stimmen zum Spiel">Bearbeiten</a><span class="mw-editsection-bracket">]</span></span></h2>
<p><b>Willi Schuldes (Trainer Horn):</b> &#8222;In der ersten Spielhälfte haben wir viel in das Spiel investiert. Natürlich war Salzburg feldüberlegen, wir hätten aus Kontern aber in Führung gehen können. Das braucht man in so einem Spiel natürlich. Nach den zwei Gegentoren hatten wir auch das Spiel gegen Parndorf im Kopf. Wenn man gegen so eine Mannschaft aber nicht mehr mit 100 Prozent dagegenhält, dann wird es schwer. Immerhin haben die Zuschauer ein Torfestival gesehen, ob wir jetzt 0:4 oder 0:7 verlieren ist dann auch egal.&#8220;
</p>
<p><b>Philipp Petermann (Torhüter Horn):</b> &#8222;Das 0:3 war der Knackpunkt, da haben wir gesehen, dass wir keine Chance haben. Es ist schwierig gegen so eine Mannschaft, die nicht aufhört, Fußball zu spielen.&#8220;
</p>
<p><b>Roger Schmidt:</b> &#8222;In der ersten Spielhälfte haben wir sehr viele Fehler gemacht. Wir waren zu nachlässig, das 2:0 zur Pause war etwas schmeichelhaft. In der zweiten Spielhälfte haben wir dann guten Fußball gezeigt und verdient gewonnen. Die Tore waren super herausgespielt, wir hatten gute Situationen, in denen wir noch das eine oder andere Tor mehr schießen hätten können.&#8220;
</p>
<p><b>Kevin Kampl:</b> &#8222;Ich glaube es hat einfacher ausgeschaut, als es war. Wir haben in der ersten Hälfte gar nicht gut gespielt, sind nicht richtig ins Spiel gekommen, haben den Hornern zu viele Konter erlaubt und sind nur glücklich in Führung gegangen. In der zweiten Hälfte haben wir unsere Sache besser gemacht und auch die Tore geschossen.&#8220;
</p>
</div>

<p>FaktenBearbeiten] SV Horn gegen FC Red Bull Salzburg, 0:7 Spieltag ÖFB-Cup, Halbfinale Datum 7. Mai 2014 Anpfiff 18 Uhr Aufstellung Tor Peter Gulacsi Verteidigung Florian Klein Andre Ramalho Martin Hinteregger Andreas Ulmer Mittelfeld Stefan Ilsanker Christoph Leitgeb Sadio Mané Kevin Kampl Sturm Alan Jonatan Soriano Wechsel Wechsel Christian Schwegler für Ulmer (46.), Stefan Hierländer für [&hellip;]</p>
