{"id":4574,"date":"2026-05-06T15:56:51","date_gmt":"2026-05-06T13:56:51","guid":{"rendered":"https:\/\/wiki.s12.at\/index.php\/hnk-rijeka-gegen-fc-salzburg\/"},"modified":"2026-05-06T15:56:51","modified_gmt":"2026-05-06T13:56:51","slug":"hnk-rijeka-gegen-fc-salzburg","status":"publish","type":"page","link":"https:\/\/wiki.s12.at\/index.php\/hnk-rijeka-gegen-fc-salzburg\/","title":{"rendered":"HNK Rijeka gegen FC Salzburg"},"content":{"rendered":"<div class=\"mw-parser-output\">\n<h2><span class=\"mw-headline\" id=\"Fakten\">Fakten<\/span><a href=\"\/index.php?title=HNK_Rijeka_gegen_FC_Salzburg&amp;action=edit&amp;section=1\" title=\"Abschnitt bearbeiten: Fakten\">Bearbeiten<\/a><span class=\"mw-editsection-bracket\">]<\/span><\/span><\/h2>\n<table class=\"toptextcells toccolours\">\n<tbody>\n<tr>\n<th colspan=\"2\" style=\"text-align: center; vertical-align: top; padding: 0.3em 0.8em; font-size: 125%; background-color: lightsteelblue;\">HNK Rijeka gegen FC Salzburg, 0:0\n<\/th>\n<\/tr>\n<tr>\n<th style=\"text-align:left;\"><b>Spieltag<\/b>\n<\/th>\n<th style=\"text-align:left;\">CL-Qualifikation, 3. Runde-R\u00fcckspiel\n<\/th>\n<\/tr>\n<tr>\n<th style=\"text-align:left;\"><b>Datum<\/b>\n<\/th>\n<th style=\"text-align:left;\">2. August 2017\n<\/th>\n<\/tr>\n<tr>\n<th style=\"text-align:left;\"><b>Anpfiff<\/b>\n<\/th>\n<th style=\"text-align:left;\">20.45 Uhr\n<\/th>\n<\/tr>\n<tr>\n<td colspan=\"2\" style=\"text-align:center;\" bgcolor=\"lightgray\"><b>Aufstellung<\/b>\n<\/td>\n<\/tr>\n<tr>\n<th style=\"text-align:left;\"><b>Tor<\/b>\n<\/th>\n<th><a href=\"\/Alexander_Walke\" title=\"Alexander Walke\">Alexander Walke<\/a>\n<\/th>\n<\/tr>\n<tr>\n<th style=\"text-align:left;\"><b>Verteidigung<\/b>\n<\/th>\n<th><a href=\"\/Stefan_Lainer\" title=\"Stefan Lainer\">Stefan Lainer<\/a> &#8211; <a href=\"\/Paulo_Miranda\" title=\"Paulo Miranda\">Paulo Miranda<\/a> &#8211; <a href=\"\/Duje_Caleta-Car\" title=\"Duje Caleta-Car\">Duje Caleta-Car<\/a> &#8211; <a href=\"\/Andreas_Ulmer\" title=\"Andreas Ulmer\">Andreas Ulmer<\/a>\n<\/th>\n<\/tr>\n<tr>\n<th style=\"text-align:left;\"><b>Mittelfeld<\/b>\n<\/th>\n<th><a href=\"\/Reinhold_Yabo\" title=\"Reinhold Yabo\">Reinhold Yabo<\/a> &#8211; <a href=\"\/Diadie_Samassekou\" title=\"Diadie Samassekou\">Diadie Samassekou <\/a> &#8211; <a href=\"\/Valon_Berisha\" title=\"Valon Berisha\">Valon Berisha<\/a> &#8211; <a href=\"\/Takumi_Minamino\" title=\"Takumi Minamino\">Takumi Minamino<\/a>\n<\/th>\n<\/tr>\n<tr>\n<th style=\"text-align:left;\"><b>Sturm<\/b>\n<\/th>\n<th><a href=\"\/Hee-Chan_Hwang\" title=\"Hee-Chan Hwang\">Hee-Chan Hwang<\/a> &#8211; <a href=\"\/Munas_Dabbur\" title=\"Munas Dabbur\">Munas Dabbur<\/a>\n<\/th>\n<\/tr>\n<tr>\n<td colspan=\"2\" style=\"text-align:center;\" bgcolor=\"lightgray\"><b>Wechsel<\/b>\n<\/td>\n<\/tr>\n<tr>\n<th style=\"text-align:left;\"><b>Wechsel<\/b>\n<\/th>\n<th style=\"text-align:left;\"><a href=\"\/Amadou_Haidara\" title=\"Amadou Haidara\">Amadou Haidara<\/a> f\u00fcr Yabo (68.), <a href=\"\/Fredrik_Gulbrandsen\" title=\"Fredrik Gulbrandsen\">Fredrik Gulbrandsen<\/a> f\u00fcr Dabbur (74.), <a href=\"\/Hannes_Wolf\" title=\"Hannes Wolf\">Hannes Wolf<\/a> f\u00fcr Minamino (81.)\n<\/th>\n<\/tr>\n<tr>\n<td colspan=\"2\" style=\"text-align:center;\" bgcolor=\"lightgray\"><b>Statistik<\/b>\n<\/td>\n<\/tr>\n<tr>\n<th style=\"text-align:left;\"><b>Endstand<\/b>\n<\/th>\n<th style=\"text-align:left;\">0:0\n<\/th>\n<\/tr>\n<tr>\n<th style=\"text-align:left;\"><b>Torsch\u00fctzen<\/b>\n<\/th>\n<th style=\"text-align:left;\">\n<\/th>\n<\/tr>\n<tr>\n<th style=\"text-align:left;\"><b>Gelbe Karten<\/b>\n<\/th>\n<th style=\"text-align:left;\">Males (62.), Misic (70.), Bradaric  (84.) Caleta-Car (7.), Yabo (47.), Samassekou (51.), Miranda (90.+5)\n<\/th>\n<\/tr>\n<tr>\n<th style=\"text-align:left;\"><b>Rote Karten<\/b>\n<\/th>\n<th style=\"text-align:left;\">\n<\/th>\n<\/tr>\n<tr>\n<th style=\"text-align:left;\"><b>Schiedsrichter<\/b>\n<\/th>\n<th style=\"text-align:left;\">H\u00fcseyin G\u00f6\u00e7ek (TUR)\n<\/th>\n<\/tr>\n<tr>\n<th style=\"text-align:left;\"><b>Stadion<\/b>\n<\/th>\n<th style=\"text-align:left;\">Stadion Rujevica, Rijeka\n<\/th>\n<\/tr>\n<tr>\n<th style=\"text-align:left;\"><b>Zuschauer<\/b>\n<\/th>\n<th style=\"text-align:left;\">8 085\n<\/th>\n<\/tr>\n<\/tbody>\n<\/table>\n<h2><span class=\"mw-headline\" id=\"Weblinks\">Weblinks<\/span><a href=\"\/index.php?title=HNK_Rijeka_gegen_FC_Salzburg&amp;action=edit&amp;section=2\" title=\"Abschnitt bearbeiten: Weblinks\">Bearbeiten<\/a><span class=\"mw-editsection-bracket\">]<\/span><\/span><\/h2>\n<p><a rel=\"nofollow\" class=\"external text\" href=\"http:\/\/www.redbullsalzburg.at\/de\/fc-red-bull-salzburg\/news\/saison_2017_18\/bitteres-aus-in-der-cl-qualifikation-gegen-rijeka.html\">Spielbericht Homepage<\/a>\n<\/p>\n<h2><span class=\"mw-headline\" id=\"Bilder\">Bilder<\/span><a href=\"\/index.php?title=HNK_Rijeka_gegen_FC_Salzburg&amp;action=edit&amp;section=3\" title=\"Abschnitt bearbeiten: Bilder\">Bearbeiten<\/a><span class=\"mw-editsection-bracket\">]<\/span><\/span><\/h2>\n<ul class=\"gallery mw-gallery-traditional\">\n<li class=\"gallerybox\" style=\"width: 155px\">\n<div style=\"width: 155px\">\n<div class=\"thumb\" style=\"width: 150px;\">\n<div style=\"margin:37px auto;\"><a href=\"\/Datei:Rijeka.PNG\" class=\"image\"><img alt=\"Rijeka.PNG\" src=\"\/images\/thumb\/8\/84\/Rijeka.PNG\/120px-Rijeka.PNG\" decoding=\"async\" width=\"120\" height=\"76\" srcset=\"\/images\/thumb\/8\/84\/Rijeka.PNG\/180px-Rijeka.PNG 1.5x, \/images\/thumb\/8\/84\/Rijeka.PNG\/240px-Rijeka.PNG 2x\" \/><\/a><\/div>\n<\/div>\n<div class=\"gallerytext\">\n\t\t\t<\/div>\n<\/p><\/div>\n<\/li>\n<\/ul>\n<h2><span class=\"mw-headline\" id=\"Stimmen_zum_Spiel\">Stimmen zum Spiel<\/span><a href=\"\/index.php?title=HNK_Rijeka_gegen_FC_Salzburg&amp;action=edit&amp;section=4\" title=\"Abschnitt bearbeiten: Stimmen zum Spiel\">Bearbeiten<\/a><span class=\"mw-editsection-bracket\">]<\/span><\/span><\/h2>\n<ul>\n<li><b>Marco Rose:<\/b> Das ist ein ganz bitterer Moment f\u00fcr uns, denn ich bin \u00fcberzeugt davon, dass wir heute die bessere Mannschaft waren und es verdient h\u00e4tten, weiterzukommen. Die Jungs haben alles gegeben, alles reingehauen und wurden nicht belohnt. Aber wir haben keine Zeit, dieser Chance nachzutrauern, sondern m\u00fcssen nach vorne sehen.<\/li>\n<li><b>Andreas Ulmer:<\/b> Wir sind nat\u00fcrlich sehr entt\u00e4uscht, denn vor allem in der zweiten Halbzeit haben wir gut gespielt und hatten einige gute Chancen auf einen Torerfolg. Mehr bleibt in dieser Situation nicht mehr zu sagen, denn wir haben alles gegeben, die Chancen waren da, alles andere konnten wir nicht beeinflussen.<\/li>\n<\/ul>\n<\/div>\n","protected":false},"excerpt":{"rendered":"<p>FaktenBearbeiten] HNK Rijeka gegen FC Salzburg, 0:0 Spieltag CL-Qualifikation, 3. Runde-R\u00fcckspiel Datum 2. August 2017 Anpfiff 20.45 Uhr Aufstellung Tor Alexander Walke Verteidigung Stefan Lainer &#8211; Paulo Miranda &#8211; Duje Caleta-Car &#8211; Andreas Ulmer Mittelfeld Reinhold Yabo &#8211; Diadie Samassekou &#8211; Valon Berisha &#8211; Takumi Minamino Sturm Hee-Chan Hwang &#8211; Munas Dabbur Wechsel Wechsel Amadou [&hellip;]<\/p>\n","protected":false},"author":1,"featured_media":0,"parent":0,"menu_order":0,"comment_status":"closed","ping_status":"closed","template":"","meta":{"footnotes":""},"class_list":["post-4574","page","type-page","status-publish","hentry"],"_links":{"self":[{"href":"https:\/\/wiki.s12.at\/index.php\/wp-json\/wp\/v2\/pages\/4574","targetHints":{"allow":["GET"]}}],"collection":[{"href":"https:\/\/wiki.s12.at\/index.php\/wp-json\/wp\/v2\/pages"}],"about":[{"href":"https:\/\/wiki.s12.at\/index.php\/wp-json\/wp\/v2\/types\/page"}],"author":[{"embeddable":true,"href":"https:\/\/wiki.s12.at\/index.php\/wp-json\/wp\/v2\/users\/1"}],"replies":[{"embeddable":true,"href":"https:\/\/wiki.s12.at\/index.php\/wp-json\/wp\/v2\/comments?post=4574"}],"version-history":[{"count":0,"href":"https:\/\/wiki.s12.at\/index.php\/wp-json\/wp\/v2\/pages\/4574\/revisions"}],"wp:attachment":[{"href":"https:\/\/wiki.s12.at\/index.php\/wp-json\/wp\/v2\/media?parent=4574"}],"curies":[{"name":"wp","href":"https:\/\/api.w.org\/{rel}","templated":true}]}}

<div class="mw-parser-output">
<h2><span class="mw-headline" id="Fakten">Fakten</span><a href="/index.php?title=HNK_Rijeka_gegen_FC_Salzburg&amp;action=edit&amp;section=1" title="Abschnitt bearbeiten: Fakten">Bearbeiten</a><span class="mw-editsection-bracket">]</span></span></h2>
<table class="toptextcells toccolours">
<tbody>
<tr>
<th colspan="2" style="text-align: center; vertical-align: top; padding: 0.3em 0.8em; font-size: 125%; background-color: lightsteelblue;">HNK Rijeka gegen FC Salzburg, 0:0
</th>
</tr>
<tr>
<th style="text-align:left;"><b>Spieltag</b>
</th>
<th style="text-align:left;">CL-Qualifikation, 3. Runde-Rückspiel
</th>
</tr>
<tr>
<th style="text-align:left;"><b>Datum</b>
</th>
<th style="text-align:left;">2. August 2017
</th>
</tr>
<tr>
<th style="text-align:left;"><b>Anpfiff</b>
</th>
<th style="text-align:left;">20.45 Uhr
</th>
</tr>
<tr>
<td colspan="2" style="text-align:center;" bgcolor="lightgray"><b>Aufstellung</b>
</td>
</tr>
<tr>
<th style="text-align:left;"><b>Tor</b>
</th>
<th><a href="/Alexander_Walke" title="Alexander Walke">Alexander Walke</a>
</th>
</tr>
<tr>
<th style="text-align:left;"><b>Verteidigung</b>
</th>
<th><a href="/Stefan_Lainer" title="Stefan Lainer">Stefan Lainer</a> &#8211; <a href="/Paulo_Miranda" title="Paulo Miranda">Paulo Miranda</a> &#8211; <a href="/Duje_Caleta-Car" title="Duje Caleta-Car">Duje Caleta-Car</a> &#8211; <a href="/Andreas_Ulmer" title="Andreas Ulmer">Andreas Ulmer</a>
</th>
</tr>
<tr>
<th style="text-align:left;"><b>Mittelfeld</b>
</th>
<th><a href="/Reinhold_Yabo" title="Reinhold Yabo">Reinhold Yabo</a> &#8211; <a href="/Diadie_Samassekou" title="Diadie Samassekou">Diadie Samassekou </a> &#8211; <a href="/Valon_Berisha" title="Valon Berisha">Valon Berisha</a> &#8211; <a href="/Takumi_Minamino" title="Takumi Minamino">Takumi Minamino</a>
</th>
</tr>
<tr>
<th style="text-align:left;"><b>Sturm</b>
</th>
<th><a href="/Hee-Chan_Hwang" title="Hee-Chan Hwang">Hee-Chan Hwang</a> &#8211; <a href="/Munas_Dabbur" title="Munas Dabbur">Munas Dabbur</a>
</th>
</tr>
<tr>
<td colspan="2" style="text-align:center;" bgcolor="lightgray"><b>Wechsel</b>
</td>
</tr>
<tr>
<th style="text-align:left;"><b>Wechsel</b>
</th>
<th style="text-align:left;"><a href="/Amadou_Haidara" title="Amadou Haidara">Amadou Haidara</a> für Yabo (68.), <a href="/Fredrik_Gulbrandsen" title="Fredrik Gulbrandsen">Fredrik Gulbrandsen</a> für Dabbur (74.), <a href="/Hannes_Wolf" title="Hannes Wolf">Hannes Wolf</a> für Minamino (81.)
</th>
</tr>
<tr>
<td colspan="2" style="text-align:center;" bgcolor="lightgray"><b>Statistik</b>
</td>
</tr>
<tr>
<th style="text-align:left;"><b>Endstand</b>
</th>
<th style="text-align:left;">0:0
</th>
</tr>
<tr>
<th style="text-align:left;"><b>Torschützen</b>
</th>
<th style="text-align:left;">
</th>
</tr>
<tr>
<th style="text-align:left;"><b>Gelbe Karten</b>
</th>
<th style="text-align:left;">Males (62.), Misic (70.), Bradaric  (84.) Caleta-Car (7.), Yabo (47.), Samassekou (51.), Miranda (90.+5)
</th>
</tr>
<tr>
<th style="text-align:left;"><b>Rote Karten</b>
</th>
<th style="text-align:left;">
</th>
</tr>
<tr>
<th style="text-align:left;"><b>Schiedsrichter</b>
</th>
<th style="text-align:left;">Hüseyin Göçek (TUR)
</th>
</tr>
<tr>
<th style="text-align:left;"><b>Stadion</b>
</th>
<th style="text-align:left;">Stadion Rujevica, Rijeka
</th>
</tr>
<tr>
<th style="text-align:left;"><b>Zuschauer</b>
</th>
<th style="text-align:left;">8 085
</th>
</tr>
</tbody>
</table>
<h2><span class="mw-headline" id="Weblinks">Weblinks</span><a href="/index.php?title=HNK_Rijeka_gegen_FC_Salzburg&amp;action=edit&amp;section=2" title="Abschnitt bearbeiten: Weblinks">Bearbeiten</a><span class="mw-editsection-bracket">]</span></span></h2>
<p><a rel="nofollow" class="external text" href="http://www.redbullsalzburg.at/de/fc-red-bull-salzburg/news/saison_2017_18/bitteres-aus-in-der-cl-qualifikation-gegen-rijeka.html">Spielbericht Homepage</a>
</p>
<h2><span class="mw-headline" id="Bilder">Bilder</span><a href="/index.php?title=HNK_Rijeka_gegen_FC_Salzburg&amp;action=edit&amp;section=3" title="Abschnitt bearbeiten: Bilder">Bearbeiten</a><span class="mw-editsection-bracket">]</span></span></h2>
<ul class="gallery mw-gallery-traditional">
<li class="gallerybox" style="width: 155px">
<div style="width: 155px">
<div class="thumb" style="width: 150px;">
<div style="margin:37px auto;"><a href="/Datei:Rijeka.PNG" class="image"><img alt="Rijeka.PNG" src="/images/thumb/8/84/Rijeka.PNG/120px-Rijeka.PNG" decoding="async" width="120" height="76" srcset="/images/thumb/8/84/Rijeka.PNG/180px-Rijeka.PNG 1.5x, /images/thumb/8/84/Rijeka.PNG/240px-Rijeka.PNG 2x" /></a></div>
</div>
<div class="gallerytext">
			</div>
</p></div>
</li>
</ul>
<h2><span class="mw-headline" id="Stimmen_zum_Spiel">Stimmen zum Spiel</span><a href="/index.php?title=HNK_Rijeka_gegen_FC_Salzburg&amp;action=edit&amp;section=4" title="Abschnitt bearbeiten: Stimmen zum Spiel">Bearbeiten</a><span class="mw-editsection-bracket">]</span></span></h2>
<ul>
<li><b>Marco Rose:</b> Das ist ein ganz bitterer Moment für uns, denn ich bin überzeugt davon, dass wir heute die bessere Mannschaft waren und es verdient hätten, weiterzukommen. Die Jungs haben alles gegeben, alles reingehauen und wurden nicht belohnt. Aber wir haben keine Zeit, dieser Chance nachzutrauern, sondern müssen nach vorne sehen.</li>
<li><b>Andreas Ulmer:</b> Wir sind natürlich sehr enttäuscht, denn vor allem in der zweiten Halbzeit haben wir gut gespielt und hatten einige gute Chancen auf einen Torerfolg. Mehr bleibt in dieser Situation nicht mehr zu sagen, denn wir haben alles gegeben, die Chancen waren da, alles andere konnten wir nicht beeinflussen.</li>
</ul>
</div>

<p>FaktenBearbeiten] HNK Rijeka gegen FC Salzburg, 0:0 Spieltag CL-Qualifikation, 3. Runde-Rückspiel Datum 2. August 2017 Anpfiff 20.45 Uhr Aufstellung Tor Alexander Walke Verteidigung Stefan Lainer &#8211; Paulo Miranda &#8211; Duje Caleta-Car &#8211; Andreas Ulmer Mittelfeld Reinhold Yabo &#8211; Diadie Samassekou &#8211; Valon Berisha &#8211; Takumi Minamino Sturm Hee-Chan Hwang &#8211; Munas Dabbur Wechsel Wechsel Amadou [&hellip;]</p>
