{"id":4446,"date":"2026-05-06T15:47:38","date_gmt":"2026-05-06T13:47:38","guid":{"rendered":"https:\/\/wiki.s12.at\/index.php\/finale-fc-salzburg-gegen-benfica-lissabon\/"},"modified":"2026-05-06T15:47:38","modified_gmt":"2026-05-06T13:47:38","slug":"finale-fc-salzburg-gegen-benfica-lissabon","status":"publish","type":"page","link":"https:\/\/wiki.s12.at\/index.php\/finale-fc-salzburg-gegen-benfica-lissabon\/","title":{"rendered":"Finale: FC Salzburg gegen Benfica Lissabon"},"content":{"rendered":"<div class=\"mw-parser-output\">\n<h2><span class=\"mw-headline\" id=\"Fakten\">Fakten<\/span><a href=\"\/index.php?title=Finale:_FC_Salzburg_gegen_Benfica_Lissabon&amp;action=edit&amp;section=1\" title=\"Abschnitt bearbeiten: Fakten\">Bearbeiten<\/a><span class=\"mw-editsection-bracket\">]<\/span><\/span><\/h2>\n<table class=\"toptextcells toccolours\">\n<tbody>\n<tr>\n<th colspan=\"2\" style=\"text-align: center; vertical-align: top; padding: 0.3em 0.8em; font-size: 125%; background-color: lightsteelblue;\">FC Red Bull Salzburg (U19) gegen Benfica Lissabon (U19), 2:1\n<\/th>\n<\/tr>\n<tr>\n<th style=\"text-align:left;\"><b>Spieltag<\/b>\n<\/th>\n<th style=\"text-align:left;\">UEFA Youth League Finale\n<\/th>\n<\/tr>\n<tr>\n<th style=\"text-align:left;\"><b>Datum<\/b>\n<\/th>\n<th style=\"text-align:left;\">24. April  2017\n<\/th>\n<\/tr>\n<tr>\n<th style=\"text-align:left;\"><b>Anpfiff<\/b>\n<\/th>\n<th style=\"text-align:left;\">17 Uhr\n<\/th>\n<\/tr>\n<tr>\n<td colspan=\"2\" style=\"text-align:center;\" bgcolor=\"lightgray\"><b>Aufstellung<\/b>\n<\/td>\n<\/tr>\n<tr>\n<th style=\"text-align:left;\"><b>Tor<\/b>\n<\/th>\n<th><a href=\"\/Bartlomiej_Zynel\" class=\"mw-redirect\" title=\"Bartlomiej Zynel\">Bartlomiej Zynel<\/a>\n<\/th>\n<\/tr>\n<tr>\n<th style=\"text-align:left;\"><b>Verteidigung<\/b>\n<\/th>\n<th><a href=\"\/Sandro_Ingolitsch\" title=\"Sandro Ingolitsch\">Sandro Ingolitsch<\/a> (C) &#8211; <a href=\"\/Igor\" class=\"mw-redirect\" title=\"Igor\">Igor<\/a> &#8211; <a href=\"\/Luca_Meisl\" title=\"Luca Meisl\">Luca Meisl<\/a> &#8211; <a href=\"\/Gideon_Mensah\" title=\"Gideon Mensah\">Gideon Mensah<\/a>\n<\/th>\n<\/tr>\n<tr>\n<th style=\"text-align:left;\"><b>Mittelfeld<\/b>\n<\/th>\n<th><a href=\"\/Philipp_Sturm\" title=\"Philipp Sturm\">Philipp Sturm<\/a> &#8211; <a href=\"\/Amadou_Haidara\" title=\"Amadou Haidara\">Amadou Haidara<\/a> &#8211; <a href=\"\/Nico_Gorzel\" title=\"Nico Gorzel\">Nico Gorzel<\/a> &#8211; <a href=\"\/Hannes_Wolf\" title=\"Hannes Wolf\">Hannes Wolf<\/a>\n<\/th>\n<\/tr>\n<tr>\n<th style=\"text-align:left;\"><b>Sturm<\/b>\n<\/th>\n<th><a href=\"\/Nicolas_Meister\" title=\"Nicolas Meister\">Nicolas Meister<\/a> &#8211; <a href=\"\/Mergim_Berisha\" title=\"Mergim Berisha\">Mergim Berisha<\/a>\n<\/th>\n<\/tr>\n<tr>\n<td colspan=\"2\" style=\"text-align:center;\" bgcolor=\"lightgray\"><b>Wechsel<\/b>\n<\/td>\n<\/tr>\n<tr>\n<th style=\"text-align:left;\"><b>Wechsel<\/b>\n<\/th>\n<th style=\"text-align:left;\"><a href=\"\/Patson_Daka\" title=\"Patson Daka\">Patson Daka <\/a> f\u00fcr Meister (54.), <a href=\"\/Alexander_Schmidt\" title=\"Alexander Schmidt\">Alexander Schmidt<\/a> f\u00fcr Sturm (68.), <a href=\"\/Bojan_Lugonja\" title=\"Bojan Lugonja\">Bojan Lugonja <\/a> f\u00fcr Wolf (90.)\n<\/th>\n<\/tr>\n<tr>\n<td colspan=\"2\" style=\"text-align:center;\" bgcolor=\"lightgray\"><b>Statistik<\/b>\n<\/td>\n<\/tr>\n<tr>\n<th style=\"text-align:left;\"><b>Endstand<\/b>\n<\/th>\n<th style=\"text-align:left;\">2:1 (0:1)\n<\/th>\n<\/tr>\n<tr>\n<th style=\"text-align:left;\"><b>Torsch\u00fctzen<\/b>\n<\/th>\n<th style=\"text-align:left;\">Daka (70.), Schmidt (76.); Jose Gomes (29.)\n<\/th>\n<\/tr>\n<tr>\n<th style=\"text-align:left;\"><b>Gelbe Karten<\/b>\n<\/th>\n<th style=\"text-align:left;\">Buta (66.), Florentino (89.), Gomes (90.);  Haidara (61.), Ingolitsch (89.)\n<\/th>\n<\/tr>\n<tr>\n<th style=\"text-align:left;\"><b>Rote Karten<\/b>\n<\/th>\n<th style=\"text-align:left;\">gelb-rot: Ingolitsch (90.)\n<\/th>\n<\/tr>\n<tr>\n<th style=\"text-align:left;\"><b>Schiedsrichter<\/b>\n<\/th>\n<th style=\"text-align:left;\">Ali Palabiyik (TUR)\n<\/th>\n<\/tr>\n<tr>\n<th style=\"text-align:left;\"><b>Stadion<\/b>\n<\/th>\n<th style=\"text-align:left;\">Colovray Sports Centre, Nyon\n<\/th>\n<\/tr>\n<tr>\n<th style=\"text-align:left;\"><b>Zuschauer<\/b>\n<\/th>\n<th style=\"text-align:left;\">4 000\n<\/th>\n<\/tr>\n<\/tbody>\n<\/table>\n<h2><span class=\"mw-headline\" id=\"Bilder\">Bilder<\/span><a href=\"\/index.php?title=Finale:_FC_Salzburg_gegen_Benfica_Lissabon&amp;action=edit&amp;section=2\" title=\"Abschnitt bearbeiten: Bilder\">Bearbeiten<\/a><span class=\"mw-editsection-bracket\">]<\/span><\/span><\/h2>\n<ul class=\"gallery mw-gallery-traditional\">\n<li class=\"gallerybox\" style=\"width: 155px\">\n<div style=\"width: 155px\">\n<div class=\"thumb\" style=\"width: 150px;\">\n<div style=\"margin:40.5px auto;\"><a href=\"\/Datei:Finale.PNG\" class=\"image\"><img alt=\"Finale.PNG\" src=\"\/images\/thumb\/f\/f4\/Finale.PNG\/120px-Finale.PNG\" decoding=\"async\" width=\"120\" height=\"69\" srcset=\"\/images\/thumb\/f\/f4\/Finale.PNG\/180px-Finale.PNG 1.5x, \/images\/thumb\/f\/f4\/Finale.PNG\/240px-Finale.PNG 2x\" \/><\/a><\/div>\n<\/div>\n<div class=\"gallerytext\">\n\t\t\t<\/div>\n<\/p><\/div>\n<\/li>\n<\/ul>\n<h2><span class=\"mw-headline\" id=\"Weblinks\">Weblinks<\/span><a href=\"\/index.php?title=Finale:_FC_Salzburg_gegen_Benfica_Lissabon&amp;action=edit&amp;section=3\" title=\"Abschnitt bearbeiten: Weblinks\">Bearbeiten<\/a><span class=\"mw-editsection-bracket\">]<\/span><\/span><\/h2>\n<ul>\n<li><a rel=\"nofollow\" class=\"external text\" href=\"http:\/\/www.redbullsalzburg.at\/de\/fc-red-bull-salzburg\/news\/saison_2016_17\/jungbullen-setzen-sich-internationale-krone-auf.html\">Spielbericht Vereinshomepage<\/a><\/li>\n<\/ul>\n<h2><span class=\"mw-headline\" id=\"Stimmen_zum_Spiel\">Stimmen zum Spiel<\/span><a href=\"\/index.php?title=Finale:_FC_Salzburg_gegen_Benfica_Lissabon&amp;action=edit&amp;section=4\" title=\"Abschnitt bearbeiten: Stimmen zum Spiel\">Bearbeiten<\/a><span class=\"mw-editsection-bracket\">]<\/span><\/span><\/h2>\n<p><b>Marco Rose:<\/b> Ich bin wahnsinnig stolz auf die Jungs, die dem Verein heute die beste Reputation \u00fcberhaupt beschert haben. Sp\u00e4testens heute wei\u00df man in Europa, dass auch in \u00d6sterreich richtig guter Fu\u00dfball gespielt wird. Die Entwicklung der Jungs ist noch lange nicht am Ende. Sie sollen und d\u00fcrfen diesen Sieg lange genie\u00dfen, aber es liegt noch ein weiter Weg vor uns.\n<\/p>\n<p>\n<b>Hannes Wolf:<\/b> Wir sind \u00fcbergl\u00fccklich, aber es ist gerade schwer in Worte zu fassen. Im Moment kann ich es noch gar nicht fassen. Jeder, der schon einmal einen gro\u00dfen Titel gewonnen hat, wird es nachvollziehen k\u00f6nnen, dass man erst eine Zeit braucht, um das zu realisieren. Wir waren in der zweiten Halbzeit viel besser und haben w\u00e4hrend des gesamten Turniers viel Moral bewiesen.\n<\/p>\n<\/div>\n","protected":false},"excerpt":{"rendered":"<p>FaktenBearbeiten] FC Red Bull Salzburg (U19) gegen Benfica Lissabon (U19), 2:1 Spieltag UEFA Youth League Finale Datum 24. April 2017 Anpfiff 17 Uhr Aufstellung Tor Bartlomiej Zynel Verteidigung Sandro Ingolitsch (C) &#8211; Igor &#8211; Luca Meisl &#8211; Gideon Mensah Mittelfeld Philipp Sturm &#8211; Amadou Haidara &#8211; Nico Gorzel &#8211; Hannes Wolf Sturm Nicolas Meister &#8211; [&hellip;]<\/p>\n","protected":false},"author":1,"featured_media":0,"parent":0,"menu_order":0,"comment_status":"closed","ping_status":"closed","template":"","meta":{"footnotes":""},"class_list":["post-4446","page","type-page","status-publish","hentry"],"_links":{"self":[{"href":"https:\/\/wiki.s12.at\/index.php\/wp-json\/wp\/v2\/pages\/4446","targetHints":{"allow":["GET"]}}],"collection":[{"href":"https:\/\/wiki.s12.at\/index.php\/wp-json\/wp\/v2\/pages"}],"about":[{"href":"https:\/\/wiki.s12.at\/index.php\/wp-json\/wp\/v2\/types\/page"}],"author":[{"embeddable":true,"href":"https:\/\/wiki.s12.at\/index.php\/wp-json\/wp\/v2\/users\/1"}],"replies":[{"embeddable":true,"href":"https:\/\/wiki.s12.at\/index.php\/wp-json\/wp\/v2\/comments?post=4446"}],"version-history":[{"count":0,"href":"https:\/\/wiki.s12.at\/index.php\/wp-json\/wp\/v2\/pages\/4446\/revisions"}],"wp:attachment":[{"href":"https:\/\/wiki.s12.at\/index.php\/wp-json\/wp\/v2\/media?parent=4446"}],"curies":[{"name":"wp","href":"https:\/\/api.w.org\/{rel}","templated":true}]}}

<div class="mw-parser-output">
<h2><span class="mw-headline" id="Fakten">Fakten</span><a href="/index.php?title=Finale:_FC_Salzburg_gegen_Benfica_Lissabon&amp;action=edit&amp;section=1" title="Abschnitt bearbeiten: Fakten">Bearbeiten</a><span class="mw-editsection-bracket">]</span></span></h2>
<table class="toptextcells toccolours">
<tbody>
<tr>
<th colspan="2" style="text-align: center; vertical-align: top; padding: 0.3em 0.8em; font-size: 125%; background-color: lightsteelblue;">FC Red Bull Salzburg (U19) gegen Benfica Lissabon (U19), 2:1
</th>
</tr>
<tr>
<th style="text-align:left;"><b>Spieltag</b>
</th>
<th style="text-align:left;">UEFA Youth League Finale
</th>
</tr>
<tr>
<th style="text-align:left;"><b>Datum</b>
</th>
<th style="text-align:left;">24. April  2017
</th>
</tr>
<tr>
<th style="text-align:left;"><b>Anpfiff</b>
</th>
<th style="text-align:left;">17 Uhr
</th>
</tr>
<tr>
<td colspan="2" style="text-align:center;" bgcolor="lightgray"><b>Aufstellung</b>
</td>
</tr>
<tr>
<th style="text-align:left;"><b>Tor</b>
</th>
<th><a href="/Bartlomiej_Zynel" class="mw-redirect" title="Bartlomiej Zynel">Bartlomiej Zynel</a>
</th>
</tr>
<tr>
<th style="text-align:left;"><b>Verteidigung</b>
</th>
<th><a href="/Sandro_Ingolitsch" title="Sandro Ingolitsch">Sandro Ingolitsch</a> (C) &#8211; <a href="/Igor" class="mw-redirect" title="Igor">Igor</a> &#8211; <a href="/Luca_Meisl" title="Luca Meisl">Luca Meisl</a> &#8211; <a href="/Gideon_Mensah" title="Gideon Mensah">Gideon Mensah</a>
</th>
</tr>
<tr>
<th style="text-align:left;"><b>Mittelfeld</b>
</th>
<th><a href="/Philipp_Sturm" title="Philipp Sturm">Philipp Sturm</a> &#8211; <a href="/Amadou_Haidara" title="Amadou Haidara">Amadou Haidara</a> &#8211; <a href="/Nico_Gorzel" title="Nico Gorzel">Nico Gorzel</a> &#8211; <a href="/Hannes_Wolf" title="Hannes Wolf">Hannes Wolf</a>
</th>
</tr>
<tr>
<th style="text-align:left;"><b>Sturm</b>
</th>
<th><a href="/Nicolas_Meister" title="Nicolas Meister">Nicolas Meister</a> &#8211; <a href="/Mergim_Berisha" title="Mergim Berisha">Mergim Berisha</a>
</th>
</tr>
<tr>
<td colspan="2" style="text-align:center;" bgcolor="lightgray"><b>Wechsel</b>
</td>
</tr>
<tr>
<th style="text-align:left;"><b>Wechsel</b>
</th>
<th style="text-align:left;"><a href="/Patson_Daka" title="Patson Daka">Patson Daka </a> für Meister (54.), <a href="/Alexander_Schmidt" title="Alexander Schmidt">Alexander Schmidt</a> für Sturm (68.), <a href="/Bojan_Lugonja" title="Bojan Lugonja">Bojan Lugonja </a> für Wolf (90.)
</th>
</tr>
<tr>
<td colspan="2" style="text-align:center;" bgcolor="lightgray"><b>Statistik</b>
</td>
</tr>
<tr>
<th style="text-align:left;"><b>Endstand</b>
</th>
<th style="text-align:left;">2:1 (0:1)
</th>
</tr>
<tr>
<th style="text-align:left;"><b>Torschützen</b>
</th>
<th style="text-align:left;">Daka (70.), Schmidt (76.); Jose Gomes (29.)
</th>
</tr>
<tr>
<th style="text-align:left;"><b>Gelbe Karten</b>
</th>
<th style="text-align:left;">Buta (66.), Florentino (89.), Gomes (90.);  Haidara (61.), Ingolitsch (89.)
</th>
</tr>
<tr>
<th style="text-align:left;"><b>Rote Karten</b>
</th>
<th style="text-align:left;">gelb-rot: Ingolitsch (90.)
</th>
</tr>
<tr>
<th style="text-align:left;"><b>Schiedsrichter</b>
</th>
<th style="text-align:left;">Ali Palabiyik (TUR)
</th>
</tr>
<tr>
<th style="text-align:left;"><b>Stadion</b>
</th>
<th style="text-align:left;">Colovray Sports Centre, Nyon
</th>
</tr>
<tr>
<th style="text-align:left;"><b>Zuschauer</b>
</th>
<th style="text-align:left;">4 000
</th>
</tr>
</tbody>
</table>
<h2><span class="mw-headline" id="Bilder">Bilder</span><a href="/index.php?title=Finale:_FC_Salzburg_gegen_Benfica_Lissabon&amp;action=edit&amp;section=2" title="Abschnitt bearbeiten: Bilder">Bearbeiten</a><span class="mw-editsection-bracket">]</span></span></h2>
<ul class="gallery mw-gallery-traditional">
<li class="gallerybox" style="width: 155px">
<div style="width: 155px">
<div class="thumb" style="width: 150px;">
<div style="margin:40.5px auto;"><a href="/Datei:Finale.PNG" class="image"><img alt="Finale.PNG" src="/images/thumb/f/f4/Finale.PNG/120px-Finale.PNG" decoding="async" width="120" height="69" srcset="/images/thumb/f/f4/Finale.PNG/180px-Finale.PNG 1.5x, /images/thumb/f/f4/Finale.PNG/240px-Finale.PNG 2x" /></a></div>
</div>
<div class="gallerytext">
			</div>
</p></div>
</li>
</ul>
<h2><span class="mw-headline" id="Weblinks">Weblinks</span><a href="/index.php?title=Finale:_FC_Salzburg_gegen_Benfica_Lissabon&amp;action=edit&amp;section=3" title="Abschnitt bearbeiten: Weblinks">Bearbeiten</a><span class="mw-editsection-bracket">]</span></span></h2>
<ul>
<li><a rel="nofollow" class="external text" href="http://www.redbullsalzburg.at/de/fc-red-bull-salzburg/news/saison_2016_17/jungbullen-setzen-sich-internationale-krone-auf.html">Spielbericht Vereinshomepage</a></li>
</ul>
<h2><span class="mw-headline" id="Stimmen_zum_Spiel">Stimmen zum Spiel</span><a href="/index.php?title=Finale:_FC_Salzburg_gegen_Benfica_Lissabon&amp;action=edit&amp;section=4" title="Abschnitt bearbeiten: Stimmen zum Spiel">Bearbeiten</a><span class="mw-editsection-bracket">]</span></span></h2>
<p><b>Marco Rose:</b> Ich bin wahnsinnig stolz auf die Jungs, die dem Verein heute die beste Reputation überhaupt beschert haben. Spätestens heute weiß man in Europa, dass auch in Österreich richtig guter Fußball gespielt wird. Die Entwicklung der Jungs ist noch lange nicht am Ende. Sie sollen und dürfen diesen Sieg lange genießen, aber es liegt noch ein weiter Weg vor uns.
</p>
<p>
<b>Hannes Wolf:</b> Wir sind überglücklich, aber es ist gerade schwer in Worte zu fassen. Im Moment kann ich es noch gar nicht fassen. Jeder, der schon einmal einen großen Titel gewonnen hat, wird es nachvollziehen können, dass man erst eine Zeit braucht, um das zu realisieren. Wir waren in der zweiten Halbzeit viel besser und haben während des gesamten Turniers viel Moral bewiesen.
</p>
</div>
