{"id":4441,"date":"2026-05-06T15:47:36","date_gmt":"2026-05-06T13:47:36","guid":{"rendered":"https:\/\/wiki.s12.at\/index.php\/feyenoord-rotterdam-gegen-fc-salzburg\/"},"modified":"2026-05-06T15:47:36","modified_gmt":"2026-05-06T13:47:36","slug":"feyenoord-rotterdam-gegen-fc-salzburg","status":"publish","type":"page","link":"https:\/\/wiki.s12.at\/index.php\/feyenoord-rotterdam-gegen-fc-salzburg\/","title":{"rendered":"Feyenoord Rotterdam gegen FC Salzburg"},"content":{"rendered":"<div class=\"mw-parser-output\">\n<table class=\"toptextcells toccolours\">\n<tbody>\n<tr>\n<th colspan=\"2\" style=\"text-align: center; vertical-align: top; padding: 0.3em 0.8em; font-size: 125%; background-color: lightsteelblue;\">Feyenoord Rotterdam  gegen FC Salzburg, 1:3\n<\/th>\n<\/tr>\n<tr>\n<th style=\"text-align:left;\"><b>Spieltag<\/b>\n<\/th>\n<th style=\"text-align:left;\">UEFA Champions League, Spieltag 4\n<\/th>\n<\/tr>\n<tr>\n<th style=\"text-align:left;\"><b>Datum<\/b>\n<\/th>\n<th style=\"text-align:left;\">6. November 2024\n<\/th>\n<\/tr>\n<tr>\n<th style=\"text-align:left;\"><b>Anpfiff<\/b>\n<\/th>\n<th style=\"text-align:left;\">21 Uhr\n<\/th>\n<\/tr>\n<tr>\n<td colspan=\"2\" style=\"text-align:center;\" bgcolor=\"lightgray\"><b>Aufstellung<\/b>\n<\/td>\n<\/tr>\n<tr>\n<th style=\"text-align:left;\"><b>Tor<\/b>\n<\/th>\n<th><a href=\"\/Janis_Blaswich\" title=\"Janis Blaswich\">Janis Blaswich<\/a>\n<\/th>\n<\/tr>\n<tr>\n<th style=\"text-align:left;\"><b>Verteidigung<\/b>\n<\/th>\n<th><a href=\"\/Aleksa_Terzic\" title=\"Aleksa Terzic\">Aleksa Terzic<\/a> &#8211;<a href=\"\/Kamil_Piatkowski\" title=\"Kamil Piatkowski\">Kamil Piatkowski<\/a> &#8211;   <a href=\"\/Samson_Baidoo\" title=\"Samson Baidoo\">Samson Baidoo<\/a> &#8211;<a href=\"\/Nicolas_Capaldo\" title=\"Nicolas Capaldo\">Nicolas Capaldo<\/a>\n<\/th>\n<\/tr>\n<tr>\n<th style=\"text-align:left;\"><b>Mittelfeld<\/b>\n<\/th>\n<th><a href=\"\/Bobby_Clark\" title=\"Bobby Clark\">Bobby Clark<\/a> \u2013 <a href=\"\/Mamady_Diambou\" title=\"Mamady Diambou\">Mamady Diambou<\/a>&#8211;  <a href=\"\/Lucas_Gourna-Douath\" title=\"Lucas Gourna-Douath\">Lucas Gourna-Douath<\/a>\n<\/th>\n<\/tr>\n<tr>\n<th style=\"text-align:left;\"><b>Sturm<\/b>\n<\/th>\n<th><a href=\"\/Oscar_Gloukh\" title=\"Oscar Gloukh\">Oscar Gloukh<\/a>&#8211;  <a href=\"\/Karim_Konate\" title=\"Karim Konate\">Karim Konate<\/a>  \u2013 <a href=\"\/Dorgeles_Nene\" class=\"mw-redirect\" title=\"Dorgeles Nene\">Dorgeles Nene<\/a>\n<\/th>\n<\/tr>\n<tr>\n<td colspan=\"2\" style=\"text-align:center;\" bgcolor=\"lightgray\"><b>Wechsel<\/b>\n<\/td>\n<\/tr>\n<tr>\n<th style=\"text-align:left;\"><b>Wechsel<\/b>\n<\/th>\n<th style=\"text-align:left;\"><a href=\"\/Daouda_Guindo\" title=\"Daouda Guindo\">Daouda Guindo<\/a> f\u00fcr Gourna-Douath (81.), <a href=\"\/Moussa_Yeo\" class=\"mw-redirect\" title=\"Moussa Yeo\">Moussa Yeo<\/a> f\u00fcr Nene (81.), <a href=\"\/Leandro_Morgalla\" title=\"Leandro Morgalla\">Leandro Morgalla<\/a> f\u00fcr Capaldo (90.), <br \/><a href=\"\/Adam_Daghim\" title=\"Adam Daghim\">Adam Daghim<\/a> f\u00fcr Konate (94.)\n<\/th>\n<\/tr>\n<tr>\n<td colspan=\"2\" style=\"text-align:center;\" bgcolor=\"lightgray\"><b>Statistik<\/b>\n<\/td>\n<\/tr>\n<tr>\n<th style=\"text-align:left;\"><b>Endstand<\/b>\n<\/th>\n<th style=\"text-align:left;\">1:3 (0:1)\n<\/th>\n<\/tr>\n<tr>\n<th style=\"text-align:left;\"><b>Torsch\u00fctzen<\/b>\n<\/th>\n<th style=\"text-align:left;\">Moussa  (81.), Konate (45.+2, 58.), Guindo  (86.)\n<\/th>\n<\/tr>\n<tr>\n<th style=\"text-align:left;\"><b>Gelbe Karten<\/b>\n<\/th>\n<th style=\"text-align:left;\">Osman  (21.); Blaswich (66.), Capaldo (72.)\n<\/th>\n<\/tr>\n<tr>\n<th style=\"text-align:left;\"><b>Rote Karten<\/b>\n<\/th>\n<th style=\"text-align:left;\">Nadje (80.)\n<\/th>\n<\/tr>\n<tr>\n<th style=\"text-align:left;\"><b>Schiedsrichter<\/b>\n<\/th>\n<th style=\"text-align:left;\">Donatas Rum\u0161as (LTU)\n<\/th>\n<\/tr>\n<tr>\n<th style=\"text-align:left;\"><b>Stadion<\/b>\n<\/th>\n<th style=\"text-align:left;\">De Kuip, Rotterdam\n<\/th>\n<\/tr>\n<tr>\n<th style=\"text-align:left;\"><b>Zuschauer<\/b>\n<\/th>\n<th style=\"text-align:left;\">43.500\n<\/th>\n<\/tr>\n<\/tbody>\n<\/table>\n<h2><span class=\"mw-headline\" id=\"Spielbericht\">Spielbericht<\/span><a href=\"\/index.php?title=Feyenoord_Rotterdam_gegen_FC_Salzburg&amp;action=edit&amp;section=1\" title=\"Abschnitt bearbeiten: Spielbericht\">Bearbeiten<\/a><span class=\"mw-editsection-bracket\">]<\/span><\/span><\/h2>\n<p><a rel=\"nofollow\" class=\"external text\" href=\"https:\/\/www.redbullsalzburg.at\/de\/2024-2025\/spielplan\/champions-league-runde-4-feyenoord-vs-fc-salzburg#spielbericht\">Spielbericht Vereinshomepage<\/a>\n<\/p>\n<h2><span class=\"mw-headline\" id=\"Stimmen_zum_Spiel\">Stimmen zum Spiel<\/span><a href=\"\/index.php?title=Feyenoord_Rotterdam_gegen_FC_Salzburg&amp;action=edit&amp;section=2\" title=\"Abschnitt bearbeiten: Stimmen zum Spiel\">Bearbeiten<\/a><span class=\"mw-editsection-bracket\">]<\/span><\/span><\/h2>\n<p><b>Pepijn Lijnders:<\/b>   Ich bin sehr gl\u00fccklich mit den Burschen, da f\u00e4llt eine gro\u00dfe Last von den Schultern! Mit unserer Geschlossenheit und Kompaktheit sowie unserer Aggressivit\u00e4t gegen den Ball haben wir das Stadion etwas leiser werden lassen. Dieses Team hat richtig reif gespielt, bis zum 2:0 war es exzellent. Dieses Gef\u00fchl m\u00fcssen wir jetzt mitnehmen!\n<\/p>\n<p><b>Samson Baidoo:<\/b> Man hat heute gesehen, dass eine Mannschaft auf dem Platz gestanden ist. Heute war der Tag, an dem wir ein richtig gutes Spiel absolviert und von vorne bis hinten super verteidigt haben. Auch in den wenigen Phasen, in denen es nicht f\u00fcr uns gelaufen ist, waren wir wirklich kompakt und haben es gut gemacht \u2013 verdiente drei Punkte!\n<\/p>\n<\/div>\n","protected":false},"excerpt":{"rendered":"<p>Feyenoord Rotterdam gegen FC Salzburg, 1:3 Spieltag UEFA Champions League, Spieltag 4 Datum 6. November 2024 Anpfiff 21 Uhr Aufstellung Tor Janis Blaswich Verteidigung Aleksa Terzic &#8211;Kamil Piatkowski &#8211; Samson Baidoo &#8211;Nicolas Capaldo Mittelfeld Bobby Clark \u2013 Mamady Diambou&#8211; Lucas Gourna-Douath Sturm Oscar Gloukh&#8211; Karim Konate \u2013 Dorgeles Nene Wechsel Wechsel Daouda Guindo f\u00fcr Gourna-Douath [&hellip;]<\/p>\n","protected":false},"author":1,"featured_media":0,"parent":0,"menu_order":0,"comment_status":"closed","ping_status":"closed","template":"","meta":{"footnotes":""},"class_list":["post-4441","page","type-page","status-publish","hentry"],"_links":{"self":[{"href":"https:\/\/wiki.s12.at\/index.php\/wp-json\/wp\/v2\/pages\/4441","targetHints":{"allow":["GET"]}}],"collection":[{"href":"https:\/\/wiki.s12.at\/index.php\/wp-json\/wp\/v2\/pages"}],"about":[{"href":"https:\/\/wiki.s12.at\/index.php\/wp-json\/wp\/v2\/types\/page"}],"author":[{"embeddable":true,"href":"https:\/\/wiki.s12.at\/index.php\/wp-json\/wp\/v2\/users\/1"}],"replies":[{"embeddable":true,"href":"https:\/\/wiki.s12.at\/index.php\/wp-json\/wp\/v2\/comments?post=4441"}],"version-history":[{"count":0,"href":"https:\/\/wiki.s12.at\/index.php\/wp-json\/wp\/v2\/pages\/4441\/revisions"}],"wp:attachment":[{"href":"https:\/\/wiki.s12.at\/index.php\/wp-json\/wp\/v2\/media?parent=4441"}],"curies":[{"name":"wp","href":"https:\/\/api.w.org\/{rel}","templated":true}]}}

<div class="mw-parser-output">
<table class="toptextcells toccolours">
<tbody>
<tr>
<th colspan="2" style="text-align: center; vertical-align: top; padding: 0.3em 0.8em; font-size: 125%; background-color: lightsteelblue;">Feyenoord Rotterdam  gegen FC Salzburg, 1:3
</th>
</tr>
<tr>
<th style="text-align:left;"><b>Spieltag</b>
</th>
<th style="text-align:left;">UEFA Champions League, Spieltag 4
</th>
</tr>
<tr>
<th style="text-align:left;"><b>Datum</b>
</th>
<th style="text-align:left;">6. November 2024
</th>
</tr>
<tr>
<th style="text-align:left;"><b>Anpfiff</b>
</th>
<th style="text-align:left;">21 Uhr
</th>
</tr>
<tr>
<td colspan="2" style="text-align:center;" bgcolor="lightgray"><b>Aufstellung</b>
</td>
</tr>
<tr>
<th style="text-align:left;"><b>Tor</b>
</th>
<th><a href="/Janis_Blaswich" title="Janis Blaswich">Janis Blaswich</a>
</th>
</tr>
<tr>
<th style="text-align:left;"><b>Verteidigung</b>
</th>
<th><a href="/Aleksa_Terzic" title="Aleksa Terzic">Aleksa Terzic</a> &#8211;<a href="/Kamil_Piatkowski" title="Kamil Piatkowski">Kamil Piatkowski</a> &#8211;   <a href="/Samson_Baidoo" title="Samson Baidoo">Samson Baidoo</a> &#8211;<a href="/Nicolas_Capaldo" title="Nicolas Capaldo">Nicolas Capaldo</a>
</th>
</tr>
<tr>
<th style="text-align:left;"><b>Mittelfeld</b>
</th>
<th><a href="/Bobby_Clark" title="Bobby Clark">Bobby Clark</a> – <a href="/Mamady_Diambou" title="Mamady Diambou">Mamady Diambou</a>&#8211;  <a href="/Lucas_Gourna-Douath" title="Lucas Gourna-Douath">Lucas Gourna-Douath</a>
</th>
</tr>
<tr>
<th style="text-align:left;"><b>Sturm</b>
</th>
<th><a href="/Oscar_Gloukh" title="Oscar Gloukh">Oscar Gloukh</a>&#8211;  <a href="/Karim_Konate" title="Karim Konate">Karim Konate</a>  – <a href="/Dorgeles_Nene" class="mw-redirect" title="Dorgeles Nene">Dorgeles Nene</a>
</th>
</tr>
<tr>
<td colspan="2" style="text-align:center;" bgcolor="lightgray"><b>Wechsel</b>
</td>
</tr>
<tr>
<th style="text-align:left;"><b>Wechsel</b>
</th>
<th style="text-align:left;"><a href="/Daouda_Guindo" title="Daouda Guindo">Daouda Guindo</a> für Gourna-Douath (81.), <a href="/Moussa_Yeo" class="mw-redirect" title="Moussa Yeo">Moussa Yeo</a> für Nene (81.), <a href="/Leandro_Morgalla" title="Leandro Morgalla">Leandro Morgalla</a> für Capaldo (90.), <br /><a href="/Adam_Daghim" title="Adam Daghim">Adam Daghim</a> für Konate (94.)
</th>
</tr>
<tr>
<td colspan="2" style="text-align:center;" bgcolor="lightgray"><b>Statistik</b>
</td>
</tr>
<tr>
<th style="text-align:left;"><b>Endstand</b>
</th>
<th style="text-align:left;">1:3 (0:1)
</th>
</tr>
<tr>
<th style="text-align:left;"><b>Torschützen</b>
</th>
<th style="text-align:left;">Moussa  (81.), Konate (45.+2, 58.), Guindo  (86.)
</th>
</tr>
<tr>
<th style="text-align:left;"><b>Gelbe Karten</b>
</th>
<th style="text-align:left;">Osman  (21.); Blaswich (66.), Capaldo (72.)
</th>
</tr>
<tr>
<th style="text-align:left;"><b>Rote Karten</b>
</th>
<th style="text-align:left;">Nadje (80.)
</th>
</tr>
<tr>
<th style="text-align:left;"><b>Schiedsrichter</b>
</th>
<th style="text-align:left;">Donatas Rumšas (LTU)
</th>
</tr>
<tr>
<th style="text-align:left;"><b>Stadion</b>
</th>
<th style="text-align:left;">De Kuip, Rotterdam
</th>
</tr>
<tr>
<th style="text-align:left;"><b>Zuschauer</b>
</th>
<th style="text-align:left;">43.500
</th>
</tr>
</tbody>
</table>
<h2><span class="mw-headline" id="Spielbericht">Spielbericht</span><a href="/index.php?title=Feyenoord_Rotterdam_gegen_FC_Salzburg&amp;action=edit&amp;section=1" title="Abschnitt bearbeiten: Spielbericht">Bearbeiten</a><span class="mw-editsection-bracket">]</span></span></h2>
<p><a rel="nofollow" class="external text" href="https://www.redbullsalzburg.at/de/2024-2025/spielplan/champions-league-runde-4-feyenoord-vs-fc-salzburg#spielbericht">Spielbericht Vereinshomepage</a>
</p>
<h2><span class="mw-headline" id="Stimmen_zum_Spiel">Stimmen zum Spiel</span><a href="/index.php?title=Feyenoord_Rotterdam_gegen_FC_Salzburg&amp;action=edit&amp;section=2" title="Abschnitt bearbeiten: Stimmen zum Spiel">Bearbeiten</a><span class="mw-editsection-bracket">]</span></span></h2>
<p><b>Pepijn Lijnders:</b>   Ich bin sehr glücklich mit den Burschen, da fällt eine große Last von den Schultern! Mit unserer Geschlossenheit und Kompaktheit sowie unserer Aggressivität gegen den Ball haben wir das Stadion etwas leiser werden lassen. Dieses Team hat richtig reif gespielt, bis zum 2:0 war es exzellent. Dieses Gefühl müssen wir jetzt mitnehmen!
</p>
<p><b>Samson Baidoo:</b> Man hat heute gesehen, dass eine Mannschaft auf dem Platz gestanden ist. Heute war der Tag, an dem wir ein richtig gutes Spiel absolviert und von vorne bis hinten super verteidigt haben. Auch in den wenigen Phasen, in denen es nicht für uns gelaufen ist, waren wir wirklich kompakt und haben es gut gemacht – verdiente drei Punkte!
</p>
</div>

<p>Feyenoord Rotterdam gegen FC Salzburg, 1:3 Spieltag UEFA Champions League, Spieltag 4 Datum 6. November 2024 Anpfiff 21 Uhr Aufstellung Tor Janis Blaswich Verteidigung Aleksa Terzic &#8211;Kamil Piatkowski &#8211; Samson Baidoo &#8211;Nicolas Capaldo Mittelfeld Bobby Clark – Mamady Diambou&#8211; Lucas Gourna-Douath Sturm Oscar Gloukh&#8211; Karim Konate – Dorgeles Nene Wechsel Wechsel Daouda Guindo für Gourna-Douath [&hellip;]</p>
