{"id":4440,"date":"2026-05-06T15:47:34","date_gmt":"2026-05-06T13:47:34","guid":{"rendered":"https:\/\/wiki.s12.at\/index.php\/feyenoord-rotterdam-u19-gegen-fc-salzburg-u19\/"},"modified":"2026-05-06T15:47:34","modified_gmt":"2026-05-06T13:47:34","slug":"feyenoord-rotterdam-u19-gegen-fc-salzburg-u19","status":"publish","type":"page","link":"https:\/\/wiki.s12.at\/index.php\/feyenoord-rotterdam-u19-gegen-fc-salzburg-u19\/","title":{"rendered":"Feyenoord Rotterdam U19 gegen FC Salzburg U19"},"content":{"rendered":"<div class=\"mw-parser-output\">\n<table class=\"toptextcells toccolours\">\n<tbody>\n<tr>\n<th colspan=\"2\" style=\"text-align: center; vertical-align: top; padding: 0.3em 0.8em; font-size: 125%; background-color: lightsteelblue;\">Feyenoord Rotterdam U19 gegen FC Salzburg U19, 2:2\n<\/th>\n<\/tr>\n<tr>\n<th style=\"text-align:left;\"><b>Spieltag<\/b>\n<\/th>\n<th style=\"text-align:left;\">UEFA Youth League\n<\/th>\n<\/tr>\n<tr>\n<th style=\"text-align:left;\"><b>Datum<\/b>\n<\/th>\n<th style=\"text-align:left;\">6. November 2024\n<\/th>\n<\/tr>\n<tr>\n<th style=\"text-align:left;\"><b>Anpfiff<\/b>\n<\/th>\n<th style=\"text-align:left;\">14 Uhr\n<\/th>\n<\/tr>\n<tr>\n<td colspan=\"2\" style=\"text-align:center;\" bgcolor=\"lightgray\"><b>Aufstellung<\/b>\n<\/td>\n<\/tr>\n<tr>\n<th style=\"text-align:left;\"><b>Tor<\/b>\n<\/th>\n<th><a href=\"\/Christian_Zawieschitzky\" title=\"Christian Zawieschitzky\">Christian Zawieschitzky <\/a>\n<\/th>\n<\/tr>\n<tr>\n<th style=\"text-align:left;\"><b>Verteidigung<\/b>\n<\/th>\n<th><a href=\"\/Kristjan_Bendra\" title=\"Kristjan Bendra\">Kristjan Bendra<\/a> &#8211;  <a href=\"\/Valentin_Zabransky\" title=\"Valentin Zabransky\">Valentin Zabransky<\/a> &#8211;<a href=\"\/Joane_Gadou\" title=\"Joane Gadou\">Joane Gadou<\/a> &#8211;  <a href=\"\/Quirin_Rackl\" title=\"Quirin Rackl\">Quirin Rackl<\/a>\n<\/th>\n<\/tr>\n<tr>\n<th style=\"text-align:left;\"><b>Mittelfeld<\/b>\n<\/th>\n<th><a href=\"\/Enrique_Aguilar\" title=\"Enrique Aguilar\">Enrique Aguilar<\/a> \u2013 <a href=\"\/Tim_Paumgartner\" title=\"Tim Paumgartner\">Tim Paumgartner<\/a>&#8211; <a href=\"\/Tim_Trummer\" title=\"Tim Trummer\">Tim Trummer<\/a> &#8211; <a href=\"\/Marc_Striednig\" title=\"Marc Striednig\">Marc Striednig<\/a>\n<\/th>\n<\/tr>\n<tr>\n<th style=\"text-align:left;\"><b>Sturm<\/b>\n<\/th>\n<th><a href=\"\/Edmund_Baidoo\" title=\"Edmund Baidoo\">Edmund Baidoo <\/a>&#8211;  <a href=\"\/Oghenetejiri_Adejenughure\" title=\"Oghenetejiri Adejenughure\">Oghenetejiri Adejenughure<\/a>\n<\/th>\n<\/tr>\n<tr>\n<td colspan=\"2\" style=\"text-align:center;\" bgcolor=\"lightgray\"><b>Wechsel<\/b>\n<\/td>\n<\/tr>\n<tr>\n<th style=\"text-align:left;\"><b>Wechsel<\/b>\n<\/th>\n<th style=\"text-align:left;\"><a href=\"\/Phillip_Verhounig\" title=\"Phillip Verhounig\">Phillip Verhounig<\/a> f\u00fcr Baidoo (46.), <a href=\"\/Jannik_Schuster\" title=\"Jannik Schuster\">Jannik Schuster<\/a> f\u00fcr Striednig (65.), <a href=\"\/Jakob_Brandtner\" title=\"Jakob Brandtner\">Jakob Brandtner<\/a>  f\u00fcr Aguilar (78.) <br \/> <a href=\"\/Marcel_Moswitzer\" title=\"Marcel Moswitzer\">Marcel Moswitzer<\/a> f\u00fcr Zabransky  (88.)\n<\/th>\n<\/tr>\n<tr>\n<td colspan=\"2\" style=\"text-align:center;\" bgcolor=\"lightgray\"><b>Statistik<\/b>\n<\/td>\n<\/tr>\n<tr>\n<th style=\"text-align:left;\"><b>Endstand<\/b>\n<\/th>\n<th style=\"text-align:left;\">2:2 (0:0)\n<\/th>\n<\/tr>\n<tr>\n<th style=\"text-align:left;\"><b>Torsch\u00fctzen<\/b>\n<\/th>\n<th style=\"text-align:left;\">Van den Elshout (64.), Rudisill (68.); Verhounig (46., 54.)\n<\/th>\n<\/tr>\n<tr>\n<th style=\"text-align:left;\"><b>Gelbe Karten<\/b>\n<\/th>\n<th style=\"text-align:left;\">Bendra (74.), Trummer (89.)\n<\/th>\n<\/tr>\n<tr>\n<th style=\"text-align:left;\"><b>Rote Karten<\/b>\n<\/th>\n<th style=\"text-align:left;\">Adejenughure (70.)\n<\/th>\n<\/tr>\n<tr>\n<th style=\"text-align:left;\"><b>Schiedsrichter<\/b>\n<\/th>\n<th style=\"text-align:left;\">Catarina Campos (POR)\n<\/th>\n<\/tr>\n<tr>\n<th style=\"text-align:left;\"><b>Stadion<\/b>\n<\/th>\n<th style=\"text-align:left;\">Sportcomplex Varkenoord, Rotterdam\n<\/th>\n<\/tr>\n<tr>\n<th style=\"text-align:left;\"><b>Zuschauer<\/b>\n<\/th>\n<th style=\"text-align:left;\">\n<\/th>\n<\/tr>\n<\/tbody>\n<\/table>\n<h2><span class=\"mw-headline\" id=\"Spielbericht\">Spielbericht<\/span><a href=\"\/index.php?title=Feyenoord_Rotterdam_U19_gegen_FC_Salzburg_U19&amp;action=edit&amp;section=1\" title=\"Abschnitt bearbeiten: Spielbericht\">Bearbeiten<\/a><span class=\"mw-editsection-bracket\">]<\/span><\/span><\/h2>\n<p><a rel=\"nofollow\" class=\"external text\" href=\"https:\/\/www.redbullsalzburg.at\/de\/uefa-youth-league\/2024-2025\/spielplan-u19\/youth-league-runde-4-feyenoord-u19-vs-fc-salzburg-u19#spielbericht\">Spielbericht Vereinshomepage<\/a>\n<\/p>\n<h2><span class=\"mw-headline\" id=\"Bilder\">Bilder<\/span><a href=\"\/index.php?title=Feyenoord_Rotterdam_U19_gegen_FC_Salzburg_U19&amp;action=edit&amp;section=2\" title=\"Abschnitt bearbeiten: Bilder\">Bearbeiten<\/a><span class=\"mw-editsection-bracket\">]<\/span><\/span><\/h2>\n<p><img alt=\"\" src=\"\/images\/thumb\/4\/4a\/Commons-logo.svg\/langde-20px-Commons-logo.svg.png%3Futm_source%3Dcommons.wikimedia.org%26utm_campaign%3Dimageinfo%26utm_content%3Dthumbnail\" decoding=\"async\" title=\"Commons\" width=\"12\" height=\"16\" srcset=\"\/images\/thumb\/4\/4a\/Commons-logo.svg\/langde-40px-Commons-logo.svg.png%3Futm_source%3Dcommons.wikimedia.org%26utm_campaign%3Dimageinfo%26utm_content%3Dthumbnail 2x\" \/>&#160;<b><a href=\"http:\/\/commons.wikimedia.org\/wiki\/Category:Feyenoord_Rotterdam_U19_vs._FC_Salburg_U19_(_2024-11-06_)\" class=\"extiw\" title=\"commons:Category:Feyenoord Rotterdam U19 vs. FC Salburg U19 ( 2024-11-06 )\">Feyenoord Rotterdam U19 gegen FC Salzburg U19<\/a><\/b>&#160;\u2013 Sammlung von Bildern, Videos und Audiodateien auf <a href=\"\/Wikimedia_Commons\" title=\"Wikimedia Commons\">Wikimedia Commons<\/a>\n<\/p>\n<h2><span class=\"mw-headline\" id=\"Stimmen_zum_Spiel\">Stimmen zum Spiel<\/span><a href=\"\/index.php?title=Feyenoord_Rotterdam_U19_gegen_FC_Salzburg_U19&amp;action=edit&amp;section=3\" title=\"Abschnitt bearbeiten: Stimmen zum Spiel\">Bearbeiten<\/a><span class=\"mw-editsection-bracket\">]<\/span><\/span><\/h2>\n<p><b>Daniel Beichler:<\/b>  Wir waren in der ersten Halbzeit dr\u00fcckend \u00fcberlegen, hatten vier, f\u00fcnf ,Hunderter\u2018, von denen wir keinen verwerten konnten. Es ist schon ein Thema bei uns, dass wir nach dem 2:0 dann den Deckel nicht draufmachen. Wir haben unsere guten Umschaltmomente nicht fertiggespielt und dann die Rote Karte bekommen. Und mit dem Platzverweis hat sich das Spiel komplett ge\u00e4ndert \u2013 am Ende muss man froh sein, dass es ein Unentschieden geworden ist, richtig verr\u00fcckt!\n<\/p>\n<\/div>\n","protected":false},"excerpt":{"rendered":"<p>Feyenoord Rotterdam U19 gegen FC Salzburg U19, 2:2 Spieltag UEFA Youth League Datum 6. November 2024 Anpfiff 14 Uhr Aufstellung Tor Christian Zawieschitzky Verteidigung Kristjan Bendra &#8211; Valentin Zabransky &#8211;Joane Gadou &#8211; Quirin Rackl Mittelfeld Enrique Aguilar \u2013 Tim Paumgartner&#8211; Tim Trummer &#8211; Marc Striednig Sturm Edmund Baidoo &#8211; Oghenetejiri Adejenughure Wechsel Wechsel Phillip Verhounig [&hellip;]<\/p>\n","protected":false},"author":1,"featured_media":0,"parent":0,"menu_order":0,"comment_status":"closed","ping_status":"closed","template":"","meta":{"footnotes":""},"class_list":["post-4440","page","type-page","status-publish","hentry"],"_links":{"self":[{"href":"https:\/\/wiki.s12.at\/index.php\/wp-json\/wp\/v2\/pages\/4440","targetHints":{"allow":["GET"]}}],"collection":[{"href":"https:\/\/wiki.s12.at\/index.php\/wp-json\/wp\/v2\/pages"}],"about":[{"href":"https:\/\/wiki.s12.at\/index.php\/wp-json\/wp\/v2\/types\/page"}],"author":[{"embeddable":true,"href":"https:\/\/wiki.s12.at\/index.php\/wp-json\/wp\/v2\/users\/1"}],"replies":[{"embeddable":true,"href":"https:\/\/wiki.s12.at\/index.php\/wp-json\/wp\/v2\/comments?post=4440"}],"version-history":[{"count":0,"href":"https:\/\/wiki.s12.at\/index.php\/wp-json\/wp\/v2\/pages\/4440\/revisions"}],"wp:attachment":[{"href":"https:\/\/wiki.s12.at\/index.php\/wp-json\/wp\/v2\/media?parent=4440"}],"curies":[{"name":"wp","href":"https:\/\/api.w.org\/{rel}","templated":true}]}}

<div class="mw-parser-output">
<table class="toptextcells toccolours">
<tbody>
<tr>
<th colspan="2" style="text-align: center; vertical-align: top; padding: 0.3em 0.8em; font-size: 125%; background-color: lightsteelblue;">Feyenoord Rotterdam U19 gegen FC Salzburg U19, 2:2
</th>
</tr>
<tr>
<th style="text-align:left;"><b>Spieltag</b>
</th>
<th style="text-align:left;">UEFA Youth League
</th>
</tr>
<tr>
<th style="text-align:left;"><b>Datum</b>
</th>
<th style="text-align:left;">6. November 2024
</th>
</tr>
<tr>
<th style="text-align:left;"><b>Anpfiff</b>
</th>
<th style="text-align:left;">14 Uhr
</th>
</tr>
<tr>
<td colspan="2" style="text-align:center;" bgcolor="lightgray"><b>Aufstellung</b>
</td>
</tr>
<tr>
<th style="text-align:left;"><b>Tor</b>
</th>
<th><a href="/Christian_Zawieschitzky" title="Christian Zawieschitzky">Christian Zawieschitzky </a>
</th>
</tr>
<tr>
<th style="text-align:left;"><b>Verteidigung</b>
</th>
<th><a href="/Kristjan_Bendra" title="Kristjan Bendra">Kristjan Bendra</a> &#8211;  <a href="/Valentin_Zabransky" title="Valentin Zabransky">Valentin Zabransky</a> &#8211;<a href="/Joane_Gadou" title="Joane Gadou">Joane Gadou</a> &#8211;  <a href="/Quirin_Rackl" title="Quirin Rackl">Quirin Rackl</a>
</th>
</tr>
<tr>
<th style="text-align:left;"><b>Mittelfeld</b>
</th>
<th><a href="/Enrique_Aguilar" title="Enrique Aguilar">Enrique Aguilar</a> – <a href="/Tim_Paumgartner" title="Tim Paumgartner">Tim Paumgartner</a>&#8211; <a href="/Tim_Trummer" title="Tim Trummer">Tim Trummer</a> &#8211; <a href="/Marc_Striednig" title="Marc Striednig">Marc Striednig</a>
</th>
</tr>
<tr>
<th style="text-align:left;"><b>Sturm</b>
</th>
<th><a href="/Edmund_Baidoo" title="Edmund Baidoo">Edmund Baidoo </a>&#8211;  <a href="/Oghenetejiri_Adejenughure" title="Oghenetejiri Adejenughure">Oghenetejiri Adejenughure</a>
</th>
</tr>
<tr>
<td colspan="2" style="text-align:center;" bgcolor="lightgray"><b>Wechsel</b>
</td>
</tr>
<tr>
<th style="text-align:left;"><b>Wechsel</b>
</th>
<th style="text-align:left;"><a href="/Phillip_Verhounig" title="Phillip Verhounig">Phillip Verhounig</a> für Baidoo (46.), <a href="/Jannik_Schuster" title="Jannik Schuster">Jannik Schuster</a> für Striednig (65.), <a href="/Jakob_Brandtner" title="Jakob Brandtner">Jakob Brandtner</a>  für Aguilar (78.) <br /> <a href="/Marcel_Moswitzer" title="Marcel Moswitzer">Marcel Moswitzer</a> für Zabransky  (88.)
</th>
</tr>
<tr>
<td colspan="2" style="text-align:center;" bgcolor="lightgray"><b>Statistik</b>
</td>
</tr>
<tr>
<th style="text-align:left;"><b>Endstand</b>
</th>
<th style="text-align:left;">2:2 (0:0)
</th>
</tr>
<tr>
<th style="text-align:left;"><b>Torschützen</b>
</th>
<th style="text-align:left;">Van den Elshout (64.), Rudisill (68.); Verhounig (46., 54.)
</th>
</tr>
<tr>
<th style="text-align:left;"><b>Gelbe Karten</b>
</th>
<th style="text-align:left;">Bendra (74.), Trummer (89.)
</th>
</tr>
<tr>
<th style="text-align:left;"><b>Rote Karten</b>
</th>
<th style="text-align:left;">Adejenughure (70.)
</th>
</tr>
<tr>
<th style="text-align:left;"><b>Schiedsrichter</b>
</th>
<th style="text-align:left;">Catarina Campos (POR)
</th>
</tr>
<tr>
<th style="text-align:left;"><b>Stadion</b>
</th>
<th style="text-align:left;">Sportcomplex Varkenoord, Rotterdam
</th>
</tr>
<tr>
<th style="text-align:left;"><b>Zuschauer</b>
</th>
<th style="text-align:left;">
</th>
</tr>
</tbody>
</table>
<h2><span class="mw-headline" id="Spielbericht">Spielbericht</span><a href="/index.php?title=Feyenoord_Rotterdam_U19_gegen_FC_Salzburg_U19&amp;action=edit&amp;section=1" title="Abschnitt bearbeiten: Spielbericht">Bearbeiten</a><span class="mw-editsection-bracket">]</span></span></h2>
<p><a rel="nofollow" class="external text" href="https://www.redbullsalzburg.at/de/uefa-youth-league/2024-2025/spielplan-u19/youth-league-runde-4-feyenoord-u19-vs-fc-salzburg-u19#spielbericht">Spielbericht Vereinshomepage</a>
</p>
<h2><span class="mw-headline" id="Bilder">Bilder</span><a href="/index.php?title=Feyenoord_Rotterdam_U19_gegen_FC_Salzburg_U19&amp;action=edit&amp;section=2" title="Abschnitt bearbeiten: Bilder">Bearbeiten</a><span class="mw-editsection-bracket">]</span></span></h2>
<p><img alt="" src="/images/thumb/4/4a/Commons-logo.svg/langde-20px-Commons-logo.svg.png%3Futm_source%3Dcommons.wikimedia.org%26utm_campaign%3Dimageinfo%26utm_content%3Dthumbnail" decoding="async" title="Commons" width="12" height="16" srcset="/images/thumb/4/4a/Commons-logo.svg/langde-40px-Commons-logo.svg.png%3Futm_source%3Dcommons.wikimedia.org%26utm_campaign%3Dimageinfo%26utm_content%3Dthumbnail 2x" />&#160;<b><a href="http://commons.wikimedia.org/wiki/Category:Feyenoord_Rotterdam_U19_vs._FC_Salburg_U19_(_2024-11-06_)" class="extiw" title="commons:Category:Feyenoord Rotterdam U19 vs. FC Salburg U19 ( 2024-11-06 )">Feyenoord Rotterdam U19 gegen FC Salzburg U19</a></b>&#160;– Sammlung von Bildern, Videos und Audiodateien auf <a href="/Wikimedia_Commons" title="Wikimedia Commons">Wikimedia Commons</a>
</p>
<h2><span class="mw-headline" id="Stimmen_zum_Spiel">Stimmen zum Spiel</span><a href="/index.php?title=Feyenoord_Rotterdam_U19_gegen_FC_Salzburg_U19&amp;action=edit&amp;section=3" title="Abschnitt bearbeiten: Stimmen zum Spiel">Bearbeiten</a><span class="mw-editsection-bracket">]</span></span></h2>
<p><b>Daniel Beichler:</b>  Wir waren in der ersten Halbzeit drückend überlegen, hatten vier, fünf ,Hunderter‘, von denen wir keinen verwerten konnten. Es ist schon ein Thema bei uns, dass wir nach dem 2:0 dann den Deckel nicht draufmachen. Wir haben unsere guten Umschaltmomente nicht fertiggespielt und dann die Rote Karte bekommen. Und mit dem Platzverweis hat sich das Spiel komplett geändert – am Ende muss man froh sein, dass es ein Unentschieden geworden ist, richtig verrückt!
</p>
</div>
