{"id":4425,"date":"2026-05-06T15:47:24","date_gmt":"2026-05-06T13:47:24","guid":{"rendered":"https:\/\/wiki.s12.at\/index.php\/felix-adjei\/"},"modified":"2026-05-06T15:47:24","modified_gmt":"2026-05-06T13:47:24","slug":"felix-adjei","status":"publish","type":"page","link":"https:\/\/wiki.s12.at\/index.php\/felix-adjei\/","title":{"rendered":"Felix Adjei"},"content":{"rendered":"<div class=\"mw-parser-output\">\n<div class=\"thumb tright\">\n<div class=\"thumbinner\" style=\"width:232px;\"><a href=\"\/Datei:Testspiel_FC_Liefering_vs._WSG_Wattens_13.JPG\" class=\"image\"><img alt=\"\" src=\"\/images\/thumb\/d\/de\/Testspiel_FC_Liefering_vs._WSG_Wattens_13.JPG\/250px-Testspiel_FC_Liefering_vs._WSG_Wattens_13.JPG%3Futm_source%3Dcommons.wikimedia.org%26utm_campaign%3Dimageinfo%26utm_content%3Dthumbnail\" decoding=\"async\" width=\"230\" height=\"196\" class=\"thumbimage\" srcset=\"\/images\/thumb\/d\/de\/Testspiel_FC_Liefering_vs._WSG_Wattens_13.JPG\/500px-Testspiel_FC_Liefering_vs._WSG_Wattens_13.JPG%3Futm_source%3Dcommons.wikimedia.org%26utm_campaign%3Dimageinfo%26utm_content%3Dthumbnail 1.5x\" \/><\/a>  <\/p>\n<div class=\"thumbcaption\">\n<div class=\"magnify\"><a href=\"\/Datei:Testspiel_FC_Liefering_vs._WSG_Wattens_13.JPG\" class=\"internal\" title=\"vergr\u00f6\u00dfern\"><\/a><\/div>\n<p>Felix Adjei<\/p><\/div>\n<\/div>\n<\/div>\n<ul>\n<li>Name: <b>Felix Adjei<\/b><\/li>\n<li>Geburtstag: 17. Dezember 1990<\/li>\n<li>Geburtsort: Accra<\/li>\n<li>Geburtsland: Ghana<\/li>\n<li>Nationalit\u00e4t: Ghanaer <a href=\"\/Datei:Flag_of_Ghana.svg\" class=\"image\" title=\"Ghanaer\"><img alt=\"Ghanaer\" src=\"\/images\/thumb\/1\/19\/Flag_of_Ghana.svg\/langde-20px-Flag_of_Ghana.svg.png%3Futm_source%3Dcommons.wikimedia.org%26utm_campaign%3Dimageinfo%26utm_content%3Dthumbnail\" decoding=\"async\" width=\"20\" height=\"13\" srcset=\"\/images\/thumb\/1\/19\/Flag_of_Ghana.svg\/langde-40px-Flag_of_Ghana.svg.png%3Futm_source%3Dcommons.wikimedia.org%26utm_campaign%3Dimageinfo%26utm_content%3Dthumbnail 1.5x\" \/><\/a><\/li>\n<li>Gr\u00f6\u00dfe: 184 cm<\/li>\n<li>Position: Linkes Mittelfeld \/ Linker Fl\u00fcgelst\u00fcrmer<\/li>\n<li>R\u00fcckennummer: 16<\/li>\n<li>Starker Fu\u00df: Links<\/li>\n<li>Bundesligaspiele f\u00fcr Salzburg: 1 Spiel (0 Tore)<\/li>\n<\/ul>\n<h2><span class=\"mw-headline\" id=\"Stationen\">Stationen<\/span><a href=\"\/index.php?title=Felix_Adjei&amp;action=edit&amp;section=1\" title=\"Abschnitt bearbeiten: Stationen\">Bearbeiten<\/a><span class=\"mw-editsection-bracket\">]<\/span><\/span><\/h2>\n<ul>\n<li>Red Bull Ghana (2006-2009)<\/li>\n<li>Red Bull Juniors (2009-2012)<\/li>\n<li>Red Bull Salzburg (seit 2011)<\/li>\n<li>FC Liefering (2012-2015)<\/li>\n<li>Ume\u00e5 FC<\/li>\n<li>SC Wiener Neustadt<\/li>\n<li>WSG Wattens<\/li>\n<li>FC Pinzgau Saalfelden<\/li>\n<\/ul>\n<h2><span id=\"Titel_.26_Erfolge\"><\/span><span class=\"mw-headline\" id=\"Titel_&amp;_Erfolge\">Titel &amp; Erfolge<\/span><a href=\"\/index.php?title=Felix_Adjei&amp;action=edit&amp;section=2\" title=\"Abschnitt bearbeiten: Titel &amp; Erfolge\">Bearbeiten<\/a><span class=\"mw-editsection-bracket\">]<\/span><\/span><\/h2>\n<ul>\n<li>2x Meister Regionalliga West: 2011, 2013<\/li>\n<li>1x Gewinner Salzburger Fu\u00dfballcup: 2011<\/li>\n<\/ul>\n<h2><span class=\"mw-headline\" id=\"Besonderes\">Besonderes<\/span><a href=\"\/index.php?title=Felix_Adjei&amp;action=edit&amp;section=3\" title=\"Abschnitt bearbeiten: Besonderes\">Bearbeiten<\/a><span class=\"mw-editsection-bracket\">]<\/span><\/span><\/h2>\n<p>Im Servus TV Dokumentarfilm <i>Der Traum von Sogakope<\/i> wird \u00fcber den Weg von Felix Adjei in Ghana nach Salzburg berichtet. Nach gesundheitlichen Problem, die in 11 Monate vom Fu\u00dfball abhielten, bestritt er am 24. Juni 2014 sein erstes Spiel gegen die SV Gr\u00f6dig Amateure. Er wurde in der 67. Minute f\u00fcr Michael Brandner eingewechselt.\n<\/p>\n<h2><span class=\"mw-headline\" id=\"Bilder\">Bilder<\/span><a href=\"\/index.php?title=Felix_Adjei&amp;action=edit&amp;section=4\" title=\"Abschnitt bearbeiten: Bilder\">Bearbeiten<\/a><span class=\"mw-editsection-bracket\">]<\/span><\/span><\/h2>\n<ul>\n<li>aus:Wikimedia Commons<\/li>\n<\/ul>\n<ul class=\"gallery mw-gallery-traditional\">\n<li class=\"gallerybox\" style=\"width: 155px\">\n<div style=\"width: 155px\">\n<div class=\"thumb\" style=\"width: 150px;\">\n<div style=\"margin:21.5px auto;\"><a href=\"\/Datei:Felix_Adjei18.JPG\" class=\"image\"><img alt=\"Felix Adjei18.JPG\" src=\"\/images\/thumb\/6\/63\/Felix_Adjei18.JPG\/120px-Felix_Adjei18.JPG%3Futm_source%3Dcommons.wikimedia.org%26utm_campaign%3Dimageinfo%26utm_content%3Dthumbnail\" decoding=\"async\" width=\"120\" height=\"107\" srcset=\"\/images\/thumb\/6\/63\/Felix_Adjei18.JPG\/250px-Felix_Adjei18.JPG%3Futm_source%3Dcommons.wikimedia.org%26utm_campaign%3Dimageinfo%26utm_content%3Dthumbnail 1.5x\" \/><\/a><\/div>\n<\/div>\n<div class=\"gallerytext\">\n\t\t\t<\/div>\n<\/p><\/div>\n<\/li>\n<li class=\"gallerybox\" style=\"width: 155px\">\n<div style=\"width: 155px\">\n<div class=\"thumb\" style=\"width: 150px;\">\n<div style=\"margin:15px auto;\"><a href=\"\/Datei:Felix_Adjei7.JPG\" class=\"image\"><img loading=\"lazy\" alt=\"Felix Adjei7.JPG\" src=\"\/images\/thumb\/c\/c3\/Felix_Adjei7.JPG\/120px-Felix_Adjei7.JPG%3Futm_source%3Dcommons.wikimedia.org%26utm_campaign%3Dimageinfo%26utm_content%3Dthumbnail\" decoding=\"async\" width=\"64\" height=\"120\" srcset=\"\/images\/thumb\/c\/c3\/Felix_Adjei7.JPG\/250px-Felix_Adjei7.JPG%3Futm_source%3Dcommons.wikimedia.org%26utm_campaign%3Dimageinfo%26utm_content%3Dthumbnail 2x\" \/><\/a><\/div>\n<\/div>\n<div class=\"gallerytext\">\n\t\t\t<\/div>\n<\/p><\/div>\n<\/li>\n<\/ul>\n<p>\n<\/p>\n<h2><span class=\"mw-headline\" id=\"Weblinks\">Weblinks<\/span><a href=\"\/index.php?title=Felix_Adjei&amp;action=edit&amp;section=5\" title=\"Abschnitt bearbeiten: Weblinks\">Bearbeiten<\/a><span class=\"mw-editsection-bracket\">]<\/span><\/span><\/h2>\n<ul>\n<li><a rel=\"nofollow\" class=\"external text\" href=\"http:\/\/www.regionalliga.at\/west\/news\/4557\/felix-adjei-moechte-in-die-bundesliga\/\">Interview auf regionalliga.at<\/a><\/li>\n<\/ul>\n<\/div>\n","protected":false},"excerpt":{"rendered":"<p>Felix Adjei Name: Felix Adjei Geburtstag: 17. Dezember 1990 Geburtsort: Accra Geburtsland: Ghana Nationalit\u00e4t: Ghanaer Gr\u00f6\u00dfe: 184 cm Position: Linkes Mittelfeld \/ Linker Fl\u00fcgelst\u00fcrmer R\u00fcckennummer: 16 Starker Fu\u00df: Links Bundesligaspiele f\u00fcr Salzburg: 1 Spiel (0 Tore) StationenBearbeiten] Red Bull Ghana (2006-2009) Red Bull Juniors (2009-2012) Red Bull Salzburg (seit 2011) FC Liefering (2012-2015) Ume\u00e5 FC [&hellip;]<\/p>\n","protected":false},"author":1,"featured_media":0,"parent":0,"menu_order":0,"comment_status":"closed","ping_status":"closed","template":"","meta":{"footnotes":""},"class_list":["post-4425","page","type-page","status-publish","hentry"],"_links":{"self":[{"href":"https:\/\/wiki.s12.at\/index.php\/wp-json\/wp\/v2\/pages\/4425","targetHints":{"allow":["GET"]}}],"collection":[{"href":"https:\/\/wiki.s12.at\/index.php\/wp-json\/wp\/v2\/pages"}],"about":[{"href":"https:\/\/wiki.s12.at\/index.php\/wp-json\/wp\/v2\/types\/page"}],"author":[{"embeddable":true,"href":"https:\/\/wiki.s12.at\/index.php\/wp-json\/wp\/v2\/users\/1"}],"replies":[{"embeddable":true,"href":"https:\/\/wiki.s12.at\/index.php\/wp-json\/wp\/v2\/comments?post=4425"}],"version-history":[{"count":0,"href":"https:\/\/wiki.s12.at\/index.php\/wp-json\/wp\/v2\/pages\/4425\/revisions"}],"wp:attachment":[{"href":"https:\/\/wiki.s12.at\/index.php\/wp-json\/wp\/v2\/media?parent=4425"}],"curies":[{"name":"wp","href":"https:\/\/api.w.org\/{rel}","templated":true}]}}

<div class="mw-parser-output">
<div class="thumb tright">
<div class="thumbinner" style="width:232px;"><a href="/Datei:Testspiel_FC_Liefering_vs._WSG_Wattens_13.JPG" class="image"><img alt="" src="/images/thumb/d/de/Testspiel_FC_Liefering_vs._WSG_Wattens_13.JPG/250px-Testspiel_FC_Liefering_vs._WSG_Wattens_13.JPG%3Futm_source%3Dcommons.wikimedia.org%26utm_campaign%3Dimageinfo%26utm_content%3Dthumbnail" decoding="async" width="230" height="196" class="thumbimage" srcset="/images/thumb/d/de/Testspiel_FC_Liefering_vs._WSG_Wattens_13.JPG/500px-Testspiel_FC_Liefering_vs._WSG_Wattens_13.JPG%3Futm_source%3Dcommons.wikimedia.org%26utm_campaign%3Dimageinfo%26utm_content%3Dthumbnail 1.5x" /></a>  </p>
<div class="thumbcaption">
<div class="magnify"><a href="/Datei:Testspiel_FC_Liefering_vs._WSG_Wattens_13.JPG" class="internal" title="vergrößern"></a></div>
<p>Felix Adjei</p></div>
</div>
</div>
<ul>
<li>Name: <b>Felix Adjei</b></li>
<li>Geburtstag: 17. Dezember 1990</li>
<li>Geburtsort: Accra</li>
<li>Geburtsland: Ghana</li>
<li>Nationalität: Ghanaer <a href="/Datei:Flag_of_Ghana.svg" class="image" title="Ghanaer"><img alt="Ghanaer" src="/images/thumb/1/19/Flag_of_Ghana.svg/langde-20px-Flag_of_Ghana.svg.png%3Futm_source%3Dcommons.wikimedia.org%26utm_campaign%3Dimageinfo%26utm_content%3Dthumbnail" decoding="async" width="20" height="13" srcset="/images/thumb/1/19/Flag_of_Ghana.svg/langde-40px-Flag_of_Ghana.svg.png%3Futm_source%3Dcommons.wikimedia.org%26utm_campaign%3Dimageinfo%26utm_content%3Dthumbnail 1.5x" /></a></li>
<li>Größe: 184 cm</li>
<li>Position: Linkes Mittelfeld / Linker Flügelstürmer</li>
<li>Rückennummer: 16</li>
<li>Starker Fuß: Links</li>
<li>Bundesligaspiele für Salzburg: 1 Spiel (0 Tore)</li>
</ul>
<h2><span class="mw-headline" id="Stationen">Stationen</span><a href="/index.php?title=Felix_Adjei&amp;action=edit&amp;section=1" title="Abschnitt bearbeiten: Stationen">Bearbeiten</a><span class="mw-editsection-bracket">]</span></span></h2>
<ul>
<li>Red Bull Ghana (2006-2009)</li>
<li>Red Bull Juniors (2009-2012)</li>
<li>Red Bull Salzburg (seit 2011)</li>
<li>FC Liefering (2012-2015)</li>
<li>Umeå FC</li>
<li>SC Wiener Neustadt</li>
<li>WSG Wattens</li>
<li>FC Pinzgau Saalfelden</li>
</ul>
<h2><span id="Titel_.26_Erfolge"></span><span class="mw-headline" id="Titel_&amp;_Erfolge">Titel &amp; Erfolge</span><a href="/index.php?title=Felix_Adjei&amp;action=edit&amp;section=2" title="Abschnitt bearbeiten: Titel &amp; Erfolge">Bearbeiten</a><span class="mw-editsection-bracket">]</span></span></h2>
<ul>
<li>2x Meister Regionalliga West: 2011, 2013</li>
<li>1x Gewinner Salzburger Fußballcup: 2011</li>
</ul>
<h2><span class="mw-headline" id="Besonderes">Besonderes</span><a href="/index.php?title=Felix_Adjei&amp;action=edit&amp;section=3" title="Abschnitt bearbeiten: Besonderes">Bearbeiten</a><span class="mw-editsection-bracket">]</span></span></h2>
<p>Im Servus TV Dokumentarfilm <i>Der Traum von Sogakope</i> wird über den Weg von Felix Adjei in Ghana nach Salzburg berichtet. Nach gesundheitlichen Problem, die in 11 Monate vom Fußball abhielten, bestritt er am 24. Juni 2014 sein erstes Spiel gegen die SV Grödig Amateure. Er wurde in der 67. Minute für Michael Brandner eingewechselt.
</p>
<h2><span class="mw-headline" id="Bilder">Bilder</span><a href="/index.php?title=Felix_Adjei&amp;action=edit&amp;section=4" title="Abschnitt bearbeiten: Bilder">Bearbeiten</a><span class="mw-editsection-bracket">]</span></span></h2>
<ul>
<li>aus:Wikimedia Commons</li>
</ul>
<ul class="gallery mw-gallery-traditional">
<li class="gallerybox" style="width: 155px">
<div style="width: 155px">
<div class="thumb" style="width: 150px;">
<div style="margin:21.5px auto;"><a href="/Datei:Felix_Adjei18.JPG" class="image"><img alt="Felix Adjei18.JPG" src="/images/thumb/6/63/Felix_Adjei18.JPG/120px-Felix_Adjei18.JPG%3Futm_source%3Dcommons.wikimedia.org%26utm_campaign%3Dimageinfo%26utm_content%3Dthumbnail" decoding="async" width="120" height="107" srcset="/images/thumb/6/63/Felix_Adjei18.JPG/250px-Felix_Adjei18.JPG%3Futm_source%3Dcommons.wikimedia.org%26utm_campaign%3Dimageinfo%26utm_content%3Dthumbnail 1.5x" /></a></div>
</div>
<div class="gallerytext">
			</div>
</p></div>
</li>
<li class="gallerybox" style="width: 155px">
<div style="width: 155px">
<div class="thumb" style="width: 150px;">
<div style="margin:15px auto;"><a href="/Datei:Felix_Adjei7.JPG" class="image"><img loading="lazy" alt="Felix Adjei7.JPG" src="/images/thumb/c/c3/Felix_Adjei7.JPG/120px-Felix_Adjei7.JPG%3Futm_source%3Dcommons.wikimedia.org%26utm_campaign%3Dimageinfo%26utm_content%3Dthumbnail" decoding="async" width="64" height="120" srcset="/images/thumb/c/c3/Felix_Adjei7.JPG/250px-Felix_Adjei7.JPG%3Futm_source%3Dcommons.wikimedia.org%26utm_campaign%3Dimageinfo%26utm_content%3Dthumbnail 2x" /></a></div>
</div>
<div class="gallerytext">
			</div>
</p></div>
</li>
</ul>
<p>
</p>
<h2><span class="mw-headline" id="Weblinks">Weblinks</span><a href="/index.php?title=Felix_Adjei&amp;action=edit&amp;section=5" title="Abschnitt bearbeiten: Weblinks">Bearbeiten</a><span class="mw-editsection-bracket">]</span></span></h2>
<ul>
<li><a rel="nofollow" class="external text" href="http://www.regionalliga.at/west/news/4557/felix-adjei-moechte-in-die-bundesliga/">Interview auf regionalliga.at</a></li>
</ul>
</div>

<p>Felix Adjei Name: Felix Adjei Geburtstag: 17. Dezember 1990 Geburtsort: Accra Geburtsland: Ghana Nationalität: Ghanaer Größe: 184 cm Position: Linkes Mittelfeld / Linker Flügelstürmer Rückennummer: 16 Starker Fuß: Links Bundesligaspiele für Salzburg: 1 Spiel (0 Tore) StationenBearbeiten] Red Bull Ghana (2006-2009) Red Bull Juniors (2009-2012) Red Bull Salzburg (seit 2011) FC Liefering (2012-2015) Umeå FC [&hellip;]</p>
