{"id":4406,"date":"2026-05-06T15:46:30","date_gmt":"2026-05-06T13:46:30","guid":{"rendered":"https:\/\/wiki.s12.at\/index.php\/fk-zeljeznicar-sarajevo-gegen-fc-salzburg\/"},"modified":"2026-05-06T15:46:30","modified_gmt":"2026-05-06T13:46:30","slug":"fk-zeljeznicar-sarajevo-gegen-fc-salzburg","status":"publish","type":"page","link":"https:\/\/wiki.s12.at\/index.php\/fk-zeljeznicar-sarajevo-gegen-fc-salzburg\/","title":{"rendered":"FK \u017deljezni\u010dar Sarajevo gegen FC Salzburg"},"content":{"rendered":"<div class=\"mw-parser-output\">\n<h2><span class=\"mw-headline\" id=\"Fakten\">Fakten<\/span><a href=\"\/index.php?title=FK_%C5%BDeljezni%C4%8Dar_Sarajevo_gegen_FC_Salzburg&amp;action=edit&amp;section=1\" title=\"Abschnitt bearbeiten: Fakten\">Bearbeiten<\/a><span class=\"mw-editsection-bracket\">]<\/span><\/span><\/h2>\n<table class=\"toptextcells toccolours\">\n<tbody>\n<tr>\n<th colspan=\"2\" style=\"text-align: center; vertical-align: top; padding: 0.3em 0.8em; font-size: 125%; background-color: lightsteelblue;\">FK \u017deljezni\u010dar Sarajevo gegen FC Salzburg , 2:1\n<\/th>\n<\/tr>\n<tr>\n<th style=\"text-align:left;\"><b>Spieltag<\/b>\n<\/th>\n<th style=\"text-align:left;\">Uefa-Youth-League 1. Runde R\u00fcckspiel\n<\/th>\n<\/tr>\n<tr>\n<th style=\"text-align:left;\"><b>Datum<\/b>\n<\/th>\n<th style=\"text-align:left;\">14. Oktober 2015\n<\/th>\n<\/tr>\n<tr>\n<th style=\"text-align:left;\"><b>Anpfiff<\/b>\n<\/th>\n<th style=\"text-align:left;\">20 Uhr\n<\/th>\n<\/tr>\n<tr>\n<td colspan=\"2\" style=\"text-align:center;\" bgcolor=\"lightgray\"><b>Aufstellung<\/b>\n<\/td>\n<\/tr>\n<tr>\n<th style=\"text-align:left;\"><b>Tor<\/b>\n<\/th>\n<th><a href=\"\/Valentino_Jovic\" title=\"Valentino Jovic\">Valentino Jovic<\/a>\n<\/th>\n<\/tr>\n<tr>\n<th style=\"text-align:left;\"><b>Verteidigung<\/b>\n<\/th>\n<th><a href=\"\/Sandro_Ingolitsch\" title=\"Sandro Ingolitsch\">Sandro Ingolitsch<\/a> <a href=\"\/Daniel_Raischl\" title=\"Daniel Raischl\">Daniel Raischl<\/a> <a href=\"\/David_Gugganig\" title=\"David Gugganig\">David Gugganig<\/a> <a href=\"\/Dmitri_Skopintchev\" title=\"Dmitri Skopintchev\">Dmitri Skopintchev<\/a>\n<\/th>\n<\/tr>\n<tr>\n<th style=\"text-align:left;\"><b>Mittelfeld<\/b>\n<\/th>\n<th><a href=\"\/Emir_Karic\" title=\"Emir Karic\">Emir Karic<\/a> <a href=\"\/Konrad_Laimer\" title=\"Konrad Laimer\">Konrad Laimer<\/a> <a href=\"\/Lorenz_Grabovac\" title=\"Lorenz Grabovac\">Lorenz Grabovac<\/a> <a href=\"\/Marco_H%C3%B6dl\" title=\"Marco H\u00f6dl\">Marco H\u00f6dl<\/a>\n<\/th>\n<\/tr>\n<tr>\n<th style=\"text-align:left;\"><b>Sturm<\/b>\n<\/th>\n<th><a href=\"\/Dimitri_Oberlin\" title=\"Dimitri Oberlin\">Dimitri Oberlin<\/a>  <a href=\"\/Mergim_Berisha\" title=\"Mergim Berisha\">Mergim Berisha <\/a>\n<\/th>\n<\/tr>\n<tr>\n<td colspan=\"2\" style=\"text-align:center;\" bgcolor=\"lightgray\"><b>Wechsel<\/b>\n<\/td>\n<\/tr>\n<tr>\n<th style=\"text-align:left;\"><b>Wechsel<\/b>\n<\/th>\n<th style=\"text-align:left;\"><a href=\"\/Benjamin_Kaufmann\" title=\"Benjamin Kaufmann\">Benjamin Kaufmann<\/a> f\u00fcr Grabovac (42.), <a href=\"\/Nico_Gorzel\" title=\"Nico Gorzel\">Nico Gorzel<\/a> f\u00fcr Laimer (86.), <a href=\"\/Alex_Sobczyk\" title=\"Alex Sobczyk\">Alex Sobczyk<\/a> f\u00fcr Oberlin (87.)\n<\/th>\n<\/tr>\n<tr>\n<td colspan=\"2\" style=\"text-align:center;\" bgcolor=\"lightgray\"><b>Statistik<\/b>\n<\/td>\n<\/tr>\n<tr>\n<th style=\"text-align:left;\"><b>Endstand<\/b>\n<\/th>\n<th style=\"text-align:left;\">2:1(2:0)\n<\/th>\n<\/tr>\n<tr>\n<th style=\"text-align:left;\"><b>Torsch\u00fctzen<\/b>\n<\/th>\n<th style=\"text-align:left;\">Mujagic (7.), Hajdarevic (26.); H\u00f6dl (82.)\n<\/th>\n<\/tr>\n<tr>\n<th style=\"text-align:left;\"><b>Gelbe Karten<\/b>\n<\/th>\n<th style=\"text-align:left;\">Alihodzic (54.), Hiros (72.), Osmankovic (90.); Karic (59.), Gugganig (50.),\n<\/th>\n<\/tr>\n<tr>\n<th style=\"text-align:left;\"><b>Rote Karten<\/b>\n<\/th>\n<th style=\"text-align:left;\">\n<\/th>\n<\/tr>\n<tr>\n<th style=\"text-align:left;\"><b>Schiedsrichter<\/b>\n<\/th>\n<th style=\"text-align:left;\">Bartosz Frankowski (POL)\n<\/th>\n<\/tr>\n<tr>\n<th style=\"text-align:left;\"><b>Stadion<\/b>\n<\/th>\n<th style=\"text-align:left;\">Grbavica Stadion, Sarajewo\n<\/th>\n<\/tr>\n<tr>\n<th style=\"text-align:left;\"><b>Zuschauer<\/b>\n<\/th>\n<th style=\"text-align:left;\">\n<\/th>\n<\/tr>\n<\/tbody>\n<\/table>\n<p>\n<\/p>\n<h2><span class=\"mw-headline\" id=\"Weblinks\">Weblinks<\/span><a href=\"\/index.php?title=FK_%C5%BDeljezni%C4%8Dar_Sarajevo_gegen_FC_Salzburg&amp;action=edit&amp;section=2\" title=\"Abschnitt bearbeiten: Weblinks\">Bearbeiten<\/a><span class=\"mw-editsection-bracket\">]<\/span><\/span><\/h2>\n<ul>\n<li><a rel=\"nofollow\" class=\"external text\" href=\"http:\/\/www.redbullsalzburg.at\/de\/fc-red-bull-salzburg\/news\/saison_2015_16\/jungbullen-trotz-knapper-niederlage-in-der-naechster-runde.html\">Spielbericht Vereinshomepage<\/a><\/li>\n<\/ul>\n<p>\n<\/p>\n<h2><span class=\"mw-headline\" id=\"Stimmen_zum_Spiel\">Stimmen zum Spiel<\/span><a href=\"\/index.php?title=FK_%C5%BDeljezni%C4%8Dar_Sarajevo_gegen_FC_Salzburg&amp;action=edit&amp;section=3\" title=\"Abschnitt bearbeiten: Stimmen zum Spiel\">Bearbeiten<\/a><span class=\"mw-editsection-bracket\">]<\/span><\/span><\/h2>\n<p><b>Thomas Letsch:<\/b>Unser prim\u00e4res Ziel war es, dass wir eine Runde weiterkommen wollten. Das haben wir geschafft. In der ersten H\u00e4lfte waren wir nicht so kompakt, wie wir uns das vorgenommen hatten und mussten zwei Treffer aus Abwehrfehlern hinnehmen. Wie wir dann aber die Situation trotz des R\u00fcckstands in der zweiten Halbzeit angenommen und keine weiteren Chancen mehr zugelassen haben, stimmt mich zufrieden.\n<\/p>\n<p><b>Marco H\u00f6dl:<\/b> Wir haben in beiden Partien gezeigt, dass wir nicht nur sch\u00f6n spielen, sondern auch in den entscheidenden Momenten den Fight annehmen k\u00f6nnen. Wir haben uns verdient f\u00fcr die n\u00e4chste Runde qualifiziert. Es macht richtig Spa\u00df, in diesem Team Fu\u00dfball zu spielen. F\u00fcr jeden von uns war es eine tolle Erfahrung. In den n\u00e4chsten Wochen liegt die Konzentration aber wieder auf der Meisterschaft, ehe wir Anfang November auch in der zweiten Runde aufzeigen m\u00f6chten.\n<\/p>\n<p><b>Valentino Jovic:<\/b> Das heutige Spiel war etwas ganz Besonderes f\u00fcr mich, man spielt schlie\u00dflich nicht oft gegen einen Verein seines Landes. Die erste Bew\u00e4hrungsprobe in der UEFA Youth League haben wir somit bestanden. Das st\u00e4rkt unser Selbstvertrauen. Wir konnten in beiden Partien unsere Qualit\u00e4t abrufen, haben den Kampf speziell im heutigen R\u00fcckspiel angenommen und sind verdient in die n\u00e4chste Runde aufgestiegen.\n<\/p>\n<\/div>\n","protected":false},"excerpt":{"rendered":"<p>FaktenBearbeiten] FK \u017deljezni\u010dar Sarajevo gegen FC Salzburg , 2:1 Spieltag Uefa-Youth-League 1. Runde R\u00fcckspiel Datum 14. Oktober 2015 Anpfiff 20 Uhr Aufstellung Tor Valentino Jovic Verteidigung Sandro Ingolitsch Daniel Raischl David Gugganig Dmitri Skopintchev Mittelfeld Emir Karic Konrad Laimer Lorenz Grabovac Marco H\u00f6dl Sturm Dimitri Oberlin Mergim Berisha Wechsel Wechsel Benjamin Kaufmann f\u00fcr Grabovac (42.), [&hellip;]<\/p>\n","protected":false},"author":1,"featured_media":0,"parent":0,"menu_order":0,"comment_status":"closed","ping_status":"closed","template":"","meta":{"footnotes":""},"class_list":["post-4406","page","type-page","status-publish","hentry"],"_links":{"self":[{"href":"https:\/\/wiki.s12.at\/index.php\/wp-json\/wp\/v2\/pages\/4406","targetHints":{"allow":["GET"]}}],"collection":[{"href":"https:\/\/wiki.s12.at\/index.php\/wp-json\/wp\/v2\/pages"}],"about":[{"href":"https:\/\/wiki.s12.at\/index.php\/wp-json\/wp\/v2\/types\/page"}],"author":[{"embeddable":true,"href":"https:\/\/wiki.s12.at\/index.php\/wp-json\/wp\/v2\/users\/1"}],"replies":[{"embeddable":true,"href":"https:\/\/wiki.s12.at\/index.php\/wp-json\/wp\/v2\/comments?post=4406"}],"version-history":[{"count":0,"href":"https:\/\/wiki.s12.at\/index.php\/wp-json\/wp\/v2\/pages\/4406\/revisions"}],"wp:attachment":[{"href":"https:\/\/wiki.s12.at\/index.php\/wp-json\/wp\/v2\/media?parent=4406"}],"curies":[{"name":"wp","href":"https:\/\/api.w.org\/{rel}","templated":true}]}}

FK Željezničar Sarajevo gegen FC Salzburg

<div class="mw-parser-output">
<h2><span class="mw-headline" id="Fakten">Fakten</span><a href="/index.php?title=FK_%C5%BDeljezni%C4%8Dar_Sarajevo_gegen_FC_Salzburg&amp;action=edit&amp;section=1" title="Abschnitt bearbeiten: Fakten">Bearbeiten</a><span class="mw-editsection-bracket">]</span></span></h2>
<table class="toptextcells toccolours">
<tbody>
<tr>
<th colspan="2" style="text-align: center; vertical-align: top; padding: 0.3em 0.8em; font-size: 125%; background-color: lightsteelblue;">FK Željezničar Sarajevo gegen FC Salzburg , 2:1
</th>
</tr>
<tr>
<th style="text-align:left;"><b>Spieltag</b>
</th>
<th style="text-align:left;">Uefa-Youth-League 1. Runde Rückspiel
</th>
</tr>
<tr>
<th style="text-align:left;"><b>Datum</b>
</th>
<th style="text-align:left;">14. Oktober 2015
</th>
</tr>
<tr>
<th style="text-align:left;"><b>Anpfiff</b>
</th>
<th style="text-align:left;">20 Uhr
</th>
</tr>
<tr>
<td colspan="2" style="text-align:center;" bgcolor="lightgray"><b>Aufstellung</b>
</td>
</tr>
<tr>
<th style="text-align:left;"><b>Tor</b>
</th>
<th><a href="/Valentino_Jovic" title="Valentino Jovic">Valentino Jovic</a>
</th>
</tr>
<tr>
<th style="text-align:left;"><b>Verteidigung</b>
</th>
<th><a href="/Sandro_Ingolitsch" title="Sandro Ingolitsch">Sandro Ingolitsch</a> <a href="/Daniel_Raischl" title="Daniel Raischl">Daniel Raischl</a> <a href="/David_Gugganig" title="David Gugganig">David Gugganig</a> <a href="/Dmitri_Skopintchev" title="Dmitri Skopintchev">Dmitri Skopintchev</a>
</th>
</tr>
<tr>
<th style="text-align:left;"><b>Mittelfeld</b>
</th>
<th><a href="/Emir_Karic" title="Emir Karic">Emir Karic</a> <a href="/Konrad_Laimer" title="Konrad Laimer">Konrad Laimer</a> <a href="/Lorenz_Grabovac" title="Lorenz Grabovac">Lorenz Grabovac</a> <a href="/Marco_H%C3%B6dl" title="Marco Hödl">Marco Hödl</a>
</th>
</tr>
<tr>
<th style="text-align:left;"><b>Sturm</b>
</th>
<th><a href="/Dimitri_Oberlin" title="Dimitri Oberlin">Dimitri Oberlin</a>  <a href="/Mergim_Berisha" title="Mergim Berisha">Mergim Berisha </a>
</th>
</tr>
<tr>
<td colspan="2" style="text-align:center;" bgcolor="lightgray"><b>Wechsel</b>
</td>
</tr>
<tr>
<th style="text-align:left;"><b>Wechsel</b>
</th>
<th style="text-align:left;"><a href="/Benjamin_Kaufmann" title="Benjamin Kaufmann">Benjamin Kaufmann</a> für Grabovac (42.), <a href="/Nico_Gorzel" title="Nico Gorzel">Nico Gorzel</a> für Laimer (86.), <a href="/Alex_Sobczyk" title="Alex Sobczyk">Alex Sobczyk</a> für Oberlin (87.)
</th>
</tr>
<tr>
<td colspan="2" style="text-align:center;" bgcolor="lightgray"><b>Statistik</b>
</td>
</tr>
<tr>
<th style="text-align:left;"><b>Endstand</b>
</th>
<th style="text-align:left;">2:1(2:0)
</th>
</tr>
<tr>
<th style="text-align:left;"><b>Torschützen</b>
</th>
<th style="text-align:left;">Mujagic (7.), Hajdarevic (26.); Hödl (82.)
</th>
</tr>
<tr>
<th style="text-align:left;"><b>Gelbe Karten</b>
</th>
<th style="text-align:left;">Alihodzic (54.), Hiros (72.), Osmankovic (90.); Karic (59.), Gugganig (50.),
</th>
</tr>
<tr>
<th style="text-align:left;"><b>Rote Karten</b>
</th>
<th style="text-align:left;">
</th>
</tr>
<tr>
<th style="text-align:left;"><b>Schiedsrichter</b>
</th>
<th style="text-align:left;">Bartosz Frankowski (POL)
</th>
</tr>
<tr>
<th style="text-align:left;"><b>Stadion</b>
</th>
<th style="text-align:left;">Grbavica Stadion, Sarajewo
</th>
</tr>
<tr>
<th style="text-align:left;"><b>Zuschauer</b>
</th>
<th style="text-align:left;">
</th>
</tr>
</tbody>
</table>
<p>
</p>
<h2><span class="mw-headline" id="Weblinks">Weblinks</span><a href="/index.php?title=FK_%C5%BDeljezni%C4%8Dar_Sarajevo_gegen_FC_Salzburg&amp;action=edit&amp;section=2" title="Abschnitt bearbeiten: Weblinks">Bearbeiten</a><span class="mw-editsection-bracket">]</span></span></h2>
<ul>
<li><a rel="nofollow" class="external text" href="http://www.redbullsalzburg.at/de/fc-red-bull-salzburg/news/saison_2015_16/jungbullen-trotz-knapper-niederlage-in-der-naechster-runde.html">Spielbericht Vereinshomepage</a></li>
</ul>
<p>
</p>
<h2><span class="mw-headline" id="Stimmen_zum_Spiel">Stimmen zum Spiel</span><a href="/index.php?title=FK_%C5%BDeljezni%C4%8Dar_Sarajevo_gegen_FC_Salzburg&amp;action=edit&amp;section=3" title="Abschnitt bearbeiten: Stimmen zum Spiel">Bearbeiten</a><span class="mw-editsection-bracket">]</span></span></h2>
<p><b>Thomas Letsch:</b>Unser primäres Ziel war es, dass wir eine Runde weiterkommen wollten. Das haben wir geschafft. In der ersten Hälfte waren wir nicht so kompakt, wie wir uns das vorgenommen hatten und mussten zwei Treffer aus Abwehrfehlern hinnehmen. Wie wir dann aber die Situation trotz des Rückstands in der zweiten Halbzeit angenommen und keine weiteren Chancen mehr zugelassen haben, stimmt mich zufrieden.
</p>
<p><b>Marco Hödl:</b> Wir haben in beiden Partien gezeigt, dass wir nicht nur schön spielen, sondern auch in den entscheidenden Momenten den Fight annehmen können. Wir haben uns verdient für die nächste Runde qualifiziert. Es macht richtig Spaß, in diesem Team Fußball zu spielen. Für jeden von uns war es eine tolle Erfahrung. In den nächsten Wochen liegt die Konzentration aber wieder auf der Meisterschaft, ehe wir Anfang November auch in der zweiten Runde aufzeigen möchten.
</p>
<p><b>Valentino Jovic:</b> Das heutige Spiel war etwas ganz Besonderes für mich, man spielt schließlich nicht oft gegen einen Verein seines Landes. Die erste Bewährungsprobe in der UEFA Youth League haben wir somit bestanden. Das stärkt unser Selbstvertrauen. Wir konnten in beiden Partien unsere Qualität abrufen, haben den Kampf speziell im heutigen Rückspiel angenommen und sind verdient in die nächste Runde aufgestiegen.
</p>
</div>

<p>FaktenBearbeiten] FK Željezničar Sarajevo gegen FC Salzburg , 2:1 Spieltag Uefa-Youth-League 1. Runde Rückspiel Datum 14. Oktober 2015 Anpfiff 20 Uhr Aufstellung Tor Valentino Jovic Verteidigung Sandro Ingolitsch Daniel Raischl David Gugganig Dmitri Skopintchev Mittelfeld Emir Karic Konrad Laimer Lorenz Grabovac Marco Hödl Sturm Dimitri Oberlin Mergim Berisha Wechsel Wechsel Benjamin Kaufmann für Grabovac (42.), [&hellip;]</p>
