{"id":4397,"date":"2026-05-06T15:45:41","date_gmt":"2026-05-06T13:45:41","guid":{"rendered":"https:\/\/wiki.s12.at\/index.php\/fk-quarabag-agdam-gegen-fc-salzburg\/"},"modified":"2026-05-06T15:45:41","modified_gmt":"2026-05-06T13:45:41","slug":"fk-quarabag-agdam-gegen-fc-salzburg","status":"publish","type":"page","link":"https:\/\/wiki.s12.at\/index.php\/fk-quarabag-agdam-gegen-fc-salzburg\/","title":{"rendered":"FK Quarabag Agdam gegen FC Salzburg"},"content":{"rendered":"<div class=\"mw-parser-output\">\n<h2><span class=\"mw-headline\" id=\"Fakten\">Fakten<\/span><a href=\"\/index.php?title=FK_Quarabag_Agdam_gegen_FC_Salzburg&amp;action=edit&amp;section=1\" title=\"Abschnitt bearbeiten: Fakten\">Bearbeiten<\/a><span class=\"mw-editsection-bracket\">]<\/span><\/span><\/h2>\n<table class=\"toptextcells toccolours\">\n<tbody>\n<tr>\n<th colspan=\"2\" style=\"text-align: center; vertical-align: top; padding: 0.3em 0.8em; font-size: 125%; background-color: lightsteelblue;\">FK Quarabag Agdam gegen FC Salzburg, 2:1\n<\/th>\n<\/tr>\n<tr>\n<th style=\"text-align:left;\"><b>Spieltag<\/b>\n<\/th>\n<th style=\"text-align:left;\">Uefa-Championsleague Qualifikation, 3. Runde Hinspiel\n<\/th>\n<\/tr>\n<tr>\n<th style=\"text-align:left;\"><b>Datum<\/b>\n<\/th>\n<th style=\"text-align:left;\">30. Juli 2014\n<\/th>\n<\/tr>\n<tr>\n<th style=\"text-align:left;\"><b>Anpfiff<\/b>\n<\/th>\n<th style=\"text-align:left;\">20.30 Uhr Ortszeit (17.30 Uhr MEZ)\n<\/th>\n<\/tr>\n<tr>\n<td colspan=\"2\" style=\"text-align:center;\" bgcolor=\"lightgray\"><b>Aufstellung<\/b>\n<\/td>\n<\/tr>\n<tr>\n<th style=\"text-align:left;\"><b>Tor<\/b>\n<\/th>\n<th><a href=\"\/Peter_Gulacsi\" class=\"mw-redirect\" title=\"Peter Gulacsi\">Peter Gulacsi<\/a>\n<\/th>\n<\/tr>\n<tr>\n<th style=\"text-align:left;\"><b>Verteidigung<\/b>\n<\/th>\n<th><a href=\"\/Christian_Schwegler\" title=\"Christian Schwegler\">Christian Schwegler<\/a> <a href=\"\/Andre_Ramalho\" class=\"mw-redirect\" title=\"Andre Ramalho\">Andre Ramalho<\/a> <a href=\"\/Martin_Hinteregger\" title=\"Martin Hinteregger\">Martin Hinteregger<\/a> <a href=\"\/Andreas_Ulmer\" title=\"Andreas Ulmer\">Andreas Ulmer<\/a>\n<\/th>\n<\/tr>\n<tr>\n<th style=\"text-align:left;\"><b>Mittelfeld<\/b>\n<\/th>\n<th><a href=\"\/Kevin_Kampl\" title=\"Kevin Kampl\">Kevin Kampl<\/a> <a href=\"\/Naby_Keita\" title=\"Naby Keita\">Naby Keita<\/a> <a href=\"\/Christoph_Leitgeb\" title=\"Christoph Leitgeb\">Christoph Leitgeb<\/a> <a href=\"\/Sadio_Man%C3%A9\" title=\"Sadio Man\u00e9\">Sadio Man\u00e9<\/a>\n<\/th>\n<\/tr>\n<tr>\n<th style=\"text-align:left;\"><b>Sturm<\/b>\n<\/th>\n<th><a href=\"\/Marcel_Sabitzer\" title=\"Marcel Sabitzer\">Marcel Sabitzer<\/a>  <a href=\"\/Jonatan_Soriano\" title=\"Jonatan Soriano\">Jonatan Soriano<\/a>\n<\/th>\n<\/tr>\n<tr>\n<td colspan=\"2\" style=\"text-align:center;\" bgcolor=\"lightgray\"><b>Wechsel<\/b>\n<\/td>\n<\/tr>\n<tr>\n<th style=\"text-align:left;\"><b>Wechsel<\/b>\n<\/th>\n<th style=\"text-align:left;\"><a href=\"\/Peter_Ankersen\" title=\"Peter Ankersen\">Peter Ankersen<\/a> f\u00fcr Keita (38.), <a href=\"\/Massimo_Bruno\" title=\"Massimo Bruno\">Massimo Bruno<\/a> f\u00fcr Sabitzer (61.), <a href=\"\/Nils_Quaschner\" title=\"Nils Quaschner\">Nils Quaschner<\/a> f\u00fcr Leitgeb (90.)\n<\/th>\n<\/tr>\n<tr>\n<td colspan=\"2\" style=\"text-align:center;\" bgcolor=\"lightgray\"><b>Statistik<\/b>\n<\/td>\n<\/tr>\n<tr>\n<th style=\"text-align:left;\"><b>Endstand<\/b>\n<\/th>\n<th style=\"text-align:left;\">2:1 (1:0)\n<\/th>\n<\/tr>\n<tr>\n<th style=\"text-align:left;\"><b>Torsch\u00fctzen<\/b>\n<\/th>\n<th style=\"text-align:left;\">Danilo Dias (2.), Reynaldo (86.); Soriano (77.)\n<\/th>\n<\/tr>\n<tr>\n<th style=\"text-align:left;\"><b>Gelbe Karten<\/b>\n<\/th>\n<th style=\"text-align:left;\">Almeida (32.),Teli (40.), Qarayev (43.), Guseynov (55.); Leitgeb (31.), Hinteregger (59.), Kampl (92.)\n<\/th>\n<\/tr>\n<tr>\n<th style=\"text-align:left;\"><b>Rote Karten<\/b>\n<\/th>\n<th style=\"text-align:left;\">Teli (42.) gelb-rot, Reynaldo (88.), Schwegler (34.)\n<\/th>\n<\/tr>\n<tr>\n<th style=\"text-align:left;\"><b>Schiedsrichter<\/b>\n<\/th>\n<th style=\"text-align:left;\">Serhiy Boiko (Ukraine)\n<\/th>\n<\/tr>\n<tr>\n<th style=\"text-align:left;\"><b>Stadion<\/b>\n<\/th>\n<th style=\"text-align:left;\">Tofig Bahramov Stadion, Baku\n<\/th>\n<\/tr>\n<tr>\n<th style=\"text-align:left;\"><b>Zuschauer<\/b>\n<\/th>\n<th style=\"text-align:left;\">31 000\n<\/th>\n<\/tr>\n<\/tbody>\n<\/table>\n<h2><span class=\"mw-headline\" id=\"Weblinks\">Weblinks<\/span><a href=\"\/index.php?title=FK_Quarabag_Agdam_gegen_FC_Salzburg&amp;action=edit&amp;section=2\" title=\"Abschnitt bearbeiten: Weblinks\">Bearbeiten<\/a><span class=\"mw-editsection-bracket\">]<\/span><\/span><\/h2>\n<ul>\n<li><a rel=\"nofollow\" class=\"external text\" href=\"http:\/\/www.redbulls.com\/de\/fc-red-bull-salzburg\/news\/saison_2014_15\/bittere-niederlage-in-baku.html\">Spielbericht Vereinshomepage<\/a><\/li>\n<li><a rel=\"nofollow\" class=\"external text\" href=\"http:\/\/www.salzburg12.at\/2014\/07\/schock-fuer-salzburg-niederlage-gegen-fk-qarabag\/\">Spielbericht salzburg12.at<\/a><\/li>\n<\/ul>\n<h2><span class=\"mw-headline\" id=\"Stimmen_zum_Spiel\">Stimmen zum Spiel<\/span><a href=\"\/index.php?title=FK_Quarabag_Agdam_gegen_FC_Salzburg&amp;action=edit&amp;section=3\" title=\"Abschnitt bearbeiten: Stimmen zum Spiel\">Bearbeiten<\/a><span class=\"mw-editsection-bracket\">]<\/span><\/span><\/h2>\n<p><b>Adi H\u00fctter:<\/b> &#8222;Der Spielverlauf war nat\u00fcrlich denkbar ung\u00fcnstig. Wir haben nerv\u00f6s begonnen, das fr\u00fche Gegentor hat uns ein wenig aus der Bahn geworfen. In Halbzeit eins habe ich grunds\u00e4tzlich ein ausgeglichenes Spiel gesehen, in der zweiten H\u00e4lfte waren wir deutlich besser und hatten gute M\u00f6glickeiten, u.a. zwei Lattensch\u00fcsse. Das Ergebnis ist nicht ganz zufriedenstellend, nun m\u00fcssen wir im R\u00fcckspiel im eigenen Stadion alles unternehmen, um in die n\u00e4chste Runde einzuziehen. Es wird ein hartes St\u00fcck Arbeit.&#8220;\n<\/p>\n<p><b>Kevin Kampl:<\/b> &#8222;Es ist alles ein wenig anders gekommen, als wir uns das vorgestellt haben. Nach dem fr\u00fchen R\u00fcckstand haben wir etwas den Faden verloren. Nach der Pause h\u00e4tten wir dann einige Tore erzielen m\u00fcssen. Aber Gott sei Dank gibt es noch ein R\u00fcckspiel. Da haben wir noch alles selbst in der Hand. Da m\u00fcssen wir dem Gegner zeigen, wer der Herr im Haus ist. Jetzt wollen wir uns einmal gegen Ried Selbstvertrauen holen.&#8220;\n<\/p>\n<\/div>\n","protected":false},"excerpt":{"rendered":"<p>FaktenBearbeiten] FK Quarabag Agdam gegen FC Salzburg, 2:1 Spieltag Uefa-Championsleague Qualifikation, 3. Runde Hinspiel Datum 30. Juli 2014 Anpfiff 20.30 Uhr Ortszeit (17.30 Uhr MEZ) Aufstellung Tor Peter Gulacsi Verteidigung Christian Schwegler Andre Ramalho Martin Hinteregger Andreas Ulmer Mittelfeld Kevin Kampl Naby Keita Christoph Leitgeb Sadio Man\u00e9 Sturm Marcel Sabitzer Jonatan Soriano Wechsel Wechsel Peter [&hellip;]<\/p>\n","protected":false},"author":1,"featured_media":0,"parent":0,"menu_order":0,"comment_status":"closed","ping_status":"closed","template":"","meta":{"footnotes":""},"class_list":["post-4397","page","type-page","status-publish","hentry"],"_links":{"self":[{"href":"https:\/\/wiki.s12.at\/index.php\/wp-json\/wp\/v2\/pages\/4397","targetHints":{"allow":["GET"]}}],"collection":[{"href":"https:\/\/wiki.s12.at\/index.php\/wp-json\/wp\/v2\/pages"}],"about":[{"href":"https:\/\/wiki.s12.at\/index.php\/wp-json\/wp\/v2\/types\/page"}],"author":[{"embeddable":true,"href":"https:\/\/wiki.s12.at\/index.php\/wp-json\/wp\/v2\/users\/1"}],"replies":[{"embeddable":true,"href":"https:\/\/wiki.s12.at\/index.php\/wp-json\/wp\/v2\/comments?post=4397"}],"version-history":[{"count":0,"href":"https:\/\/wiki.s12.at\/index.php\/wp-json\/wp\/v2\/pages\/4397\/revisions"}],"wp:attachment":[{"href":"https:\/\/wiki.s12.at\/index.php\/wp-json\/wp\/v2\/media?parent=4397"}],"curies":[{"name":"wp","href":"https:\/\/api.w.org\/{rel}","templated":true}]}}

<div class="mw-parser-output">
<h2><span class="mw-headline" id="Fakten">Fakten</span><a href="/index.php?title=FK_Quarabag_Agdam_gegen_FC_Salzburg&amp;action=edit&amp;section=1" title="Abschnitt bearbeiten: Fakten">Bearbeiten</a><span class="mw-editsection-bracket">]</span></span></h2>
<table class="toptextcells toccolours">
<tbody>
<tr>
<th colspan="2" style="text-align: center; vertical-align: top; padding: 0.3em 0.8em; font-size: 125%; background-color: lightsteelblue;">FK Quarabag Agdam gegen FC Salzburg, 2:1
</th>
</tr>
<tr>
<th style="text-align:left;"><b>Spieltag</b>
</th>
<th style="text-align:left;">Uefa-Championsleague Qualifikation, 3. Runde Hinspiel
</th>
</tr>
<tr>
<th style="text-align:left;"><b>Datum</b>
</th>
<th style="text-align:left;">30. Juli 2014
</th>
</tr>
<tr>
<th style="text-align:left;"><b>Anpfiff</b>
</th>
<th style="text-align:left;">20.30 Uhr Ortszeit (17.30 Uhr MEZ)
</th>
</tr>
<tr>
<td colspan="2" style="text-align:center;" bgcolor="lightgray"><b>Aufstellung</b>
</td>
</tr>
<tr>
<th style="text-align:left;"><b>Tor</b>
</th>
<th><a href="/Peter_Gulacsi" class="mw-redirect" title="Peter Gulacsi">Peter Gulacsi</a>
</th>
</tr>
<tr>
<th style="text-align:left;"><b>Verteidigung</b>
</th>
<th><a href="/Christian_Schwegler" title="Christian Schwegler">Christian Schwegler</a> <a href="/Andre_Ramalho" class="mw-redirect" title="Andre Ramalho">Andre Ramalho</a> <a href="/Martin_Hinteregger" title="Martin Hinteregger">Martin Hinteregger</a> <a href="/Andreas_Ulmer" title="Andreas Ulmer">Andreas Ulmer</a>
</th>
</tr>
<tr>
<th style="text-align:left;"><b>Mittelfeld</b>
</th>
<th><a href="/Kevin_Kampl" title="Kevin Kampl">Kevin Kampl</a> <a href="/Naby_Keita" title="Naby Keita">Naby Keita</a> <a href="/Christoph_Leitgeb" title="Christoph Leitgeb">Christoph Leitgeb</a> <a href="/Sadio_Man%C3%A9" title="Sadio Mané">Sadio Mané</a>
</th>
</tr>
<tr>
<th style="text-align:left;"><b>Sturm</b>
</th>
<th><a href="/Marcel_Sabitzer" title="Marcel Sabitzer">Marcel Sabitzer</a>  <a href="/Jonatan_Soriano" title="Jonatan Soriano">Jonatan Soriano</a>
</th>
</tr>
<tr>
<td colspan="2" style="text-align:center;" bgcolor="lightgray"><b>Wechsel</b>
</td>
</tr>
<tr>
<th style="text-align:left;"><b>Wechsel</b>
</th>
<th style="text-align:left;"><a href="/Peter_Ankersen" title="Peter Ankersen">Peter Ankersen</a> für Keita (38.), <a href="/Massimo_Bruno" title="Massimo Bruno">Massimo Bruno</a> für Sabitzer (61.), <a href="/Nils_Quaschner" title="Nils Quaschner">Nils Quaschner</a> für Leitgeb (90.)
</th>
</tr>
<tr>
<td colspan="2" style="text-align:center;" bgcolor="lightgray"><b>Statistik</b>
</td>
</tr>
<tr>
<th style="text-align:left;"><b>Endstand</b>
</th>
<th style="text-align:left;">2:1 (1:0)
</th>
</tr>
<tr>
<th style="text-align:left;"><b>Torschützen</b>
</th>
<th style="text-align:left;">Danilo Dias (2.), Reynaldo (86.); Soriano (77.)
</th>
</tr>
<tr>
<th style="text-align:left;"><b>Gelbe Karten</b>
</th>
<th style="text-align:left;">Almeida (32.),Teli (40.), Qarayev (43.), Guseynov (55.); Leitgeb (31.), Hinteregger (59.), Kampl (92.)
</th>
</tr>
<tr>
<th style="text-align:left;"><b>Rote Karten</b>
</th>
<th style="text-align:left;">Teli (42.) gelb-rot, Reynaldo (88.), Schwegler (34.)
</th>
</tr>
<tr>
<th style="text-align:left;"><b>Schiedsrichter</b>
</th>
<th style="text-align:left;">Serhiy Boiko (Ukraine)
</th>
</tr>
<tr>
<th style="text-align:left;"><b>Stadion</b>
</th>
<th style="text-align:left;">Tofig Bahramov Stadion, Baku
</th>
</tr>
<tr>
<th style="text-align:left;"><b>Zuschauer</b>
</th>
<th style="text-align:left;">31 000
</th>
</tr>
</tbody>
</table>
<h2><span class="mw-headline" id="Weblinks">Weblinks</span><a href="/index.php?title=FK_Quarabag_Agdam_gegen_FC_Salzburg&amp;action=edit&amp;section=2" title="Abschnitt bearbeiten: Weblinks">Bearbeiten</a><span class="mw-editsection-bracket">]</span></span></h2>
<ul>
<li><a rel="nofollow" class="external text" href="http://www.redbulls.com/de/fc-red-bull-salzburg/news/saison_2014_15/bittere-niederlage-in-baku.html">Spielbericht Vereinshomepage</a></li>
<li><a rel="nofollow" class="external text" href="http://www.salzburg12.at/2014/07/schock-fuer-salzburg-niederlage-gegen-fk-qarabag/">Spielbericht salzburg12.at</a></li>
</ul>
<h2><span class="mw-headline" id="Stimmen_zum_Spiel">Stimmen zum Spiel</span><a href="/index.php?title=FK_Quarabag_Agdam_gegen_FC_Salzburg&amp;action=edit&amp;section=3" title="Abschnitt bearbeiten: Stimmen zum Spiel">Bearbeiten</a><span class="mw-editsection-bracket">]</span></span></h2>
<p><b>Adi Hütter:</b> &#8222;Der Spielverlauf war natürlich denkbar ungünstig. Wir haben nervös begonnen, das frühe Gegentor hat uns ein wenig aus der Bahn geworfen. In Halbzeit eins habe ich grundsätzlich ein ausgeglichenes Spiel gesehen, in der zweiten Hälfte waren wir deutlich besser und hatten gute Möglickeiten, u.a. zwei Lattenschüsse. Das Ergebnis ist nicht ganz zufriedenstellend, nun müssen wir im Rückspiel im eigenen Stadion alles unternehmen, um in die nächste Runde einzuziehen. Es wird ein hartes Stück Arbeit.&#8220;
</p>
<p><b>Kevin Kampl:</b> &#8222;Es ist alles ein wenig anders gekommen, als wir uns das vorgestellt haben. Nach dem frühen Rückstand haben wir etwas den Faden verloren. Nach der Pause hätten wir dann einige Tore erzielen müssen. Aber Gott sei Dank gibt es noch ein Rückspiel. Da haben wir noch alles selbst in der Hand. Da müssen wir dem Gegner zeigen, wer der Herr im Haus ist. Jetzt wollen wir uns einmal gegen Ried Selbstvertrauen holen.&#8220;
</p>
</div>

<p>FaktenBearbeiten] FK Quarabag Agdam gegen FC Salzburg, 2:1 Spieltag Uefa-Championsleague Qualifikation, 3. Runde Hinspiel Datum 30. Juli 2014 Anpfiff 20.30 Uhr Ortszeit (17.30 Uhr MEZ) Aufstellung Tor Peter Gulacsi Verteidigung Christian Schwegler Andre Ramalho Martin Hinteregger Andreas Ulmer Mittelfeld Kevin Kampl Naby Keita Christoph Leitgeb Sadio Mané Sturm Marcel Sabitzer Jonatan Soriano Wechsel Wechsel Peter [&hellip;]</p>
