{"id":4392,"date":"2026-05-06T15:45:38","date_gmt":"2026-05-06T13:45:38","guid":{"rendered":"https:\/\/wiki.s12.at\/index.php\/fk-liepaja-gegen-fc-salzburg\/"},"modified":"2026-05-06T15:45:38","modified_gmt":"2026-05-06T13:45:38","slug":"fk-liepaja-gegen-fc-salzburg","status":"publish","type":"page","link":"https:\/\/wiki.s12.at\/index.php\/fk-liepaja-gegen-fc-salzburg\/","title":{"rendered":"FK Liep\u0101ja gegen FC Salzburg"},"content":{"rendered":"<div class=\"mw-parser-output\">\n<h2><span class=\"mw-headline\" id=\"Fakten\">Fakten<\/span><a href=\"\/index.php?title=FK_Liep%C4%81ja_gegen_FC_Salzburg&amp;action=edit&amp;section=1\" title=\"Abschnitt bearbeiten: Fakten\">Bearbeiten<\/a><span class=\"mw-editsection-bracket\">]<\/span><\/span><\/h2>\n<table class=\"toptextcells toccolours\">\n<tbody>\n<tr>\n<th colspan=\"2\" style=\"text-align: center; vertical-align: top; padding: 0.3em 0.8em; font-size: 125%; background-color: lightsteelblue;\">FK Liep\u0101ja gegen FC Salzburg, 0:2\n<\/th>\n<\/tr>\n<tr>\n<th style=\"text-align:left;\"><b>Spieltag<\/b>\n<\/th>\n<th style=\"text-align:left;\">Championsleague-Qualifikation 2. Runde, R\u00fcckspiel\n<\/th>\n<\/tr>\n<tr>\n<th style=\"text-align:left;\"><b>Datum<\/b>\n<\/th>\n<th style=\"text-align:left;\">20. Juli 2016\n<\/th>\n<\/tr>\n<tr>\n<th style=\"text-align:left;\"><b>Anpfiff<\/b>\n<\/th>\n<th style=\"text-align:left;\">18 Uhr (MEZ)\n<\/th>\n<\/tr>\n<tr>\n<td colspan=\"2\" style=\"text-align:center;\" bgcolor=\"lightgray\"><b>Aufstellung<\/b>\n<\/td>\n<\/tr>\n<tr>\n<th style=\"text-align:left;\"><b>Tor<\/b>\n<\/th>\n<th><a href=\"\/Alexander_Walke\" title=\"Alexander Walke\">Alexander Walke<\/a>\n<\/th>\n<\/tr>\n<tr>\n<th style=\"text-align:left;\"><b>Verteidigung<\/b>\n<\/th>\n<th><a href=\"\/Christian_Schwegler\" title=\"Christian Schwegler\">Christian Schwegler<\/a> &#8211; <a href=\"\/Paulo_Miranda\" title=\"Paulo Miranda\">Paulo Miranda<\/a> &#8211; <a href=\"\/Martin_Hinteregger\" title=\"Martin Hinteregger\">Martin Hinteregger<\/a> &#8211; <a href=\"\/Andreas_Ulmer\" title=\"Andreas Ulmer\">Andreas Ulmer<\/a>\n<\/th>\n<\/tr>\n<tr>\n<th style=\"text-align:left;\"><b>Mittelfeld<\/b>\n<\/th>\n<th><a href=\"\/Konrad_Laimer\" title=\"Konrad Laimer\">Konrad Laimer<\/a> &#8211; <a href=\"\/Bernardo\" title=\"Bernardo\">Bernardo<\/a> &#8211; <a href=\"\/Valon_Berisha\" title=\"Valon Berisha\">Valon Berisha<\/a>\n<\/th>\n<\/tr>\n<tr>\n<th style=\"text-align:left;\"><b>Sturm<\/b>\n<\/th>\n<th><a href=\"\/Munas_Dabbur\" title=\"Munas Dabbur\">Munas Dabbur<\/a> &#8211; <a href=\"\/Jonathan_Soriano\" class=\"mw-redirect\" title=\"Jonathan Soriano\">Jonathan Soriano<\/a> &#8211; <a href=\"\/Valentino_Lazaro\" title=\"Valentino Lazaro\">Valentino Lazaro<\/a>\n<\/th>\n<\/tr>\n<tr>\n<td colspan=\"2\" style=\"text-align:center;\" bgcolor=\"lightgray\"><b>Wechsel<\/b>\n<\/td>\n<\/tr>\n<tr>\n<th style=\"text-align:left;\"><b>Wechsel<\/b>\n<\/th>\n<th style=\"text-align:left;\"><a href=\"\/Diadie_Samassekou\" title=\"Diadie Samassekou\">Diadie Samassekou<\/a> f\u00fcr Laimer (59.), <a href=\"\/Duje_Caleta-Car\" title=\"Duje Caleta-Car\">Duje Caleta-Car<\/a> f\u00fcr Miranda (83.), <a href=\"\/Dayot_Upamecano\" title=\"Dayot Upamecano\">Dayot Upamecano<\/a> f\u00fcr Bernardo (88.)\n<\/th>\n<\/tr>\n<tr>\n<td colspan=\"2\" style=\"text-align:center;\" bgcolor=\"lightgray\"><b>Statistik<\/b>\n<\/td>\n<\/tr>\n<tr>\n<th style=\"text-align:left;\"><b>Endstand<\/b>\n<\/th>\n<th style=\"text-align:left;\">0:2 (0:1)\n<\/th>\n<\/tr>\n<tr>\n<th style=\"text-align:left;\"><b>Torsch\u00fctzen<\/b>\n<\/th>\n<th style=\"text-align:left;\">Berisha (35.), Bernardo (65.)\n<\/th>\n<\/tr>\n<tr>\n<th style=\"text-align:left;\"><b>Gelbe Karten<\/b>\n<\/th>\n<th style=\"text-align:left;\">Grebis (15.), Gucs (40.), Klava (45.+2); Ulmer (48.\/Foul)\n<\/th>\n<\/tr>\n<tr>\n<th style=\"text-align:left;\"><b>Rote Karten<\/b>\n<\/th>\n<th style=\"text-align:left;\">\n<\/th>\n<\/tr>\n<tr>\n<th style=\"text-align:left;\"><b>Schiedsrichter<\/b>\n<\/th>\n<th style=\"text-align:left;\">Jonathan Lardot (BEL)\n<\/th>\n<\/tr>\n<tr>\n<th style=\"text-align:left;\"><b>Stadion<\/b>\n<\/th>\n<th style=\"text-align:left;\">Daugava-Stadion, Liepaja\n<\/th>\n<\/tr>\n<tr>\n<th style=\"text-align:left;\"><b>Zuschauer<\/b>\n<\/th>\n<th style=\"text-align:left;\">3 600\n<\/th>\n<\/tr>\n<\/tbody>\n<\/table>\n<h2><span class=\"mw-headline\" id=\"Weblinks\">Weblinks<\/span><a href=\"\/index.php?title=FK_Liep%C4%81ja_gegen_FC_Salzburg&amp;action=edit&amp;section=2\" title=\"Abschnitt bearbeiten: Weblinks\">Bearbeiten<\/a><span class=\"mw-editsection-bracket\">]<\/span><\/span><\/h2>\n<p><a rel=\"nofollow\" class=\"external text\" href=\"http:\/\/www.redbullsalzburg.at\/de\/fc-red-bull-salzburg\/news\/saison_2016_17\/rote-bullen-schaffen-den-aufstieg-in-ucl-q3.html\">Spielbericht Homepage RB Salzburg<\/a>\n<\/p>\n<h2><span class=\"mw-headline\" id=\"Bilder\">Bilder<\/span><a href=\"\/index.php?title=FK_Liep%C4%81ja_gegen_FC_Salzburg&amp;action=edit&amp;section=3\" title=\"Abschnitt bearbeiten: Bilder\">Bearbeiten<\/a><span class=\"mw-editsection-bracket\">]<\/span><\/span><\/h2>\n<ul class=\"gallery mw-gallery-traditional\">\n<li class=\"gallerybox\" style=\"width: 155px\">\n<div style=\"width: 155px\">\n<div class=\"thumb\" style=\"width: 150px;\">\n<div style=\"margin:24px auto;\"><a href=\"\/Datei:FK_Liepaja_gegen_FC_Salzburg_(CL-Quali)_25.jpg\" class=\"image\"><img alt=\"FK Liepaja gegen FC Salzburg (CL-Quali) 25.jpg\" src=\"\/images\/thumb\/d\/dc\/FK_Liepaja_gegen_FC_Salzburg_%28CL-Quali%29_25.jpg\/120px-FK_Liepaja_gegen_FC_Salzburg_%28CL-Quali%29_25.jpg%3Futm_source%3Dcommons.wikimedia.org%26utm_campaign%3Dimageinfo%26utm_content%3Dthumbnail\" decoding=\"async\" width=\"120\" height=\"102\" srcset=\"\/images\/thumb\/d\/dc\/FK_Liepaja_gegen_FC_Salzburg_%28CL-Quali%29_25.jpg\/250px-FK_Liepaja_gegen_FC_Salzburg_%28CL-Quali%29_25.jpg%3Futm_source%3Dcommons.wikimedia.org%26utm_campaign%3Dimageinfo%26utm_content%3Dthumbnail 1.5x\" \/><\/a><\/div>\n<\/div>\n<div class=\"gallerytext\">\n\t\t\t<\/div>\n<\/p><\/div>\n<\/li>\n<li class=\"gallerybox\" style=\"width: 155px\">\n<div style=\"width: 155px\">\n<div class=\"thumb\" style=\"width: 150px;\">\n<div style=\"margin:15px auto;\"><a href=\"\/Datei:FK_Liepaja_gegen_FC_Salzburg_(CL-Quali)_31.jpg\" class=\"image\"><img alt=\"FK Liepaja gegen FC Salzburg (CL-Quali) 31.jpg\" src=\"\/images\/thumb\/e\/e7\/FK_Liepaja_gegen_FC_Salzburg_%28CL-Quali%29_31.jpg\/120px-FK_Liepaja_gegen_FC_Salzburg_%28CL-Quali%29_31.jpg%3Futm_source%3Dcommons.wikimedia.org%26utm_campaign%3Dimageinfo%26utm_content%3Dthumbnail\" decoding=\"async\" width=\"81\" height=\"120\" srcset=\"\/images\/thumb\/e\/e7\/FK_Liepaja_gegen_FC_Salzburg_%28CL-Quali%29_31.jpg\/250px-FK_Liepaja_gegen_FC_Salzburg_%28CL-Quali%29_31.jpg%3Futm_source%3Dcommons.wikimedia.org%26utm_campaign%3Dimageinfo%26utm_content%3Dthumbnail 1.5x\" \/><\/a><\/div>\n<\/div>\n<div class=\"gallerytext\">\n\t\t\t<\/div>\n<\/p><\/div>\n<\/li>\n<li class=\"gallerybox\" style=\"width: 155px\">\n<div style=\"width: 155px\">\n<div class=\"thumb\" style=\"width: 150px;\">\n<div style=\"margin:15px auto;\"><a href=\"\/Datei:FK_Liepaja_gegen_FC_Salzburg_(CL-Quali)_32.jpg\" class=\"image\"><img alt=\"FK Liepaja gegen FC Salzburg (CL-Quali) 32.jpg\" src=\"\/images\/thumb\/2\/2e\/FK_Liepaja_gegen_FC_Salzburg_%28CL-Quali%29_32.jpg\/120px-FK_Liepaja_gegen_FC_Salzburg_%28CL-Quali%29_32.jpg%3Futm_source%3Dcommons.wikimedia.org%26utm_campaign%3Dimageinfo%26utm_content%3Dthumbnail\" decoding=\"async\" width=\"87\" height=\"120\" srcset=\"\/images\/thumb\/2\/2e\/FK_Liepaja_gegen_FC_Salzburg_%28CL-Quali%29_32.jpg\/250px-FK_Liepaja_gegen_FC_Salzburg_%28CL-Quali%29_32.jpg%3Futm_source%3Dcommons.wikimedia.org%26utm_campaign%3Dimageinfo%26utm_content%3Dthumbnail 1.5x\" \/><\/a><\/div>\n<\/div>\n<div class=\"gallerytext\">\n\t\t\t<\/div>\n<\/p><\/div>\n<\/li>\n<li class=\"gallerybox\" style=\"width: 155px\">\n<div style=\"width: 155px\">\n<div class=\"thumb\" style=\"width: 150px;\">\n<div style=\"margin:20px auto;\"><a href=\"\/Datei:FK_Liepaja_gegen_FC_Salzburg_(CL-Quali)_34.jpg\" class=\"image\"><img loading=\"lazy\" alt=\"FK Liepaja gegen FC Salzburg (CL-Quali) 34.jpg\" src=\"\/images\/thumb\/4\/44\/FK_Liepaja_gegen_FC_Salzburg_%28CL-Quali%29_34.jpg\/120px-FK_Liepaja_gegen_FC_Salzburg_%28CL-Quali%29_34.jpg%3Futm_source%3Dcommons.wikimedia.org%26utm_campaign%3Dimageinfo%26utm_content%3Dthumbnail\" decoding=\"async\" width=\"120\" height=\"110\" srcset=\"\/images\/thumb\/4\/44\/FK_Liepaja_gegen_FC_Salzburg_%28CL-Quali%29_34.jpg\/250px-FK_Liepaja_gegen_FC_Salzburg_%28CL-Quali%29_34.jpg%3Futm_source%3Dcommons.wikimedia.org%26utm_campaign%3Dimageinfo%26utm_content%3Dthumbnail 1.5x\" \/><\/a><\/div>\n<\/div>\n<div class=\"gallerytext\">\n\t\t\t<\/div>\n<\/p><\/div>\n<\/li>\n<\/ul>\n<p><img loading=\"lazy\" alt=\"\" src=\"\/images\/thumb\/4\/4a\/Commons-logo.svg\/langde-20px-Commons-logo.svg.png%3Futm_source%3Dcommons.wikimedia.org%26utm_campaign%3Dimageinfo%26utm_content%3Dthumbnail\" decoding=\"async\" title=\"Commons\" width=\"12\" height=\"16\" srcset=\"\/images\/thumb\/4\/4a\/Commons-logo.svg\/langde-40px-Commons-logo.svg.png%3Futm_source%3Dcommons.wikimedia.org%26utm_campaign%3Dimageinfo%26utm_content%3Dthumbnail 2x\" \/>&#160;<b><a href=\"http:\/\/commons.wikimedia.org\/wiki\/Category:FK_Liepaja_gegen_FC_Salzburg_(CL-Qualifikation,_2._Runde,_R%C3%BCckspiel)\" class=\"extiw\" title=\"commons:Category:FK Liepaja gegen FC Salzburg (CL-Qualifikation, 2. Runde, R\u00fcckspiel)\">FK Liep\u0101ja gegen FC Salzburg<\/a><\/b>&#160;\u2013 Sammlung von Bildern, Videos und Audiodateien auf <a href=\"\/Wikimedia_Commons\" title=\"Wikimedia Commons\">Wikimedia Commons<\/a>\n<\/p>\n<h2><span class=\"mw-headline\" id=\"Stimmen_zum_Spiel\">Stimmen zum Spiel<\/span><a href=\"\/index.php?title=FK_Liep%C4%81ja_gegen_FC_Salzburg&amp;action=edit&amp;section=4\" title=\"Abschnitt bearbeiten: Stimmen zum Spiel\">Bearbeiten<\/a><span class=\"mw-editsection-bracket\">]<\/span><\/span><\/h2>\n<ul>\n<li><b>Oscar Garcia:<\/b> Ich wusste, dass wir heute viele Chancen vorfinden werden. In der ersten Halbzeit haben wir nur ein Tor geschossen, aber ich bin froh, dass wir in der zweiten H\u00e4lfte hinten dichthalten und den Vorsprung ausbauen konnten.Mir ist nicht wichtig, gegen welchen Gegner wir spielen, der Beste wird gewinnen und sich qualifizieren. Erst wenn wir wissen, gegen wen wir letztlich antreten werden, k\u00f6nnen wir uns dar\u00fcber Gedanken machen. Heute wollen wir in erster Linie mal den Aufstieg in die n\u00e4chste Runde feiern und genie\u00dfen.<\/li>\n<li><b>Konrad Laimer:<\/b> Im Fu\u00dfball gibt es heutzutage keinen leichten Gegner mehr. Das hat man ja auch bei der EM gesehen. Man darf den Gegner nie untersch\u00e4tzen. Die Letten haben gut verteidigt, aber wir waren heute die bessere Mannschaft und haben unsere Chancen genutzt.<\/li>\n<\/ul>\n<\/div>\n","protected":false},"excerpt":{"rendered":"<p>FaktenBearbeiten] FK Liep\u0101ja gegen FC Salzburg, 0:2 Spieltag Championsleague-Qualifikation 2. Runde, R\u00fcckspiel Datum 20. Juli 2016 Anpfiff 18 Uhr (MEZ) Aufstellung Tor Alexander Walke Verteidigung Christian Schwegler &#8211; Paulo Miranda &#8211; Martin Hinteregger &#8211; Andreas Ulmer Mittelfeld Konrad Laimer &#8211; Bernardo &#8211; Valon Berisha Sturm Munas Dabbur &#8211; Jonathan Soriano &#8211; Valentino Lazaro Wechsel Wechsel [&hellip;]<\/p>\n","protected":false},"author":1,"featured_media":0,"parent":0,"menu_order":0,"comment_status":"closed","ping_status":"closed","template":"","meta":{"footnotes":""},"class_list":["post-4392","page","type-page","status-publish","hentry"],"_links":{"self":[{"href":"https:\/\/wiki.s12.at\/index.php\/wp-json\/wp\/v2\/pages\/4392","targetHints":{"allow":["GET"]}}],"collection":[{"href":"https:\/\/wiki.s12.at\/index.php\/wp-json\/wp\/v2\/pages"}],"about":[{"href":"https:\/\/wiki.s12.at\/index.php\/wp-json\/wp\/v2\/types\/page"}],"author":[{"embeddable":true,"href":"https:\/\/wiki.s12.at\/index.php\/wp-json\/wp\/v2\/users\/1"}],"replies":[{"embeddable":true,"href":"https:\/\/wiki.s12.at\/index.php\/wp-json\/wp\/v2\/comments?post=4392"}],"version-history":[{"count":0,"href":"https:\/\/wiki.s12.at\/index.php\/wp-json\/wp\/v2\/pages\/4392\/revisions"}],"wp:attachment":[{"href":"https:\/\/wiki.s12.at\/index.php\/wp-json\/wp\/v2\/media?parent=4392"}],"curies":[{"name":"wp","href":"https:\/\/api.w.org\/{rel}","templated":true}]}}

FK Liepāja gegen FC Salzburg

<div class="mw-parser-output">
<h2><span class="mw-headline" id="Fakten">Fakten</span><a href="/index.php?title=FK_Liep%C4%81ja_gegen_FC_Salzburg&amp;action=edit&amp;section=1" title="Abschnitt bearbeiten: Fakten">Bearbeiten</a><span class="mw-editsection-bracket">]</span></span></h2>
<table class="toptextcells toccolours">
<tbody>
<tr>
<th colspan="2" style="text-align: center; vertical-align: top; padding: 0.3em 0.8em; font-size: 125%; background-color: lightsteelblue;">FK Liepāja gegen FC Salzburg, 0:2
</th>
</tr>
<tr>
<th style="text-align:left;"><b>Spieltag</b>
</th>
<th style="text-align:left;">Championsleague-Qualifikation 2. Runde, Rückspiel
</th>
</tr>
<tr>
<th style="text-align:left;"><b>Datum</b>
</th>
<th style="text-align:left;">20. Juli 2016
</th>
</tr>
<tr>
<th style="text-align:left;"><b>Anpfiff</b>
</th>
<th style="text-align:left;">18 Uhr (MEZ)
</th>
</tr>
<tr>
<td colspan="2" style="text-align:center;" bgcolor="lightgray"><b>Aufstellung</b>
</td>
</tr>
<tr>
<th style="text-align:left;"><b>Tor</b>
</th>
<th><a href="/Alexander_Walke" title="Alexander Walke">Alexander Walke</a>
</th>
</tr>
<tr>
<th style="text-align:left;"><b>Verteidigung</b>
</th>
<th><a href="/Christian_Schwegler" title="Christian Schwegler">Christian Schwegler</a> &#8211; <a href="/Paulo_Miranda" title="Paulo Miranda">Paulo Miranda</a> &#8211; <a href="/Martin_Hinteregger" title="Martin Hinteregger">Martin Hinteregger</a> &#8211; <a href="/Andreas_Ulmer" title="Andreas Ulmer">Andreas Ulmer</a>
</th>
</tr>
<tr>
<th style="text-align:left;"><b>Mittelfeld</b>
</th>
<th><a href="/Konrad_Laimer" title="Konrad Laimer">Konrad Laimer</a> &#8211; <a href="/Bernardo" title="Bernardo">Bernardo</a> &#8211; <a href="/Valon_Berisha" title="Valon Berisha">Valon Berisha</a>
</th>
</tr>
<tr>
<th style="text-align:left;"><b>Sturm</b>
</th>
<th><a href="/Munas_Dabbur" title="Munas Dabbur">Munas Dabbur</a> &#8211; <a href="/Jonathan_Soriano" class="mw-redirect" title="Jonathan Soriano">Jonathan Soriano</a> &#8211; <a href="/Valentino_Lazaro" title="Valentino Lazaro">Valentino Lazaro</a>
</th>
</tr>
<tr>
<td colspan="2" style="text-align:center;" bgcolor="lightgray"><b>Wechsel</b>
</td>
</tr>
<tr>
<th style="text-align:left;"><b>Wechsel</b>
</th>
<th style="text-align:left;"><a href="/Diadie_Samassekou" title="Diadie Samassekou">Diadie Samassekou</a> für Laimer (59.), <a href="/Duje_Caleta-Car" title="Duje Caleta-Car">Duje Caleta-Car</a> für Miranda (83.), <a href="/Dayot_Upamecano" title="Dayot Upamecano">Dayot Upamecano</a> für Bernardo (88.)
</th>
</tr>
<tr>
<td colspan="2" style="text-align:center;" bgcolor="lightgray"><b>Statistik</b>
</td>
</tr>
<tr>
<th style="text-align:left;"><b>Endstand</b>
</th>
<th style="text-align:left;">0:2 (0:1)
</th>
</tr>
<tr>
<th style="text-align:left;"><b>Torschützen</b>
</th>
<th style="text-align:left;">Berisha (35.), Bernardo (65.)
</th>
</tr>
<tr>
<th style="text-align:left;"><b>Gelbe Karten</b>
</th>
<th style="text-align:left;">Grebis (15.), Gucs (40.), Klava (45.+2); Ulmer (48./Foul)
</th>
</tr>
<tr>
<th style="text-align:left;"><b>Rote Karten</b>
</th>
<th style="text-align:left;">
</th>
</tr>
<tr>
<th style="text-align:left;"><b>Schiedsrichter</b>
</th>
<th style="text-align:left;">Jonathan Lardot (BEL)
</th>
</tr>
<tr>
<th style="text-align:left;"><b>Stadion</b>
</th>
<th style="text-align:left;">Daugava-Stadion, Liepaja
</th>
</tr>
<tr>
<th style="text-align:left;"><b>Zuschauer</b>
</th>
<th style="text-align:left;">3 600
</th>
</tr>
</tbody>
</table>
<h2><span class="mw-headline" id="Weblinks">Weblinks</span><a href="/index.php?title=FK_Liep%C4%81ja_gegen_FC_Salzburg&amp;action=edit&amp;section=2" title="Abschnitt bearbeiten: Weblinks">Bearbeiten</a><span class="mw-editsection-bracket">]</span></span></h2>
<p><a rel="nofollow" class="external text" href="http://www.redbullsalzburg.at/de/fc-red-bull-salzburg/news/saison_2016_17/rote-bullen-schaffen-den-aufstieg-in-ucl-q3.html">Spielbericht Homepage RB Salzburg</a>
</p>
<h2><span class="mw-headline" id="Bilder">Bilder</span><a href="/index.php?title=FK_Liep%C4%81ja_gegen_FC_Salzburg&amp;action=edit&amp;section=3" title="Abschnitt bearbeiten: Bilder">Bearbeiten</a><span class="mw-editsection-bracket">]</span></span></h2>
<ul class="gallery mw-gallery-traditional">
<li class="gallerybox" style="width: 155px">
<div style="width: 155px">
<div class="thumb" style="width: 150px;">
<div style="margin:24px auto;"><a href="/Datei:FK_Liepaja_gegen_FC_Salzburg_(CL-Quali)_25.jpg" class="image"><img alt="FK Liepaja gegen FC Salzburg (CL-Quali) 25.jpg" src="/images/thumb/d/dc/FK_Liepaja_gegen_FC_Salzburg_%28CL-Quali%29_25.jpg/120px-FK_Liepaja_gegen_FC_Salzburg_%28CL-Quali%29_25.jpg%3Futm_source%3Dcommons.wikimedia.org%26utm_campaign%3Dimageinfo%26utm_content%3Dthumbnail" decoding="async" width="120" height="102" srcset="/images/thumb/d/dc/FK_Liepaja_gegen_FC_Salzburg_%28CL-Quali%29_25.jpg/250px-FK_Liepaja_gegen_FC_Salzburg_%28CL-Quali%29_25.jpg%3Futm_source%3Dcommons.wikimedia.org%26utm_campaign%3Dimageinfo%26utm_content%3Dthumbnail 1.5x" /></a></div>
</div>
<div class="gallerytext">
			</div>
</p></div>
</li>
<li class="gallerybox" style="width: 155px">
<div style="width: 155px">
<div class="thumb" style="width: 150px;">
<div style="margin:15px auto;"><a href="/Datei:FK_Liepaja_gegen_FC_Salzburg_(CL-Quali)_31.jpg" class="image"><img alt="FK Liepaja gegen FC Salzburg (CL-Quali) 31.jpg" src="/images/thumb/e/e7/FK_Liepaja_gegen_FC_Salzburg_%28CL-Quali%29_31.jpg/120px-FK_Liepaja_gegen_FC_Salzburg_%28CL-Quali%29_31.jpg%3Futm_source%3Dcommons.wikimedia.org%26utm_campaign%3Dimageinfo%26utm_content%3Dthumbnail" decoding="async" width="81" height="120" srcset="/images/thumb/e/e7/FK_Liepaja_gegen_FC_Salzburg_%28CL-Quali%29_31.jpg/250px-FK_Liepaja_gegen_FC_Salzburg_%28CL-Quali%29_31.jpg%3Futm_source%3Dcommons.wikimedia.org%26utm_campaign%3Dimageinfo%26utm_content%3Dthumbnail 1.5x" /></a></div>
</div>
<div class="gallerytext">
			</div>
</p></div>
</li>
<li class="gallerybox" style="width: 155px">
<div style="width: 155px">
<div class="thumb" style="width: 150px;">
<div style="margin:15px auto;"><a href="/Datei:FK_Liepaja_gegen_FC_Salzburg_(CL-Quali)_32.jpg" class="image"><img alt="FK Liepaja gegen FC Salzburg (CL-Quali) 32.jpg" src="/images/thumb/2/2e/FK_Liepaja_gegen_FC_Salzburg_%28CL-Quali%29_32.jpg/120px-FK_Liepaja_gegen_FC_Salzburg_%28CL-Quali%29_32.jpg%3Futm_source%3Dcommons.wikimedia.org%26utm_campaign%3Dimageinfo%26utm_content%3Dthumbnail" decoding="async" width="87" height="120" srcset="/images/thumb/2/2e/FK_Liepaja_gegen_FC_Salzburg_%28CL-Quali%29_32.jpg/250px-FK_Liepaja_gegen_FC_Salzburg_%28CL-Quali%29_32.jpg%3Futm_source%3Dcommons.wikimedia.org%26utm_campaign%3Dimageinfo%26utm_content%3Dthumbnail 1.5x" /></a></div>
</div>
<div class="gallerytext">
			</div>
</p></div>
</li>
<li class="gallerybox" style="width: 155px">
<div style="width: 155px">
<div class="thumb" style="width: 150px;">
<div style="margin:20px auto;"><a href="/Datei:FK_Liepaja_gegen_FC_Salzburg_(CL-Quali)_34.jpg" class="image"><img loading="lazy" alt="FK Liepaja gegen FC Salzburg (CL-Quali) 34.jpg" src="/images/thumb/4/44/FK_Liepaja_gegen_FC_Salzburg_%28CL-Quali%29_34.jpg/120px-FK_Liepaja_gegen_FC_Salzburg_%28CL-Quali%29_34.jpg%3Futm_source%3Dcommons.wikimedia.org%26utm_campaign%3Dimageinfo%26utm_content%3Dthumbnail" decoding="async" width="120" height="110" srcset="/images/thumb/4/44/FK_Liepaja_gegen_FC_Salzburg_%28CL-Quali%29_34.jpg/250px-FK_Liepaja_gegen_FC_Salzburg_%28CL-Quali%29_34.jpg%3Futm_source%3Dcommons.wikimedia.org%26utm_campaign%3Dimageinfo%26utm_content%3Dthumbnail 1.5x" /></a></div>
</div>
<div class="gallerytext">
			</div>
</p></div>
</li>
</ul>
<p><img loading="lazy" alt="" src="/images/thumb/4/4a/Commons-logo.svg/langde-20px-Commons-logo.svg.png%3Futm_source%3Dcommons.wikimedia.org%26utm_campaign%3Dimageinfo%26utm_content%3Dthumbnail" decoding="async" title="Commons" width="12" height="16" srcset="/images/thumb/4/4a/Commons-logo.svg/langde-40px-Commons-logo.svg.png%3Futm_source%3Dcommons.wikimedia.org%26utm_campaign%3Dimageinfo%26utm_content%3Dthumbnail 2x" />&#160;<b><a href="http://commons.wikimedia.org/wiki/Category:FK_Liepaja_gegen_FC_Salzburg_(CL-Qualifikation,_2._Runde,_R%C3%BCckspiel)" class="extiw" title="commons:Category:FK Liepaja gegen FC Salzburg (CL-Qualifikation, 2. Runde, Rückspiel)">FK Liepāja gegen FC Salzburg</a></b>&#160;– Sammlung von Bildern, Videos und Audiodateien auf <a href="/Wikimedia_Commons" title="Wikimedia Commons">Wikimedia Commons</a>
</p>
<h2><span class="mw-headline" id="Stimmen_zum_Spiel">Stimmen zum Spiel</span><a href="/index.php?title=FK_Liep%C4%81ja_gegen_FC_Salzburg&amp;action=edit&amp;section=4" title="Abschnitt bearbeiten: Stimmen zum Spiel">Bearbeiten</a><span class="mw-editsection-bracket">]</span></span></h2>
<ul>
<li><b>Oscar Garcia:</b> Ich wusste, dass wir heute viele Chancen vorfinden werden. In der ersten Halbzeit haben wir nur ein Tor geschossen, aber ich bin froh, dass wir in der zweiten Hälfte hinten dichthalten und den Vorsprung ausbauen konnten.Mir ist nicht wichtig, gegen welchen Gegner wir spielen, der Beste wird gewinnen und sich qualifizieren. Erst wenn wir wissen, gegen wen wir letztlich antreten werden, können wir uns darüber Gedanken machen. Heute wollen wir in erster Linie mal den Aufstieg in die nächste Runde feiern und genießen.</li>
<li><b>Konrad Laimer:</b> Im Fußball gibt es heutzutage keinen leichten Gegner mehr. Das hat man ja auch bei der EM gesehen. Man darf den Gegner nie unterschätzen. Die Letten haben gut verteidigt, aber wir waren heute die bessere Mannschaft und haben unsere Chancen genutzt.</li>
</ul>
</div>

<p>FaktenBearbeiten] FK Liepāja gegen FC Salzburg, 0:2 Spieltag Championsleague-Qualifikation 2. Runde, Rückspiel Datum 20. Juli 2016 Anpfiff 18 Uhr (MEZ) Aufstellung Tor Alexander Walke Verteidigung Christian Schwegler &#8211; Paulo Miranda &#8211; Martin Hinteregger &#8211; Andreas Ulmer Mittelfeld Konrad Laimer &#8211; Bernardo &#8211; Valon Berisha Sturm Munas Dabbur &#8211; Jonathan Soriano &#8211; Valentino Lazaro Wechsel Wechsel [&hellip;]</p>
