{"id":4391,"date":"2026-05-06T15:45:33","date_gmt":"2026-05-06T13:45:33","guid":{"rendered":"https:\/\/wiki.s12.at\/index.php\/fk-krasnodar-gegen-fc-salzburg\/"},"modified":"2026-05-06T15:45:33","modified_gmt":"2026-05-06T13:45:33","slug":"fk-krasnodar-gegen-fc-salzburg","status":"publish","type":"page","link":"https:\/\/wiki.s12.at\/index.php\/fk-krasnodar-gegen-fc-salzburg\/","title":{"rendered":"FK Krasnodar gegen FC Salzburg"},"content":{"rendered":"<div class=\"mw-parser-output\">\n<h2><span class=\"mw-headline\" id=\"Fakten\">Fakten<\/span><a href=\"\/index.php?title=FK_Krasnodar_gegen_FC_Salzburg&amp;action=edit&amp;section=1\" title=\"Abschnitt bearbeiten: Fakten\">Bearbeiten<\/a><span class=\"mw-editsection-bracket\">]<\/span><\/span><\/h2>\n<table class=\"toptextcells toccolours\">\n<tbody>\n<tr>\n<th colspan=\"2\" style=\"text-align: center; vertical-align: top; padding: 0.3em 0.8em; font-size: 125%; background-color: lightsteelblue;\">FK Krasnodar gegen FC Salzburg, 1:1\n<\/th>\n<\/tr>\n<tr>\n<th style=\"text-align:left;\"><b>Spieltag<\/b>\n<\/th>\n<th style=\"text-align:left;\">UEFA Euro-League\n<\/th>\n<\/tr>\n<tr>\n<th style=\"text-align:left;\"><b>Datum<\/b>\n<\/th>\n<th style=\"text-align:left;\">24. November 2016\n<\/th>\n<\/tr>\n<tr>\n<th style=\"text-align:left;\"><b>Anpfiff<\/b>\n<\/th>\n<th style=\"text-align:left;\">19  Uhr\n<\/th>\n<\/tr>\n<tr>\n<td colspan=\"2\" style=\"text-align:center;\" bgcolor=\"lightgray\"><b>Aufstellung<\/b>\n<\/td>\n<\/tr>\n<tr>\n<th style=\"text-align:left;\"><b>Tor<\/b>\n<\/th>\n<th><a href=\"\/Alexander_Walke\" title=\"Alexander Walke\">Alexander Walke<\/a>\n<\/th>\n<\/tr>\n<tr>\n<th style=\"text-align:left;\"><b>Verteidigung<\/b>\n<\/th>\n<th><a href=\"\/Andreas_Ulmer\" title=\"Andreas Ulmer\">Andreas Ulmer<\/a> &#8211; <a href=\"\/Dayot_Upamecano\" title=\"Dayot Upamecano\">Dayot Upamecano<\/a> &#8211; <a href=\"\/Paulo_Miranda\" title=\"Paulo Miranda\">Paulo Miranda<\/a> &#8211; <a href=\"\/Andreas_Ulmer\" title=\"Andreas Ulmer\">Andreas Ulmer<\/a>\n<\/th>\n<\/tr>\n<tr>\n<th style=\"text-align:left;\"><b>Mittelfeld<\/b>\n<\/th>\n<th><a href=\"\/Diadie_Samassekou\" title=\"Diadie Samassekou\">Diadie Samassekou<\/a> &#8211; <a href=\"\/Josip_Radosevic\" title=\"Josip Radosevic\">Josip Radosevic<\/a> &#8211; <a href=\"\/Valon_Berisha\" title=\"Valon Berisha\">Valon Berisha<\/a>  &#8211; <a href=\"\/Valentino_Lazaro\" title=\"Valentino Lazaro\">Valentino Lazaro<\/a>\n<\/th>\n<\/tr>\n<tr>\n<th style=\"text-align:left;\"><b>Sturm<\/b>\n<\/th>\n<th><a href=\"\/Fredrik_Gulbrandsen\" title=\"Fredrik Gulbrandsen\">Fredrik Gulbrandsen<\/a> &#8211; <a href=\"\/Munas_Dabbur\" title=\"Munas Dabbur\">Munas Dabbur<\/a>\n<\/th>\n<\/tr>\n<tr>\n<td colspan=\"2\" style=\"text-align:center;\" bgcolor=\"lightgray\"><b>Wechsel<\/b>\n<\/td>\n<\/tr>\n<tr>\n<th style=\"text-align:left;\"><b>Wechsel<\/b>\n<\/th>\n<th style=\"text-align:left;\"><a href=\"\/Hee-Chan_Hwang\" title=\"Hee-Chan Hwang\">Hee-Chan Hwang<\/a> f\u00fcr Gulbrandsen (73.), <a href=\"\/Xaver_Schlager\" title=\"Xaver Schlager\">Xaver Schlager<\/a> f\u00fcr Berisha (88.)\n<\/th>\n<\/tr>\n<tr>\n<td colspan=\"2\" style=\"text-align:center;\" bgcolor=\"lightgray\"><b>Statistik<\/b>\n<\/td>\n<\/tr>\n<tr>\n<th style=\"text-align:left;\"><b>Endstand<\/b>\n<\/th>\n<th style=\"text-align:left;\">1:1 (0:1)\n<\/th>\n<\/tr>\n<tr>\n<th style=\"text-align:left;\"><b>Torsch\u00fctzen<\/b>\n<\/th>\n<th style=\"text-align:left;\">Smolov (85.); Dabbur (37.)\n<\/th>\n<\/tr>\n<tr>\n<th style=\"text-align:left;\"><b>Gelbe Karten<\/b>\n<\/th>\n<th style=\"text-align:left;\">Kaleshin (57.), Laborde (76.); Berisha (42.)\n<\/th>\n<\/tr>\n<tr>\n<th style=\"text-align:left;\"><b>Rote Karten<\/b>\n<\/th>\n<th style=\"text-align:left;\">\n<\/th>\n<\/tr>\n<tr>\n<th style=\"text-align:left;\"><b>Schiedsrichter<\/b>\n<\/th>\n<th style=\"text-align:left;\">Liran Liany (ISR)\n<\/th>\n<\/tr>\n<tr>\n<th style=\"text-align:left;\"><b>Stadion<\/b>\n<\/th>\n<th style=\"text-align:left;\">Krasnodar Stadium, Krasnodar\n<\/th>\n<\/tr>\n<tr>\n<th style=\"text-align:left;\"><b>Zuschauer<\/b>\n<\/th>\n<th style=\"text-align:left;\">19 150\n<\/th>\n<\/tr>\n<\/tbody>\n<\/table>\n<ul>\n<li><a href=\"\/Andreas_Ulmer\" title=\"Andreas Ulmer\">Andreas Ulmer<\/a> bestritt sein 290. Pflichtspiel f\u00fcr Salzburg.<\/li>\n<\/ul>\n<h2><span class=\"mw-headline\" id=\"Weblinks\">Weblinks<\/span><a href=\"\/index.php?title=FK_Krasnodar_gegen_FC_Salzburg&amp;action=edit&amp;section=2\" title=\"Abschnitt bearbeiten: Weblinks\">Bearbeiten<\/a><span class=\"mw-editsection-bracket\">]<\/span><\/span><\/h2>\n<p><a rel=\"nofollow\" class=\"external text\" href=\"http:\/\/www.redbullsalzburg.at\/de\/fc-red-bull-salzburg\/news\/saison_2016_17\/fc-salzburg-und-fc-krasnodar-trennen-sich-unentschieden.html\">Spielbericht Vereinshomepage<\/a>\n<\/p>\n<h2><span class=\"mw-headline\" id=\"Bilder\">Bilder<\/span><a href=\"\/index.php?title=FK_Krasnodar_gegen_FC_Salzburg&amp;action=edit&amp;section=3\" title=\"Abschnitt bearbeiten: Bilder\">Bearbeiten<\/a><span class=\"mw-editsection-bracket\">]<\/span><\/span><\/h2>\n<ul>\n<li>(c)FC Salzburg<\/li>\n<\/ul>\n<ul class=\"gallery mw-gallery-traditional\">\n<li class=\"gallerybox\" style=\"width: 155px\">\n<div style=\"width: 155px\">\n<div class=\"thumb\" style=\"width: 150px;\">\n<div style=\"margin:30px auto;\"><a href=\"\/Datei:Unbenannt.PNG\" class=\"image\"><img alt=\"Unbenannt.PNG\" src=\"\/images\/thumb\/0\/05\/Unbenannt.PNG\/120px-Unbenannt.PNG\" decoding=\"async\" width=\"120\" height=\"90\" srcset=\"\/images\/thumb\/0\/05\/Unbenannt.PNG\/180px-Unbenannt.PNG 1.5x, \/images\/thumb\/0\/05\/Unbenannt.PNG\/240px-Unbenannt.PNG 2x\" \/><\/a><\/div>\n<\/div>\n<div class=\"gallerytext\">\n\t\t\t<\/div>\n<\/p><\/div>\n<\/li>\n<li class=\"gallerybox\" style=\"width: 155px\">\n<div style=\"width: 155px\">\n<div class=\"thumb\" style=\"width: 150px;\">\n<div style=\"margin:35px auto;\"><a href=\"\/Datei:Krasnodar_(1).jpg\" class=\"image\"><img alt=\"Krasnodar (1).jpg\" src=\"\/images\/thumb\/3\/38\/Krasnodar_%281%29.jpg\/120px-Krasnodar_%281%29.jpg\" decoding=\"async\" width=\"120\" height=\"80\" srcset=\"\/images\/thumb\/3\/38\/Krasnodar_%281%29.jpg\/180px-Krasnodar_%281%29.jpg 1.5x, \/images\/thumb\/3\/38\/Krasnodar_%281%29.jpg\/240px-Krasnodar_%281%29.jpg 2x\" \/><\/a><\/div>\n<\/div>\n<div class=\"gallerytext\">\n\t\t\t<\/div>\n<\/p><\/div>\n<\/li>\n<li class=\"gallerybox\" style=\"width: 155px\">\n<div style=\"width: 155px\">\n<div class=\"thumb\" style=\"width: 150px;\">\n<div style=\"margin:35px auto;\"><a href=\"\/Datei:Krasnodar_(2).jpg\" class=\"image\"><img alt=\"Krasnodar (2).jpg\" src=\"\/images\/thumb\/0\/09\/Krasnodar_%282%29.jpg\/120px-Krasnodar_%282%29.jpg\" decoding=\"async\" width=\"120\" height=\"80\" srcset=\"\/images\/thumb\/0\/09\/Krasnodar_%282%29.jpg\/180px-Krasnodar_%282%29.jpg 1.5x, \/images\/thumb\/0\/09\/Krasnodar_%282%29.jpg\/240px-Krasnodar_%282%29.jpg 2x\" \/><\/a><\/div>\n<\/div>\n<div class=\"gallerytext\">\n\t\t\t<\/div>\n<\/p><\/div>\n<\/li>\n<li class=\"gallerybox\" style=\"width: 155px\">\n<div style=\"width: 155px\">\n<div class=\"thumb\" style=\"width: 150px;\">\n<div style=\"margin:15px auto;\"><a href=\"\/Datei:Krasnodar_(3).jpg\" class=\"image\"><img loading=\"lazy\" alt=\"Krasnodar (3).jpg\" src=\"\/images\/thumb\/2\/2e\/Krasnodar_%283%29.jpg\/80px-Krasnodar_%283%29.jpg\" decoding=\"async\" width=\"80\" height=\"120\" srcset=\"\/images\/thumb\/2\/2e\/Krasnodar_%283%29.jpg\/120px-Krasnodar_%283%29.jpg 1.5x, \/images\/thumb\/2\/2e\/Krasnodar_%283%29.jpg\/160px-Krasnodar_%283%29.jpg 2x\" \/><\/a><\/div>\n<\/div>\n<div class=\"gallerytext\">\n\t\t\t<\/div>\n<\/p><\/div>\n<\/li>\n<li class=\"gallerybox\" style=\"width: 155px\">\n<div style=\"width: 155px\">\n<div class=\"thumb\" style=\"width: 150px;\">\n<div style=\"margin:35px auto;\"><a href=\"\/Datei:Krasnodar_(4).jpg\" class=\"image\"><img loading=\"lazy\" alt=\"Krasnodar (4).jpg\" src=\"\/images\/thumb\/c\/cd\/Krasnodar_%284%29.jpg\/120px-Krasnodar_%284%29.jpg\" decoding=\"async\" width=\"120\" height=\"80\" srcset=\"\/images\/thumb\/c\/cd\/Krasnodar_%284%29.jpg\/180px-Krasnodar_%284%29.jpg 1.5x, \/images\/thumb\/c\/cd\/Krasnodar_%284%29.jpg\/240px-Krasnodar_%284%29.jpg 2x\" \/><\/a><\/div>\n<\/div>\n<div class=\"gallerytext\">\n\t\t\t<\/div>\n<\/p><\/div>\n<\/li>\n<\/ul>\n<h2><span class=\"mw-headline\" id=\"Stimmen_zum_Spiel\">Stimmen zum Spiel<\/span><a href=\"\/index.php?title=FK_Krasnodar_gegen_FC_Salzburg&amp;action=edit&amp;section=4\" title=\"Abschnitt bearbeiten: Stimmen zum Spiel\">Bearbeiten<\/a><span class=\"mw-editsection-bracket\">]<\/span><\/span><\/h2>\n<ul>\n<li><b>Oscar Garcia:<\/b> Das Einzige, was uns heute gefehlt hat, war, dass wir das zweite Tor nicht gemacht haben und der Gegner die einzige Halbchance, die er hatte, zum Ausgleich nutzen konnte. Wir wussten, dass wir keine Fehler machen d\u00fcrfen und Krasnodar hat aus einer halben Chance ein Tor gemacht. Ich bin aber dennoch zufrieden mit meiner Mannschaft, denn ansonsten m\u00fcssen wir uns nichts vorwerfen.<\/li>\n<li><b>Munas Dabbur:<\/b> Ich bin nat\u00fcrlich hin- und hergerissen, denn klarerweise freue ich mich \u00fcber mein Tor, allerdings ist das Ergebnis kein Grund zur Freude. Es f\u00fchlt sich an wie eine Niederlage, und dabei h\u00e4tten wir uns den Sieg heute wirklich verdient.<\/li>\n<\/ul>\n<\/div>\n","protected":false},"excerpt":{"rendered":"<p>FaktenBearbeiten] FK Krasnodar gegen FC Salzburg, 1:1 Spieltag UEFA Euro-League Datum 24. November 2016 Anpfiff 19 Uhr Aufstellung Tor Alexander Walke Verteidigung Andreas Ulmer &#8211; Dayot Upamecano &#8211; Paulo Miranda &#8211; Andreas Ulmer Mittelfeld Diadie Samassekou &#8211; Josip Radosevic &#8211; Valon Berisha &#8211; Valentino Lazaro Sturm Fredrik Gulbrandsen &#8211; Munas Dabbur Wechsel Wechsel Hee-Chan Hwang [&hellip;]<\/p>\n","protected":false},"author":1,"featured_media":0,"parent":0,"menu_order":0,"comment_status":"closed","ping_status":"closed","template":"","meta":{"footnotes":""},"class_list":["post-4391","page","type-page","status-publish","hentry"],"_links":{"self":[{"href":"https:\/\/wiki.s12.at\/index.php\/wp-json\/wp\/v2\/pages\/4391","targetHints":{"allow":["GET"]}}],"collection":[{"href":"https:\/\/wiki.s12.at\/index.php\/wp-json\/wp\/v2\/pages"}],"about":[{"href":"https:\/\/wiki.s12.at\/index.php\/wp-json\/wp\/v2\/types\/page"}],"author":[{"embeddable":true,"href":"https:\/\/wiki.s12.at\/index.php\/wp-json\/wp\/v2\/users\/1"}],"replies":[{"embeddable":true,"href":"https:\/\/wiki.s12.at\/index.php\/wp-json\/wp\/v2\/comments?post=4391"}],"version-history":[{"count":0,"href":"https:\/\/wiki.s12.at\/index.php\/wp-json\/wp\/v2\/pages\/4391\/revisions"}],"wp:attachment":[{"href":"https:\/\/wiki.s12.at\/index.php\/wp-json\/wp\/v2\/media?parent=4391"}],"curies":[{"name":"wp","href":"https:\/\/api.w.org\/{rel}","templated":true}]}}

<div class="mw-parser-output">
<h2><span class="mw-headline" id="Fakten">Fakten</span><a href="/index.php?title=FK_Krasnodar_gegen_FC_Salzburg&amp;action=edit&amp;section=1" title="Abschnitt bearbeiten: Fakten">Bearbeiten</a><span class="mw-editsection-bracket">]</span></span></h2>
<table class="toptextcells toccolours">
<tbody>
<tr>
<th colspan="2" style="text-align: center; vertical-align: top; padding: 0.3em 0.8em; font-size: 125%; background-color: lightsteelblue;">FK Krasnodar gegen FC Salzburg, 1:1
</th>
</tr>
<tr>
<th style="text-align:left;"><b>Spieltag</b>
</th>
<th style="text-align:left;">UEFA Euro-League
</th>
</tr>
<tr>
<th style="text-align:left;"><b>Datum</b>
</th>
<th style="text-align:left;">24. November 2016
</th>
</tr>
<tr>
<th style="text-align:left;"><b>Anpfiff</b>
</th>
<th style="text-align:left;">19  Uhr
</th>
</tr>
<tr>
<td colspan="2" style="text-align:center;" bgcolor="lightgray"><b>Aufstellung</b>
</td>
</tr>
<tr>
<th style="text-align:left;"><b>Tor</b>
</th>
<th><a href="/Alexander_Walke" title="Alexander Walke">Alexander Walke</a>
</th>
</tr>
<tr>
<th style="text-align:left;"><b>Verteidigung</b>
</th>
<th><a href="/Andreas_Ulmer" title="Andreas Ulmer">Andreas Ulmer</a> &#8211; <a href="/Dayot_Upamecano" title="Dayot Upamecano">Dayot Upamecano</a> &#8211; <a href="/Paulo_Miranda" title="Paulo Miranda">Paulo Miranda</a> &#8211; <a href="/Andreas_Ulmer" title="Andreas Ulmer">Andreas Ulmer</a>
</th>
</tr>
<tr>
<th style="text-align:left;"><b>Mittelfeld</b>
</th>
<th><a href="/Diadie_Samassekou" title="Diadie Samassekou">Diadie Samassekou</a> &#8211; <a href="/Josip_Radosevic" title="Josip Radosevic">Josip Radosevic</a> &#8211; <a href="/Valon_Berisha" title="Valon Berisha">Valon Berisha</a>  &#8211; <a href="/Valentino_Lazaro" title="Valentino Lazaro">Valentino Lazaro</a>
</th>
</tr>
<tr>
<th style="text-align:left;"><b>Sturm</b>
</th>
<th><a href="/Fredrik_Gulbrandsen" title="Fredrik Gulbrandsen">Fredrik Gulbrandsen</a> &#8211; <a href="/Munas_Dabbur" title="Munas Dabbur">Munas Dabbur</a>
</th>
</tr>
<tr>
<td colspan="2" style="text-align:center;" bgcolor="lightgray"><b>Wechsel</b>
</td>
</tr>
<tr>
<th style="text-align:left;"><b>Wechsel</b>
</th>
<th style="text-align:left;"><a href="/Hee-Chan_Hwang" title="Hee-Chan Hwang">Hee-Chan Hwang</a> für Gulbrandsen (73.), <a href="/Xaver_Schlager" title="Xaver Schlager">Xaver Schlager</a> für Berisha (88.)
</th>
</tr>
<tr>
<td colspan="2" style="text-align:center;" bgcolor="lightgray"><b>Statistik</b>
</td>
</tr>
<tr>
<th style="text-align:left;"><b>Endstand</b>
</th>
<th style="text-align:left;">1:1 (0:1)
</th>
</tr>
<tr>
<th style="text-align:left;"><b>Torschützen</b>
</th>
<th style="text-align:left;">Smolov (85.); Dabbur (37.)
</th>
</tr>
<tr>
<th style="text-align:left;"><b>Gelbe Karten</b>
</th>
<th style="text-align:left;">Kaleshin (57.), Laborde (76.); Berisha (42.)
</th>
</tr>
<tr>
<th style="text-align:left;"><b>Rote Karten</b>
</th>
<th style="text-align:left;">
</th>
</tr>
<tr>
<th style="text-align:left;"><b>Schiedsrichter</b>
</th>
<th style="text-align:left;">Liran Liany (ISR)
</th>
</tr>
<tr>
<th style="text-align:left;"><b>Stadion</b>
</th>
<th style="text-align:left;">Krasnodar Stadium, Krasnodar
</th>
</tr>
<tr>
<th style="text-align:left;"><b>Zuschauer</b>
</th>
<th style="text-align:left;">19 150
</th>
</tr>
</tbody>
</table>
<ul>
<li><a href="/Andreas_Ulmer" title="Andreas Ulmer">Andreas Ulmer</a> bestritt sein 290. Pflichtspiel für Salzburg.</li>
</ul>
<h2><span class="mw-headline" id="Weblinks">Weblinks</span><a href="/index.php?title=FK_Krasnodar_gegen_FC_Salzburg&amp;action=edit&amp;section=2" title="Abschnitt bearbeiten: Weblinks">Bearbeiten</a><span class="mw-editsection-bracket">]</span></span></h2>
<p><a rel="nofollow" class="external text" href="http://www.redbullsalzburg.at/de/fc-red-bull-salzburg/news/saison_2016_17/fc-salzburg-und-fc-krasnodar-trennen-sich-unentschieden.html">Spielbericht Vereinshomepage</a>
</p>
<h2><span class="mw-headline" id="Bilder">Bilder</span><a href="/index.php?title=FK_Krasnodar_gegen_FC_Salzburg&amp;action=edit&amp;section=3" title="Abschnitt bearbeiten: Bilder">Bearbeiten</a><span class="mw-editsection-bracket">]</span></span></h2>
<ul>
<li>(c)FC Salzburg</li>
</ul>
<ul class="gallery mw-gallery-traditional">
<li class="gallerybox" style="width: 155px">
<div style="width: 155px">
<div class="thumb" style="width: 150px;">
<div style="margin:30px auto;"><a href="/Datei:Unbenannt.PNG" class="image"><img alt="Unbenannt.PNG" src="/images/thumb/0/05/Unbenannt.PNG/120px-Unbenannt.PNG" decoding="async" width="120" height="90" srcset="/images/thumb/0/05/Unbenannt.PNG/180px-Unbenannt.PNG 1.5x, /images/thumb/0/05/Unbenannt.PNG/240px-Unbenannt.PNG 2x" /></a></div>
</div>
<div class="gallerytext">
			</div>
</p></div>
</li>
<li class="gallerybox" style="width: 155px">
<div style="width: 155px">
<div class="thumb" style="width: 150px;">
<div style="margin:35px auto;"><a href="/Datei:Krasnodar_(1).jpg" class="image"><img alt="Krasnodar (1).jpg" src="/images/thumb/3/38/Krasnodar_%281%29.jpg/120px-Krasnodar_%281%29.jpg" decoding="async" width="120" height="80" srcset="/images/thumb/3/38/Krasnodar_%281%29.jpg/180px-Krasnodar_%281%29.jpg 1.5x, /images/thumb/3/38/Krasnodar_%281%29.jpg/240px-Krasnodar_%281%29.jpg 2x" /></a></div>
</div>
<div class="gallerytext">
			</div>
</p></div>
</li>
<li class="gallerybox" style="width: 155px">
<div style="width: 155px">
<div class="thumb" style="width: 150px;">
<div style="margin:35px auto;"><a href="/Datei:Krasnodar_(2).jpg" class="image"><img alt="Krasnodar (2).jpg" src="/images/thumb/0/09/Krasnodar_%282%29.jpg/120px-Krasnodar_%282%29.jpg" decoding="async" width="120" height="80" srcset="/images/thumb/0/09/Krasnodar_%282%29.jpg/180px-Krasnodar_%282%29.jpg 1.5x, /images/thumb/0/09/Krasnodar_%282%29.jpg/240px-Krasnodar_%282%29.jpg 2x" /></a></div>
</div>
<div class="gallerytext">
			</div>
</p></div>
</li>
<li class="gallerybox" style="width: 155px">
<div style="width: 155px">
<div class="thumb" style="width: 150px;">
<div style="margin:15px auto;"><a href="/Datei:Krasnodar_(3).jpg" class="image"><img loading="lazy" alt="Krasnodar (3).jpg" src="/images/thumb/2/2e/Krasnodar_%283%29.jpg/80px-Krasnodar_%283%29.jpg" decoding="async" width="80" height="120" srcset="/images/thumb/2/2e/Krasnodar_%283%29.jpg/120px-Krasnodar_%283%29.jpg 1.5x, /images/thumb/2/2e/Krasnodar_%283%29.jpg/160px-Krasnodar_%283%29.jpg 2x" /></a></div>
</div>
<div class="gallerytext">
			</div>
</p></div>
</li>
<li class="gallerybox" style="width: 155px">
<div style="width: 155px">
<div class="thumb" style="width: 150px;">
<div style="margin:35px auto;"><a href="/Datei:Krasnodar_(4).jpg" class="image"><img loading="lazy" alt="Krasnodar (4).jpg" src="/images/thumb/c/cd/Krasnodar_%284%29.jpg/120px-Krasnodar_%284%29.jpg" decoding="async" width="120" height="80" srcset="/images/thumb/c/cd/Krasnodar_%284%29.jpg/180px-Krasnodar_%284%29.jpg 1.5x, /images/thumb/c/cd/Krasnodar_%284%29.jpg/240px-Krasnodar_%284%29.jpg 2x" /></a></div>
</div>
<div class="gallerytext">
			</div>
</p></div>
</li>
</ul>
<h2><span class="mw-headline" id="Stimmen_zum_Spiel">Stimmen zum Spiel</span><a href="/index.php?title=FK_Krasnodar_gegen_FC_Salzburg&amp;action=edit&amp;section=4" title="Abschnitt bearbeiten: Stimmen zum Spiel">Bearbeiten</a><span class="mw-editsection-bracket">]</span></span></h2>
<ul>
<li><b>Oscar Garcia:</b> Das Einzige, was uns heute gefehlt hat, war, dass wir das zweite Tor nicht gemacht haben und der Gegner die einzige Halbchance, die er hatte, zum Ausgleich nutzen konnte. Wir wussten, dass wir keine Fehler machen dürfen und Krasnodar hat aus einer halben Chance ein Tor gemacht. Ich bin aber dennoch zufrieden mit meiner Mannschaft, denn ansonsten müssen wir uns nichts vorwerfen.</li>
<li><b>Munas Dabbur:</b> Ich bin natürlich hin- und hergerissen, denn klarerweise freue ich mich über mein Tor, allerdings ist das Ergebnis kein Grund zur Freude. Es fühlt sich an wie eine Niederlage, und dabei hätten wir uns den Sieg heute wirklich verdient.</li>
</ul>
</div>
