{"id":4367,"date":"2026-05-06T15:44:30","date_gmt":"2026-05-06T13:44:30","guid":{"rendered":"https:\/\/wiki.s12.at\/index.php\/fc-wacker-innsbruck-gegen-fc-red-bull-salzburg-frauen\/"},"modified":"2026-05-06T15:44:30","modified_gmt":"2026-05-06T13:44:30","slug":"fc-wacker-innsbruck-gegen-fc-red-bull-salzburg-frauen","status":"publish","type":"page","link":"https:\/\/wiki.s12.at\/index.php\/fc-wacker-innsbruck-gegen-fc-red-bull-salzburg-frauen\/","title":{"rendered":"FC Wacker Innsbruck gegen FC Red Bull Salzburg Frauen"},"content":{"rendered":"<div class=\"mw-parser-output\">\n<table class=\"toptextcells toccolours\">\n<tbody>\n<tr>\n<th colspan=\"2\" style=\"text-align: center; vertical-align: top; padding: 0.3em 0.8em; font-size: 125%; background-color: lightsteelblue;\">FC Wacker Innsbruck  gegen FC Red Bull Salzburg Frauen, 0:1\n<\/th>\n<\/tr>\n<tr>\n<th style=\"text-align:left;\"><b>Spieltag<\/b>\n<\/th>\n<th style=\"text-align:left;\">\u00d6FB Frauen Cup, 2. Runde\n<\/th>\n<\/tr>\n<tr>\n<th style=\"text-align:left;\"><b>Datum<\/b>\n<\/th>\n<th style=\"text-align:left;\">9. August 2025\n<\/th>\n<\/tr>\n<tr>\n<th style=\"text-align:left;\"><b>Anpfiff<\/b>\n<\/th>\n<th style=\"text-align:left;\">16 Uhr\n<\/th>\n<\/tr>\n<tr>\n<td colspan=\"2\" style=\"text-align:center;\" bgcolor=\"lightgray\"><b>Aufstellung<\/b>\n<\/td>\n<\/tr>\n<tr>\n<th style=\"text-align:left;\"><b>Tor<\/b>\n<\/th>\n<th><a href=\"\/Michaela_Fischer\" title=\"Michaela Fischer\">Michaela Fischer<\/a>\n<\/th>\n<\/tr>\n<tr>\n<th style=\"text-align:left;\"><b>Verteidigung<\/b>\n<\/th>\n<th><a href=\"\/Laura_Spinn\" title=\"Laura Spinn\">Laura Spinn<\/a> &#8211;  <a href=\"\/Lucia_Orkic\" title=\"Lucia Orkic\">Lucia Orkic<\/a> &#8211; <a href=\"\/Lea_Krinzinger\" title=\"Lea Krinzinger\">Lea Krinzinger<\/a> &#8211;<a href=\"\/Aldina_Hamzic\" title=\"Aldina Hamzic\">Aldina Hamzic<\/a>\n<\/th>\n<\/tr>\n<tr>\n<th style=\"text-align:left;\"><b>Mittelfeld<\/b>\n<\/th>\n<th><a href=\"\/Greta_Spinn\" title=\"Greta Spinn\">Greta Spinn<\/a> &#8211; <a href=\"\/Sara_Grabovac\" title=\"Sara Grabovac\">Sara Grabovac<\/a> &#8211; <a href=\"\/Theresa_D%27Angelo\" title=\"Theresa D&#39;Angelo\">Theresa D&#8217;Angelo<\/a> &#8211; <a href=\"\/Valentina_Illinger\" title=\"Valentina Illinger\">Valentina Illinger<\/a>\n<\/th>\n<\/tr>\n<tr>\n<th style=\"text-align:left;\"><b>Sturm<\/b>\n<\/th>\n<th><a href=\"\/Vina_Crnoja\" title=\"Vina Crnoja\">Vina Crnoja<\/a> &#8211; <a href=\"\/Tina_Krassnig\" title=\"Tina Krassnig\">Tina Krassnig<\/a>\n<\/th>\n<\/tr>\n<tr>\n<td colspan=\"2\" style=\"text-align:center;\" bgcolor=\"lightgray\"><b>Wechsel<\/b>\n<\/td>\n<\/tr>\n<tr>\n<th style=\"text-align:left;\"><b>Wechsel<\/b>\n<\/th>\n<th style=\"text-align:left;\"><a href=\"\/Valentina_Illinger\" title=\"Valentina Illinger\">Valentina Illinger<\/a> f\u00fcr Gr\u00fcnwald (61.), <a href=\"\/Emelie_Kobler\" title=\"Emelie Kobler\">Emelie Kobler<\/a> f\u00fcr Krassnig (61.), <a href=\"\/Christina_Gierzinger\" title=\"Christina Gierzinger\">Christina Gierzinger<\/a> f\u00fcr<br \/> D&#8217;Angelo (76.), <a href=\"\/Valentina_Akrap\" title=\"Valentina Akrap\">Valentina Akrap<\/a> f\u00fcr Crnoja (85.), <a href=\"\/Sophia_Schirmbrand\" title=\"Sophia Schirmbrand\">Sophia Schirmbrand<\/a> f\u00fcr Krinzinger (85.)\n<\/th>\n<\/tr>\n<tr>\n<td colspan=\"2\" style=\"text-align:center;\" bgcolor=\"lightgray\"><b>Statistik<\/b>\n<\/td>\n<\/tr>\n<tr>\n<th style=\"text-align:left;\"><b>Endstand<\/b>\n<\/th>\n<th style=\"text-align:left;\">0:1 (0:0)\n<\/th>\n<\/tr>\n<tr>\n<th style=\"text-align:left;\"><b>Torsch\u00fctzen<\/b>\n<\/th>\n<th style=\"text-align:left;\">Grabovac (65.)\n<\/th>\n<\/tr>\n<tr>\n<th style=\"text-align:left;\"><b>Gelbe Karten<\/b>\n<\/th>\n<th style=\"text-align:left;\">Makungu (34.); Hamzic (72.\/Foul)\n<\/th>\n<\/tr>\n<tr>\n<th style=\"text-align:left;\"><b>Rote Karten<\/b>\n<\/th>\n<th style=\"text-align:left;\">\n<\/th>\n<\/tr>\n<tr>\n<th style=\"text-align:left;\"><b>Schiedsrichter<\/b>\n<\/th>\n<th style=\"text-align:left;\">Anton Bernecker\n<\/th>\n<\/tr>\n<tr>\n<th style=\"text-align:left;\"><b>Stadion<\/b>\n<\/th>\n<th style=\"text-align:left;\">Tivoli W1, Innsbruck\n<\/th>\n<\/tr>\n<tr>\n<th style=\"text-align:left;\"><b>Zuschauer<\/b>\n<\/th>\n<th style=\"text-align:left;\">250\n<\/th>\n<\/tr>\n<\/tbody>\n<\/table>\n<h2><span class=\"mw-headline\" id=\"Spielbericht\">Spielbericht<\/span><a href=\"\/index.php?title=FC_Wacker_Innsbruck_gegen_FC_Red_Bull_Salzburg_Frauen&amp;action=edit&amp;section=1\" title=\"Abschnitt bearbeiten: Spielbericht\">Bearbeiten<\/a><span class=\"mw-editsection-bracket\">]<\/span><\/span><\/h2>\n<p><a rel=\"nofollow\" class=\"external text\" href=\"https:\/\/www.redbullsalzburg.at\/de\/frauen\/2025-2026\/spielplan-frauen\/oefb-cup-runde-2-fc-wacker-innsbruck-vs-fc-red-bull-salzburg#spielbericht\">Spielbericht Vereinshomepage<\/a>\n<\/p>\n<h2><span class=\"mw-headline\" id=\"Stimmen_zum_Spiel\">Stimmen zum Spiel<\/span><a href=\"\/index.php?title=FC_Wacker_Innsbruck_gegen_FC_Red_Bull_Salzburg_Frauen&amp;action=edit&amp;section=2\" title=\"Abschnitt bearbeiten: Stimmen zum Spiel\">Bearbeiten<\/a><span class=\"mw-editsection-bracket\">]<\/span><\/span><\/h2>\n<p><b>Dusan Pavlovic: <\/b> Wir haben das Spiel dominiert und sehr viele hochkar\u00e4tige Chancen vorgefunden. Dementsprechend h\u00e4tte der Sieg auch noch h\u00f6her ausfallen k\u00f6nnen. Nat\u00fcrlich \u00fcberwiegt dabei aber die Freude \u00fcber den Aufstieg ins Viertelfinale!\n<\/p>\n<\/div>\n","protected":false},"excerpt":{"rendered":"<p>FC Wacker Innsbruck gegen FC Red Bull Salzburg Frauen, 0:1 Spieltag \u00d6FB Frauen Cup, 2. Runde Datum 9. August 2025 Anpfiff 16 Uhr Aufstellung Tor Michaela Fischer Verteidigung Laura Spinn &#8211; Lucia Orkic &#8211; Lea Krinzinger &#8211;Aldina Hamzic Mittelfeld Greta Spinn &#8211; Sara Grabovac &#8211; Theresa D&#8217;Angelo &#8211; Valentina Illinger Sturm Vina Crnoja &#8211; Tina [&hellip;]<\/p>\n","protected":false},"author":1,"featured_media":0,"parent":0,"menu_order":0,"comment_status":"closed","ping_status":"closed","template":"","meta":{"footnotes":""},"class_list":["post-4367","page","type-page","status-publish","hentry"],"_links":{"self":[{"href":"https:\/\/wiki.s12.at\/index.php\/wp-json\/wp\/v2\/pages\/4367","targetHints":{"allow":["GET"]}}],"collection":[{"href":"https:\/\/wiki.s12.at\/index.php\/wp-json\/wp\/v2\/pages"}],"about":[{"href":"https:\/\/wiki.s12.at\/index.php\/wp-json\/wp\/v2\/types\/page"}],"author":[{"embeddable":true,"href":"https:\/\/wiki.s12.at\/index.php\/wp-json\/wp\/v2\/users\/1"}],"replies":[{"embeddable":true,"href":"https:\/\/wiki.s12.at\/index.php\/wp-json\/wp\/v2\/comments?post=4367"}],"version-history":[{"count":0,"href":"https:\/\/wiki.s12.at\/index.php\/wp-json\/wp\/v2\/pages\/4367\/revisions"}],"wp:attachment":[{"href":"https:\/\/wiki.s12.at\/index.php\/wp-json\/wp\/v2\/media?parent=4367"}],"curies":[{"name":"wp","href":"https:\/\/api.w.org\/{rel}","templated":true}]}}

<div class="mw-parser-output">
<table class="toptextcells toccolours">
<tbody>
<tr>
<th colspan="2" style="text-align: center; vertical-align: top; padding: 0.3em 0.8em; font-size: 125%; background-color: lightsteelblue;">FC Wacker Innsbruck  gegen FC Red Bull Salzburg Frauen, 0:1
</th>
</tr>
<tr>
<th style="text-align:left;"><b>Spieltag</b>
</th>
<th style="text-align:left;">ÖFB Frauen Cup, 2. Runde
</th>
</tr>
<tr>
<th style="text-align:left;"><b>Datum</b>
</th>
<th style="text-align:left;">9. August 2025
</th>
</tr>
<tr>
<th style="text-align:left;"><b>Anpfiff</b>
</th>
<th style="text-align:left;">16 Uhr
</th>
</tr>
<tr>
<td colspan="2" style="text-align:center;" bgcolor="lightgray"><b>Aufstellung</b>
</td>
</tr>
<tr>
<th style="text-align:left;"><b>Tor</b>
</th>
<th><a href="/Michaela_Fischer" title="Michaela Fischer">Michaela Fischer</a>
</th>
</tr>
<tr>
<th style="text-align:left;"><b>Verteidigung</b>
</th>
<th><a href="/Laura_Spinn" title="Laura Spinn">Laura Spinn</a> &#8211;  <a href="/Lucia_Orkic" title="Lucia Orkic">Lucia Orkic</a> &#8211; <a href="/Lea_Krinzinger" title="Lea Krinzinger">Lea Krinzinger</a> &#8211;<a href="/Aldina_Hamzic" title="Aldina Hamzic">Aldina Hamzic</a>
</th>
</tr>
<tr>
<th style="text-align:left;"><b>Mittelfeld</b>
</th>
<th><a href="/Greta_Spinn" title="Greta Spinn">Greta Spinn</a> &#8211; <a href="/Sara_Grabovac" title="Sara Grabovac">Sara Grabovac</a> &#8211; <a href="/Theresa_D%27Angelo" title="Theresa D&#39;Angelo">Theresa D&#8217;Angelo</a> &#8211; <a href="/Valentina_Illinger" title="Valentina Illinger">Valentina Illinger</a>
</th>
</tr>
<tr>
<th style="text-align:left;"><b>Sturm</b>
</th>
<th><a href="/Vina_Crnoja" title="Vina Crnoja">Vina Crnoja</a> &#8211; <a href="/Tina_Krassnig" title="Tina Krassnig">Tina Krassnig</a>
</th>
</tr>
<tr>
<td colspan="2" style="text-align:center;" bgcolor="lightgray"><b>Wechsel</b>
</td>
</tr>
<tr>
<th style="text-align:left;"><b>Wechsel</b>
</th>
<th style="text-align:left;"><a href="/Valentina_Illinger" title="Valentina Illinger">Valentina Illinger</a> für Grünwald (61.), <a href="/Emelie_Kobler" title="Emelie Kobler">Emelie Kobler</a> für Krassnig (61.), <a href="/Christina_Gierzinger" title="Christina Gierzinger">Christina Gierzinger</a> für<br /> D&#8217;Angelo (76.), <a href="/Valentina_Akrap" title="Valentina Akrap">Valentina Akrap</a> für Crnoja (85.), <a href="/Sophia_Schirmbrand" title="Sophia Schirmbrand">Sophia Schirmbrand</a> für Krinzinger (85.)
</th>
</tr>
<tr>
<td colspan="2" style="text-align:center;" bgcolor="lightgray"><b>Statistik</b>
</td>
</tr>
<tr>
<th style="text-align:left;"><b>Endstand</b>
</th>
<th style="text-align:left;">0:1 (0:0)
</th>
</tr>
<tr>
<th style="text-align:left;"><b>Torschützen</b>
</th>
<th style="text-align:left;">Grabovac (65.)
</th>
</tr>
<tr>
<th style="text-align:left;"><b>Gelbe Karten</b>
</th>
<th style="text-align:left;">Makungu (34.); Hamzic (72./Foul)
</th>
</tr>
<tr>
<th style="text-align:left;"><b>Rote Karten</b>
</th>
<th style="text-align:left;">
</th>
</tr>
<tr>
<th style="text-align:left;"><b>Schiedsrichter</b>
</th>
<th style="text-align:left;">Anton Bernecker
</th>
</tr>
<tr>
<th style="text-align:left;"><b>Stadion</b>
</th>
<th style="text-align:left;">Tivoli W1, Innsbruck
</th>
</tr>
<tr>
<th style="text-align:left;"><b>Zuschauer</b>
</th>
<th style="text-align:left;">250
</th>
</tr>
</tbody>
</table>
<h2><span class="mw-headline" id="Spielbericht">Spielbericht</span><a href="/index.php?title=FC_Wacker_Innsbruck_gegen_FC_Red_Bull_Salzburg_Frauen&amp;action=edit&amp;section=1" title="Abschnitt bearbeiten: Spielbericht">Bearbeiten</a><span class="mw-editsection-bracket">]</span></span></h2>
<p><a rel="nofollow" class="external text" href="https://www.redbullsalzburg.at/de/frauen/2025-2026/spielplan-frauen/oefb-cup-runde-2-fc-wacker-innsbruck-vs-fc-red-bull-salzburg#spielbericht">Spielbericht Vereinshomepage</a>
</p>
<h2><span class="mw-headline" id="Stimmen_zum_Spiel">Stimmen zum Spiel</span><a href="/index.php?title=FC_Wacker_Innsbruck_gegen_FC_Red_Bull_Salzburg_Frauen&amp;action=edit&amp;section=2" title="Abschnitt bearbeiten: Stimmen zum Spiel">Bearbeiten</a><span class="mw-editsection-bracket">]</span></span></h2>
<p><b>Dusan Pavlovic: </b> Wir haben das Spiel dominiert und sehr viele hochkarätige Chancen vorgefunden. Dementsprechend hätte der Sieg auch noch höher ausfallen können. Natürlich überwiegt dabei aber die Freude über den Aufstieg ins Viertelfinale!
</p>
</div>

<p>FC Wacker Innsbruck gegen FC Red Bull Salzburg Frauen, 0:1 Spieltag ÖFB Frauen Cup, 2. Runde Datum 9. August 2025 Anpfiff 16 Uhr Aufstellung Tor Michaela Fischer Verteidigung Laura Spinn &#8211; Lucia Orkic &#8211; Lea Krinzinger &#8211;Aldina Hamzic Mittelfeld Greta Spinn &#8211; Sara Grabovac &#8211; Theresa D&#8217;Angelo &#8211; Valentina Illinger Sturm Vina Crnoja &#8211; Tina [&hellip;]</p>
