{"id":4361,"date":"2026-05-06T15:44:24","date_gmt":"2026-05-06T13:44:24","guid":{"rendered":"https:\/\/wiki.s12.at\/index.php\/fc-viitorul-constanta-gegen-fc-salzburg\/"},"modified":"2026-05-06T15:44:24","modified_gmt":"2026-05-06T13:44:24","slug":"fc-viitorul-constanta-gegen-fc-salzburg","status":"publish","type":"page","link":"https:\/\/wiki.s12.at\/index.php\/fc-viitorul-constanta-gegen-fc-salzburg\/","title":{"rendered":"FC Viitorul Constan\u021ba gegen FC Salzburg"},"content":{"rendered":"<div class=\"mw-parser-output\">\n<h2><span class=\"mw-headline\" id=\"Fakten\">Fakten<\/span><a href=\"\/index.php?title=FC_Viitorul_Constan%C8%9Ba_gegen_FC_Salzburg&amp;action=edit&amp;section=1\" title=\"Abschnitt bearbeiten: Fakten\">Bearbeiten<\/a><span class=\"mw-editsection-bracket\">]<\/span><\/span><\/h2>\n<table class=\"toptextcells toccolours\">\n<tbody>\n<tr>\n<th colspan=\"2\" style=\"text-align: center; vertical-align: top; padding: 0.3em 0.8em; font-size: 125%; background-color: lightsteelblue;\">FC Viitorul Constan\u021ba gegen FC Salzburg , 1:3\n<\/th>\n<\/tr>\n<tr>\n<th style=\"text-align:left;\"><b>Spieltag<\/b>\n<\/th>\n<th style=\"text-align:left;\">EL-Qualifikation-Play-off, Hinspiel\n<\/th>\n<\/tr>\n<tr>\n<th style=\"text-align:left;\"><b>Datum<\/b>\n<\/th>\n<th style=\"text-align:left;\">17. August 2017\n<\/th>\n<\/tr>\n<tr>\n<th style=\"text-align:left;\"><b>Anpfiff<\/b>\n<\/th>\n<th style=\"text-align:left;\">20.45 Uhr\n<\/th>\n<\/tr>\n<tr>\n<td colspan=\"2\" style=\"text-align:center;\" bgcolor=\"lightgray\"><b>Aufstellung<\/b>\n<\/td>\n<\/tr>\n<tr>\n<th style=\"text-align:left;\"><b>Tor<\/b>\n<\/th>\n<th><a href=\"\/Cican_Stankovic\" title=\"Cican Stankovic\">Cican Stankovic<\/a>\n<\/th>\n<\/tr>\n<tr>\n<th style=\"text-align:left;\"><b>Verteidigung<\/b>\n<\/th>\n<th><a href=\"\/Stefan_Lainer\" title=\"Stefan Lainer\">Stefan Lainer<\/a> &#8211; <a href=\"\/Paulo_Miranda\" title=\"Paulo Miranda\">Paulo Miranda<\/a> &#8211; <a href=\"\/Duje_Caleta-Car\" title=\"Duje Caleta-Car\">Duje Caleta-Car<\/a> &#8211; <a href=\"\/Andreas_Ulmer\" title=\"Andreas Ulmer\">Andreas Ulmer<\/a>\n<\/th>\n<\/tr>\n<tr>\n<th style=\"text-align:left;\"><b>Mittelfeld<\/b>\n<\/th>\n<th><a href=\"\/Hannes_Wolf\" title=\"Hannes Wolf\">Hannes Wolf<\/a> &#8211; <a href=\"\/Diadie_Samassekou\" title=\"Diadie Samassekou\">Diadie Samassekou <\/a> &#8211; <a href=\"\/Valon_Berisha\" title=\"Valon Berisha\">Valon Berisha<\/a> &#8211; <a href=\"\/Marc_Rzatkowski\" title=\"Marc Rzatkowski\">Marc Rzatkowski<\/a>\n<\/th>\n<\/tr>\n<tr>\n<th style=\"text-align:left;\"><b>Sturm<\/b>\n<\/th>\n<th><a href=\"\/Hee-Chan_Hwang\" title=\"Hee-Chan Hwang\">Hee-Chan Hwang<\/a> &#8211; <a href=\"\/Munas_Dabbur\" title=\"Munas Dabbur\">Munas Dabbur<\/a>\n<\/th>\n<\/tr>\n<tr>\n<td colspan=\"2\" style=\"text-align:center;\" bgcolor=\"lightgray\"><b>Wechsel<\/b>\n<\/td>\n<\/tr>\n<tr>\n<th style=\"text-align:left;\"><b>Wechsel<\/b>\n<\/th>\n<th style=\"text-align:left;\"><a href=\"\/Amadou_Haidara\" title=\"Amadou Haidara\">Amadou Haidara<\/a> f\u00fcr Rzatkowski (70.), <a href=\"\/Fredrik_Gulbrandsen\" title=\"Fredrik Gulbrandsen\">Fredrik Gulbrandsen<\/a> f\u00fcr Hwang (75.), <a href=\"\/Takumi_Minamino\" title=\"Takumi Minamino\">Takumi Minamino<\/a> f\u00fcr Wolf (81.)\n<\/th>\n<\/tr>\n<tr>\n<td colspan=\"2\" style=\"text-align:center;\" bgcolor=\"lightgray\"><b>Statistik<\/b>\n<\/td>\n<\/tr>\n<tr>\n<th style=\"text-align:left;\"><b>Endstand<\/b>\n<\/th>\n<th style=\"text-align:left;\">1:3  (1:3)\n<\/th>\n<\/tr>\n<tr>\n<th style=\"text-align:left;\"><b>Torsch\u00fctzen<\/b>\n<\/th>\n<th style=\"text-align:left;\">\u0162ucudean (7.); Hwang (2.), Wolf (28.), Dabbur (31.)\n<\/th>\n<\/tr>\n<tr>\n<th style=\"text-align:left;\"><b>Gelbe Karten<\/b>\n<\/th>\n<th style=\"text-align:left;\">L\u00f3pez (25.), Mladen (34.); Miranda (55.)\n<\/th>\n<\/tr>\n<tr>\n<th style=\"text-align:left;\"><b>Rote Karten<\/b>\n<\/th>\n<th style=\"text-align:left;\">\n<\/th>\n<\/tr>\n<tr>\n<th style=\"text-align:left;\"><b>Schiedsrichter<\/b>\n<\/th>\n<th style=\"text-align:left;\">Anthony Taylor (ENG)\n<\/th>\n<\/tr>\n<tr>\n<th style=\"text-align:left;\"><b>Stadion<\/b>\n<\/th>\n<th style=\"text-align:left;\">Stadium Hagi Academy, Ovidiu\n<\/th>\n<\/tr>\n<tr>\n<th style=\"text-align:left;\"><b>Zuschauer<\/b>\n<\/th>\n<th style=\"text-align:left;\">4 500\n<\/th>\n<\/tr>\n<\/tbody>\n<\/table>\n<h2><span class=\"mw-headline\" id=\"Weblinks\">Weblinks<\/span><a href=\"\/index.php?title=FC_Viitorul_Constan%C8%9Ba_gegen_FC_Salzburg&amp;action=edit&amp;section=2\" title=\"Abschnitt bearbeiten: Weblinks\">Bearbeiten<\/a><span class=\"mw-editsection-bracket\">]<\/span><\/span><\/h2>\n<p><a rel=\"nofollow\" class=\"external text\" href=\"http:\/\/www.redbullsalzburg.at\/de\/fc-red-bull-salzburg\/news\/saison_2017_18\/rote-bullen-mit-souveraenem-3-1-sieg-beim-fc-viitorul.html\">Spielbericht Homepage<\/a>\n<\/p>\n<h2><span class=\"mw-headline\" id=\"Bilder\">Bilder<\/span><a href=\"\/index.php?title=FC_Viitorul_Constan%C8%9Ba_gegen_FC_Salzburg&amp;action=edit&amp;section=3\" title=\"Abschnitt bearbeiten: Bilder\">Bearbeiten<\/a><span class=\"mw-editsection-bracket\">]<\/span><\/span><\/h2>\n<ul class=\"gallery mw-gallery-traditional\">\n<li class=\"gallerybox\" style=\"width: 155px\">\n<div style=\"width: 155px\">\n<div class=\"thumb\" style=\"width: 150px;\">\n<div style=\"margin:38.5px auto;\"><a href=\"\/Datei:Vitorul_FCS.PNG\" class=\"image\"><img alt=\"Vitorul FCS.PNG\" src=\"\/images\/thumb\/7\/74\/Vitorul_FCS.PNG\/120px-Vitorul_FCS.PNG\" decoding=\"async\" width=\"120\" height=\"73\" srcset=\"\/images\/thumb\/7\/74\/Vitorul_FCS.PNG\/180px-Vitorul_FCS.PNG 1.5x, \/images\/thumb\/7\/74\/Vitorul_FCS.PNG\/240px-Vitorul_FCS.PNG 2x\" \/><\/a><\/div>\n<\/div>\n<div class=\"gallerytext\">\n\t\t\t<\/div>\n<\/p><\/div>\n<\/li>\n<\/ul>\n<h2><span class=\"mw-headline\" id=\"Stimmen_zum_Spiel\">Stimmen zum Spiel<\/span><a href=\"\/index.php?title=FC_Viitorul_Constan%C8%9Ba_gegen_FC_Salzburg&amp;action=edit&amp;section=4\" title=\"Abschnitt bearbeiten: Stimmen zum Spiel\">Bearbeiten<\/a><span class=\"mw-editsection-bracket\">]<\/span><\/span><\/h2>\n<p><b>Marco Rose:<\/b> Wir haben dieses Spiel als Chance gesehen und haben in der ersten Halbzeit richtig stark gespielt. Wir haben gute Chancen herausgespielt, aber leider trotzdem ein Tor bekommen. Insgesamt bin ich zufrieden mit der Mannschaft. Nach dem 1:1 hat die Mannschaft Charakter bewiesen \u2013 trotzdem haben wir noch das R\u00fcckspiel, in dem alles passieren kann. Wir m\u00fcssen uns jetzt regenerieren und uns dann auf das Spiel gegen St. P\u00f6lten am Sonntag konzentrieren.\n<\/p>\n<p><b>Valon Berisha:<\/b> Wir haben heute extreme Spielfreude gezeigt und haben von Anfang an ein gutes Spiel abgeliefert. Wir haben drei Ausw\u00e4rtstore erzielt und ein ungl\u00fcckliches Gegentor erhalten. Trotzdem haben wir 90 Minuten lang eine super Leistung abgeliefert. Das zeigt, dass eine super Stimmung in der Mannschaft ist. Die Spieler, die neu in die Mannschaft ger\u00fcckt sind, haben sich bewiesen, und dies beweist, warum wir einen so gro\u00dfen Kader haben. Trotzdem kann im R\u00fcckspiel alles passieren.\n<\/p>\n<\/div>\n","protected":false},"excerpt":{"rendered":"<p>FaktenBearbeiten] FC Viitorul Constan\u021ba gegen FC Salzburg , 1:3 Spieltag EL-Qualifikation-Play-off, Hinspiel Datum 17. August 2017 Anpfiff 20.45 Uhr Aufstellung Tor Cican Stankovic Verteidigung Stefan Lainer &#8211; Paulo Miranda &#8211; Duje Caleta-Car &#8211; Andreas Ulmer Mittelfeld Hannes Wolf &#8211; Diadie Samassekou &#8211; Valon Berisha &#8211; Marc Rzatkowski Sturm Hee-Chan Hwang &#8211; Munas Dabbur Wechsel Wechsel [&hellip;]<\/p>\n","protected":false},"author":1,"featured_media":0,"parent":0,"menu_order":0,"comment_status":"closed","ping_status":"closed","template":"","meta":{"footnotes":""},"class_list":["post-4361","page","type-page","status-publish","hentry"],"_links":{"self":[{"href":"https:\/\/wiki.s12.at\/index.php\/wp-json\/wp\/v2\/pages\/4361","targetHints":{"allow":["GET"]}}],"collection":[{"href":"https:\/\/wiki.s12.at\/index.php\/wp-json\/wp\/v2\/pages"}],"about":[{"href":"https:\/\/wiki.s12.at\/index.php\/wp-json\/wp\/v2\/types\/page"}],"author":[{"embeddable":true,"href":"https:\/\/wiki.s12.at\/index.php\/wp-json\/wp\/v2\/users\/1"}],"replies":[{"embeddable":true,"href":"https:\/\/wiki.s12.at\/index.php\/wp-json\/wp\/v2\/comments?post=4361"}],"version-history":[{"count":0,"href":"https:\/\/wiki.s12.at\/index.php\/wp-json\/wp\/v2\/pages\/4361\/revisions"}],"wp:attachment":[{"href":"https:\/\/wiki.s12.at\/index.php\/wp-json\/wp\/v2\/media?parent=4361"}],"curies":[{"name":"wp","href":"https:\/\/api.w.org\/{rel}","templated":true}]}}

FC Viitorul Constanța gegen FC Salzburg

<div class="mw-parser-output">
<h2><span class="mw-headline" id="Fakten">Fakten</span><a href="/index.php?title=FC_Viitorul_Constan%C8%9Ba_gegen_FC_Salzburg&amp;action=edit&amp;section=1" title="Abschnitt bearbeiten: Fakten">Bearbeiten</a><span class="mw-editsection-bracket">]</span></span></h2>
<table class="toptextcells toccolours">
<tbody>
<tr>
<th colspan="2" style="text-align: center; vertical-align: top; padding: 0.3em 0.8em; font-size: 125%; background-color: lightsteelblue;">FC Viitorul Constanța gegen FC Salzburg , 1:3
</th>
</tr>
<tr>
<th style="text-align:left;"><b>Spieltag</b>
</th>
<th style="text-align:left;">EL-Qualifikation-Play-off, Hinspiel
</th>
</tr>
<tr>
<th style="text-align:left;"><b>Datum</b>
</th>
<th style="text-align:left;">17. August 2017
</th>
</tr>
<tr>
<th style="text-align:left;"><b>Anpfiff</b>
</th>
<th style="text-align:left;">20.45 Uhr
</th>
</tr>
<tr>
<td colspan="2" style="text-align:center;" bgcolor="lightgray"><b>Aufstellung</b>
</td>
</tr>
<tr>
<th style="text-align:left;"><b>Tor</b>
</th>
<th><a href="/Cican_Stankovic" title="Cican Stankovic">Cican Stankovic</a>
</th>
</tr>
<tr>
<th style="text-align:left;"><b>Verteidigung</b>
</th>
<th><a href="/Stefan_Lainer" title="Stefan Lainer">Stefan Lainer</a> &#8211; <a href="/Paulo_Miranda" title="Paulo Miranda">Paulo Miranda</a> &#8211; <a href="/Duje_Caleta-Car" title="Duje Caleta-Car">Duje Caleta-Car</a> &#8211; <a href="/Andreas_Ulmer" title="Andreas Ulmer">Andreas Ulmer</a>
</th>
</tr>
<tr>
<th style="text-align:left;"><b>Mittelfeld</b>
</th>
<th><a href="/Hannes_Wolf" title="Hannes Wolf">Hannes Wolf</a> &#8211; <a href="/Diadie_Samassekou" title="Diadie Samassekou">Diadie Samassekou </a> &#8211; <a href="/Valon_Berisha" title="Valon Berisha">Valon Berisha</a> &#8211; <a href="/Marc_Rzatkowski" title="Marc Rzatkowski">Marc Rzatkowski</a>
</th>
</tr>
<tr>
<th style="text-align:left;"><b>Sturm</b>
</th>
<th><a href="/Hee-Chan_Hwang" title="Hee-Chan Hwang">Hee-Chan Hwang</a> &#8211; <a href="/Munas_Dabbur" title="Munas Dabbur">Munas Dabbur</a>
</th>
</tr>
<tr>
<td colspan="2" style="text-align:center;" bgcolor="lightgray"><b>Wechsel</b>
</td>
</tr>
<tr>
<th style="text-align:left;"><b>Wechsel</b>
</th>
<th style="text-align:left;"><a href="/Amadou_Haidara" title="Amadou Haidara">Amadou Haidara</a> für Rzatkowski (70.), <a href="/Fredrik_Gulbrandsen" title="Fredrik Gulbrandsen">Fredrik Gulbrandsen</a> für Hwang (75.), <a href="/Takumi_Minamino" title="Takumi Minamino">Takumi Minamino</a> für Wolf (81.)
</th>
</tr>
<tr>
<td colspan="2" style="text-align:center;" bgcolor="lightgray"><b>Statistik</b>
</td>
</tr>
<tr>
<th style="text-align:left;"><b>Endstand</b>
</th>
<th style="text-align:left;">1:3  (1:3)
</th>
</tr>
<tr>
<th style="text-align:left;"><b>Torschützen</b>
</th>
<th style="text-align:left;">Ţucudean (7.); Hwang (2.), Wolf (28.), Dabbur (31.)
</th>
</tr>
<tr>
<th style="text-align:left;"><b>Gelbe Karten</b>
</th>
<th style="text-align:left;">López (25.), Mladen (34.); Miranda (55.)
</th>
</tr>
<tr>
<th style="text-align:left;"><b>Rote Karten</b>
</th>
<th style="text-align:left;">
</th>
</tr>
<tr>
<th style="text-align:left;"><b>Schiedsrichter</b>
</th>
<th style="text-align:left;">Anthony Taylor (ENG)
</th>
</tr>
<tr>
<th style="text-align:left;"><b>Stadion</b>
</th>
<th style="text-align:left;">Stadium Hagi Academy, Ovidiu
</th>
</tr>
<tr>
<th style="text-align:left;"><b>Zuschauer</b>
</th>
<th style="text-align:left;">4 500
</th>
</tr>
</tbody>
</table>
<h2><span class="mw-headline" id="Weblinks">Weblinks</span><a href="/index.php?title=FC_Viitorul_Constan%C8%9Ba_gegen_FC_Salzburg&amp;action=edit&amp;section=2" title="Abschnitt bearbeiten: Weblinks">Bearbeiten</a><span class="mw-editsection-bracket">]</span></span></h2>
<p><a rel="nofollow" class="external text" href="http://www.redbullsalzburg.at/de/fc-red-bull-salzburg/news/saison_2017_18/rote-bullen-mit-souveraenem-3-1-sieg-beim-fc-viitorul.html">Spielbericht Homepage</a>
</p>
<h2><span class="mw-headline" id="Bilder">Bilder</span><a href="/index.php?title=FC_Viitorul_Constan%C8%9Ba_gegen_FC_Salzburg&amp;action=edit&amp;section=3" title="Abschnitt bearbeiten: Bilder">Bearbeiten</a><span class="mw-editsection-bracket">]</span></span></h2>
<ul class="gallery mw-gallery-traditional">
<li class="gallerybox" style="width: 155px">
<div style="width: 155px">
<div class="thumb" style="width: 150px;">
<div style="margin:38.5px auto;"><a href="/Datei:Vitorul_FCS.PNG" class="image"><img alt="Vitorul FCS.PNG" src="/images/thumb/7/74/Vitorul_FCS.PNG/120px-Vitorul_FCS.PNG" decoding="async" width="120" height="73" srcset="/images/thumb/7/74/Vitorul_FCS.PNG/180px-Vitorul_FCS.PNG 1.5x, /images/thumb/7/74/Vitorul_FCS.PNG/240px-Vitorul_FCS.PNG 2x" /></a></div>
</div>
<div class="gallerytext">
			</div>
</p></div>
</li>
</ul>
<h2><span class="mw-headline" id="Stimmen_zum_Spiel">Stimmen zum Spiel</span><a href="/index.php?title=FC_Viitorul_Constan%C8%9Ba_gegen_FC_Salzburg&amp;action=edit&amp;section=4" title="Abschnitt bearbeiten: Stimmen zum Spiel">Bearbeiten</a><span class="mw-editsection-bracket">]</span></span></h2>
<p><b>Marco Rose:</b> Wir haben dieses Spiel als Chance gesehen und haben in der ersten Halbzeit richtig stark gespielt. Wir haben gute Chancen herausgespielt, aber leider trotzdem ein Tor bekommen. Insgesamt bin ich zufrieden mit der Mannschaft. Nach dem 1:1 hat die Mannschaft Charakter bewiesen – trotzdem haben wir noch das Rückspiel, in dem alles passieren kann. Wir müssen uns jetzt regenerieren und uns dann auf das Spiel gegen St. Pölten am Sonntag konzentrieren.
</p>
<p><b>Valon Berisha:</b> Wir haben heute extreme Spielfreude gezeigt und haben von Anfang an ein gutes Spiel abgeliefert. Wir haben drei Auswärtstore erzielt und ein unglückliches Gegentor erhalten. Trotzdem haben wir 90 Minuten lang eine super Leistung abgeliefert. Das zeigt, dass eine super Stimmung in der Mannschaft ist. Die Spieler, die neu in die Mannschaft gerückt sind, haben sich bewiesen, und dies beweist, warum wir einen so großen Kader haben. Trotzdem kann im Rückspiel alles passieren.
</p>
</div>

<p>FaktenBearbeiten] FC Viitorul Constanța gegen FC Salzburg , 1:3 Spieltag EL-Qualifikation-Play-off, Hinspiel Datum 17. August 2017 Anpfiff 20.45 Uhr Aufstellung Tor Cican Stankovic Verteidigung Stefan Lainer &#8211; Paulo Miranda &#8211; Duje Caleta-Car &#8211; Andreas Ulmer Mittelfeld Hannes Wolf &#8211; Diadie Samassekou &#8211; Valon Berisha &#8211; Marc Rzatkowski Sturm Hee-Chan Hwang &#8211; Munas Dabbur Wechsel Wechsel [&hellip;]</p>
