{"id":4354,"date":"2026-05-06T15:44:20","date_gmt":"2026-05-06T13:44:20","guid":{"rendered":"https:\/\/wiki.s12.at\/index.php\/fc-twente-enschede-gegen-fc-salzburg\/"},"modified":"2026-05-06T15:44:20","modified_gmt":"2026-05-06T13:44:20","slug":"fc-twente-enschede-gegen-fc-salzburg","status":"publish","type":"page","link":"https:\/\/wiki.s12.at\/index.php\/fc-twente-enschede-gegen-fc-salzburg\/","title":{"rendered":"FC Twente Enschede gegen FC Salzburg"},"content":{"rendered":"<div class=\"mw-parser-output\">\n<table class=\"toptextcells toccolours\">\n<tbody>\n<tr>\n<th colspan=\"2\" style=\"text-align: center; vertical-align: top; padding: 0.3em 0.8em; font-size: 125%; background-color: lightsteelblue;\">FC Twente Enschede gegen FC Salzburg, 3:3\n<\/th>\n<\/tr>\n<tr>\n<th style=\"text-align:left;\"><b>Spieltag<\/b>\n<\/th>\n<th style=\"text-align:left;\">UEFA-Championsleague Qualifikation, 3. Runde-R\u00fcckspiel\n<\/th>\n<\/tr>\n<tr>\n<th style=\"text-align:left;\"><b>Datum<\/b>\n<\/th>\n<th style=\"text-align:left;\">13. August 2024\n<\/th>\n<\/tr>\n<tr>\n<th style=\"text-align:left;\"><b>Anpfiff<\/b>\n<\/th>\n<th style=\"text-align:left;\">19 Uhr\n<\/th>\n<\/tr>\n<tr>\n<td colspan=\"2\" style=\"text-align:center;\" bgcolor=\"lightgray\"><b>Aufstellung<\/b>\n<\/td>\n<\/tr>\n<tr>\n<th style=\"text-align:left;\"><b>Tor<\/b>\n<\/th>\n<th><a href=\"\/Janis_Blaswich\" title=\"Janis Blaswich\">Janis Blaswich<\/a>\n<\/th>\n<\/tr>\n<tr>\n<th style=\"text-align:left;\"><b>Verteidigung<\/b>\n<\/th>\n<th><a href=\"\/Amar_Dedic\" title=\"Amar Dedic\">Amar Dedic<\/a>  &#8211; <a href=\"\/Samson_Baidoo\" title=\"Samson Baidoo\">Samson Baidoo<\/a>  &#8211;<a href=\"\/Kamil_Piatkowski\" title=\"Kamil Piatkowski\">Kamil Piatkowski<\/a>  &#8211;  <a href=\"\/Aleksa_Terzic\" title=\"Aleksa Terzic\">Aleksa Terzic<\/a>\n<\/th>\n<\/tr>\n<tr>\n<th style=\"text-align:left;\"><b>Mittelfeld<\/b>\n<\/th>\n<th><a href=\"\/Lucas_Gourna-Douath\" title=\"Lucas Gourna-Douath\">Lucas Gourna-Douath<\/a>  &#8211; <a href=\"\/Mads_Bidstrup\" title=\"Mads Bidstrup\">Mads Bidstrup<\/a>  &#8211;  <a href=\"\/Maurits_Kjaergaard\" title=\"Maurits Kjaergaard\">Maurits Kjaergaard<\/a>\n<\/th>\n<\/tr>\n<tr>\n<th style=\"text-align:left;\"><b>Sturm<\/b>\n<\/th>\n<th><a href=\"\/Oscar_Gloukh\" title=\"Oscar Gloukh\">Oscar Gloukh<\/a> &#8211;  <a href=\"\/Moussa_Yeo\" class=\"mw-redirect\" title=\"Moussa Yeo\">Moussa Yeo<\/a> &#8211; <a href=\"\/Dorgeles_Nene\" class=\"mw-redirect\" title=\"Dorgeles Nene\">Dorgeles Nene<\/a>\n<\/th>\n<\/tr>\n<tr>\n<td colspan=\"2\" style=\"text-align:center;\" bgcolor=\"lightgray\"><b>Wechsel<\/b>\n<\/td>\n<\/tr>\n<tr>\n<th style=\"text-align:left;\"><b>Wechsel<\/b>\n<\/th>\n<th style=\"text-align:left;\"><a href=\"\/Mamady_Diambou\" title=\"Mamady Diambou\">Mamady Diambou<\/a> f\u00fcr Gourna-Douath (55.), <a href=\"\/Adam_Daghim\" title=\"Adam Daghim\">Adam Daghim<\/a> f\u00fcr Yeo (67.), <a href=\"\/Petar_Ratkov\" title=\"Petar Ratkov\">Petar Ratkov<\/a> f\u00fcr Nene (67.), <br \/> <a href=\"\/Ignace_Van_der_Brempt\" title=\"Ignace Van der Brempt\">Ignace Van der Brempt<\/a> f\u00fcr Gloukh (81.), <a href=\"\/Nicolas_Capaldo\" title=\"Nicolas Capaldo\">Nicolas Capaldo<\/a> f\u00fcr Bidstrup (81.)\n<\/th>\n<\/tr>\n<tr>\n<td colspan=\"2\" style=\"text-align:center;\" bgcolor=\"lightgray\"><b>Statistik<\/b>\n<\/td>\n<\/tr>\n<tr>\n<th style=\"text-align:left;\"><b>Endstand<\/b>\n<\/th>\n<th style=\"text-align:left;\">3:3 (1:2)\n<\/th>\n<\/tr>\n<tr>\n<th style=\"text-align:left;\"><b>Torsch\u00fctzen<\/b>\n<\/th>\n<th style=\"text-align:left;\">Hilgers  (43.), Van Hoorenbeeck (64.), Steijn   (87.); Kjaergaard (17.), Nene (25.), Yeo (46.)\n<\/th>\n<\/tr>\n<tr>\n<th style=\"text-align:left;\"><b>Gelbe Karten<\/b>\n<\/th>\n<th style=\"text-align:left;\">Rots  (24.), Vlap  (37.), Hilgers  (51.), Steijn  (82.); Gourna-Douath (9.), Blaswich (80.)\n<\/th>\n<\/tr>\n<tr>\n<th style=\"text-align:left;\"><b>Rote Karten<\/b>\n<\/th>\n<th style=\"text-align:left;\">\n<\/th>\n<\/tr>\n<tr>\n<th style=\"text-align:left;\"><b>Schiedsrichter<\/b>\n<\/th>\n<th style=\"text-align:left;\">Irfan Peljto (BIH)\n<\/th>\n<\/tr>\n<tr>\n<th style=\"text-align:left;\"><b>Stadion<\/b>\n<\/th>\n<th style=\"text-align:left;\">FC Twente Stadion, Enschede\n<\/th>\n<\/tr>\n<tr>\n<th style=\"text-align:left;\"><b>Zuschauer<\/b>\n<\/th>\n<th style=\"text-align:left;\">\n<\/th>\n<\/tr>\n<\/tbody>\n<\/table>\n<h2><span class=\"mw-headline\" id=\"Spielbericht\">Spielbericht<\/span><a href=\"\/index.php?title=FC_Twente_Enschede_gegen_FC_Salzburg&amp;action=edit&amp;section=1\" title=\"Abschnitt bearbeiten: Spielbericht\">Bearbeiten<\/a><span class=\"mw-editsection-bracket\">]<\/span><\/span><\/h2>\n<p><a rel=\"nofollow\" class=\"external text\" href=\"https:\/\/www.redbullsalzburg.at\/de\/2024-2025\/spielplan\/champions-league-cl-q3-fc-twente-vs-fc-salzburg#spielbericht\">Spielbericht Vereinshomepage<\/a>\n<\/p>\n<h2><span class=\"mw-headline\" id=\"Stimmen_zum_Spiel\">Stimmen zum Spiel<\/span><a href=\"\/index.php?title=FC_Twente_Enschede_gegen_FC_Salzburg&amp;action=edit&amp;section=2\" title=\"Abschnitt bearbeiten: Stimmen zum Spiel\">Bearbeiten<\/a><span class=\"mw-editsection-bracket\">]<\/span><\/span><\/h2>\n<p><b>Pepijn Lijnders:<\/b> Wir haben eine unglaubliche erste Halbzeit gespielt, die Tore waren ein Wahnsinn. Das war richtig guter Fu\u00dfball, wir hatten gewusst, dass wir sie \u00fcberspielen k\u00f6nnen \u2013 und dann bist du 2:0 vorne. Der Elfmeter hat Twente den Glauben zur\u00fcckgegeben, gleichzeitig waren wir sehr m\u00fcde. Umso stolzer bin ich auf die Burschen. Nur eine Mannschaft mit einem solchen Teamspirit holt hier etwas!\n<\/p>\n<p><b>Samson Baidoo:<\/b> Wir hatten gewusst, dass es in diesem Stadion hart werden w\u00fcrde. In der zweiten Halbzeit haben wir gut dagegengehalten \u2013 es war wichtig, dass wir nach den Gegentoren richtig kompakt waren. Es ist immer geil, in der Champions League zu spielen, in so einem Hexenkessel hat es auch sehr Spa\u00df gemacht.\n<\/p>\n<\/div>\n","protected":false},"excerpt":{"rendered":"<p>FC Twente Enschede gegen FC Salzburg, 3:3 Spieltag UEFA-Championsleague Qualifikation, 3. Runde-R\u00fcckspiel Datum 13. August 2024 Anpfiff 19 Uhr Aufstellung Tor Janis Blaswich Verteidigung Amar Dedic &#8211; Samson Baidoo &#8211;Kamil Piatkowski &#8211; Aleksa Terzic Mittelfeld Lucas Gourna-Douath &#8211; Mads Bidstrup &#8211; Maurits Kjaergaard Sturm Oscar Gloukh &#8211; Moussa Yeo &#8211; Dorgeles Nene Wechsel Wechsel Mamady [&hellip;]<\/p>\n","protected":false},"author":1,"featured_media":0,"parent":0,"menu_order":0,"comment_status":"closed","ping_status":"closed","template":"","meta":{"footnotes":""},"class_list":["post-4354","page","type-page","status-publish","hentry"],"_links":{"self":[{"href":"https:\/\/wiki.s12.at\/index.php\/wp-json\/wp\/v2\/pages\/4354","targetHints":{"allow":["GET"]}}],"collection":[{"href":"https:\/\/wiki.s12.at\/index.php\/wp-json\/wp\/v2\/pages"}],"about":[{"href":"https:\/\/wiki.s12.at\/index.php\/wp-json\/wp\/v2\/types\/page"}],"author":[{"embeddable":true,"href":"https:\/\/wiki.s12.at\/index.php\/wp-json\/wp\/v2\/users\/1"}],"replies":[{"embeddable":true,"href":"https:\/\/wiki.s12.at\/index.php\/wp-json\/wp\/v2\/comments?post=4354"}],"version-history":[{"count":0,"href":"https:\/\/wiki.s12.at\/index.php\/wp-json\/wp\/v2\/pages\/4354\/revisions"}],"wp:attachment":[{"href":"https:\/\/wiki.s12.at\/index.php\/wp-json\/wp\/v2\/media?parent=4354"}],"curies":[{"name":"wp","href":"https:\/\/api.w.org\/{rel}","templated":true}]}}

<div class="mw-parser-output">
<table class="toptextcells toccolours">
<tbody>
<tr>
<th colspan="2" style="text-align: center; vertical-align: top; padding: 0.3em 0.8em; font-size: 125%; background-color: lightsteelblue;">FC Twente Enschede gegen FC Salzburg, 3:3
</th>
</tr>
<tr>
<th style="text-align:left;"><b>Spieltag</b>
</th>
<th style="text-align:left;">UEFA-Championsleague Qualifikation, 3. Runde-Rückspiel
</th>
</tr>
<tr>
<th style="text-align:left;"><b>Datum</b>
</th>
<th style="text-align:left;">13. August 2024
</th>
</tr>
<tr>
<th style="text-align:left;"><b>Anpfiff</b>
</th>
<th style="text-align:left;">19 Uhr
</th>
</tr>
<tr>
<td colspan="2" style="text-align:center;" bgcolor="lightgray"><b>Aufstellung</b>
</td>
</tr>
<tr>
<th style="text-align:left;"><b>Tor</b>
</th>
<th><a href="/Janis_Blaswich" title="Janis Blaswich">Janis Blaswich</a>
</th>
</tr>
<tr>
<th style="text-align:left;"><b>Verteidigung</b>
</th>
<th><a href="/Amar_Dedic" title="Amar Dedic">Amar Dedic</a>  &#8211; <a href="/Samson_Baidoo" title="Samson Baidoo">Samson Baidoo</a>  &#8211;<a href="/Kamil_Piatkowski" title="Kamil Piatkowski">Kamil Piatkowski</a>  &#8211;  <a href="/Aleksa_Terzic" title="Aleksa Terzic">Aleksa Terzic</a>
</th>
</tr>
<tr>
<th style="text-align:left;"><b>Mittelfeld</b>
</th>
<th><a href="/Lucas_Gourna-Douath" title="Lucas Gourna-Douath">Lucas Gourna-Douath</a>  &#8211; <a href="/Mads_Bidstrup" title="Mads Bidstrup">Mads Bidstrup</a>  &#8211;  <a href="/Maurits_Kjaergaard" title="Maurits Kjaergaard">Maurits Kjaergaard</a>
</th>
</tr>
<tr>
<th style="text-align:left;"><b>Sturm</b>
</th>
<th><a href="/Oscar_Gloukh" title="Oscar Gloukh">Oscar Gloukh</a> &#8211;  <a href="/Moussa_Yeo" class="mw-redirect" title="Moussa Yeo">Moussa Yeo</a> &#8211; <a href="/Dorgeles_Nene" class="mw-redirect" title="Dorgeles Nene">Dorgeles Nene</a>
</th>
</tr>
<tr>
<td colspan="2" style="text-align:center;" bgcolor="lightgray"><b>Wechsel</b>
</td>
</tr>
<tr>
<th style="text-align:left;"><b>Wechsel</b>
</th>
<th style="text-align:left;"><a href="/Mamady_Diambou" title="Mamady Diambou">Mamady Diambou</a> für Gourna-Douath (55.), <a href="/Adam_Daghim" title="Adam Daghim">Adam Daghim</a> für Yeo (67.), <a href="/Petar_Ratkov" title="Petar Ratkov">Petar Ratkov</a> für Nene (67.), <br /> <a href="/Ignace_Van_der_Brempt" title="Ignace Van der Brempt">Ignace Van der Brempt</a> für Gloukh (81.), <a href="/Nicolas_Capaldo" title="Nicolas Capaldo">Nicolas Capaldo</a> für Bidstrup (81.)
</th>
</tr>
<tr>
<td colspan="2" style="text-align:center;" bgcolor="lightgray"><b>Statistik</b>
</td>
</tr>
<tr>
<th style="text-align:left;"><b>Endstand</b>
</th>
<th style="text-align:left;">3:3 (1:2)
</th>
</tr>
<tr>
<th style="text-align:left;"><b>Torschützen</b>
</th>
<th style="text-align:left;">Hilgers  (43.), Van Hoorenbeeck (64.), Steijn   (87.); Kjaergaard (17.), Nene (25.), Yeo (46.)
</th>
</tr>
<tr>
<th style="text-align:left;"><b>Gelbe Karten</b>
</th>
<th style="text-align:left;">Rots  (24.), Vlap  (37.), Hilgers  (51.), Steijn  (82.); Gourna-Douath (9.), Blaswich (80.)
</th>
</tr>
<tr>
<th style="text-align:left;"><b>Rote Karten</b>
</th>
<th style="text-align:left;">
</th>
</tr>
<tr>
<th style="text-align:left;"><b>Schiedsrichter</b>
</th>
<th style="text-align:left;">Irfan Peljto (BIH)
</th>
</tr>
<tr>
<th style="text-align:left;"><b>Stadion</b>
</th>
<th style="text-align:left;">FC Twente Stadion, Enschede
</th>
</tr>
<tr>
<th style="text-align:left;"><b>Zuschauer</b>
</th>
<th style="text-align:left;">
</th>
</tr>
</tbody>
</table>
<h2><span class="mw-headline" id="Spielbericht">Spielbericht</span><a href="/index.php?title=FC_Twente_Enschede_gegen_FC_Salzburg&amp;action=edit&amp;section=1" title="Abschnitt bearbeiten: Spielbericht">Bearbeiten</a><span class="mw-editsection-bracket">]</span></span></h2>
<p><a rel="nofollow" class="external text" href="https://www.redbullsalzburg.at/de/2024-2025/spielplan/champions-league-cl-q3-fc-twente-vs-fc-salzburg#spielbericht">Spielbericht Vereinshomepage</a>
</p>
<h2><span class="mw-headline" id="Stimmen_zum_Spiel">Stimmen zum Spiel</span><a href="/index.php?title=FC_Twente_Enschede_gegen_FC_Salzburg&amp;action=edit&amp;section=2" title="Abschnitt bearbeiten: Stimmen zum Spiel">Bearbeiten</a><span class="mw-editsection-bracket">]</span></span></h2>
<p><b>Pepijn Lijnders:</b> Wir haben eine unglaubliche erste Halbzeit gespielt, die Tore waren ein Wahnsinn. Das war richtig guter Fußball, wir hatten gewusst, dass wir sie überspielen können – und dann bist du 2:0 vorne. Der Elfmeter hat Twente den Glauben zurückgegeben, gleichzeitig waren wir sehr müde. Umso stolzer bin ich auf die Burschen. Nur eine Mannschaft mit einem solchen Teamspirit holt hier etwas!
</p>
<p><b>Samson Baidoo:</b> Wir hatten gewusst, dass es in diesem Stadion hart werden würde. In der zweiten Halbzeit haben wir gut dagegengehalten – es war wichtig, dass wir nach den Gegentoren richtig kompakt waren. Es ist immer geil, in der Champions League zu spielen, in so einem Hexenkessel hat es auch sehr Spaß gemacht.
</p>
</div>

<p>FC Twente Enschede gegen FC Salzburg, 3:3 Spieltag UEFA-Championsleague Qualifikation, 3. Runde-Rückspiel Datum 13. August 2024 Anpfiff 19 Uhr Aufstellung Tor Janis Blaswich Verteidigung Amar Dedic &#8211; Samson Baidoo &#8211;Kamil Piatkowski &#8211; Aleksa Terzic Mittelfeld Lucas Gourna-Douath &#8211; Mads Bidstrup &#8211; Maurits Kjaergaard Sturm Oscar Gloukh &#8211; Moussa Yeo &#8211; Dorgeles Nene Wechsel Wechsel Mamady [&hellip;]</p>
