{"id":4339,"date":"2026-05-06T15:43:43","date_gmt":"2026-05-06T13:43:43","guid":{"rendered":"https:\/\/wiki.s12.at\/index.php\/fc-schalke04-gegen-fc-salzburg\/"},"modified":"2026-05-06T15:43:43","modified_gmt":"2026-05-06T13:43:43","slug":"fc-schalke04-gegen-fc-salzburg","status":"publish","type":"page","link":"https:\/\/wiki.s12.at\/index.php\/fc-schalke04-gegen-fc-salzburg\/","title":{"rendered":"FC Schalke04 gegen FC Salzburg"},"content":{"rendered":"<div class=\"mw-parser-output\">\n<h2><span class=\"mw-headline\" id=\"Fakten\">Fakten<\/span><a href=\"\/index.php?title=FC_Schalke04_gegen_FC_Salzburg&amp;action=edit&amp;section=1\" title=\"Abschnitt bearbeiten: Fakten\">Bearbeiten<\/a><span class=\"mw-editsection-bracket\">]<\/span><\/span><\/h2>\n<table class=\"toptextcells toccolours\">\n<tbody>\n<tr>\n<th colspan=\"2\" style=\"text-align: center; vertical-align: top; padding: 0.3em 0.8em; font-size: 125%; background-color: lightsteelblue;\">FC Schalke 04 gegen FC Salzburg, 3:1\n<\/th>\n<\/tr>\n<tr>\n<th style=\"text-align:left;\"><b>Spieltag<\/b>\n<\/th>\n<th style=\"text-align:left;\">UEFA Euro-League\n<\/th>\n<\/tr>\n<tr>\n<th style=\"text-align:left;\"><b>Datum<\/b>\n<\/th>\n<th style=\"text-align:left;\">29. September 2016\n<\/th>\n<\/tr>\n<tr>\n<th style=\"text-align:left;\"><b>Anpfiff<\/b>\n<\/th>\n<th style=\"text-align:left;\">19 Uhr\n<\/th>\n<\/tr>\n<tr>\n<td colspan=\"2\" style=\"text-align:center;\" bgcolor=\"lightgray\"><b>Aufstellung<\/b>\n<\/td>\n<\/tr>\n<tr>\n<th style=\"text-align:left;\"><b>Tor<\/b>\n<\/th>\n<th><a href=\"\/Alexander_Walke\" title=\"Alexander Walke\">Alexander Walke<\/a>\n<\/th>\n<\/tr>\n<tr>\n<th style=\"text-align:left;\"><b>Verteidigung<\/b>\n<\/th>\n<th><a href=\"\/Stefan_Lainer\" title=\"Stefan Lainer\">Stefan Lainer<\/a> &#8211; <a href=\"\/Duje_Caleta-Car\" title=\"Duje Caleta-Car\">Duje Caleta-Car<\/a> &#8211; <a href=\"\/Paulo_Miranda\" title=\"Paulo Miranda\">Paulo Miranda<\/a> &#8211; <a href=\"\/Andreas_Ulmer\" title=\"Andreas Ulmer\">Andreas Ulmer<\/a>\n<\/th>\n<\/tr>\n<tr>\n<th style=\"text-align:left;\"><b>Mittelfeld<\/b>\n<\/th>\n<th><a href=\"\/Konrad_Laimer\" title=\"Konrad Laimer\">Konrad Laimer<\/a> &#8211; <a href=\"\/Dayot_Upamecano\" title=\"Dayot Upamecano\">Dayot Upamecano<\/a> &#8211; <a href=\"\/Valon_Berisha\" title=\"Valon Berisha\">Valon Berisha<\/a> &#8211; <a href=\"\/Wanderson\" title=\"Wanderson\">Wanderson<\/a> &#8211; <a href=\"\/Valentino_Lazaro\" title=\"Valentino Lazaro\">Valentino Lazaro<\/a>\n<\/th>\n<\/tr>\n<tr>\n<th style=\"text-align:left;\"><b>Sturm<\/b>\n<\/th>\n<th><a href=\"\/Jonathan_Soriano\" class=\"mw-redirect\" title=\"Jonathan Soriano\">Jonathan Soriano<\/a>\n<\/th>\n<\/tr>\n<tr>\n<td colspan=\"2\" style=\"text-align:center;\" bgcolor=\"lightgray\"><b>Wechsel<\/b>\n<\/td>\n<\/tr>\n<tr>\n<th style=\"text-align:left;\"><b>Wechsel<\/b>\n<\/th>\n<th style=\"text-align:left;\"><a href=\"\/Josip_Radosevic\" title=\"Josip Radosevic\">Josip Radosevic<\/a> f\u00fcr Laimer (65.), <a href=\"\/Takumi_Minamino\" title=\"Takumi Minamino\">Takumi Minamino<\/a> f\u00fcr Lazaro (65.), <a href=\"\/Marc_Rzatkowski\" title=\"Marc Rzatkowski\">Marc Rzatkowski<\/a> f\u00fcr Wanderson (89.)\n<\/th>\n<\/tr>\n<tr>\n<td colspan=\"2\" style=\"text-align:center;\" bgcolor=\"lightgray\"><b>Statistik<\/b>\n<\/td>\n<\/tr>\n<tr>\n<th style=\"text-align:left;\"><b>Endstand<\/b>\n<\/th>\n<th style=\"text-align:left;\">3:1 (1:0)\n<\/th>\n<\/tr>\n<tr>\n<th style=\"text-align:left;\"><b>Torsch\u00fctzen<\/b>\n<\/th>\n<th style=\"text-align:left;\">Goretzka (15.), Caleta-Car (47., ET.), H\u00f6wedes (57.),; Soriano (72.)\n<\/th>\n<\/tr>\n<tr>\n<th style=\"text-align:left;\"><b>Gelbe Karten<\/b>\n<\/th>\n<th style=\"text-align:left;\">Laimer (25.), Upamecano (33.), Caleta-Car (76.), Soriano (91.)\n<\/th>\n<\/tr>\n<tr>\n<th style=\"text-align:left;\"><b>Rote Karten<\/b>\n<\/th>\n<th style=\"text-align:left;\">\n<\/th>\n<\/tr>\n<tr>\n<th style=\"text-align:left;\"><b>Schiedsrichter<\/b>\n<\/th>\n<th style=\"text-align:left;\">Serdar G\u00f6z\u00fcb\u00fcy\u00fck (NED)\n<\/th>\n<\/tr>\n<tr>\n<th style=\"text-align:left;\"><b>Stadion<\/b>\n<\/th>\n<th style=\"text-align:left;\">Veltlins-Arena, Gelsenkirchen\n<\/th>\n<\/tr>\n<tr>\n<th style=\"text-align:left;\"><b>Zuschauer<\/b>\n<\/th>\n<th style=\"text-align:left;\">\n<\/th>\n<\/tr>\n<\/tbody>\n<\/table>\n<h2><span class=\"mw-headline\" id=\"Weblinks\">Weblinks<\/span><a href=\"\/index.php?title=FC_Schalke04_gegen_FC_Salzburg&amp;action=edit&amp;section=2\" title=\"Abschnitt bearbeiten: Weblinks\">Bearbeiten<\/a><span class=\"mw-editsection-bracket\">]<\/span><\/span><\/h2>\n<p><a rel=\"nofollow\" class=\"external text\" href=\"http:\/\/www.redbullsalzburg.at\/de\/fc-red-bull-salzburg\/news\/saison_2016_17\/bittere-niederlage-auf-schalke.html\">Spielbericht<\/a>\n<\/p>\n<h2><span class=\"mw-headline\" id=\"Bilder\">Bilder<\/span><a href=\"\/index.php?title=FC_Schalke04_gegen_FC_Salzburg&amp;action=edit&amp;section=3\" title=\"Abschnitt bearbeiten: Bilder\">Bearbeiten<\/a><span class=\"mw-editsection-bracket\">]<\/span><\/span><\/h2>\n<ul>\n<li>(c) GEPA<\/li>\n<\/ul>\n<ul class=\"gallery mw-gallery-traditional\">\n<li class=\"gallerybox\" style=\"width: 155px\">\n<div style=\"width: 155px\">\n<div class=\"thumb\" style=\"width: 150px;\">\n<div style=\"margin:41.5px auto;\"><a href=\"\/Datei:Schalke_(1).PNG\" class=\"image\"><img alt=\"Schalke (1).PNG\" src=\"\/images\/thumb\/6\/6a\/Schalke_%281%29.PNG\/120px-Schalke_%281%29.PNG\" decoding=\"async\" width=\"120\" height=\"67\" srcset=\"\/images\/thumb\/6\/6a\/Schalke_%281%29.PNG\/180px-Schalke_%281%29.PNG 1.5x, \/images\/thumb\/6\/6a\/Schalke_%281%29.PNG\/240px-Schalke_%281%29.PNG 2x\" \/><\/a><\/div>\n<\/div>\n<div class=\"gallerytext\">\n\t\t\t<\/div>\n<\/p><\/div>\n<\/li>\n<li class=\"gallerybox\" style=\"width: 155px\">\n<div style=\"width: 155px\">\n<div class=\"thumb\" style=\"width: 150px;\">\n<div style=\"margin:35px auto;\"><a href=\"\/Datei:Schalke_(1a).jpg\" class=\"image\"><img alt=\"Schalke (1a).jpg\" src=\"\/images\/thumb\/d\/de\/Schalke_%281a%29.jpg\/120px-Schalke_%281a%29.jpg\" decoding=\"async\" width=\"120\" height=\"80\" srcset=\"\/images\/thumb\/d\/de\/Schalke_%281a%29.jpg\/180px-Schalke_%281a%29.jpg 1.5x, \/images\/thumb\/d\/de\/Schalke_%281a%29.jpg\/240px-Schalke_%281a%29.jpg 2x\" \/><\/a><\/div>\n<\/div>\n<div class=\"gallerytext\">\n\t\t\t<\/div>\n<\/p><\/div>\n<\/li>\n<li class=\"gallerybox\" style=\"width: 155px\">\n<div style=\"width: 155px\">\n<div class=\"thumb\" style=\"width: 150px;\">\n<div style=\"margin:35px auto;\"><a href=\"\/Datei:Schalke_(2).jpg\" class=\"image\"><img alt=\"Schalke (2).jpg\" src=\"\/images\/thumb\/2\/23\/Schalke_%282%29.jpg\/120px-Schalke_%282%29.jpg\" decoding=\"async\" width=\"120\" height=\"80\" srcset=\"\/images\/thumb\/2\/23\/Schalke_%282%29.jpg\/180px-Schalke_%282%29.jpg 1.5x, \/images\/thumb\/2\/23\/Schalke_%282%29.jpg\/240px-Schalke_%282%29.jpg 2x\" \/><\/a><\/div>\n<\/div>\n<div class=\"gallerytext\">\n\t\t\t<\/div>\n<\/p><\/div>\n<\/li>\n<li class=\"gallerybox\" style=\"width: 155px\">\n<div style=\"width: 155px\">\n<div class=\"thumb\" style=\"width: 150px;\">\n<div style=\"margin:35px auto;\"><a href=\"\/Datei:Schalke04_(3).jpg\" class=\"image\"><img loading=\"lazy\" alt=\"Schalke04 (3).jpg\" src=\"\/images\/thumb\/0\/0e\/Schalke04_%283%29.jpg\/120px-Schalke04_%283%29.jpg\" decoding=\"async\" width=\"120\" height=\"80\" srcset=\"\/images\/thumb\/0\/0e\/Schalke04_%283%29.jpg\/180px-Schalke04_%283%29.jpg 1.5x, \/images\/thumb\/0\/0e\/Schalke04_%283%29.jpg\/240px-Schalke04_%283%29.jpg 2x\" \/><\/a><\/div>\n<\/div>\n<div class=\"gallerytext\">\n\t\t\t<\/div>\n<\/p><\/div>\n<\/li>\n<li class=\"gallerybox\" style=\"width: 155px\">\n<div style=\"width: 155px\">\n<div class=\"thumb\" style=\"width: 150px;\">\n<div style=\"margin:35px auto;\"><a href=\"\/Datei:Schalke04_(4).jpg\" class=\"image\"><img loading=\"lazy\" alt=\"Schalke04 (4).jpg\" src=\"\/images\/thumb\/1\/1a\/Schalke04_%284%29.jpg\/120px-Schalke04_%284%29.jpg\" decoding=\"async\" width=\"120\" height=\"80\" srcset=\"\/images\/thumb\/1\/1a\/Schalke04_%284%29.jpg\/180px-Schalke04_%284%29.jpg 1.5x, \/images\/thumb\/1\/1a\/Schalke04_%284%29.jpg\/240px-Schalke04_%284%29.jpg 2x\" \/><\/a><\/div>\n<\/div>\n<div class=\"gallerytext\">\n\t\t\t<\/div>\n<\/p><\/div>\n<\/li>\n<li class=\"gallerybox\" style=\"width: 155px\">\n<div style=\"width: 155px\">\n<div class=\"thumb\" style=\"width: 150px;\">\n<div style=\"margin:37px auto;\"><a href=\"\/Datei:Schalke04_(3a).PNG\" class=\"image\"><img loading=\"lazy\" alt=\"Schalke04 (3a).PNG\" src=\"\/images\/thumb\/7\/76\/Schalke04_%283a%29.PNG\/120px-Schalke04_%283a%29.PNG\" decoding=\"async\" width=\"120\" height=\"76\" srcset=\"\/images\/thumb\/7\/76\/Schalke04_%283a%29.PNG\/180px-Schalke04_%283a%29.PNG 1.5x, \/images\/thumb\/7\/76\/Schalke04_%283a%29.PNG\/240px-Schalke04_%283a%29.PNG 2x\" \/><\/a><\/div>\n<\/div>\n<div class=\"gallerytext\">\n\t\t\t<\/div>\n<\/p><\/div>\n<\/li>\n<\/ul>\n<h2><span class=\"mw-headline\" id=\"Stimmen_zum_Spiel\">Stimmen zum Spiel<\/span><a href=\"\/index.php?title=FC_Schalke04_gegen_FC_Salzburg&amp;action=edit&amp;section=4\" title=\"Abschnitt bearbeiten: Stimmen zum Spiel\">Bearbeiten<\/a><span class=\"mw-editsection-bracket\">]<\/span><\/span><\/h2>\n<p><b>Oscar Garcia:<\/b> In der ersten Halbzeit hatten wir das Spiel unter Kontrolle. Wir wollten mit viel Ballbesitz spielen, weil wir wussten, dass uns Schalke auf diese Weise nicht wehtun w\u00fcrde. Zun\u00e4chst haben wir das auch gut hinbekommen. In der ersten Halbzeit hatten sie nur eine gute Torchance und die haben sie leider gen\u00fctzt. Die zweite Halbzeit hat ungl\u00fccklich f\u00fcr uns begonnen. Durch das Eigentor war es f\u00fcr den Gegner nat\u00fcrlich leichter, das Spiel zu kontrollieren. Ich bin aber alles in allem zufrieden mit der Leistung meiner Mannschaft, denn ist es nicht einfach, mit so jungen Spielern, die noch wenig internationale Erfahrung haben, gegen einen internationalen Topklub zu bestehen.\n<\/p>\n<p><b>Alex Walke:<\/b> Das ist eine ganz bittere Niederlage f\u00fcr uns. Wir haben in den ersten zehn Minuten ganz gut begonnen, sind aber nach dem ersten Gegentor zu sp\u00e4t aufgewacht, sind nicht nahe genug am Mann gestanden, und dann bekommst du nach der Pause so ein Tor! Wir schaffen den Aufstieg aber dennoch, wenn wir ab jetzt alle Spiele gewinnen.\n<\/p>\n<p><b>Jonatan Soriano:<\/b> Ja, wir haben verloren und das ist bitter, aber man kann gegen Schalke ausw\u00e4rts schon mal eine Niederlage kassieren. Ich finde, wir haben das heute gar nicht so schlecht gemacht. Wir haben alles versucht und haben alles gegeben.\n<\/p>\n<\/div>\n","protected":false},"excerpt":{"rendered":"<p>FaktenBearbeiten] FC Schalke 04 gegen FC Salzburg, 3:1 Spieltag UEFA Euro-League Datum 29. September 2016 Anpfiff 19 Uhr Aufstellung Tor Alexander Walke Verteidigung Stefan Lainer &#8211; Duje Caleta-Car &#8211; Paulo Miranda &#8211; Andreas Ulmer Mittelfeld Konrad Laimer &#8211; Dayot Upamecano &#8211; Valon Berisha &#8211; Wanderson &#8211; Valentino Lazaro Sturm Jonathan Soriano Wechsel Wechsel Josip Radosevic [&hellip;]<\/p>\n","protected":false},"author":1,"featured_media":0,"parent":0,"menu_order":0,"comment_status":"closed","ping_status":"closed","template":"","meta":{"footnotes":""},"class_list":["post-4339","page","type-page","status-publish","hentry"],"_links":{"self":[{"href":"https:\/\/wiki.s12.at\/index.php\/wp-json\/wp\/v2\/pages\/4339","targetHints":{"allow":["GET"]}}],"collection":[{"href":"https:\/\/wiki.s12.at\/index.php\/wp-json\/wp\/v2\/pages"}],"about":[{"href":"https:\/\/wiki.s12.at\/index.php\/wp-json\/wp\/v2\/types\/page"}],"author":[{"embeddable":true,"href":"https:\/\/wiki.s12.at\/index.php\/wp-json\/wp\/v2\/users\/1"}],"replies":[{"embeddable":true,"href":"https:\/\/wiki.s12.at\/index.php\/wp-json\/wp\/v2\/comments?post=4339"}],"version-history":[{"count":0,"href":"https:\/\/wiki.s12.at\/index.php\/wp-json\/wp\/v2\/pages\/4339\/revisions"}],"wp:attachment":[{"href":"https:\/\/wiki.s12.at\/index.php\/wp-json\/wp\/v2\/media?parent=4339"}],"curies":[{"name":"wp","href":"https:\/\/api.w.org\/{rel}","templated":true}]}}

<div class="mw-parser-output">
<h2><span class="mw-headline" id="Fakten">Fakten</span><a href="/index.php?title=FC_Schalke04_gegen_FC_Salzburg&amp;action=edit&amp;section=1" title="Abschnitt bearbeiten: Fakten">Bearbeiten</a><span class="mw-editsection-bracket">]</span></span></h2>
<table class="toptextcells toccolours">
<tbody>
<tr>
<th colspan="2" style="text-align: center; vertical-align: top; padding: 0.3em 0.8em; font-size: 125%; background-color: lightsteelblue;">FC Schalke 04 gegen FC Salzburg, 3:1
</th>
</tr>
<tr>
<th style="text-align:left;"><b>Spieltag</b>
</th>
<th style="text-align:left;">UEFA Euro-League
</th>
</tr>
<tr>
<th style="text-align:left;"><b>Datum</b>
</th>
<th style="text-align:left;">29. September 2016
</th>
</tr>
<tr>
<th style="text-align:left;"><b>Anpfiff</b>
</th>
<th style="text-align:left;">19 Uhr
</th>
</tr>
<tr>
<td colspan="2" style="text-align:center;" bgcolor="lightgray"><b>Aufstellung</b>
</td>
</tr>
<tr>
<th style="text-align:left;"><b>Tor</b>
</th>
<th><a href="/Alexander_Walke" title="Alexander Walke">Alexander Walke</a>
</th>
</tr>
<tr>
<th style="text-align:left;"><b>Verteidigung</b>
</th>
<th><a href="/Stefan_Lainer" title="Stefan Lainer">Stefan Lainer</a> &#8211; <a href="/Duje_Caleta-Car" title="Duje Caleta-Car">Duje Caleta-Car</a> &#8211; <a href="/Paulo_Miranda" title="Paulo Miranda">Paulo Miranda</a> &#8211; <a href="/Andreas_Ulmer" title="Andreas Ulmer">Andreas Ulmer</a>
</th>
</tr>
<tr>
<th style="text-align:left;"><b>Mittelfeld</b>
</th>
<th><a href="/Konrad_Laimer" title="Konrad Laimer">Konrad Laimer</a> &#8211; <a href="/Dayot_Upamecano" title="Dayot Upamecano">Dayot Upamecano</a> &#8211; <a href="/Valon_Berisha" title="Valon Berisha">Valon Berisha</a> &#8211; <a href="/Wanderson" title="Wanderson">Wanderson</a> &#8211; <a href="/Valentino_Lazaro" title="Valentino Lazaro">Valentino Lazaro</a>
</th>
</tr>
<tr>
<th style="text-align:left;"><b>Sturm</b>
</th>
<th><a href="/Jonathan_Soriano" class="mw-redirect" title="Jonathan Soriano">Jonathan Soriano</a>
</th>
</tr>
<tr>
<td colspan="2" style="text-align:center;" bgcolor="lightgray"><b>Wechsel</b>
</td>
</tr>
<tr>
<th style="text-align:left;"><b>Wechsel</b>
</th>
<th style="text-align:left;"><a href="/Josip_Radosevic" title="Josip Radosevic">Josip Radosevic</a> für Laimer (65.), <a href="/Takumi_Minamino" title="Takumi Minamino">Takumi Minamino</a> für Lazaro (65.), <a href="/Marc_Rzatkowski" title="Marc Rzatkowski">Marc Rzatkowski</a> für Wanderson (89.)
</th>
</tr>
<tr>
<td colspan="2" style="text-align:center;" bgcolor="lightgray"><b>Statistik</b>
</td>
</tr>
<tr>
<th style="text-align:left;"><b>Endstand</b>
</th>
<th style="text-align:left;">3:1 (1:0)
</th>
</tr>
<tr>
<th style="text-align:left;"><b>Torschützen</b>
</th>
<th style="text-align:left;">Goretzka (15.), Caleta-Car (47., ET.), Höwedes (57.),; Soriano (72.)
</th>
</tr>
<tr>
<th style="text-align:left;"><b>Gelbe Karten</b>
</th>
<th style="text-align:left;">Laimer (25.), Upamecano (33.), Caleta-Car (76.), Soriano (91.)
</th>
</tr>
<tr>
<th style="text-align:left;"><b>Rote Karten</b>
</th>
<th style="text-align:left;">
</th>
</tr>
<tr>
<th style="text-align:left;"><b>Schiedsrichter</b>
</th>
<th style="text-align:left;">Serdar Gözübüyük (NED)
</th>
</tr>
<tr>
<th style="text-align:left;"><b>Stadion</b>
</th>
<th style="text-align:left;">Veltlins-Arena, Gelsenkirchen
</th>
</tr>
<tr>
<th style="text-align:left;"><b>Zuschauer</b>
</th>
<th style="text-align:left;">
</th>
</tr>
</tbody>
</table>
<h2><span class="mw-headline" id="Weblinks">Weblinks</span><a href="/index.php?title=FC_Schalke04_gegen_FC_Salzburg&amp;action=edit&amp;section=2" title="Abschnitt bearbeiten: Weblinks">Bearbeiten</a><span class="mw-editsection-bracket">]</span></span></h2>
<p><a rel="nofollow" class="external text" href="http://www.redbullsalzburg.at/de/fc-red-bull-salzburg/news/saison_2016_17/bittere-niederlage-auf-schalke.html">Spielbericht</a>
</p>
<h2><span class="mw-headline" id="Bilder">Bilder</span><a href="/index.php?title=FC_Schalke04_gegen_FC_Salzburg&amp;action=edit&amp;section=3" title="Abschnitt bearbeiten: Bilder">Bearbeiten</a><span class="mw-editsection-bracket">]</span></span></h2>
<ul>
<li>(c) GEPA</li>
</ul>
<ul class="gallery mw-gallery-traditional">
<li class="gallerybox" style="width: 155px">
<div style="width: 155px">
<div class="thumb" style="width: 150px;">
<div style="margin:41.5px auto;"><a href="/Datei:Schalke_(1).PNG" class="image"><img alt="Schalke (1).PNG" src="/images/thumb/6/6a/Schalke_%281%29.PNG/120px-Schalke_%281%29.PNG" decoding="async" width="120" height="67" srcset="/images/thumb/6/6a/Schalke_%281%29.PNG/180px-Schalke_%281%29.PNG 1.5x, /images/thumb/6/6a/Schalke_%281%29.PNG/240px-Schalke_%281%29.PNG 2x" /></a></div>
</div>
<div class="gallerytext">
			</div>
</p></div>
</li>
<li class="gallerybox" style="width: 155px">
<div style="width: 155px">
<div class="thumb" style="width: 150px;">
<div style="margin:35px auto;"><a href="/Datei:Schalke_(1a).jpg" class="image"><img alt="Schalke (1a).jpg" src="/images/thumb/d/de/Schalke_%281a%29.jpg/120px-Schalke_%281a%29.jpg" decoding="async" width="120" height="80" srcset="/images/thumb/d/de/Schalke_%281a%29.jpg/180px-Schalke_%281a%29.jpg 1.5x, /images/thumb/d/de/Schalke_%281a%29.jpg/240px-Schalke_%281a%29.jpg 2x" /></a></div>
</div>
<div class="gallerytext">
			</div>
</p></div>
</li>
<li class="gallerybox" style="width: 155px">
<div style="width: 155px">
<div class="thumb" style="width: 150px;">
<div style="margin:35px auto;"><a href="/Datei:Schalke_(2).jpg" class="image"><img alt="Schalke (2).jpg" src="/images/thumb/2/23/Schalke_%282%29.jpg/120px-Schalke_%282%29.jpg" decoding="async" width="120" height="80" srcset="/images/thumb/2/23/Schalke_%282%29.jpg/180px-Schalke_%282%29.jpg 1.5x, /images/thumb/2/23/Schalke_%282%29.jpg/240px-Schalke_%282%29.jpg 2x" /></a></div>
</div>
<div class="gallerytext">
			</div>
</p></div>
</li>
<li class="gallerybox" style="width: 155px">
<div style="width: 155px">
<div class="thumb" style="width: 150px;">
<div style="margin:35px auto;"><a href="/Datei:Schalke04_(3).jpg" class="image"><img loading="lazy" alt="Schalke04 (3).jpg" src="/images/thumb/0/0e/Schalke04_%283%29.jpg/120px-Schalke04_%283%29.jpg" decoding="async" width="120" height="80" srcset="/images/thumb/0/0e/Schalke04_%283%29.jpg/180px-Schalke04_%283%29.jpg 1.5x, /images/thumb/0/0e/Schalke04_%283%29.jpg/240px-Schalke04_%283%29.jpg 2x" /></a></div>
</div>
<div class="gallerytext">
			</div>
</p></div>
</li>
<li class="gallerybox" style="width: 155px">
<div style="width: 155px">
<div class="thumb" style="width: 150px;">
<div style="margin:35px auto;"><a href="/Datei:Schalke04_(4).jpg" class="image"><img loading="lazy" alt="Schalke04 (4).jpg" src="/images/thumb/1/1a/Schalke04_%284%29.jpg/120px-Schalke04_%284%29.jpg" decoding="async" width="120" height="80" srcset="/images/thumb/1/1a/Schalke04_%284%29.jpg/180px-Schalke04_%284%29.jpg 1.5x, /images/thumb/1/1a/Schalke04_%284%29.jpg/240px-Schalke04_%284%29.jpg 2x" /></a></div>
</div>
<div class="gallerytext">
			</div>
</p></div>
</li>
<li class="gallerybox" style="width: 155px">
<div style="width: 155px">
<div class="thumb" style="width: 150px;">
<div style="margin:37px auto;"><a href="/Datei:Schalke04_(3a).PNG" class="image"><img loading="lazy" alt="Schalke04 (3a).PNG" src="/images/thumb/7/76/Schalke04_%283a%29.PNG/120px-Schalke04_%283a%29.PNG" decoding="async" width="120" height="76" srcset="/images/thumb/7/76/Schalke04_%283a%29.PNG/180px-Schalke04_%283a%29.PNG 1.5x, /images/thumb/7/76/Schalke04_%283a%29.PNG/240px-Schalke04_%283a%29.PNG 2x" /></a></div>
</div>
<div class="gallerytext">
			</div>
</p></div>
</li>
</ul>
<h2><span class="mw-headline" id="Stimmen_zum_Spiel">Stimmen zum Spiel</span><a href="/index.php?title=FC_Schalke04_gegen_FC_Salzburg&amp;action=edit&amp;section=4" title="Abschnitt bearbeiten: Stimmen zum Spiel">Bearbeiten</a><span class="mw-editsection-bracket">]</span></span></h2>
<p><b>Oscar Garcia:</b> In der ersten Halbzeit hatten wir das Spiel unter Kontrolle. Wir wollten mit viel Ballbesitz spielen, weil wir wussten, dass uns Schalke auf diese Weise nicht wehtun würde. Zunächst haben wir das auch gut hinbekommen. In der ersten Halbzeit hatten sie nur eine gute Torchance und die haben sie leider genützt. Die zweite Halbzeit hat unglücklich für uns begonnen. Durch das Eigentor war es für den Gegner natürlich leichter, das Spiel zu kontrollieren. Ich bin aber alles in allem zufrieden mit der Leistung meiner Mannschaft, denn ist es nicht einfach, mit so jungen Spielern, die noch wenig internationale Erfahrung haben, gegen einen internationalen Topklub zu bestehen.
</p>
<p><b>Alex Walke:</b> Das ist eine ganz bittere Niederlage für uns. Wir haben in den ersten zehn Minuten ganz gut begonnen, sind aber nach dem ersten Gegentor zu spät aufgewacht, sind nicht nahe genug am Mann gestanden, und dann bekommst du nach der Pause so ein Tor! Wir schaffen den Aufstieg aber dennoch, wenn wir ab jetzt alle Spiele gewinnen.
</p>
<p><b>Jonatan Soriano:</b> Ja, wir haben verloren und das ist bitter, aber man kann gegen Schalke auswärts schon mal eine Niederlage kassieren. Ich finde, wir haben das heute gar nicht so schlecht gemacht. Wir haben alles versucht und haben alles gegeben.
</p>
</div>
