{"id":4332,"date":"2026-05-06T15:43:23","date_gmt":"2026-05-06T13:43:23","guid":{"rendered":"https:\/\/wiki.s12.at\/index.php\/fc-salzburg-gegen-villarreal-cf\/"},"modified":"2026-05-06T15:43:23","modified_gmt":"2026-05-06T13:43:23","slug":"fc-salzburg-gegen-villarreal-cf","status":"publish","type":"page","link":"https:\/\/wiki.s12.at\/index.php\/fc-salzburg-gegen-villarreal-cf\/","title":{"rendered":"FC Salzburg gegen Villarreal CF"},"content":{"rendered":"<div class=\"mw-parser-output\">\n<h2><span class=\"mw-headline\" id=\"Fakten\">Fakten<\/span><a href=\"\/index.php?title=FC_Salzburg_gegen_Villarreal_CF&amp;action=edit&amp;section=1\" title=\"Abschnitt bearbeiten: Fakten\">Bearbeiten<\/a><span class=\"mw-editsection-bracket\">]<\/span><\/span><\/h2>\n<table class=\"toptextcells toccolours\">\n<tbody>\n<tr>\n<th colspan=\"2\" style=\"text-align: center; vertical-align: top; padding: 0.3em 0.8em; font-size: 125%; background-color: lightsteelblue;\">FC Red Bull Salzburg gegen Villarreal CF , 1:3\n<\/th>\n<\/tr>\n<tr>\n<th style=\"text-align:left;\"><b>Spieltag<\/b>\n<\/th>\n<th style=\"text-align:left;\">Uefa-Euroleague 1\/16-Finale, Hinspiel\n<\/th>\n<\/tr>\n<tr>\n<th style=\"text-align:left;\"><b>Datum<\/b>\n<\/th>\n<th style=\"text-align:left;\">26. Februar 2015\n<\/th>\n<\/tr>\n<tr>\n<th style=\"text-align:left;\"><b>Anpfiff<\/b>\n<\/th>\n<th style=\"text-align:left;\">19 Uhr\n<\/th>\n<\/tr>\n<tr>\n<td colspan=\"2\" style=\"text-align:center;\" bgcolor=\"lightgray\"><b>Aufstellung<\/b>\n<\/td>\n<\/tr>\n<tr>\n<th style=\"text-align:left;\"><b>Tor<\/b>\n<\/th>\n<th><a href=\"\/Peter_Gulacsi\" class=\"mw-redirect\" title=\"Peter Gulacsi\">Peter Gulacsi<\/a>\n<\/th>\n<\/tr>\n<tr>\n<th style=\"text-align:left;\"><b>Verteidigung<\/b>\n<\/th>\n<th><a href=\"\/Christian_Schwegler\" title=\"Christian Schwegler\">Christian Schwegler<\/a> <a href=\"\/Andre_Ramalho\" class=\"mw-redirect\" title=\"Andre Ramalho\">Andre Ramalho<\/a> <a href=\"\/Martin_Hinteregger\" title=\"Martin Hinteregger\">Martin Hinteregger<\/a>  <a href=\"\/Andreas_Ulmer\" title=\"Andreas Ulmer\">Andreas Ulmer<\/a>\n<\/th>\n<\/tr>\n<tr>\n<th style=\"text-align:left;\"><b>Mittelfeld<\/b>\n<\/th>\n<th><a href=\"\/Konrad_Laimer\" title=\"Konrad Laimer\">Konrad Laimer<\/a> <a href=\"\/Naby_Keita\" title=\"Naby Keita\">Naby Keita<\/a>  <a href=\"\/Takumi_Minamino\" title=\"Takumi Minamino\">Takumi Minamino<\/a> <a href=\"\/Marcel_Sabitzer\" title=\"Marcel Sabitzer\">Marcel Sabitzer<\/a>\n<\/th>\n<\/tr>\n<tr>\n<th style=\"text-align:left;\"><b>Sturm<\/b>\n<\/th>\n<th><a href=\"\/Jonatan_Soriano\" title=\"Jonatan Soriano\">Jonatan Soriano<\/a> <a href=\"\/Marco_Djuricin\" title=\"Marco Djuricin\">Marco Djuricin<\/a>\n<\/th>\n<\/tr>\n<tr>\n<td colspan=\"2\" style=\"text-align:center;\" bgcolor=\"lightgray\"><b>Wechsel<\/b>\n<\/td>\n<\/tr>\n<tr>\n<th style=\"text-align:left;\"><b>Wechsel<\/b>\n<\/th>\n<th style=\"text-align:left;\"><a href=\"\/Felipe_Pires\" title=\"Felipe Pires\">Felipe Pires<\/a> f\u00fcr Minamino (46.), <a href=\"\/Massimo_Bruno\" title=\"Massimo Bruno\">Massimo Bruno<\/a> f\u00fcr Laimer (70.), <a href=\"\/Valon_Berisha\" title=\"Valon Berisha\">Valon Berisha<\/a> f\u00fcr Djuricin (84.)\n<\/th>\n<\/tr>\n<tr>\n<td colspan=\"2\" style=\"text-align:center;\" bgcolor=\"lightgray\"><b>Statistik<\/b>\n<\/td>\n<\/tr>\n<tr>\n<th style=\"text-align:left;\"><b>Endstand<\/b>\n<\/th>\n<th style=\"text-align:left;\">1:3 (1:1)\n<\/th>\n<\/tr>\n<tr>\n<th style=\"text-align:left;\"><b>Torsch\u00fctzen<\/b>\n<\/th>\n<th style=\"text-align:left;\">Djuricin (18.); Vietto (33., 76.), G. dos Santos (79.)\n<\/th>\n<\/tr>\n<tr>\n<th style=\"text-align:left;\"><b>Gelbe Karten<\/b>\n<\/th>\n<th style=\"text-align:left;\">Hinteregger (49.), Schwegler (66.); Musacchio (33.), Pina (34.), Trigueros (56.), Dos Santos (85.)\n<\/th>\n<\/tr>\n<tr>\n<th style=\"text-align:left;\"><b>Rote Karten<\/b>\n<\/th>\n<th style=\"text-align:left;\">\n<\/th>\n<\/tr>\n<tr>\n<th style=\"text-align:left;\"><b>Schiedsrichter<\/b>\n<\/th>\n<th style=\"text-align:left;\">Kenn Hansen (DEN)\n<\/th>\n<\/tr>\n<tr>\n<th style=\"text-align:left;\"><b>Stadion<\/b>\n<\/th>\n<th style=\"text-align:left;\">EM Stadion, Wals Siezenheim\n<\/th>\n<\/tr>\n<tr>\n<th style=\"text-align:left;\"><b>Zuschauer<\/b>\n<\/th>\n<th style=\"text-align:left;\">26 020\n<\/th>\n<\/tr>\n<\/tbody>\n<\/table>\n<p>\n<\/p>\n<h2><span class=\"mw-headline\" id=\"Bilder\">Bilder<\/span><a href=\"\/index.php?title=FC_Salzburg_gegen_Villarreal_CF&amp;action=edit&amp;section=2\" title=\"Abschnitt bearbeiten: Bilder\">Bearbeiten<\/a><span class=\"mw-editsection-bracket\">]<\/span><\/span><\/h2>\n<p><img alt=\"\" src=\"\/images\/thumb\/4\/4a\/Commons-logo.svg\/langde-20px-Commons-logo.svg.png%3Futm_source%3Dcommons.wikimedia.org%26utm_campaign%3Dimageinfo%26utm_content%3Dthumbnail\" decoding=\"async\" title=\"Commons\" width=\"12\" height=\"16\" srcset=\"\/images\/thumb\/4\/4a\/Commons-logo.svg\/langde-40px-Commons-logo.svg.png%3Futm_source%3Dcommons.wikimedia.org%26utm_campaign%3Dimageinfo%26utm_content%3Dthumbnail 2x\" \/>&#160;<b><a href=\"http:\/\/commons.wikimedia.org\/wiki\/Category:UEFA_Euro_League_Round_of_32_FC_Salzburg_vs._Villarreal\" class=\"extiw\" title=\"commons:Category:UEFA Euro League Round of 32 FC Salzburg vs. Villarreal\">FC Salzburg gegen Villarreal CF<\/a><\/b>&#160;\u2013 Sammlung von Bildern, Videos und Audiodateien auf <a href=\"\/Wikimedia_Commons\" title=\"Wikimedia Commons\">Wikimedia Commons<\/a>\n<\/p>\n<h2><span class=\"mw-headline\" id=\"Weblinks\">Weblinks<\/span><a href=\"\/index.php?title=FC_Salzburg_gegen_Villarreal_CF&amp;action=edit&amp;section=3\" title=\"Abschnitt bearbeiten: Weblinks\">Bearbeiten<\/a><span class=\"mw-editsection-bracket\">]<\/span><\/span><\/h2>\n<ul>\n<li><a rel=\"nofollow\" class=\"external text\" href=\"http:\/\/www.redbulls.com\/de\/fc-red-bull-salzburg\/news\/saison_2014_15\/rote-bullen-verabschieden-sich-aus-der-europa-league.htmlSpielbericht\">Vereinshomepage<\/a><\/li>\n<li><a rel=\"nofollow\" class=\"external text\" href=\"http:\/\/www.uefa.com\/uefaeuropaleague\/season=2015\/matches\/live\/day=8\/session=1\/match=2014601\/index.html\">Spielbericht uefa.com<\/a><\/li>\n<\/ul>\n<h2><span class=\"mw-headline\" id=\"Stimmen_zum_Spiel\">Stimmen zum Spiel<\/span><a href=\"\/index.php?title=FC_Salzburg_gegen_Villarreal_CF&amp;action=edit&amp;section=4\" title=\"Abschnitt bearbeiten: Stimmen zum Spiel\">Bearbeiten<\/a><span class=\"mw-editsection-bracket\">]<\/span><\/span><\/h2>\n<p><b>Adi H\u00fctter:<\/b> &#8222;Nat\u00fcrlich ist die Entt\u00e4uschung da. Wir wollten heute unbedingt eine Runde weiter kommen. Trotzdem bin ich mit der Leistung meiner jungen Mannschaft \u00fcber 75 Minuten sehr zufrieden. Der Knackpunkt war heute das 1:2. Da hat Villarreal gezeigt, welch Klassemannschaft sie ist. Am Ende hat sich die routiniertere Mannschaft durchgesetzt. Aber wir haben den Weg mit jungen Spielern eingeschlagen und werden diesen auch fortsetzen.&#8220;\n<\/p>\n<p><b>Ralf Rangnick:<\/b> &#8222;Unsere Mannschaft hat \u00fcber 75 Minuten ein ganz starkes Spiel gemacht. Aber mit dem Konter zum 1:2 war die Partie entschieden.&#8220;\n<\/p>\n<p><b>Peter Gulacsi:<\/b> &#8222;Das Gegentor war heute das gr\u00f6\u00dfte Problem f\u00fcr uns. Da h\u00e4tten wir besser verteidigen m\u00fcssen. Villarreal bestraft Kleinigkeiten sofort. Aber sie spielen in der spanischen Liga auch jede Woche gegen gro\u00dfe Mannschaften.&#8220;\n<\/p>\n<p><b>Marco Djuricin:<\/b> &#8222;Es war heute eine gro\u00dfe Chance f\u00fcr uns. Wir haben auch gut begonnen, das unn\u00f6tige Gegentor nach einem Standard hat uns aber etwas aus der Bahn geworfen. Wir haben dann alles riskiert, haben alles versucht. Irgendwie ist es dann bl\u00f6d gelaufen. Das Ausscheiden tut weh. Das m\u00fcssen wir aber schnell abhaken.&#8220;\n<\/p>\n<p><b>Marcel Sabitzer:<\/b> &#8222;Wir sind alle sehr entt\u00e4uscht. Wir haben uns viel vorgenommen, haben das \u00fcber 70 Minuten auch sehr gut gemacht. Aber wie das Spiel zum Schluss hinaus verlaufen ist, ist schon sehr bitter. Villarreal ist eine Weltklasse-Mannschaft, hat sich den Aufstieg verdient.&#8220;\n<\/p>\n<\/div>\n","protected":false},"excerpt":{"rendered":"<p>FaktenBearbeiten] FC Red Bull Salzburg gegen Villarreal CF , 1:3 Spieltag Uefa-Euroleague 1\/16-Finale, Hinspiel Datum 26. Februar 2015 Anpfiff 19 Uhr Aufstellung Tor Peter Gulacsi Verteidigung Christian Schwegler Andre Ramalho Martin Hinteregger Andreas Ulmer Mittelfeld Konrad Laimer Naby Keita Takumi Minamino Marcel Sabitzer Sturm Jonatan Soriano Marco Djuricin Wechsel Wechsel Felipe Pires f\u00fcr Minamino (46.), [&hellip;]<\/p>\n","protected":false},"author":1,"featured_media":0,"parent":0,"menu_order":0,"comment_status":"closed","ping_status":"closed","template":"","meta":{"footnotes":""},"class_list":["post-4332","page","type-page","status-publish","hentry"],"_links":{"self":[{"href":"https:\/\/wiki.s12.at\/index.php\/wp-json\/wp\/v2\/pages\/4332","targetHints":{"allow":["GET"]}}],"collection":[{"href":"https:\/\/wiki.s12.at\/index.php\/wp-json\/wp\/v2\/pages"}],"about":[{"href":"https:\/\/wiki.s12.at\/index.php\/wp-json\/wp\/v2\/types\/page"}],"author":[{"embeddable":true,"href":"https:\/\/wiki.s12.at\/index.php\/wp-json\/wp\/v2\/users\/1"}],"replies":[{"embeddable":true,"href":"https:\/\/wiki.s12.at\/index.php\/wp-json\/wp\/v2\/comments?post=4332"}],"version-history":[{"count":0,"href":"https:\/\/wiki.s12.at\/index.php\/wp-json\/wp\/v2\/pages\/4332\/revisions"}],"wp:attachment":[{"href":"https:\/\/wiki.s12.at\/index.php\/wp-json\/wp\/v2\/media?parent=4332"}],"curies":[{"name":"wp","href":"https:\/\/api.w.org\/{rel}","templated":true}]}}

<div class="mw-parser-output">
<h2><span class="mw-headline" id="Fakten">Fakten</span><a href="/index.php?title=FC_Salzburg_gegen_Villarreal_CF&amp;action=edit&amp;section=1" title="Abschnitt bearbeiten: Fakten">Bearbeiten</a><span class="mw-editsection-bracket">]</span></span></h2>
<table class="toptextcells toccolours">
<tbody>
<tr>
<th colspan="2" style="text-align: center; vertical-align: top; padding: 0.3em 0.8em; font-size: 125%; background-color: lightsteelblue;">FC Red Bull Salzburg gegen Villarreal CF , 1:3
</th>
</tr>
<tr>
<th style="text-align:left;"><b>Spieltag</b>
</th>
<th style="text-align:left;">Uefa-Euroleague 1/16-Finale, Hinspiel
</th>
</tr>
<tr>
<th style="text-align:left;"><b>Datum</b>
</th>
<th style="text-align:left;">26. Februar 2015
</th>
</tr>
<tr>
<th style="text-align:left;"><b>Anpfiff</b>
</th>
<th style="text-align:left;">19 Uhr
</th>
</tr>
<tr>
<td colspan="2" style="text-align:center;" bgcolor="lightgray"><b>Aufstellung</b>
</td>
</tr>
<tr>
<th style="text-align:left;"><b>Tor</b>
</th>
<th><a href="/Peter_Gulacsi" class="mw-redirect" title="Peter Gulacsi">Peter Gulacsi</a>
</th>
</tr>
<tr>
<th style="text-align:left;"><b>Verteidigung</b>
</th>
<th><a href="/Christian_Schwegler" title="Christian Schwegler">Christian Schwegler</a> <a href="/Andre_Ramalho" class="mw-redirect" title="Andre Ramalho">Andre Ramalho</a> <a href="/Martin_Hinteregger" title="Martin Hinteregger">Martin Hinteregger</a>  <a href="/Andreas_Ulmer" title="Andreas Ulmer">Andreas Ulmer</a>
</th>
</tr>
<tr>
<th style="text-align:left;"><b>Mittelfeld</b>
</th>
<th><a href="/Konrad_Laimer" title="Konrad Laimer">Konrad Laimer</a> <a href="/Naby_Keita" title="Naby Keita">Naby Keita</a>  <a href="/Takumi_Minamino" title="Takumi Minamino">Takumi Minamino</a> <a href="/Marcel_Sabitzer" title="Marcel Sabitzer">Marcel Sabitzer</a>
</th>
</tr>
<tr>
<th style="text-align:left;"><b>Sturm</b>
</th>
<th><a href="/Jonatan_Soriano" title="Jonatan Soriano">Jonatan Soriano</a> <a href="/Marco_Djuricin" title="Marco Djuricin">Marco Djuricin</a>
</th>
</tr>
<tr>
<td colspan="2" style="text-align:center;" bgcolor="lightgray"><b>Wechsel</b>
</td>
</tr>
<tr>
<th style="text-align:left;"><b>Wechsel</b>
</th>
<th style="text-align:left;"><a href="/Felipe_Pires" title="Felipe Pires">Felipe Pires</a> für Minamino (46.), <a href="/Massimo_Bruno" title="Massimo Bruno">Massimo Bruno</a> für Laimer (70.), <a href="/Valon_Berisha" title="Valon Berisha">Valon Berisha</a> für Djuricin (84.)
</th>
</tr>
<tr>
<td colspan="2" style="text-align:center;" bgcolor="lightgray"><b>Statistik</b>
</td>
</tr>
<tr>
<th style="text-align:left;"><b>Endstand</b>
</th>
<th style="text-align:left;">1:3 (1:1)
</th>
</tr>
<tr>
<th style="text-align:left;"><b>Torschützen</b>
</th>
<th style="text-align:left;">Djuricin (18.); Vietto (33., 76.), G. dos Santos (79.)
</th>
</tr>
<tr>
<th style="text-align:left;"><b>Gelbe Karten</b>
</th>
<th style="text-align:left;">Hinteregger (49.), Schwegler (66.); Musacchio (33.), Pina (34.), Trigueros (56.), Dos Santos (85.)
</th>
</tr>
<tr>
<th style="text-align:left;"><b>Rote Karten</b>
</th>
<th style="text-align:left;">
</th>
</tr>
<tr>
<th style="text-align:left;"><b>Schiedsrichter</b>
</th>
<th style="text-align:left;">Kenn Hansen (DEN)
</th>
</tr>
<tr>
<th style="text-align:left;"><b>Stadion</b>
</th>
<th style="text-align:left;">EM Stadion, Wals Siezenheim
</th>
</tr>
<tr>
<th style="text-align:left;"><b>Zuschauer</b>
</th>
<th style="text-align:left;">26 020
</th>
</tr>
</tbody>
</table>
<p>
</p>
<h2><span class="mw-headline" id="Bilder">Bilder</span><a href="/index.php?title=FC_Salzburg_gegen_Villarreal_CF&amp;action=edit&amp;section=2" title="Abschnitt bearbeiten: Bilder">Bearbeiten</a><span class="mw-editsection-bracket">]</span></span></h2>
<p><img alt="" src="/images/thumb/4/4a/Commons-logo.svg/langde-20px-Commons-logo.svg.png%3Futm_source%3Dcommons.wikimedia.org%26utm_campaign%3Dimageinfo%26utm_content%3Dthumbnail" decoding="async" title="Commons" width="12" height="16" srcset="/images/thumb/4/4a/Commons-logo.svg/langde-40px-Commons-logo.svg.png%3Futm_source%3Dcommons.wikimedia.org%26utm_campaign%3Dimageinfo%26utm_content%3Dthumbnail 2x" />&#160;<b><a href="http://commons.wikimedia.org/wiki/Category:UEFA_Euro_League_Round_of_32_FC_Salzburg_vs._Villarreal" class="extiw" title="commons:Category:UEFA Euro League Round of 32 FC Salzburg vs. Villarreal">FC Salzburg gegen Villarreal CF</a></b>&#160;– Sammlung von Bildern, Videos und Audiodateien auf <a href="/Wikimedia_Commons" title="Wikimedia Commons">Wikimedia Commons</a>
</p>
<h2><span class="mw-headline" id="Weblinks">Weblinks</span><a href="/index.php?title=FC_Salzburg_gegen_Villarreal_CF&amp;action=edit&amp;section=3" title="Abschnitt bearbeiten: Weblinks">Bearbeiten</a><span class="mw-editsection-bracket">]</span></span></h2>
<ul>
<li><a rel="nofollow" class="external text" href="http://www.redbulls.com/de/fc-red-bull-salzburg/news/saison_2014_15/rote-bullen-verabschieden-sich-aus-der-europa-league.htmlSpielbericht">Vereinshomepage</a></li>
<li><a rel="nofollow" class="external text" href="http://www.uefa.com/uefaeuropaleague/season=2015/matches/live/day=8/session=1/match=2014601/index.html">Spielbericht uefa.com</a></li>
</ul>
<h2><span class="mw-headline" id="Stimmen_zum_Spiel">Stimmen zum Spiel</span><a href="/index.php?title=FC_Salzburg_gegen_Villarreal_CF&amp;action=edit&amp;section=4" title="Abschnitt bearbeiten: Stimmen zum Spiel">Bearbeiten</a><span class="mw-editsection-bracket">]</span></span></h2>
<p><b>Adi Hütter:</b> &#8222;Natürlich ist die Enttäuschung da. Wir wollten heute unbedingt eine Runde weiter kommen. Trotzdem bin ich mit der Leistung meiner jungen Mannschaft über 75 Minuten sehr zufrieden. Der Knackpunkt war heute das 1:2. Da hat Villarreal gezeigt, welch Klassemannschaft sie ist. Am Ende hat sich die routiniertere Mannschaft durchgesetzt. Aber wir haben den Weg mit jungen Spielern eingeschlagen und werden diesen auch fortsetzen.&#8220;
</p>
<p><b>Ralf Rangnick:</b> &#8222;Unsere Mannschaft hat über 75 Minuten ein ganz starkes Spiel gemacht. Aber mit dem Konter zum 1:2 war die Partie entschieden.&#8220;
</p>
<p><b>Peter Gulacsi:</b> &#8222;Das Gegentor war heute das größte Problem für uns. Da hätten wir besser verteidigen müssen. Villarreal bestraft Kleinigkeiten sofort. Aber sie spielen in der spanischen Liga auch jede Woche gegen große Mannschaften.&#8220;
</p>
<p><b>Marco Djuricin:</b> &#8222;Es war heute eine große Chance für uns. Wir haben auch gut begonnen, das unnötige Gegentor nach einem Standard hat uns aber etwas aus der Bahn geworfen. Wir haben dann alles riskiert, haben alles versucht. Irgendwie ist es dann blöd gelaufen. Das Ausscheiden tut weh. Das müssen wir aber schnell abhaken.&#8220;
</p>
<p><b>Marcel Sabitzer:</b> &#8222;Wir sind alle sehr enttäuscht. Wir haben uns viel vorgenommen, haben das über 70 Minuten auch sehr gut gemacht. Aber wie das Spiel zum Schluss hinaus verlaufen ist, ist schon sehr bitter. Villarreal ist eine Weltklasse-Mannschaft, hat sich den Aufstieg verdient.&#8220;
</p>
</div>

<p>FaktenBearbeiten] FC Red Bull Salzburg gegen Villarreal CF , 1:3 Spieltag Uefa-Euroleague 1/16-Finale, Hinspiel Datum 26. Februar 2015 Anpfiff 19 Uhr Aufstellung Tor Peter Gulacsi Verteidigung Christian Schwegler Andre Ramalho Martin Hinteregger Andreas Ulmer Mittelfeld Konrad Laimer Naby Keita Takumi Minamino Marcel Sabitzer Sturm Jonatan Soriano Marco Djuricin Wechsel Wechsel Felipe Pires für Minamino (46.), [&hellip;]</p>
