{"id":4330,"date":"2026-05-06T15:43:22","date_gmt":"2026-05-06T13:43:22","guid":{"rendered":"https:\/\/wiki.s12.at\/index.php\/fc-salzburg-gegen-stade-brest\/"},"modified":"2026-05-06T15:43:22","modified_gmt":"2026-05-06T13:43:22","slug":"fc-salzburg-gegen-stade-brest","status":"publish","type":"page","link":"https:\/\/wiki.s12.at\/index.php\/fc-salzburg-gegen-stade-brest\/","title":{"rendered":"FC Salzburg gegen Stade Brest"},"content":{"rendered":"<div class=\"mw-parser-output\">\n<table class=\"toptextcells toccolours\">\n<tbody>\n<tr>\n<th colspan=\"2\" style=\"text-align: center; vertical-align: top; padding: 0.3em 0.8em; font-size: 125%; background-color: lightsteelblue;\">FC Salzburg gegen Stade Brest, 0:4\n<\/th>\n<\/tr>\n<tr>\n<th style=\"text-align:left;\"><b>Spieltag<\/b>\n<\/th>\n<th style=\"text-align:left;\">UEFA Champions League, Spieltag 2\n<\/th>\n<\/tr>\n<tr>\n<th style=\"text-align:left;\"><b>Datum<\/b>\n<\/th>\n<th style=\"text-align:left;\">1. Oktober  2024\n<\/th>\n<\/tr>\n<tr>\n<th style=\"text-align:left;\"><b>Anpfiff<\/b>\n<\/th>\n<th style=\"text-align:left;\">18.45 Uhr\n<\/th>\n<\/tr>\n<tr>\n<td colspan=\"2\" style=\"text-align:center;\" bgcolor=\"lightgray\"><b>Aufstellung<\/b>\n<\/td>\n<\/tr>\n<tr>\n<th style=\"text-align:left;\"><b>Tor<\/b>\n<\/th>\n<th><a href=\"\/Janis_Blaswich\" title=\"Janis Blaswich\">Janis Blaswich<\/a>\n<\/th>\n<\/tr>\n<tr>\n<th style=\"text-align:left;\"><b>Verteidigung<\/b>\n<\/th>\n<th><a href=\"\/Leandro_Morgalla\" title=\"Leandro Morgalla\">Leandro Morgalla<\/a> &#8211;<a href=\"\/Kamil_Piatkowski\" title=\"Kamil Piatkowski\">Kamil Piatkowski<\/a> &#8211;   <a href=\"\/Samson_Baidoo\" title=\"Samson Baidoo\">Samson Baidoo<\/a> &#8211;<a href=\"\/Amar_Dedic\" title=\"Amar Dedic\">Amar Dedic<\/a>\n<\/th>\n<\/tr>\n<tr>\n<th style=\"text-align:left;\"><b>Mittelfeld<\/b>\n<\/th>\n<th><a href=\"\/Bobby_Clark\" title=\"Bobby Clark\">Bobby Clark<\/a> \u2013  <a href=\"\/Lucas_Gourna-Douath\" title=\"Lucas Gourna-Douath\">Lucas Gourna-Douath<\/a> &#8211; <a href=\"\/Mads_Bidstrup\" title=\"Mads Bidstrup\">Mads Bidstrup<\/a>\n<\/th>\n<\/tr>\n<tr>\n<th style=\"text-align:left;\"><b>Sturm<\/b>\n<\/th>\n<th><a href=\"\/Oscar_Gloukh\" title=\"Oscar Gloukh\">Oscar Gloukh<\/a>&#8211;  <a href=\"\/Karim_Konate\" title=\"Karim Konate\">Karim Konate<\/a> \u2013 <a href=\"\/Adam_Daghim\" title=\"Adam Daghim\">Adam Daghim<\/a>\n<\/th>\n<\/tr>\n<tr>\n<td colspan=\"2\" style=\"text-align:center;\" bgcolor=\"lightgray\"><b>Wechsel<\/b>\n<\/td>\n<\/tr>\n<tr>\n<th style=\"text-align:left;\"><b>Wechsel<\/b>\n<\/th>\n<th style=\"text-align:left;\"><a href=\"\/Nicolas_Capaldo\" title=\"Nicolas Capaldo\">Nicolas Capaldo<\/a> f\u00fcr Bidstrup (61.), <a href=\"\/Dorgeles_Nene\" class=\"mw-redirect\" title=\"Dorgeles Nene\">Dorgeles Nene<\/a> f\u00fcr Clark (61.), <a href=\"\/Hendry_Blank\" title=\"Hendry Blank\">Hendry Blank<\/a> f\u00fcr Baidoo (77.), <br \/>  <a href=\"\/Stefan_Bajcetic\" title=\"Stefan Bajcetic\">Stefan Bajcetic<\/a> f\u00fcr Morgalla (77.), <a href=\"\/Mamady_Diambou\" title=\"Mamady Diambou\">Mamady Diambou<\/a> f\u00fcr Gourna-Douath (77.)\n<\/th>\n<\/tr>\n<tr>\n<td colspan=\"2\" style=\"text-align:center;\" bgcolor=\"lightgray\"><b>Statistik<\/b>\n<\/td>\n<\/tr>\n<tr>\n<th style=\"text-align:left;\"><b>Endstand<\/b>\n<\/th>\n<th style=\"text-align:left;\">0:4 (0:1)\n<\/th>\n<\/tr>\n<tr>\n<th style=\"text-align:left;\"><b>Torsch\u00fctzen<\/b>\n<\/th>\n<th style=\"text-align:left;\">Sima (27., 70.), Camara (66.),  Pereira Lage (75.)\n<\/th>\n<\/tr>\n<tr>\n<th style=\"text-align:left;\"><b>Gelbe Karten<\/b>\n<\/th>\n<th style=\"text-align:left;\">Gloukh (18.), Baidoo (62.), Daghim (86.); Le Cardinal (15.), Haidara (26.)\n<\/th>\n<\/tr>\n<tr>\n<th style=\"text-align:left;\"><b>Rote Karten<\/b>\n<\/th>\n<th style=\"text-align:left;\">\n<\/th>\n<\/tr>\n<tr>\n<th style=\"text-align:left;\"><b>Schiedsrichter<\/b>\n<\/th>\n<th style=\"text-align:left;\">Anthony Taylor (ENG)\n<\/th>\n<\/tr>\n<tr>\n<th style=\"text-align:left;\"><b>Stadion<\/b>\n<\/th>\n<th style=\"text-align:left;\">EM-Stadion Wals-Siezenheim, Salzburg\n<\/th>\n<\/tr>\n<tr>\n<th style=\"text-align:left;\"><b>Zuschauer<\/b>\n<\/th>\n<th style=\"text-align:left;\">20.300\n<\/th>\n<\/tr>\n<\/tbody>\n<\/table>\n<h2><span class=\"mw-headline\" id=\"Spielbericht\">Spielbericht<\/span><a href=\"\/index.php?title=FC_Salzburg_gegen_Stade_Brest&amp;action=edit&amp;section=1\" title=\"Abschnitt bearbeiten: Spielbericht\">Bearbeiten<\/a><span class=\"mw-editsection-bracket\">]<\/span><\/span><\/h2>\n<p><a rel=\"nofollow\" class=\"external text\" href=\"https:\/\/www.redbullsalzburg.at\/de\/2024-2025\/spielplan\/champions-league-runde-2-fc-salzburg-vs-brest#spielbericht\">Spielbericht Vereinshomepage<\/a>\n<\/p>\n<h2><span class=\"mw-headline\" id=\"Stimmen_zum_Spiel\">Stimmen zum Spiel<\/span><a href=\"\/index.php?title=FC_Salzburg_gegen_Stade_Brest&amp;action=edit&amp;section=2\" title=\"Abschnitt bearbeiten: Stimmen zum Spiel\">Bearbeiten<\/a><span class=\"mw-editsection-bracket\">]<\/span><\/span><\/h2>\n<p><b>Amar Dedic:<\/b>   Ein Abend zum Vergessen. Vier Tore in so einem Spiel zu bekommen, ist einfach zu viel. Wir m\u00fcssen das abhaken und nach vorne schauen. Es bringt nichts, zu trauern, wir haben noch eine lange Saison vor uns. Einfach ein bitterer Abend.\n<\/p>\n<p><b>Leandro Morgalla:<\/b> Dieses Spiel 0:4 zu verlieren, ist schon Wahnsinn. Wir sind gut reingestartet, haben die Partie recht gut unter Kontrolle \u2013 und dann kassieren wir ein Kontertor. In der zweiten Halbzeit fangen wir wieder gut an, machen aber das Tor nicht. In dieser Art dann drei weitere Treffer zu kassieren, ist einfach fahrl\u00e4ssig. Wir m\u00fcssen das Match schnell abhaken, in ein paar Tagen haben wir schon das n\u00e4chste Liga-Spiel vor der Brust!\n<\/p>\n<p><b>Mads Bidstrup:<\/b> Wenn man in den beiden Strafr\u00e4umen nicht gut genug ist, kein Tor schie\u00dft und so einfach Treffer herschenkt, dann wird es schwierig. Es w\u00e4re ein ganz anderes Spiel geworden, wenn wir in der ersten Halbzeit getroffen h\u00e4tten. Jetzt gilt es, am Sonntag eine Reaktion zu zeigen!\n<\/p>\n<\/div>\n","protected":false},"excerpt":{"rendered":"<p>FC Salzburg gegen Stade Brest, 0:4 Spieltag UEFA Champions League, Spieltag 2 Datum 1. Oktober 2024 Anpfiff 18.45 Uhr Aufstellung Tor Janis Blaswich Verteidigung Leandro Morgalla &#8211;Kamil Piatkowski &#8211; Samson Baidoo &#8211;Amar Dedic Mittelfeld Bobby Clark \u2013 Lucas Gourna-Douath &#8211; Mads Bidstrup Sturm Oscar Gloukh&#8211; Karim Konate \u2013 Adam Daghim Wechsel Wechsel Nicolas Capaldo f\u00fcr [&hellip;]<\/p>\n","protected":false},"author":1,"featured_media":0,"parent":0,"menu_order":0,"comment_status":"closed","ping_status":"closed","template":"","meta":{"footnotes":""},"class_list":["post-4330","page","type-page","status-publish","hentry"],"_links":{"self":[{"href":"https:\/\/wiki.s12.at\/index.php\/wp-json\/wp\/v2\/pages\/4330","targetHints":{"allow":["GET"]}}],"collection":[{"href":"https:\/\/wiki.s12.at\/index.php\/wp-json\/wp\/v2\/pages"}],"about":[{"href":"https:\/\/wiki.s12.at\/index.php\/wp-json\/wp\/v2\/types\/page"}],"author":[{"embeddable":true,"href":"https:\/\/wiki.s12.at\/index.php\/wp-json\/wp\/v2\/users\/1"}],"replies":[{"embeddable":true,"href":"https:\/\/wiki.s12.at\/index.php\/wp-json\/wp\/v2\/comments?post=4330"}],"version-history":[{"count":0,"href":"https:\/\/wiki.s12.at\/index.php\/wp-json\/wp\/v2\/pages\/4330\/revisions"}],"wp:attachment":[{"href":"https:\/\/wiki.s12.at\/index.php\/wp-json\/wp\/v2\/media?parent=4330"}],"curies":[{"name":"wp","href":"https:\/\/api.w.org\/{rel}","templated":true}]}}

<div class="mw-parser-output">
<table class="toptextcells toccolours">
<tbody>
<tr>
<th colspan="2" style="text-align: center; vertical-align: top; padding: 0.3em 0.8em; font-size: 125%; background-color: lightsteelblue;">FC Salzburg gegen Stade Brest, 0:4
</th>
</tr>
<tr>
<th style="text-align:left;"><b>Spieltag</b>
</th>
<th style="text-align:left;">UEFA Champions League, Spieltag 2
</th>
</tr>
<tr>
<th style="text-align:left;"><b>Datum</b>
</th>
<th style="text-align:left;">1. Oktober  2024
</th>
</tr>
<tr>
<th style="text-align:left;"><b>Anpfiff</b>
</th>
<th style="text-align:left;">18.45 Uhr
</th>
</tr>
<tr>
<td colspan="2" style="text-align:center;" bgcolor="lightgray"><b>Aufstellung</b>
</td>
</tr>
<tr>
<th style="text-align:left;"><b>Tor</b>
</th>
<th><a href="/Janis_Blaswich" title="Janis Blaswich">Janis Blaswich</a>
</th>
</tr>
<tr>
<th style="text-align:left;"><b>Verteidigung</b>
</th>
<th><a href="/Leandro_Morgalla" title="Leandro Morgalla">Leandro Morgalla</a> &#8211;<a href="/Kamil_Piatkowski" title="Kamil Piatkowski">Kamil Piatkowski</a> &#8211;   <a href="/Samson_Baidoo" title="Samson Baidoo">Samson Baidoo</a> &#8211;<a href="/Amar_Dedic" title="Amar Dedic">Amar Dedic</a>
</th>
</tr>
<tr>
<th style="text-align:left;"><b>Mittelfeld</b>
</th>
<th><a href="/Bobby_Clark" title="Bobby Clark">Bobby Clark</a> –  <a href="/Lucas_Gourna-Douath" title="Lucas Gourna-Douath">Lucas Gourna-Douath</a> &#8211; <a href="/Mads_Bidstrup" title="Mads Bidstrup">Mads Bidstrup</a>
</th>
</tr>
<tr>
<th style="text-align:left;"><b>Sturm</b>
</th>
<th><a href="/Oscar_Gloukh" title="Oscar Gloukh">Oscar Gloukh</a>&#8211;  <a href="/Karim_Konate" title="Karim Konate">Karim Konate</a> – <a href="/Adam_Daghim" title="Adam Daghim">Adam Daghim</a>
</th>
</tr>
<tr>
<td colspan="2" style="text-align:center;" bgcolor="lightgray"><b>Wechsel</b>
</td>
</tr>
<tr>
<th style="text-align:left;"><b>Wechsel</b>
</th>
<th style="text-align:left;"><a href="/Nicolas_Capaldo" title="Nicolas Capaldo">Nicolas Capaldo</a> für Bidstrup (61.), <a href="/Dorgeles_Nene" class="mw-redirect" title="Dorgeles Nene">Dorgeles Nene</a> für Clark (61.), <a href="/Hendry_Blank" title="Hendry Blank">Hendry Blank</a> für Baidoo (77.), <br />  <a href="/Stefan_Bajcetic" title="Stefan Bajcetic">Stefan Bajcetic</a> für Morgalla (77.), <a href="/Mamady_Diambou" title="Mamady Diambou">Mamady Diambou</a> für Gourna-Douath (77.)
</th>
</tr>
<tr>
<td colspan="2" style="text-align:center;" bgcolor="lightgray"><b>Statistik</b>
</td>
</tr>
<tr>
<th style="text-align:left;"><b>Endstand</b>
</th>
<th style="text-align:left;">0:4 (0:1)
</th>
</tr>
<tr>
<th style="text-align:left;"><b>Torschützen</b>
</th>
<th style="text-align:left;">Sima (27., 70.), Camara (66.),  Pereira Lage (75.)
</th>
</tr>
<tr>
<th style="text-align:left;"><b>Gelbe Karten</b>
</th>
<th style="text-align:left;">Gloukh (18.), Baidoo (62.), Daghim (86.); Le Cardinal (15.), Haidara (26.)
</th>
</tr>
<tr>
<th style="text-align:left;"><b>Rote Karten</b>
</th>
<th style="text-align:left;">
</th>
</tr>
<tr>
<th style="text-align:left;"><b>Schiedsrichter</b>
</th>
<th style="text-align:left;">Anthony Taylor (ENG)
</th>
</tr>
<tr>
<th style="text-align:left;"><b>Stadion</b>
</th>
<th style="text-align:left;">EM-Stadion Wals-Siezenheim, Salzburg
</th>
</tr>
<tr>
<th style="text-align:left;"><b>Zuschauer</b>
</th>
<th style="text-align:left;">20.300
</th>
</tr>
</tbody>
</table>
<h2><span class="mw-headline" id="Spielbericht">Spielbericht</span><a href="/index.php?title=FC_Salzburg_gegen_Stade_Brest&amp;action=edit&amp;section=1" title="Abschnitt bearbeiten: Spielbericht">Bearbeiten</a><span class="mw-editsection-bracket">]</span></span></h2>
<p><a rel="nofollow" class="external text" href="https://www.redbullsalzburg.at/de/2024-2025/spielplan/champions-league-runde-2-fc-salzburg-vs-brest#spielbericht">Spielbericht Vereinshomepage</a>
</p>
<h2><span class="mw-headline" id="Stimmen_zum_Spiel">Stimmen zum Spiel</span><a href="/index.php?title=FC_Salzburg_gegen_Stade_Brest&amp;action=edit&amp;section=2" title="Abschnitt bearbeiten: Stimmen zum Spiel">Bearbeiten</a><span class="mw-editsection-bracket">]</span></span></h2>
<p><b>Amar Dedic:</b>   Ein Abend zum Vergessen. Vier Tore in so einem Spiel zu bekommen, ist einfach zu viel. Wir müssen das abhaken und nach vorne schauen. Es bringt nichts, zu trauern, wir haben noch eine lange Saison vor uns. Einfach ein bitterer Abend.
</p>
<p><b>Leandro Morgalla:</b> Dieses Spiel 0:4 zu verlieren, ist schon Wahnsinn. Wir sind gut reingestartet, haben die Partie recht gut unter Kontrolle – und dann kassieren wir ein Kontertor. In der zweiten Halbzeit fangen wir wieder gut an, machen aber das Tor nicht. In dieser Art dann drei weitere Treffer zu kassieren, ist einfach fahrlässig. Wir müssen das Match schnell abhaken, in ein paar Tagen haben wir schon das nächste Liga-Spiel vor der Brust!
</p>
<p><b>Mads Bidstrup:</b> Wenn man in den beiden Strafräumen nicht gut genug ist, kein Tor schießt und so einfach Treffer herschenkt, dann wird es schwierig. Es wäre ein ganz anderes Spiel geworden, wenn wir in der ersten Halbzeit getroffen hätten. Jetzt gilt es, am Sonntag eine Reaktion zu zeigen!
</p>
</div>

<p>FC Salzburg gegen Stade Brest, 0:4 Spieltag UEFA Champions League, Spieltag 2 Datum 1. Oktober 2024 Anpfiff 18.45 Uhr Aufstellung Tor Janis Blaswich Verteidigung Leandro Morgalla &#8211;Kamil Piatkowski &#8211; Samson Baidoo &#8211;Amar Dedic Mittelfeld Bobby Clark – Lucas Gourna-Douath &#8211; Mads Bidstrup Sturm Oscar Gloukh&#8211; Karim Konate – Adam Daghim Wechsel Wechsel Nicolas Capaldo für [&hellip;]</p>
