{"id":4329,"date":"2026-05-06T15:43:22","date_gmt":"2026-05-06T13:43:22","guid":{"rendered":"https:\/\/wiki.s12.at\/index.php\/fc-salzburg-gegen-sporting-cp-lissabon\/"},"modified":"2026-05-06T15:43:22","modified_gmt":"2026-05-06T13:43:22","slug":"fc-salzburg-gegen-sporting-cp-lissabon","status":"publish","type":"page","link":"https:\/\/wiki.s12.at\/index.php\/fc-salzburg-gegen-sporting-cp-lissabon\/","title":{"rendered":"FC Salzburg gegen Sporting CP Lissabon"},"content":{"rendered":"<div class=\"mw-parser-output\">\n<h2><span class=\"mw-headline\" id=\"Fakten\">Fakten<\/span><a href=\"\/index.php?title=FC_Salzburg_gegen_Sporting_CP_Lissabon&amp;action=edit&amp;section=1\" title=\"Abschnitt bearbeiten: Fakten\">Bearbeiten<\/a><span class=\"mw-editsection-bracket\">]<\/span><\/span><\/h2>\n<table class=\"toptextcells toccolours\">\n<tbody>\n<tr>\n<th colspan=\"2\" style=\"text-align: center; vertical-align: top; padding: 0.3em 0.8em; font-size: 125%; background-color: lightsteelblue;\">FC  Salzburg (U19) gegen Sporting CP Lissabon (U19), 5:2\n<\/th>\n<\/tr>\n<tr>\n<th style=\"text-align:left;\"><b>Spieltag<\/b>\n<\/th>\n<th style=\"text-align:left;\">UEFA Youth League Play off\n<\/th>\n<\/tr>\n<tr>\n<th style=\"text-align:left;\"><b>Datum<\/b>\n<\/th>\n<th style=\"text-align:left;\">7. Februar 2018\n<\/th>\n<\/tr>\n<tr>\n<th style=\"text-align:left;\"><b>Anpfiff<\/b>\n<\/th>\n<th style=\"text-align:left;\">18 Uhr\n<\/th>\n<\/tr>\n<tr>\n<td colspan=\"2\" style=\"text-align:center;\" bgcolor=\"lightgray\"><b>Aufstellung<\/b>\n<\/td>\n<\/tr>\n<tr>\n<th style=\"text-align:left;\"><b>Tor<\/b>\n<\/th>\n<th><a href=\"\/Bartlomiej_Zynel\" class=\"mw-redirect\" title=\"Bartlomiej Zynel\">Bartlomiej Zynel<\/a>\n<\/th>\n<\/tr>\n<tr>\n<th style=\"text-align:left;\"><b>Verteidigung<\/b>\n<\/th>\n<th><a href=\"\/Julian_G%C3%B6lles\" title=\"Julian G\u00f6lles\">Julian G\u00f6lles<\/a> &#8211; <a href=\"\/Nico_Gorzel\" title=\"Nico Gorzel\">Nico Gorzel<\/a>&#8211; <a href=\"\/Luca_Meisl\" title=\"Luca Meisl\">Luca Meisl<\/a> (C) &#8211; <a href=\"\/Jusuf_Gazibegovic\" title=\"Jusuf Gazibegovic\">Jusuf Gazibegovic<\/a>\n<\/th>\n<\/tr>\n<tr>\n<th style=\"text-align:left;\"><b>Mittelfeld<\/b>\n<\/th>\n<th><a href=\"\/Dominik_Szoboszlai\" title=\"Dominik Szoboszlai\">Dominik Szoboszlai<\/a>  &#8211; <a href=\"\/Romano_Schmid\" title=\"Romano Schmid\">Romano Schmid<\/a>  &#8211; <a href=\"\/Philipp_Sturm\" title=\"Philipp Sturm\">Philipp Sturm<\/a>  &#8211; <a href=\"\/Dominik_Stumberger\" title=\"Dominik Stumberger\">Dominik Stumberger<\/a>\n<\/th>\n<\/tr>\n<tr>\n<th style=\"text-align:left;\"><b>Sturm<\/b>\n<\/th>\n<th><a href=\"\/Sekou_Koita\" title=\"Sekou Koita\">Sekou Koita<\/a> &#8211; <a href=\"\/Nicolas_Meister\" title=\"Nicolas Meister\">Nicolas Meister<\/a>\n<\/th>\n<\/tr>\n<tr>\n<td colspan=\"2\" style=\"text-align:center;\" bgcolor=\"lightgray\"><b>Wechsel<\/b>\n<\/td>\n<\/tr>\n<tr>\n<th style=\"text-align:left;\"><b>Wechsel<\/b>\n<\/th>\n<th style=\"text-align:left;\"><a href=\"\/Jungmin_Kim\" title=\"Jungmin Kim\">Jungmin Kim<\/a> f\u00fcr Schmid (56.), <a href=\"\/Anderson_Niangbo\" title=\"Anderson Niangbo\">Anderson Niangbo<\/a> f\u00fcr Meister (64.), <a href=\"\/Rene_Hellermann\" title=\"Rene Hellermann\">Rene Hellermann<\/a> f\u00fcr Koita (87.)\n<\/th>\n<\/tr>\n<tr>\n<td colspan=\"2\" style=\"text-align:center;\" bgcolor=\"lightgray\"><b>Statistik<\/b>\n<\/td>\n<\/tr>\n<tr>\n<th style=\"text-align:left;\"><b>Endstand<\/b>\n<\/th>\n<th style=\"text-align:left;\">5:2 (2:1)\n<\/th>\n<\/tr>\n<tr>\n<th style=\"text-align:left;\"><b>Torsch\u00fctzen<\/b>\n<\/th>\n<th style=\"text-align:left;\">Meisl (15.), Sturm (24.), G\u00f6lles (57.), Gorzel (62.), Szoboszlai (90.); Leao (18.), Balde (71.)\n<\/th>\n<\/tr>\n<tr>\n<th style=\"text-align:left;\"><b>Gelbe Karten<\/b>\n<\/th>\n<th style=\"text-align:left;\">Meisl (40.); Braganza (37.), Djalo (85.)\n<\/th>\n<\/tr>\n<tr>\n<th style=\"text-align:left;\"><b>Rote Karten<\/b>\n<\/th>\n<th style=\"text-align:left;\">\n<\/th>\n<\/tr>\n<tr>\n<th style=\"text-align:left;\"><b>Schiedsrichter<\/b>\n<\/th>\n<th style=\"text-align:left;\">Bojan Pandzic (SWE); nach Minute 56:Sebastian Gishammer (AUT), da sich der Schiedsrichter verletzte\n<\/th>\n<\/tr>\n<tr>\n<th style=\"text-align:left;\"><b>Stadion<\/b>\n<\/th>\n<th style=\"text-align:left;\">Red Bull Arena\n<\/th>\n<\/tr>\n<tr>\n<th style=\"text-align:left;\"><b>Zuschauer<\/b>\n<\/th>\n<th style=\"text-align:left;\">\n<\/th>\n<\/tr>\n<\/tbody>\n<\/table>\n<h2><span class=\"mw-headline\" id=\"Weblink\">Weblink<\/span><a href=\"\/index.php?title=FC_Salzburg_gegen_Sporting_CP_Lissabon&amp;action=edit&amp;section=2\" title=\"Abschnitt bearbeiten: Weblink\">Bearbeiten<\/a><span class=\"mw-editsection-bracket\">]<\/span><\/span><\/h2>\n<ul>\n<li><a rel=\"nofollow\" class=\"external text\" href=\"http:\/\/www.redbullsalzburg.at\/de\/jungbullen\/uefa-youth-league\/news\/saison_2017_18\/14-sieg-in-serie-.html\">Spielbericht Vereinshomepage<\/a><\/li>\n<\/ul>\n<h2><span class=\"mw-headline\" id=\"Bilder\">Bilder<\/span><a href=\"\/index.php?title=FC_Salzburg_gegen_Sporting_CP_Lissabon&amp;action=edit&amp;section=3\" title=\"Abschnitt bearbeiten: Bilder\">Bearbeiten<\/a><span class=\"mw-editsection-bracket\">]<\/span><\/span><\/h2>\n<ul class=\"gallery mw-gallery-traditional\">\n<li class=\"gallerybox\" style=\"width: 155px\">\n<div style=\"width: 155px\">\n<div class=\"thumb\" style=\"width: 150px;\">\n<div style=\"margin:15px auto;\"><a href=\"\/Datei:FC_Salzburg_versus_Sporting_Lissabon_(UEFA_Youth_League_Play_off,_7._Februar_2018).jpg_24.jpg\" class=\"image\"><img alt=\"FC Salzburg versus Sporting Lissabon (UEFA Youth League Play off, 7. Februar 2018).jpg 24.jpg\" src=\"\/images\/thumb\/7\/77\/FC_Salzburg_versus_Sporting_Lissabon_%28UEFA_Youth_League_Play_off%2C_7._Februar_2018%29.jpg_24.jpg\/120px-FC_Salzburg_versus_Sporting_Lissabon_%28UEFA_Youth_League_Play_off%2C_7._Februar_2018%29.jpg_24.jpg%3Futm_source%3Dcommons.wikimedia.org%26utm_campaign%3Dimageinfo%26utm_content%3Dthumbnail\" decoding=\"async\" width=\"111\" height=\"120\" srcset=\"\/images\/thumb\/7\/77\/FC_Salzburg_versus_Sporting_Lissabon_%28UEFA_Youth_League_Play_off%2C_7._Februar_2018%29.jpg_24.jpg\/250px-FC_Salzburg_versus_Sporting_Lissabon_%28UEFA_Youth_League_Play_off%2C_7._Februar_2018%29.jpg_24.jpg%3Futm_source%3Dcommons.wikimedia.org%26utm_campaign%3Dimageinfo%26utm_content%3Dthumbnail 1.5x\" \/><\/a><\/div>\n<\/div>\n<div class=\"gallerytext\">\n\t\t\t<\/div>\n<\/p><\/div>\n<\/li>\n<li class=\"gallerybox\" style=\"width: 155px\">\n<div style=\"width: 155px\">\n<div class=\"thumb\" style=\"width: 150px;\">\n<div style=\"margin:24px auto;\"><a href=\"\/Datei:FC_Salzburg_versus_Sporting_Lissabon_(UEFA_Youth_League_Play_off,_7._Februar_2018).jpg_09.jpg\" class=\"image\"><img alt=\"FC Salzburg versus Sporting Lissabon (UEFA Youth League Play off, 7. Februar 2018).jpg 09.jpg\" src=\"\/images\/thumb\/3\/36\/FC_Salzburg_versus_Sporting_Lissabon_%28UEFA_Youth_League_Play_off%2C_7._Februar_2018%29.jpg_09.jpg\/120px-FC_Salzburg_versus_Sporting_Lissabon_%28UEFA_Youth_League_Play_off%2C_7._Februar_2018%29.jpg_09.jpg%3Futm_source%3Dcommons.wikimedia.org%26utm_campaign%3Dimageinfo%26utm_content%3Dthumbnail\" decoding=\"async\" width=\"120\" height=\"102\" srcset=\"\/images\/thumb\/3\/36\/FC_Salzburg_versus_Sporting_Lissabon_%28UEFA_Youth_League_Play_off%2C_7._Februar_2018%29.jpg_09.jpg\/250px-FC_Salzburg_versus_Sporting_Lissabon_%28UEFA_Youth_League_Play_off%2C_7._Februar_2018%29.jpg_09.jpg%3Futm_source%3Dcommons.wikimedia.org%26utm_campaign%3Dimageinfo%26utm_content%3Dthumbnail 1.5x\" \/><\/a><\/div>\n<\/div>\n<div class=\"gallerytext\">\n\t\t\t<\/div>\n<\/p><\/div>\n<\/li>\n<li class=\"gallerybox\" style=\"width: 155px\">\n<div style=\"width: 155px\">\n<div class=\"thumb\" style=\"width: 150px;\">\n<div style=\"margin:15px auto;\"><a href=\"\/Datei:FC_Salzburg_gegen_Sporting_Lissabon_(UEFA_Youth_League_Play_off,_7._Februar_2018)_43.jpg\" class=\"image\"><img alt=\"FC Salzburg gegen Sporting Lissabon (UEFA Youth League Play off, 7. Februar 2018) 43.jpg\" src=\"\/images\/thumb\/0\/09\/FC_Salzburg_gegen_Sporting_Lissabon_%28UEFA_Youth_League_Play_off%2C_7._Februar_2018%29_43.jpg\/120px-FC_Salzburg_gegen_Sporting_Lissabon_%28UEFA_Youth_League_Play_off%2C_7._Februar_2018%29_43.jpg%3Futm_source%3Dcommons.wikimedia.org%26utm_campaign%3Dimageinfo%26utm_content%3Dthumbnail\" decoding=\"async\" width=\"97\" height=\"120\" srcset=\"\/images\/thumb\/0\/09\/FC_Salzburg_gegen_Sporting_Lissabon_%28UEFA_Youth_League_Play_off%2C_7._Februar_2018%29_43.jpg\/250px-FC_Salzburg_gegen_Sporting_Lissabon_%28UEFA_Youth_League_Play_off%2C_7._Februar_2018%29_43.jpg%3Futm_source%3Dcommons.wikimedia.org%26utm_campaign%3Dimageinfo%26utm_content%3Dthumbnail 1.5x\" \/><\/a><\/div>\n<\/div>\n<div class=\"gallerytext\">\n\t\t\t<\/div>\n<\/p><\/div>\n<\/li>\n<\/ul>\n<p><img loading=\"lazy\" alt=\"\" src=\"\/images\/thumb\/4\/4a\/Commons-logo.svg\/langde-20px-Commons-logo.svg.png%3Futm_source%3Dcommons.wikimedia.org%26utm_campaign%3Dimageinfo%26utm_content%3Dthumbnail\" decoding=\"async\" title=\"Commons\" width=\"12\" height=\"16\" srcset=\"\/images\/thumb\/4\/4a\/Commons-logo.svg\/langde-40px-Commons-logo.svg.png%3Futm_source%3Dcommons.wikimedia.org%26utm_campaign%3Dimageinfo%26utm_content%3Dthumbnail 2x\" \/>&#160;<b><a href=\"http:\/\/commons.wikimedia.org\/wiki\/Category:FC_Salzburg_gegen_Sporting_Lissabon_(UEFA_Youth_League_Play_off,_7._Februar_2018)\" class=\"extiw\" title=\"commons:Category:FC Salzburg gegen Sporting Lissabon (UEFA Youth League Play off, 7. Februar 2018)\">FC Salzburg gegen Sporting CP Lissabon<\/a><\/b>&#160;\u2013 Sammlung von Bildern, Videos und Audiodateien auf <a href=\"\/Wikimedia_Commons\" title=\"Wikimedia Commons\">Wikimedia Commons<\/a>\n<\/p>\n<h2><span class=\"mw-headline\" id=\"Stimmen_zum_Spiel\">Stimmen zum Spiel<\/span><a href=\"\/index.php?title=FC_Salzburg_gegen_Sporting_CP_Lissabon&amp;action=edit&amp;section=4\" title=\"Abschnitt bearbeiten: Stimmen zum Spiel\">Bearbeiten<\/a><span class=\"mw-editsection-bracket\">]<\/span><\/span><\/h2>\n<ul>\n<li><b>Gerhard Struber:<\/b> Es klingt zwar etwas komisch, wenn man gegen eine Klassemannschaft wie Sporting Lissabon mit 5:2 gewinnt, aber wir wissen, was unsere Burschen leisten k\u00f6nnen und h\u00e4tten, was die Spielkontrolle angeht, einiges besser machen k\u00f6nnen. Gegen Ende der ersten H\u00e4lfte hatten wir Gl\u00fcck, dass die Partie sich nicht in eine andere Richtung entwickelt. In Durchgang zwei hatten wir in unserem Spiel mehr Tiefe, haben uns besser positioniert. Heute konnten wir mit Standards wichtige Akzente setzen und haben damit das Play-off f\u00fcr uns entschieden.<\/li>\n<\/ul>\n<ul>\n<li><b>Nico Gorzel:<\/b> Wir sind jetzt alle erleichtert und richtig stolz auf unsere Leistung. Es war 2018 unser erstes Pflichtspiel. Die Portugiesen haben heute mit allen Mitteln, die sie zur Verf\u00fcgung hatten, gek\u00e4mpft, aber wir haben \u00fcber 90 Minuten ausgezeichnet als Team dagegengehalten, in den richtigen Momenten getroffen und sind verdient aufgestiegen. Ich freue mich, dass ich mit meinem Premierentreffer helfen konnte.<\/li>\n<\/ul>\n<\/div>\n","protected":false},"excerpt":{"rendered":"<p>FaktenBearbeiten] FC Salzburg (U19) gegen Sporting CP Lissabon (U19), 5:2 Spieltag UEFA Youth League Play off Datum 7. Februar 2018 Anpfiff 18 Uhr Aufstellung Tor Bartlomiej Zynel Verteidigung Julian G\u00f6lles &#8211; Nico Gorzel&#8211; Luca Meisl (C) &#8211; Jusuf Gazibegovic Mittelfeld Dominik Szoboszlai &#8211; Romano Schmid &#8211; Philipp Sturm &#8211; Dominik Stumberger Sturm Sekou Koita &#8211; [&hellip;]<\/p>\n","protected":false},"author":1,"featured_media":0,"parent":0,"menu_order":0,"comment_status":"closed","ping_status":"closed","template":"","meta":{"footnotes":""},"class_list":["post-4329","page","type-page","status-publish","hentry"],"_links":{"self":[{"href":"https:\/\/wiki.s12.at\/index.php\/wp-json\/wp\/v2\/pages\/4329","targetHints":{"allow":["GET"]}}],"collection":[{"href":"https:\/\/wiki.s12.at\/index.php\/wp-json\/wp\/v2\/pages"}],"about":[{"href":"https:\/\/wiki.s12.at\/index.php\/wp-json\/wp\/v2\/types\/page"}],"author":[{"embeddable":true,"href":"https:\/\/wiki.s12.at\/index.php\/wp-json\/wp\/v2\/users\/1"}],"replies":[{"embeddable":true,"href":"https:\/\/wiki.s12.at\/index.php\/wp-json\/wp\/v2\/comments?post=4329"}],"version-history":[{"count":0,"href":"https:\/\/wiki.s12.at\/index.php\/wp-json\/wp\/v2\/pages\/4329\/revisions"}],"wp:attachment":[{"href":"https:\/\/wiki.s12.at\/index.php\/wp-json\/wp\/v2\/media?parent=4329"}],"curies":[{"name":"wp","href":"https:\/\/api.w.org\/{rel}","templated":true}]}}

<div class="mw-parser-output">
<h2><span class="mw-headline" id="Fakten">Fakten</span><a href="/index.php?title=FC_Salzburg_gegen_Sporting_CP_Lissabon&amp;action=edit&amp;section=1" title="Abschnitt bearbeiten: Fakten">Bearbeiten</a><span class="mw-editsection-bracket">]</span></span></h2>
<table class="toptextcells toccolours">
<tbody>
<tr>
<th colspan="2" style="text-align: center; vertical-align: top; padding: 0.3em 0.8em; font-size: 125%; background-color: lightsteelblue;">FC  Salzburg (U19) gegen Sporting CP Lissabon (U19), 5:2
</th>
</tr>
<tr>
<th style="text-align:left;"><b>Spieltag</b>
</th>
<th style="text-align:left;">UEFA Youth League Play off
</th>
</tr>
<tr>
<th style="text-align:left;"><b>Datum</b>
</th>
<th style="text-align:left;">7. Februar 2018
</th>
</tr>
<tr>
<th style="text-align:left;"><b>Anpfiff</b>
</th>
<th style="text-align:left;">18 Uhr
</th>
</tr>
<tr>
<td colspan="2" style="text-align:center;" bgcolor="lightgray"><b>Aufstellung</b>
</td>
</tr>
<tr>
<th style="text-align:left;"><b>Tor</b>
</th>
<th><a href="/Bartlomiej_Zynel" class="mw-redirect" title="Bartlomiej Zynel">Bartlomiej Zynel</a>
</th>
</tr>
<tr>
<th style="text-align:left;"><b>Verteidigung</b>
</th>
<th><a href="/Julian_G%C3%B6lles" title="Julian Gölles">Julian Gölles</a> &#8211; <a href="/Nico_Gorzel" title="Nico Gorzel">Nico Gorzel</a>&#8211; <a href="/Luca_Meisl" title="Luca Meisl">Luca Meisl</a> (C) &#8211; <a href="/Jusuf_Gazibegovic" title="Jusuf Gazibegovic">Jusuf Gazibegovic</a>
</th>
</tr>
<tr>
<th style="text-align:left;"><b>Mittelfeld</b>
</th>
<th><a href="/Dominik_Szoboszlai" title="Dominik Szoboszlai">Dominik Szoboszlai</a>  &#8211; <a href="/Romano_Schmid" title="Romano Schmid">Romano Schmid</a>  &#8211; <a href="/Philipp_Sturm" title="Philipp Sturm">Philipp Sturm</a>  &#8211; <a href="/Dominik_Stumberger" title="Dominik Stumberger">Dominik Stumberger</a>
</th>
</tr>
<tr>
<th style="text-align:left;"><b>Sturm</b>
</th>
<th><a href="/Sekou_Koita" title="Sekou Koita">Sekou Koita</a> &#8211; <a href="/Nicolas_Meister" title="Nicolas Meister">Nicolas Meister</a>
</th>
</tr>
<tr>
<td colspan="2" style="text-align:center;" bgcolor="lightgray"><b>Wechsel</b>
</td>
</tr>
<tr>
<th style="text-align:left;"><b>Wechsel</b>
</th>
<th style="text-align:left;"><a href="/Jungmin_Kim" title="Jungmin Kim">Jungmin Kim</a> für Schmid (56.), <a href="/Anderson_Niangbo" title="Anderson Niangbo">Anderson Niangbo</a> für Meister (64.), <a href="/Rene_Hellermann" title="Rene Hellermann">Rene Hellermann</a> für Koita (87.)
</th>
</tr>
<tr>
<td colspan="2" style="text-align:center;" bgcolor="lightgray"><b>Statistik</b>
</td>
</tr>
<tr>
<th style="text-align:left;"><b>Endstand</b>
</th>
<th style="text-align:left;">5:2 (2:1)
</th>
</tr>
<tr>
<th style="text-align:left;"><b>Torschützen</b>
</th>
<th style="text-align:left;">Meisl (15.), Sturm (24.), Gölles (57.), Gorzel (62.), Szoboszlai (90.); Leao (18.), Balde (71.)
</th>
</tr>
<tr>
<th style="text-align:left;"><b>Gelbe Karten</b>
</th>
<th style="text-align:left;">Meisl (40.); Braganza (37.), Djalo (85.)
</th>
</tr>
<tr>
<th style="text-align:left;"><b>Rote Karten</b>
</th>
<th style="text-align:left;">
</th>
</tr>
<tr>
<th style="text-align:left;"><b>Schiedsrichter</b>
</th>
<th style="text-align:left;">Bojan Pandzic (SWE); nach Minute 56:Sebastian Gishammer (AUT), da sich der Schiedsrichter verletzte
</th>
</tr>
<tr>
<th style="text-align:left;"><b>Stadion</b>
</th>
<th style="text-align:left;">Red Bull Arena
</th>
</tr>
<tr>
<th style="text-align:left;"><b>Zuschauer</b>
</th>
<th style="text-align:left;">
</th>
</tr>
</tbody>
</table>
<h2><span class="mw-headline" id="Weblink">Weblink</span><a href="/index.php?title=FC_Salzburg_gegen_Sporting_CP_Lissabon&amp;action=edit&amp;section=2" title="Abschnitt bearbeiten: Weblink">Bearbeiten</a><span class="mw-editsection-bracket">]</span></span></h2>
<ul>
<li><a rel="nofollow" class="external text" href="http://www.redbullsalzburg.at/de/jungbullen/uefa-youth-league/news/saison_2017_18/14-sieg-in-serie-.html">Spielbericht Vereinshomepage</a></li>
</ul>
<h2><span class="mw-headline" id="Bilder">Bilder</span><a href="/index.php?title=FC_Salzburg_gegen_Sporting_CP_Lissabon&amp;action=edit&amp;section=3" title="Abschnitt bearbeiten: Bilder">Bearbeiten</a><span class="mw-editsection-bracket">]</span></span></h2>
<ul class="gallery mw-gallery-traditional">
<li class="gallerybox" style="width: 155px">
<div style="width: 155px">
<div class="thumb" style="width: 150px;">
<div style="margin:15px auto;"><a href="/Datei:FC_Salzburg_versus_Sporting_Lissabon_(UEFA_Youth_League_Play_off,_7._Februar_2018).jpg_24.jpg" class="image"><img alt="FC Salzburg versus Sporting Lissabon (UEFA Youth League Play off, 7. Februar 2018).jpg 24.jpg" src="/images/thumb/7/77/FC_Salzburg_versus_Sporting_Lissabon_%28UEFA_Youth_League_Play_off%2C_7._Februar_2018%29.jpg_24.jpg/120px-FC_Salzburg_versus_Sporting_Lissabon_%28UEFA_Youth_League_Play_off%2C_7._Februar_2018%29.jpg_24.jpg%3Futm_source%3Dcommons.wikimedia.org%26utm_campaign%3Dimageinfo%26utm_content%3Dthumbnail" decoding="async" width="111" height="120" srcset="/images/thumb/7/77/FC_Salzburg_versus_Sporting_Lissabon_%28UEFA_Youth_League_Play_off%2C_7._Februar_2018%29.jpg_24.jpg/250px-FC_Salzburg_versus_Sporting_Lissabon_%28UEFA_Youth_League_Play_off%2C_7._Februar_2018%29.jpg_24.jpg%3Futm_source%3Dcommons.wikimedia.org%26utm_campaign%3Dimageinfo%26utm_content%3Dthumbnail 1.5x" /></a></div>
</div>
<div class="gallerytext">
			</div>
</p></div>
</li>
<li class="gallerybox" style="width: 155px">
<div style="width: 155px">
<div class="thumb" style="width: 150px;">
<div style="margin:24px auto;"><a href="/Datei:FC_Salzburg_versus_Sporting_Lissabon_(UEFA_Youth_League_Play_off,_7._Februar_2018).jpg_09.jpg" class="image"><img alt="FC Salzburg versus Sporting Lissabon (UEFA Youth League Play off, 7. Februar 2018).jpg 09.jpg" src="/images/thumb/3/36/FC_Salzburg_versus_Sporting_Lissabon_%28UEFA_Youth_League_Play_off%2C_7._Februar_2018%29.jpg_09.jpg/120px-FC_Salzburg_versus_Sporting_Lissabon_%28UEFA_Youth_League_Play_off%2C_7._Februar_2018%29.jpg_09.jpg%3Futm_source%3Dcommons.wikimedia.org%26utm_campaign%3Dimageinfo%26utm_content%3Dthumbnail" decoding="async" width="120" height="102" srcset="/images/thumb/3/36/FC_Salzburg_versus_Sporting_Lissabon_%28UEFA_Youth_League_Play_off%2C_7._Februar_2018%29.jpg_09.jpg/250px-FC_Salzburg_versus_Sporting_Lissabon_%28UEFA_Youth_League_Play_off%2C_7._Februar_2018%29.jpg_09.jpg%3Futm_source%3Dcommons.wikimedia.org%26utm_campaign%3Dimageinfo%26utm_content%3Dthumbnail 1.5x" /></a></div>
</div>
<div class="gallerytext">
			</div>
</p></div>
</li>
<li class="gallerybox" style="width: 155px">
<div style="width: 155px">
<div class="thumb" style="width: 150px;">
<div style="margin:15px auto;"><a href="/Datei:FC_Salzburg_gegen_Sporting_Lissabon_(UEFA_Youth_League_Play_off,_7._Februar_2018)_43.jpg" class="image"><img alt="FC Salzburg gegen Sporting Lissabon (UEFA Youth League Play off, 7. Februar 2018) 43.jpg" src="/images/thumb/0/09/FC_Salzburg_gegen_Sporting_Lissabon_%28UEFA_Youth_League_Play_off%2C_7._Februar_2018%29_43.jpg/120px-FC_Salzburg_gegen_Sporting_Lissabon_%28UEFA_Youth_League_Play_off%2C_7._Februar_2018%29_43.jpg%3Futm_source%3Dcommons.wikimedia.org%26utm_campaign%3Dimageinfo%26utm_content%3Dthumbnail" decoding="async" width="97" height="120" srcset="/images/thumb/0/09/FC_Salzburg_gegen_Sporting_Lissabon_%28UEFA_Youth_League_Play_off%2C_7._Februar_2018%29_43.jpg/250px-FC_Salzburg_gegen_Sporting_Lissabon_%28UEFA_Youth_League_Play_off%2C_7._Februar_2018%29_43.jpg%3Futm_source%3Dcommons.wikimedia.org%26utm_campaign%3Dimageinfo%26utm_content%3Dthumbnail 1.5x" /></a></div>
</div>
<div class="gallerytext">
			</div>
</p></div>
</li>
</ul>
<p><img loading="lazy" alt="" src="/images/thumb/4/4a/Commons-logo.svg/langde-20px-Commons-logo.svg.png%3Futm_source%3Dcommons.wikimedia.org%26utm_campaign%3Dimageinfo%26utm_content%3Dthumbnail" decoding="async" title="Commons" width="12" height="16" srcset="/images/thumb/4/4a/Commons-logo.svg/langde-40px-Commons-logo.svg.png%3Futm_source%3Dcommons.wikimedia.org%26utm_campaign%3Dimageinfo%26utm_content%3Dthumbnail 2x" />&#160;<b><a href="http://commons.wikimedia.org/wiki/Category:FC_Salzburg_gegen_Sporting_Lissabon_(UEFA_Youth_League_Play_off,_7._Februar_2018)" class="extiw" title="commons:Category:FC Salzburg gegen Sporting Lissabon (UEFA Youth League Play off, 7. Februar 2018)">FC Salzburg gegen Sporting CP Lissabon</a></b>&#160;– Sammlung von Bildern, Videos und Audiodateien auf <a href="/Wikimedia_Commons" title="Wikimedia Commons">Wikimedia Commons</a>
</p>
<h2><span class="mw-headline" id="Stimmen_zum_Spiel">Stimmen zum Spiel</span><a href="/index.php?title=FC_Salzburg_gegen_Sporting_CP_Lissabon&amp;action=edit&amp;section=4" title="Abschnitt bearbeiten: Stimmen zum Spiel">Bearbeiten</a><span class="mw-editsection-bracket">]</span></span></h2>
<ul>
<li><b>Gerhard Struber:</b> Es klingt zwar etwas komisch, wenn man gegen eine Klassemannschaft wie Sporting Lissabon mit 5:2 gewinnt, aber wir wissen, was unsere Burschen leisten können und hätten, was die Spielkontrolle angeht, einiges besser machen können. Gegen Ende der ersten Hälfte hatten wir Glück, dass die Partie sich nicht in eine andere Richtung entwickelt. In Durchgang zwei hatten wir in unserem Spiel mehr Tiefe, haben uns besser positioniert. Heute konnten wir mit Standards wichtige Akzente setzen und haben damit das Play-off für uns entschieden.</li>
</ul>
<ul>
<li><b>Nico Gorzel:</b> Wir sind jetzt alle erleichtert und richtig stolz auf unsere Leistung. Es war 2018 unser erstes Pflichtspiel. Die Portugiesen haben heute mit allen Mitteln, die sie zur Verfügung hatten, gekämpft, aber wir haben über 90 Minuten ausgezeichnet als Team dagegengehalten, in den richtigen Momenten getroffen und sind verdient aufgestiegen. Ich freue mich, dass ich mit meinem Premierentreffer helfen konnte.</li>
</ul>
</div>

<p>FaktenBearbeiten] FC Salzburg (U19) gegen Sporting CP Lissabon (U19), 5:2 Spieltag UEFA Youth League Play off Datum 7. Februar 2018 Anpfiff 18 Uhr Aufstellung Tor Bartlomiej Zynel Verteidigung Julian Gölles &#8211; Nico Gorzel&#8211; Luca Meisl (C) &#8211; Jusuf Gazibegovic Mittelfeld Dominik Szoboszlai &#8211; Romano Schmid &#8211; Philipp Sturm &#8211; Dominik Stumberger Sturm Sekou Koita &#8211; [&hellip;]</p>
