{"id":4328,"date":"2026-05-06T15:43:21","date_gmt":"2026-05-06T13:43:21","guid":{"rendered":"https:\/\/wiki.s12.at\/index.php\/fc-salzburg-gegen-sparta-prag\/"},"modified":"2026-05-06T15:43:21","modified_gmt":"2026-05-06T13:43:21","slug":"fc-salzburg-gegen-sparta-prag","status":"publish","type":"page","link":"https:\/\/wiki.s12.at\/index.php\/fc-salzburg-gegen-sparta-prag\/","title":{"rendered":"FC Salzburg gegen Sparta Prag"},"content":{"rendered":"<div class=\"mw-parser-output\">\n<h2><span class=\"mw-headline\" id=\"Fakten\">Fakten<\/span><a href=\"\/index.php?title=FC_Salzburg_gegen_Sparta_Prag&amp;action=edit&amp;section=1\" title=\"Abschnitt bearbeiten: Fakten\">Bearbeiten<\/a><span class=\"mw-editsection-bracket\">]<\/span><\/span><\/h2>\n<table class=\"toptextcells toccolours\">\n<tbody>\n<tr>\n<th colspan=\"2\" style=\"text-align: center; vertical-align: top; padding: 0.3em 0.8em; font-size: 125%; background-color: lightsteelblue;\">FC  Salzburg (U19) gegen Sparta Prag (U19) , 2:0\n<\/th>\n<\/tr>\n<tr>\n<th style=\"text-align:left;\"><b>Spieltag<\/b>\n<\/th>\n<th style=\"text-align:left;\">UEFA Youth League 2. Runde, R\u00fcckspiel\n<\/th>\n<\/tr>\n<tr>\n<th style=\"text-align:left;\"><b>Datum<\/b>\n<\/th>\n<th style=\"text-align:left;\">21. November 2017\n<\/th>\n<\/tr>\n<tr>\n<th style=\"text-align:left;\"><b>Anpfiff<\/b>\n<\/th>\n<th style=\"text-align:left;\">18 Uhr\n<\/th>\n<\/tr>\n<tr>\n<td colspan=\"2\" style=\"text-align:center;\" bgcolor=\"lightgray\"><b>Aufstellung<\/b>\n<\/td>\n<\/tr>\n<tr>\n<th style=\"text-align:left;\"><b>Tor<\/b>\n<\/th>\n<th><a href=\"\/Bartlomiej_Zynel\" class=\"mw-redirect\" title=\"Bartlomiej Zynel\">Bartlomiej Zynel<\/a>\n<\/th>\n<\/tr>\n<tr>\n<th style=\"text-align:left;\"><b>Verteidigung<\/b>\n<\/th>\n<th><a href=\"\/Julian_G%C3%B6lles\" title=\"Julian G\u00f6lles\">Julian G\u00f6lles<\/a> &#8211; <a href=\"\/Mahamadou_Dembele\" title=\"Mahamadou Dembele\">Mahamadou Dembele<\/a>&#8211; <a href=\"\/Luca_Meisl\" title=\"Luca Meisl\">Luca Meisl<\/a> (C) &#8211; <a href=\"\/Jusuf_Gazibegovic\" title=\"Jusuf Gazibegovic\">Jusuf Gazibegovic<\/a>\n<\/th>\n<\/tr>\n<tr>\n<th style=\"text-align:left;\"><b>Mittelfeld<\/b>\n<\/th>\n<th><a href=\"\/Dominik_Szoboszlai\" title=\"Dominik Szoboszlai\">Dominik Szoboszlai<\/a>  &#8211; <a href=\"\/Romano_Schmid\" title=\"Romano Schmid\">Romano Schmid<\/a>  &#8211; <a href=\"\/Philipp_Sturm\" title=\"Philipp Sturm\">Philipp Sturm<\/a>  &#8211; <a href=\"\/Nico_Gorzel\" title=\"Nico Gorzel\">Nico Gorzel<\/a>\n<\/th>\n<\/tr>\n<tr>\n<th style=\"text-align:left;\"><b>Sturm<\/b>\n<\/th>\n<th><a href=\"\/Alexander_Schmidt\" title=\"Alexander Schmidt\">Alexander Schmidt<\/a> &#8211; <a href=\"\/Nicolas_Meister\" title=\"Nicolas Meister\">Nicolas Meister<\/a>\n<\/th>\n<\/tr>\n<tr>\n<td colspan=\"2\" style=\"text-align:center;\" bgcolor=\"lightgray\"><b>Wechsel<\/b>\n<\/td>\n<\/tr>\n<tr>\n<th style=\"text-align:left;\"><b>Wechsel<\/b>\n<\/th>\n<th style=\"text-align:left;\"><a href=\"\/Tobias_Anselm\" title=\"Tobias Anselm\">Tobias Anselm<\/a> f\u00fcr Meister (61.), <a href=\"\/Nikola_Stosic\" title=\"Nikola Stosic\">Nikola Stosic<\/a> f\u00fcr Sturm (71.), <a href=\"\/Nemanja_Zikic\" title=\"Nemanja Zikic\">Nemanja Zikic<\/a> f\u00fcr Szoboszlai (84.)\n<\/th>\n<\/tr>\n<tr>\n<td colspan=\"2\" style=\"text-align:center;\" bgcolor=\"lightgray\"><b>Statistik<\/b>\n<\/td>\n<\/tr>\n<tr>\n<th style=\"text-align:left;\"><b>Endstand<\/b>\n<\/th>\n<th style=\"text-align:left;\">2:0 (1:0)\n<\/th>\n<\/tr>\n<tr>\n<th style=\"text-align:left;\"><b>Torsch\u00fctzen<\/b>\n<\/th>\n<th style=\"text-align:left;\">Meister (41.), Schmidt (55.)\n<\/th>\n<\/tr>\n<tr>\n<th style=\"text-align:left;\"><b>Gelbe Karten<\/b>\n<\/th>\n<th style=\"text-align:left;\">Szoboszlai (58.), Dembele (59.); Novotny (62.), Marecek (70.), Snajdr (80.)\n<\/th>\n<\/tr>\n<tr>\n<th style=\"text-align:left;\"><b>Rote Karten<\/b>\n<\/th>\n<th style=\"text-align:left;\">Gelb-rote:Dembele (82.)\n<\/th>\n<\/tr>\n<tr>\n<th style=\"text-align:left;\"><b>Schiedsrichter<\/b>\n<\/th>\n<th style=\"text-align:left;\">Mikhail Vilkov (RUS)\n<\/th>\n<\/tr>\n<tr>\n<th style=\"text-align:left;\"><b>Stadion<\/b>\n<\/th>\n<th style=\"text-align:left;\">Untersberg Arena\n<\/th>\n<\/tr>\n<tr>\n<th style=\"text-align:left;\"><b>Zuschauer<\/b>\n<\/th>\n<th style=\"text-align:left;\">952\n<\/th>\n<\/tr>\n<\/tbody>\n<\/table>\n<h2><span class=\"mw-headline\" id=\"Weblink\">Weblink<\/span><a href=\"\/index.php?title=FC_Salzburg_gegen_Sparta_Prag&amp;action=edit&amp;section=2\" title=\"Abschnitt bearbeiten: Weblink\">Bearbeiten<\/a><span class=\"mw-editsection-bracket\">]<\/span><\/span><\/h2>\n<p><a rel=\"nofollow\" class=\"external text\" href=\"http:\/\/www.redbullsalzburg.at\/de\/jungbullen\/uefa-youth-league\/news\/saison_2017_18\/jungbullen-prolongieren-siegesserie.htmlSpielbericht\">Vereinshomepage<\/a>\n<\/p>\n<h2><span class=\"mw-headline\" id=\"Bilder\">Bilder<\/span><a href=\"\/index.php?title=FC_Salzburg_gegen_Sparta_Prag&amp;action=edit&amp;section=3\" title=\"Abschnitt bearbeiten: Bilder\">Bearbeiten<\/a><span class=\"mw-editsection-bracket\">]<\/span><\/span><\/h2>\n<ul class=\"gallery mw-gallery-traditional\">\n<li class=\"gallerybox\" style=\"width: 155px\">\n<div style=\"width: 155px\">\n<div class=\"thumb\" style=\"width: 150px;\">\n<div style=\"margin:15px auto;\"><a href=\"\/Datei:FC_Salzburg_gegen_AC_Sparta_Prag_(UEFA_Youth-League_21._November_2017)_34.jpg\" class=\"image\"><img alt=\"FC Salzburg gegen AC Sparta Prag (UEFA Youth-League 21. November 2017) 34.jpg\" src=\"\/images\/thumb\/a\/af\/FC_Salzburg_gegen_AC_Sparta_Prag_%28UEFA_Youth-League_21._November_2017%29_34.jpg\/120px-FC_Salzburg_gegen_AC_Sparta_Prag_%28UEFA_Youth-League_21._November_2017%29_34.jpg%3Futm_source%3Dcommons.wikimedia.org%26utm_campaign%3Dimageinfo%26utm_content%3Dthumbnail\" decoding=\"async\" width=\"111\" height=\"120\" srcset=\"\/images\/thumb\/a\/af\/FC_Salzburg_gegen_AC_Sparta_Prag_%28UEFA_Youth-League_21._November_2017%29_34.jpg\/250px-FC_Salzburg_gegen_AC_Sparta_Prag_%28UEFA_Youth-League_21._November_2017%29_34.jpg%3Futm_source%3Dcommons.wikimedia.org%26utm_campaign%3Dimageinfo%26utm_content%3Dthumbnail 1.5x\" \/><\/a><\/div>\n<\/div>\n<div class=\"gallerytext\">\n\t\t\t<\/div>\n<\/p><\/div>\n<\/li>\n<li class=\"gallerybox\" style=\"width: 155px\">\n<div style=\"width: 155px\">\n<div class=\"thumb\" style=\"width: 150px;\">\n<div style=\"margin:15px auto;\"><a href=\"\/Datei:FC_Salzburg_versus_AC_Sparta_Prag_(UEFA_Youth-League_21._November_2017)_10.jpg\" class=\"image\"><img alt=\"FC Salzburg versus AC Sparta Prag (UEFA Youth-League 21. November 2017) 10.jpg\" src=\"\/images\/thumb\/8\/89\/FC_Salzburg_versus_AC_Sparta_Prag_%28UEFA_Youth-League_21._November_2017%29_10.jpg\/120px-FC_Salzburg_versus_AC_Sparta_Prag_%28UEFA_Youth-League_21._November_2017%29_10.jpg%3Futm_source%3Dcommons.wikimedia.org%26utm_campaign%3Dimageinfo%26utm_content%3Dthumbnail\" decoding=\"async\" width=\"95\" height=\"120\" srcset=\"\/images\/thumb\/8\/89\/FC_Salzburg_versus_AC_Sparta_Prag_%28UEFA_Youth-League_21._November_2017%29_10.jpg\/250px-FC_Salzburg_versus_AC_Sparta_Prag_%28UEFA_Youth-League_21._November_2017%29_10.jpg%3Futm_source%3Dcommons.wikimedia.org%26utm_campaign%3Dimageinfo%26utm_content%3Dthumbnail 1.5x\" \/><\/a><\/div>\n<\/div>\n<div class=\"gallerytext\">\n\t\t\t<\/div>\n<\/p><\/div>\n<\/li>\n<li class=\"gallerybox\" style=\"width: 155px\">\n<div style=\"width: 155px\">\n<div class=\"thumb\" style=\"width: 150px;\">\n<div style=\"margin:15px auto;\"><a href=\"\/Datei:FC_Salzburg_versus_AC_Sparta_Prag_(UEFA_Youth-League_21._November_2017)_24.jpg\" class=\"image\"><img alt=\"FC Salzburg versus AC Sparta Prag (UEFA Youth-League 21. November 2017) 24.jpg\" src=\"\/images\/thumb\/c\/c4\/FC_Salzburg_versus_AC_Sparta_Prag_%28UEFA_Youth-League_21._November_2017%29_24.jpg\/120px-FC_Salzburg_versus_AC_Sparta_Prag_%28UEFA_Youth-League_21._November_2017%29_24.jpg%3Futm_source%3Dcommons.wikimedia.org%26utm_campaign%3Dimageinfo%26utm_content%3Dthumbnail\" decoding=\"async\" width=\"99\" height=\"120\" srcset=\"\/images\/thumb\/c\/c4\/FC_Salzburg_versus_AC_Sparta_Prag_%28UEFA_Youth-League_21._November_2017%29_24.jpg\/250px-FC_Salzburg_versus_AC_Sparta_Prag_%28UEFA_Youth-League_21._November_2017%29_24.jpg%3Futm_source%3Dcommons.wikimedia.org%26utm_campaign%3Dimageinfo%26utm_content%3Dthumbnail 1.5x\" \/><\/a><\/div>\n<\/div>\n<div class=\"gallerytext\">\n\t\t\t<\/div>\n<\/p><\/div>\n<\/li>\n<\/ul>\n<p><img loading=\"lazy\" alt=\"\" src=\"\/images\/thumb\/4\/4a\/Commons-logo.svg\/langde-20px-Commons-logo.svg.png%3Futm_source%3Dcommons.wikimedia.org%26utm_campaign%3Dimageinfo%26utm_content%3Dthumbnail\" decoding=\"async\" title=\"Commons\" width=\"12\" height=\"16\" srcset=\"\/images\/thumb\/4\/4a\/Commons-logo.svg\/langde-40px-Commons-logo.svg.png%3Futm_source%3Dcommons.wikimedia.org%26utm_campaign%3Dimageinfo%26utm_content%3Dthumbnail 2x\" \/>&#160;<b><a href=\"http:\/\/commons.wikimedia.org\/wiki\/Category:FC_Salzburg_gegen_AC_Sparta_Prag_(UEFA_Youth-League_21._November_2017)\" class=\"extiw\" title=\"commons:Category:FC Salzburg gegen AC Sparta Prag (UEFA Youth-League 21. November 2017)\">FC Salzburg gegen Sparta Prag<\/a><\/b>&#160;\u2013 Sammlung von Bildern, Videos und Audiodateien auf <a href=\"\/Wikimedia_Commons\" title=\"Wikimedia Commons\">Wikimedia Commons<\/a>\n<\/p>\n<h2><span class=\"mw-headline\" id=\"Stimmen_zum_Spiel\">Stimmen zum Spiel<\/span><a href=\"\/index.php?title=FC_Salzburg_gegen_Sparta_Prag&amp;action=edit&amp;section=4\" title=\"Abschnitt bearbeiten: Stimmen zum Spiel\">Bearbeiten<\/a><span class=\"mw-editsection-bracket\">]<\/span><\/span><\/h2>\n<ul>\n<li><b>Gerhard Struber:<\/b> Wir haben uns sowohl auf Bordeaux als auch auf Sparta Prag sehr gut vorbereitet und unseren Plan perfekt umgesetzt. Die Tschechen haben alles hineingeworfen, aber wir haben gut dagegengehalten und sind nach Anfangsschwierigkeiten immer besser in die Partie gekommen. Der bessere Zugriff war dann der Schl\u00fcssel zum Erfolg. Die Begabung meiner Mannschaft, gepaart mit der gezeigten Mentalit\u00e4t, hat den Unterschied gemacht. Wir freuen uns, dass wir unser Ziel erreicht haben und uns f\u00fcr das Play-off qualifizieren konnten. Nun sind wir gespannt auf den Gegner, es warten ja einige Hochkar\u00e4ter.<\/li>\n<\/ul>\n<\/div>\n","protected":false},"excerpt":{"rendered":"<p>FaktenBearbeiten] FC Salzburg (U19) gegen Sparta Prag (U19) , 2:0 Spieltag UEFA Youth League 2. Runde, R\u00fcckspiel Datum 21. November 2017 Anpfiff 18 Uhr Aufstellung Tor Bartlomiej Zynel Verteidigung Julian G\u00f6lles &#8211; Mahamadou Dembele&#8211; Luca Meisl (C) &#8211; Jusuf Gazibegovic Mittelfeld Dominik Szoboszlai &#8211; Romano Schmid &#8211; Philipp Sturm &#8211; Nico Gorzel Sturm Alexander Schmidt [&hellip;]<\/p>\n","protected":false},"author":1,"featured_media":0,"parent":0,"menu_order":0,"comment_status":"closed","ping_status":"closed","template":"","meta":{"footnotes":""},"class_list":["post-4328","page","type-page","status-publish","hentry"],"_links":{"self":[{"href":"https:\/\/wiki.s12.at\/index.php\/wp-json\/wp\/v2\/pages\/4328","targetHints":{"allow":["GET"]}}],"collection":[{"href":"https:\/\/wiki.s12.at\/index.php\/wp-json\/wp\/v2\/pages"}],"about":[{"href":"https:\/\/wiki.s12.at\/index.php\/wp-json\/wp\/v2\/types\/page"}],"author":[{"embeddable":true,"href":"https:\/\/wiki.s12.at\/index.php\/wp-json\/wp\/v2\/users\/1"}],"replies":[{"embeddable":true,"href":"https:\/\/wiki.s12.at\/index.php\/wp-json\/wp\/v2\/comments?post=4328"}],"version-history":[{"count":0,"href":"https:\/\/wiki.s12.at\/index.php\/wp-json\/wp\/v2\/pages\/4328\/revisions"}],"wp:attachment":[{"href":"https:\/\/wiki.s12.at\/index.php\/wp-json\/wp\/v2\/media?parent=4328"}],"curies":[{"name":"wp","href":"https:\/\/api.w.org\/{rel}","templated":true}]}}

<div class="mw-parser-output">
<h2><span class="mw-headline" id="Fakten">Fakten</span><a href="/index.php?title=FC_Salzburg_gegen_Sparta_Prag&amp;action=edit&amp;section=1" title="Abschnitt bearbeiten: Fakten">Bearbeiten</a><span class="mw-editsection-bracket">]</span></span></h2>
<table class="toptextcells toccolours">
<tbody>
<tr>
<th colspan="2" style="text-align: center; vertical-align: top; padding: 0.3em 0.8em; font-size: 125%; background-color: lightsteelblue;">FC  Salzburg (U19) gegen Sparta Prag (U19) , 2:0
</th>
</tr>
<tr>
<th style="text-align:left;"><b>Spieltag</b>
</th>
<th style="text-align:left;">UEFA Youth League 2. Runde, Rückspiel
</th>
</tr>
<tr>
<th style="text-align:left;"><b>Datum</b>
</th>
<th style="text-align:left;">21. November 2017
</th>
</tr>
<tr>
<th style="text-align:left;"><b>Anpfiff</b>
</th>
<th style="text-align:left;">18 Uhr
</th>
</tr>
<tr>
<td colspan="2" style="text-align:center;" bgcolor="lightgray"><b>Aufstellung</b>
</td>
</tr>
<tr>
<th style="text-align:left;"><b>Tor</b>
</th>
<th><a href="/Bartlomiej_Zynel" class="mw-redirect" title="Bartlomiej Zynel">Bartlomiej Zynel</a>
</th>
</tr>
<tr>
<th style="text-align:left;"><b>Verteidigung</b>
</th>
<th><a href="/Julian_G%C3%B6lles" title="Julian Gölles">Julian Gölles</a> &#8211; <a href="/Mahamadou_Dembele" title="Mahamadou Dembele">Mahamadou Dembele</a>&#8211; <a href="/Luca_Meisl" title="Luca Meisl">Luca Meisl</a> (C) &#8211; <a href="/Jusuf_Gazibegovic" title="Jusuf Gazibegovic">Jusuf Gazibegovic</a>
</th>
</tr>
<tr>
<th style="text-align:left;"><b>Mittelfeld</b>
</th>
<th><a href="/Dominik_Szoboszlai" title="Dominik Szoboszlai">Dominik Szoboszlai</a>  &#8211; <a href="/Romano_Schmid" title="Romano Schmid">Romano Schmid</a>  &#8211; <a href="/Philipp_Sturm" title="Philipp Sturm">Philipp Sturm</a>  &#8211; <a href="/Nico_Gorzel" title="Nico Gorzel">Nico Gorzel</a>
</th>
</tr>
<tr>
<th style="text-align:left;"><b>Sturm</b>
</th>
<th><a href="/Alexander_Schmidt" title="Alexander Schmidt">Alexander Schmidt</a> &#8211; <a href="/Nicolas_Meister" title="Nicolas Meister">Nicolas Meister</a>
</th>
</tr>
<tr>
<td colspan="2" style="text-align:center;" bgcolor="lightgray"><b>Wechsel</b>
</td>
</tr>
<tr>
<th style="text-align:left;"><b>Wechsel</b>
</th>
<th style="text-align:left;"><a href="/Tobias_Anselm" title="Tobias Anselm">Tobias Anselm</a> für Meister (61.), <a href="/Nikola_Stosic" title="Nikola Stosic">Nikola Stosic</a> für Sturm (71.), <a href="/Nemanja_Zikic" title="Nemanja Zikic">Nemanja Zikic</a> für Szoboszlai (84.)
</th>
</tr>
<tr>
<td colspan="2" style="text-align:center;" bgcolor="lightgray"><b>Statistik</b>
</td>
</tr>
<tr>
<th style="text-align:left;"><b>Endstand</b>
</th>
<th style="text-align:left;">2:0 (1:0)
</th>
</tr>
<tr>
<th style="text-align:left;"><b>Torschützen</b>
</th>
<th style="text-align:left;">Meister (41.), Schmidt (55.)
</th>
</tr>
<tr>
<th style="text-align:left;"><b>Gelbe Karten</b>
</th>
<th style="text-align:left;">Szoboszlai (58.), Dembele (59.); Novotny (62.), Marecek (70.), Snajdr (80.)
</th>
</tr>
<tr>
<th style="text-align:left;"><b>Rote Karten</b>
</th>
<th style="text-align:left;">Gelb-rote:Dembele (82.)
</th>
</tr>
<tr>
<th style="text-align:left;"><b>Schiedsrichter</b>
</th>
<th style="text-align:left;">Mikhail Vilkov (RUS)
</th>
</tr>
<tr>
<th style="text-align:left;"><b>Stadion</b>
</th>
<th style="text-align:left;">Untersberg Arena
</th>
</tr>
<tr>
<th style="text-align:left;"><b>Zuschauer</b>
</th>
<th style="text-align:left;">952
</th>
</tr>
</tbody>
</table>
<h2><span class="mw-headline" id="Weblink">Weblink</span><a href="/index.php?title=FC_Salzburg_gegen_Sparta_Prag&amp;action=edit&amp;section=2" title="Abschnitt bearbeiten: Weblink">Bearbeiten</a><span class="mw-editsection-bracket">]</span></span></h2>
<p><a rel="nofollow" class="external text" href="http://www.redbullsalzburg.at/de/jungbullen/uefa-youth-league/news/saison_2017_18/jungbullen-prolongieren-siegesserie.htmlSpielbericht">Vereinshomepage</a>
</p>
<h2><span class="mw-headline" id="Bilder">Bilder</span><a href="/index.php?title=FC_Salzburg_gegen_Sparta_Prag&amp;action=edit&amp;section=3" title="Abschnitt bearbeiten: Bilder">Bearbeiten</a><span class="mw-editsection-bracket">]</span></span></h2>
<ul class="gallery mw-gallery-traditional">
<li class="gallerybox" style="width: 155px">
<div style="width: 155px">
<div class="thumb" style="width: 150px;">
<div style="margin:15px auto;"><a href="/Datei:FC_Salzburg_gegen_AC_Sparta_Prag_(UEFA_Youth-League_21._November_2017)_34.jpg" class="image"><img alt="FC Salzburg gegen AC Sparta Prag (UEFA Youth-League 21. November 2017) 34.jpg" src="/images/thumb/a/af/FC_Salzburg_gegen_AC_Sparta_Prag_%28UEFA_Youth-League_21._November_2017%29_34.jpg/120px-FC_Salzburg_gegen_AC_Sparta_Prag_%28UEFA_Youth-League_21._November_2017%29_34.jpg%3Futm_source%3Dcommons.wikimedia.org%26utm_campaign%3Dimageinfo%26utm_content%3Dthumbnail" decoding="async" width="111" height="120" srcset="/images/thumb/a/af/FC_Salzburg_gegen_AC_Sparta_Prag_%28UEFA_Youth-League_21._November_2017%29_34.jpg/250px-FC_Salzburg_gegen_AC_Sparta_Prag_%28UEFA_Youth-League_21._November_2017%29_34.jpg%3Futm_source%3Dcommons.wikimedia.org%26utm_campaign%3Dimageinfo%26utm_content%3Dthumbnail 1.5x" /></a></div>
</div>
<div class="gallerytext">
			</div>
</p></div>
</li>
<li class="gallerybox" style="width: 155px">
<div style="width: 155px">
<div class="thumb" style="width: 150px;">
<div style="margin:15px auto;"><a href="/Datei:FC_Salzburg_versus_AC_Sparta_Prag_(UEFA_Youth-League_21._November_2017)_10.jpg" class="image"><img alt="FC Salzburg versus AC Sparta Prag (UEFA Youth-League 21. November 2017) 10.jpg" src="/images/thumb/8/89/FC_Salzburg_versus_AC_Sparta_Prag_%28UEFA_Youth-League_21._November_2017%29_10.jpg/120px-FC_Salzburg_versus_AC_Sparta_Prag_%28UEFA_Youth-League_21._November_2017%29_10.jpg%3Futm_source%3Dcommons.wikimedia.org%26utm_campaign%3Dimageinfo%26utm_content%3Dthumbnail" decoding="async" width="95" height="120" srcset="/images/thumb/8/89/FC_Salzburg_versus_AC_Sparta_Prag_%28UEFA_Youth-League_21._November_2017%29_10.jpg/250px-FC_Salzburg_versus_AC_Sparta_Prag_%28UEFA_Youth-League_21._November_2017%29_10.jpg%3Futm_source%3Dcommons.wikimedia.org%26utm_campaign%3Dimageinfo%26utm_content%3Dthumbnail 1.5x" /></a></div>
</div>
<div class="gallerytext">
			</div>
</p></div>
</li>
<li class="gallerybox" style="width: 155px">
<div style="width: 155px">
<div class="thumb" style="width: 150px;">
<div style="margin:15px auto;"><a href="/Datei:FC_Salzburg_versus_AC_Sparta_Prag_(UEFA_Youth-League_21._November_2017)_24.jpg" class="image"><img alt="FC Salzburg versus AC Sparta Prag (UEFA Youth-League 21. November 2017) 24.jpg" src="/images/thumb/c/c4/FC_Salzburg_versus_AC_Sparta_Prag_%28UEFA_Youth-League_21._November_2017%29_24.jpg/120px-FC_Salzburg_versus_AC_Sparta_Prag_%28UEFA_Youth-League_21._November_2017%29_24.jpg%3Futm_source%3Dcommons.wikimedia.org%26utm_campaign%3Dimageinfo%26utm_content%3Dthumbnail" decoding="async" width="99" height="120" srcset="/images/thumb/c/c4/FC_Salzburg_versus_AC_Sparta_Prag_%28UEFA_Youth-League_21._November_2017%29_24.jpg/250px-FC_Salzburg_versus_AC_Sparta_Prag_%28UEFA_Youth-League_21._November_2017%29_24.jpg%3Futm_source%3Dcommons.wikimedia.org%26utm_campaign%3Dimageinfo%26utm_content%3Dthumbnail 1.5x" /></a></div>
</div>
<div class="gallerytext">
			</div>
</p></div>
</li>
</ul>
<p><img loading="lazy" alt="" src="/images/thumb/4/4a/Commons-logo.svg/langde-20px-Commons-logo.svg.png%3Futm_source%3Dcommons.wikimedia.org%26utm_campaign%3Dimageinfo%26utm_content%3Dthumbnail" decoding="async" title="Commons" width="12" height="16" srcset="/images/thumb/4/4a/Commons-logo.svg/langde-40px-Commons-logo.svg.png%3Futm_source%3Dcommons.wikimedia.org%26utm_campaign%3Dimageinfo%26utm_content%3Dthumbnail 2x" />&#160;<b><a href="http://commons.wikimedia.org/wiki/Category:FC_Salzburg_gegen_AC_Sparta_Prag_(UEFA_Youth-League_21._November_2017)" class="extiw" title="commons:Category:FC Salzburg gegen AC Sparta Prag (UEFA Youth-League 21. November 2017)">FC Salzburg gegen Sparta Prag</a></b>&#160;– Sammlung von Bildern, Videos und Audiodateien auf <a href="/Wikimedia_Commons" title="Wikimedia Commons">Wikimedia Commons</a>
</p>
<h2><span class="mw-headline" id="Stimmen_zum_Spiel">Stimmen zum Spiel</span><a href="/index.php?title=FC_Salzburg_gegen_Sparta_Prag&amp;action=edit&amp;section=4" title="Abschnitt bearbeiten: Stimmen zum Spiel">Bearbeiten</a><span class="mw-editsection-bracket">]</span></span></h2>
<ul>
<li><b>Gerhard Struber:</b> Wir haben uns sowohl auf Bordeaux als auch auf Sparta Prag sehr gut vorbereitet und unseren Plan perfekt umgesetzt. Die Tschechen haben alles hineingeworfen, aber wir haben gut dagegengehalten und sind nach Anfangsschwierigkeiten immer besser in die Partie gekommen. Der bessere Zugriff war dann der Schlüssel zum Erfolg. Die Begabung meiner Mannschaft, gepaart mit der gezeigten Mentalität, hat den Unterschied gemacht. Wir freuen uns, dass wir unser Ziel erreicht haben und uns für das Play-off qualifizieren konnten. Nun sind wir gespannt auf den Gegner, es warten ja einige Hochkaräter.</li>
</ul>
</div>

<p>FaktenBearbeiten] FC Salzburg (U19) gegen Sparta Prag (U19) , 2:0 Spieltag UEFA Youth League 2. Runde, Rückspiel Datum 21. November 2017 Anpfiff 18 Uhr Aufstellung Tor Bartlomiej Zynel Verteidigung Julian Gölles &#8211; Mahamadou Dembele&#8211; Luca Meisl (C) &#8211; Jusuf Gazibegovic Mittelfeld Dominik Szoboszlai &#8211; Romano Schmid &#8211; Philipp Sturm &#8211; Nico Gorzel Sturm Alexander Schmidt [&hellip;]</p>
