{"id":4321,"date":"2026-05-06T15:43:13","date_gmt":"2026-05-06T13:43:13","guid":{"rendered":"https:\/\/wiki.s12.at\/index.php\/fc-salzburg-gegen-real-madrid\/"},"modified":"2026-05-06T15:43:13","modified_gmt":"2026-05-06T13:43:13","slug":"fc-salzburg-gegen-real-madrid","status":"publish","type":"page","link":"https:\/\/wiki.s12.at\/index.php\/fc-salzburg-gegen-real-madrid\/","title":{"rendered":"FC Salzburg gegen Real Madrid"},"content":{"rendered":"<div class=\"mw-parser-output\">\n<table class=\"toptextcells toccolours\">\n<tbody>\n<tr>\n<th colspan=\"2\" style=\"text-align: center; vertical-align: top; padding: 0.3em 0.8em; font-size: 125%; background-color: lightsteelblue;\">FC Salzburg gegen Real Madrid, 0:3\n<\/th>\n<\/tr>\n<tr>\n<th style=\"text-align:left;\"><b>Spieltag<\/b>\n<\/th>\n<th style=\"text-align:left;\">FIFA Klub-WM\n<\/th>\n<\/tr>\n<tr>\n<th style=\"text-align:left;\"><b>Datum<\/b>\n<\/th>\n<th style=\"text-align:left;\">26. Juni 2025\n<\/th>\n<\/tr>\n<tr>\n<th style=\"text-align:left;\"><b>Anpfiff<\/b>\n<\/th>\n<th style=\"text-align:left;\">21 Uhr (Ortszeit), 3 Uhr MESZ\n<\/th>\n<\/tr>\n<tr>\n<td colspan=\"2\" style=\"text-align:center;\" bgcolor=\"lightgray\"><b>Aufstellung<\/b>\n<\/td>\n<\/tr>\n<tr>\n<th style=\"text-align:left;\"><b>Tor<\/b>\n<\/th>\n<th><a href=\"\/Christian_Zawieschitzky\" title=\"Christian Zawieschitzky\">Christian Zawieschitzky<\/a>\n<\/th>\n<\/tr>\n<tr>\n<th style=\"text-align:left;\"><b>Verteidigung<\/b>\n<\/th>\n<th><a href=\"\/Stefan_Lainer\" title=\"Stefan Lainer\">Stefan Lainer<\/a> &#8211; <a href=\"\/Joane_Gadou\" title=\"Joane Gadou\">Joane Gadou<\/a> &#8211; <a href=\"\/Jacob_Rasmussen\" title=\"Jacob Rasmussen\">Jacob Rasmussen<\/a> \u2013 <a href=\"\/Frans_Kr%C3%A4tzig\" title=\"Frans Kr\u00e4tzig\">Frans Kr\u00e4tzig<\/a>\n<\/th>\n<\/tr>\n<tr>\n<th style=\"text-align:left;\"><b>Mittelfeld<\/b>\n<\/th>\n<th><a href=\"\/Soumaila_Diabate\" title=\"Soumaila Diabate\">Soumaila Diabate<\/a> \u2013 <a href=\"\/Mamady_Diambou\" title=\"Mamady Diambou\">Mamady Diambou<\/a>&#8211; <a href=\"\/Oscar_Gloukh\" title=\"Oscar Gloukh\">Oscar Gloukh<\/a> &#8211; <a href=\"\/Dorgeles_Nene\" class=\"mw-redirect\" title=\"Dorgeles Nene\">Dorgeles Nene<\/a>\n<\/th>\n<\/tr>\n<tr>\n<th style=\"text-align:left;\"><b>Sturm<\/b>\n<\/th>\n<th><a href=\"\/Edmund_Baidoo\" title=\"Edmund Baidoo\">Edmund Baidoo<\/a>&#8211; <a href=\"\/Petar_Ratkov\" title=\"Petar Ratkov\">Petar Ratkov<\/a>\n<\/th>\n<\/tr>\n<tr>\n<td colspan=\"2\" style=\"text-align:center;\" bgcolor=\"lightgray\"><b>Wechsel<\/b>\n<\/td>\n<\/tr>\n<tr>\n<th style=\"text-align:left;\"><b>Wechsel<\/b>\n<\/th>\n<th style=\"text-align:left;\"><a href=\"\/Maurits_Kjaergaard\" title=\"Maurits Kjaergaard\">Maurits Kjaergaard<\/a> f\u00fcr Diambou (46.), <a href=\"\/Adam_Daghim\" title=\"Adam Daghim\">Adam Daghim<\/a> f\u00fcr Ratkov (46.), <a href=\"\/Yorbe_Vertessen\" title=\"Yorbe Vertessen\">Yorbe Vertessen<\/a> f\u00fcr Diabate (73.), <br \/><a href=\"\/Samson_Baidoo\" title=\"Samson Baidoo\">Samson  Baidoo<\/a> f\u00fcr Nene (90.), <a href=\"\/Karim_Onisiwo\" title=\"Karim Onisiwo\">Karim Onisiwo<\/a> f\u00fcr E. Baidoo (90.)\n<\/th>\n<\/tr>\n<tr>\n<td colspan=\"2\" style=\"text-align:center;\" bgcolor=\"lightgray\"><b>Statistik<\/b>\n<\/td>\n<\/tr>\n<tr>\n<th style=\"text-align:left;\"><b>Endstand<\/b>\n<\/th>\n<th style=\"text-align:left;\">0:3 (0:2)\n<\/th>\n<\/tr>\n<tr>\n<th style=\"text-align:left;\"><b>Torsch\u00fctzen<\/b>\n<\/th>\n<th style=\"text-align:left;\">Vinicius Jr. (40.), Valverde (45.+ 3), Garcia  (84.)\n<\/th>\n<\/tr>\n<tr>\n<th style=\"text-align:left;\"><b>Gelbe Karten<\/b>\n<\/th>\n<th style=\"text-align:left;\">\n<\/th>\n<\/tr>\n<tr>\n<th style=\"text-align:left;\"><b>Rote Karten<\/b>\n<\/th>\n<th style=\"text-align:left;\">\n<\/th>\n<\/tr>\n<tr>\n<th style=\"text-align:left;\"><b>Schiedsrichter<\/b>\n<\/th>\n<th style=\"text-align:left;\">Dahane Beida\n<\/th>\n<\/tr>\n<tr>\n<th style=\"text-align:left;\"><b>Stadion<\/b>\n<\/th>\n<th style=\"text-align:left;\">Lincoln Financial Field, Philadelphia\n<\/th>\n<\/tr>\n<tr>\n<th style=\"text-align:left;\"><b>Zuschauer<\/b>\n<\/th>\n<th style=\"text-align:left;\">64.811\n<\/th>\n<\/tr>\n<\/tbody>\n<\/table>\n<h2><span class=\"mw-headline\" id=\"Spielbericht\">Spielbericht<\/span><a href=\"\/index.php?title=FC_Salzburg_gegen_Real_Madrid&amp;action=edit&amp;section=1\" title=\"Abschnitt bearbeiten: Spielbericht\">Bearbeiten<\/a><span class=\"mw-editsection-bracket\">]<\/span><\/span><\/h2>\n<p><a rel=\"nofollow\" class=\"external text\" href=\"https:\/\/www.redbullsalzburg.at\/de\/2024-2025\/spielplan\/world-cup-runde-3-fc-salzburg-vs-real-madrid#spielbericht\">Spielbericht Vereinshomepage<\/a>\n<\/p>\n<h2><span class=\"mw-headline\" id=\"Stimmen_zum_Spiel\">Stimmen zum Spiel<\/span><a href=\"\/index.php?title=FC_Salzburg_gegen_Real_Madrid&amp;action=edit&amp;section=2\" title=\"Abschnitt bearbeiten: Stimmen zum Spiel\">Bearbeiten<\/a><span class=\"mw-editsection-bracket\">]<\/span><\/span><\/h2>\n<p><b>Thomas Letsch:<\/b>   Die Fakten sind, dass wir heute ein Spiel verloren haben, das eigentlich niemals 0:3 ausgehen darf. In der ersten H\u00e4lfte waren wir heute leider gegen Ende zu passiv und haben die Partie da hergeschenkt. In der zweiten Halbzeit hat man aber gesehen, dass, wenn wir mutig sind und uns die Dinge zutrauen, wir auch gegen ein Real Madrid in der Lage sind, Chancen zu kreieren \u2013 das m\u00fcssen wir positiv mitnehmen, wir haben uns sehr gut verkauft und keiner muss mit gesenktem Kopf aus dem Stadion gehen. Was wir hier erleben durften, bei einem top organisierten Gro\u00dfevent mit den besten Mannschaften der Welt dabei zu sein, war einfach super. Wir haben gezeigt, wozu ein Verein aus einem kleinen Land in der Lage ist und was wir die kommende Saison noch vorhaben.\n<\/p>\n<p><b>Rouven Schr\u00f6der:<\/b> Wir haben alles reingelegt, und es war f\u00fcr uns alle eine riesige Erfahrung. Auch wenn wir ausgeschieden sind, k\u00f6nnen wir ein St\u00fcck weit stolz sein. Wir waren konkurrenzf\u00e4hig, wir waren hei\u00df. Die Spieler, der Staff und der ganze Klub haben at toll zusammengehalten und sich wirklich gew\u00fcnscht, noch l\u00e4nger dabei zu sein. Wir k\u00f6nnen super viel daraus mitnehmen, eine Mannschaft w\u00e4chst hier neu zusammen, wir als Gruppe wachsen neu zusammen, und das ist ein ganz wichtiges Zeichen! Es bleibt spannend, der Grundstein ist aber gelegt und wir freuen uns auf das, was kommt.\n<\/p>\n<p><b>Jacob Rasmussen:<\/b> Wir alle sind entt\u00e4uscht. Wir hatten das Gef\u00fchl, dass mehr drinnen gewesen w\u00e4re, und insofern ist es nat\u00fcrlich sehr schade. Ich bin trotzdem stolz auf die Jungs, wir haben Gas gegeben und nie aufgegeben, das hab ich geil gefunden \u2013 leider hat&#8217;s nicht gereicht.\n<\/p>\n<p><b>Adam Daghim:<\/b> Man ist stolz und entt\u00e4uscht gleichzeitig. Teil dieses gro\u00dfen Turniers gewesen zu sein, war toll, und dementsprechend schade ist das Ausscheiden dann. Wir sind hier wirklich als tolles Team aufgetreten, und jeder Einzelne hat alles gegeben. Jetzt wollen wir mit 100 Prozent in der neuen Saison angreifen!\n<\/p>\n<\/div>\n","protected":false},"excerpt":{"rendered":"<p>FC Salzburg gegen Real Madrid, 0:3 Spieltag FIFA Klub-WM Datum 26. Juni 2025 Anpfiff 21 Uhr (Ortszeit), 3 Uhr MESZ Aufstellung Tor Christian Zawieschitzky Verteidigung Stefan Lainer &#8211; Joane Gadou &#8211; Jacob Rasmussen \u2013 Frans Kr\u00e4tzig Mittelfeld Soumaila Diabate \u2013 Mamady Diambou&#8211; Oscar Gloukh &#8211; Dorgeles Nene Sturm Edmund Baidoo&#8211; Petar Ratkov Wechsel Wechsel Maurits [&hellip;]<\/p>\n","protected":false},"author":1,"featured_media":0,"parent":0,"menu_order":0,"comment_status":"closed","ping_status":"closed","template":"","meta":{"footnotes":""},"class_list":["post-4321","page","type-page","status-publish","hentry"],"_links":{"self":[{"href":"https:\/\/wiki.s12.at\/index.php\/wp-json\/wp\/v2\/pages\/4321","targetHints":{"allow":["GET"]}}],"collection":[{"href":"https:\/\/wiki.s12.at\/index.php\/wp-json\/wp\/v2\/pages"}],"about":[{"href":"https:\/\/wiki.s12.at\/index.php\/wp-json\/wp\/v2\/types\/page"}],"author":[{"embeddable":true,"href":"https:\/\/wiki.s12.at\/index.php\/wp-json\/wp\/v2\/users\/1"}],"replies":[{"embeddable":true,"href":"https:\/\/wiki.s12.at\/index.php\/wp-json\/wp\/v2\/comments?post=4321"}],"version-history":[{"count":0,"href":"https:\/\/wiki.s12.at\/index.php\/wp-json\/wp\/v2\/pages\/4321\/revisions"}],"wp:attachment":[{"href":"https:\/\/wiki.s12.at\/index.php\/wp-json\/wp\/v2\/media?parent=4321"}],"curies":[{"name":"wp","href":"https:\/\/api.w.org\/{rel}","templated":true}]}}

<div class="mw-parser-output">
<table class="toptextcells toccolours">
<tbody>
<tr>
<th colspan="2" style="text-align: center; vertical-align: top; padding: 0.3em 0.8em; font-size: 125%; background-color: lightsteelblue;">FC Salzburg gegen Real Madrid, 0:3
</th>
</tr>
<tr>
<th style="text-align:left;"><b>Spieltag</b>
</th>
<th style="text-align:left;">FIFA Klub-WM
</th>
</tr>
<tr>
<th style="text-align:left;"><b>Datum</b>
</th>
<th style="text-align:left;">26. Juni 2025
</th>
</tr>
<tr>
<th style="text-align:left;"><b>Anpfiff</b>
</th>
<th style="text-align:left;">21 Uhr (Ortszeit), 3 Uhr MESZ
</th>
</tr>
<tr>
<td colspan="2" style="text-align:center;" bgcolor="lightgray"><b>Aufstellung</b>
</td>
</tr>
<tr>
<th style="text-align:left;"><b>Tor</b>
</th>
<th><a href="/Christian_Zawieschitzky" title="Christian Zawieschitzky">Christian Zawieschitzky</a>
</th>
</tr>
<tr>
<th style="text-align:left;"><b>Verteidigung</b>
</th>
<th><a href="/Stefan_Lainer" title="Stefan Lainer">Stefan Lainer</a> &#8211; <a href="/Joane_Gadou" title="Joane Gadou">Joane Gadou</a> &#8211; <a href="/Jacob_Rasmussen" title="Jacob Rasmussen">Jacob Rasmussen</a> – <a href="/Frans_Kr%C3%A4tzig" title="Frans Krätzig">Frans Krätzig</a>
</th>
</tr>
<tr>
<th style="text-align:left;"><b>Mittelfeld</b>
</th>
<th><a href="/Soumaila_Diabate" title="Soumaila Diabate">Soumaila Diabate</a> – <a href="/Mamady_Diambou" title="Mamady Diambou">Mamady Diambou</a>&#8211; <a href="/Oscar_Gloukh" title="Oscar Gloukh">Oscar Gloukh</a> &#8211; <a href="/Dorgeles_Nene" class="mw-redirect" title="Dorgeles Nene">Dorgeles Nene</a>
</th>
</tr>
<tr>
<th style="text-align:left;"><b>Sturm</b>
</th>
<th><a href="/Edmund_Baidoo" title="Edmund Baidoo">Edmund Baidoo</a>&#8211; <a href="/Petar_Ratkov" title="Petar Ratkov">Petar Ratkov</a>
</th>
</tr>
<tr>
<td colspan="2" style="text-align:center;" bgcolor="lightgray"><b>Wechsel</b>
</td>
</tr>
<tr>
<th style="text-align:left;"><b>Wechsel</b>
</th>
<th style="text-align:left;"><a href="/Maurits_Kjaergaard" title="Maurits Kjaergaard">Maurits Kjaergaard</a> für Diambou (46.), <a href="/Adam_Daghim" title="Adam Daghim">Adam Daghim</a> für Ratkov (46.), <a href="/Yorbe_Vertessen" title="Yorbe Vertessen">Yorbe Vertessen</a> für Diabate (73.), <br /><a href="/Samson_Baidoo" title="Samson Baidoo">Samson  Baidoo</a> für Nene (90.), <a href="/Karim_Onisiwo" title="Karim Onisiwo">Karim Onisiwo</a> für E. Baidoo (90.)
</th>
</tr>
<tr>
<td colspan="2" style="text-align:center;" bgcolor="lightgray"><b>Statistik</b>
</td>
</tr>
<tr>
<th style="text-align:left;"><b>Endstand</b>
</th>
<th style="text-align:left;">0:3 (0:2)
</th>
</tr>
<tr>
<th style="text-align:left;"><b>Torschützen</b>
</th>
<th style="text-align:left;">Vinicius Jr. (40.), Valverde (45.+ 3), Garcia  (84.)
</th>
</tr>
<tr>
<th style="text-align:left;"><b>Gelbe Karten</b>
</th>
<th style="text-align:left;">
</th>
</tr>
<tr>
<th style="text-align:left;"><b>Rote Karten</b>
</th>
<th style="text-align:left;">
</th>
</tr>
<tr>
<th style="text-align:left;"><b>Schiedsrichter</b>
</th>
<th style="text-align:left;">Dahane Beida
</th>
</tr>
<tr>
<th style="text-align:left;"><b>Stadion</b>
</th>
<th style="text-align:left;">Lincoln Financial Field, Philadelphia
</th>
</tr>
<tr>
<th style="text-align:left;"><b>Zuschauer</b>
</th>
<th style="text-align:left;">64.811
</th>
</tr>
</tbody>
</table>
<h2><span class="mw-headline" id="Spielbericht">Spielbericht</span><a href="/index.php?title=FC_Salzburg_gegen_Real_Madrid&amp;action=edit&amp;section=1" title="Abschnitt bearbeiten: Spielbericht">Bearbeiten</a><span class="mw-editsection-bracket">]</span></span></h2>
<p><a rel="nofollow" class="external text" href="https://www.redbullsalzburg.at/de/2024-2025/spielplan/world-cup-runde-3-fc-salzburg-vs-real-madrid#spielbericht">Spielbericht Vereinshomepage</a>
</p>
<h2><span class="mw-headline" id="Stimmen_zum_Spiel">Stimmen zum Spiel</span><a href="/index.php?title=FC_Salzburg_gegen_Real_Madrid&amp;action=edit&amp;section=2" title="Abschnitt bearbeiten: Stimmen zum Spiel">Bearbeiten</a><span class="mw-editsection-bracket">]</span></span></h2>
<p><b>Thomas Letsch:</b>   Die Fakten sind, dass wir heute ein Spiel verloren haben, das eigentlich niemals 0:3 ausgehen darf. In der ersten Hälfte waren wir heute leider gegen Ende zu passiv und haben die Partie da hergeschenkt. In der zweiten Halbzeit hat man aber gesehen, dass, wenn wir mutig sind und uns die Dinge zutrauen, wir auch gegen ein Real Madrid in der Lage sind, Chancen zu kreieren – das müssen wir positiv mitnehmen, wir haben uns sehr gut verkauft und keiner muss mit gesenktem Kopf aus dem Stadion gehen. Was wir hier erleben durften, bei einem top organisierten Großevent mit den besten Mannschaften der Welt dabei zu sein, war einfach super. Wir haben gezeigt, wozu ein Verein aus einem kleinen Land in der Lage ist und was wir die kommende Saison noch vorhaben.
</p>
<p><b>Rouven Schröder:</b> Wir haben alles reingelegt, und es war für uns alle eine riesige Erfahrung. Auch wenn wir ausgeschieden sind, können wir ein Stück weit stolz sein. Wir waren konkurrenzfähig, wir waren heiß. Die Spieler, der Staff und der ganze Klub haben at toll zusammengehalten und sich wirklich gewünscht, noch länger dabei zu sein. Wir können super viel daraus mitnehmen, eine Mannschaft wächst hier neu zusammen, wir als Gruppe wachsen neu zusammen, und das ist ein ganz wichtiges Zeichen! Es bleibt spannend, der Grundstein ist aber gelegt und wir freuen uns auf das, was kommt.
</p>
<p><b>Jacob Rasmussen:</b> Wir alle sind enttäuscht. Wir hatten das Gefühl, dass mehr drinnen gewesen wäre, und insofern ist es natürlich sehr schade. Ich bin trotzdem stolz auf die Jungs, wir haben Gas gegeben und nie aufgegeben, das hab ich geil gefunden – leider hat&#8217;s nicht gereicht.
</p>
<p><b>Adam Daghim:</b> Man ist stolz und enttäuscht gleichzeitig. Teil dieses großen Turniers gewesen zu sein, war toll, und dementsprechend schade ist das Ausscheiden dann. Wir sind hier wirklich als tolles Team aufgetreten, und jeder Einzelne hat alles gegeben. Jetzt wollen wir mit 100 Prozent in der neuen Saison angreifen!
</p>
</div>

<p>FC Salzburg gegen Real Madrid, 0:3 Spieltag FIFA Klub-WM Datum 26. Juni 2025 Anpfiff 21 Uhr (Ortszeit), 3 Uhr MESZ Aufstellung Tor Christian Zawieschitzky Verteidigung Stefan Lainer &#8211; Joane Gadou &#8211; Jacob Rasmussen – Frans Krätzig Mittelfeld Soumaila Diabate – Mamady Diambou&#8211; Oscar Gloukh &#8211; Dorgeles Nene Sturm Edmund Baidoo&#8211; Petar Ratkov Wechsel Wechsel Maurits [&hellip;]</p>
