{"id":4317,"date":"2026-05-06T15:42:56","date_gmt":"2026-05-06T13:42:56","guid":{"rendered":"https:\/\/wiki.s12.at\/index.php\/fc-salzburg-gegen-olympique-marseille\/"},"modified":"2026-05-06T15:42:56","modified_gmt":"2026-05-06T13:42:56","slug":"fc-salzburg-gegen-olympique-marseille","status":"publish","type":"page","link":"https:\/\/wiki.s12.at\/index.php\/fc-salzburg-gegen-olympique-marseille\/","title":{"rendered":"FC Salzburg gegen Olympique Marseille"},"content":{"rendered":"<div class=\"mw-parser-output\">\n<h2><span class=\"mw-headline\" id=\"Fakten\">Fakten<\/span><a href=\"\/index.php?title=FC_Salzburg_gegen_Olympique_Marseille&amp;action=edit&amp;section=1\" title=\"Abschnitt bearbeiten: Fakten\">Bearbeiten<\/a><span class=\"mw-editsection-bracket\">]<\/span><\/span><\/h2>\n<table class=\"toptextcells toccolours\">\n<tbody>\n<tr>\n<th colspan=\"2\" style=\"text-align: center; vertical-align: top; padding: 0.3em 0.8em; font-size: 125%; background-color: lightsteelblue;\">FC Salzburg gegen Olympique Marseille, 2:1 nach Verl\u00e4ngerung\n<\/th>\n<\/tr>\n<tr>\n<th style=\"text-align:left;\"><b>Spieltag<\/b>\n<\/th>\n<th style=\"text-align:left;\">EL-Halbfinale, R\u00fcckspiel\n<\/th>\n<\/tr>\n<tr>\n<th style=\"text-align:left;\"><b>Datum<\/b>\n<\/th>\n<th style=\"text-align:left;\">3. Mai 2018 2018\n<\/th>\n<\/tr>\n<tr>\n<th style=\"text-align:left;\"><b>Anpfiff<\/b>\n<\/th>\n<th style=\"text-align:left;\">21.05 Uhr\n<\/th>\n<\/tr>\n<tr>\n<td colspan=\"2\" style=\"text-align:center;\" bgcolor=\"lightgray\"><b>Aufstellung<\/b>\n<\/td>\n<\/tr>\n<tr>\n<th style=\"text-align:left;\"><b>Tor<\/b>\n<\/th>\n<th><a href=\"\/Alexander_Walke\" title=\"Alexander Walke\">Alexander Walke<\/a>\n<\/th>\n<\/tr>\n<tr>\n<th style=\"text-align:left;\"><b>Verteidigung<\/b>\n<\/th>\n<th><a href=\"\/Stefan_Lainer\" title=\"Stefan Lainer\">Stefan Lainer<\/a> &#8211; <a href=\"\/Andre_Ramalho\" class=\"mw-redirect\" title=\"Andre Ramalho\">Andre Ramalho<\/a> &#8211; <a href=\"\/Duje_Caleta-Car\" title=\"Duje Caleta-Car\">Duje Caleta-Car<\/a> &#8211; <a href=\"\/Andreas_Ulmer\" title=\"Andreas Ulmer\">Andreas Ulmer<\/a>\n<\/th>\n<\/tr>\n<tr>\n<th style=\"text-align:left;\"><b>Mittelfeld<\/b>\n<\/th>\n<th><a href=\"\/Amadou_Haidara\" title=\"Amadou Haidara\">Amadou Haidara<\/a> &#8211; <a href=\"\/Diadie_Samassekou\" title=\"Diadie Samassekou\">Diadie Samassekou<\/a> &#8211; <a href=\"\/Valon_Berisha\" title=\"Valon Berisha\">Valon Berisha<\/a> &#8211; <a href=\"\/Xaver_Schlager\" title=\"Xaver Schlager\">Xaver Schlager<\/a>\n<\/th>\n<\/tr>\n<tr>\n<th style=\"text-align:left;\"><b>Sturm<\/b>\n<\/th>\n<th><a href=\"\/Fredrik_Gulbrandsen\" title=\"Fredrik Gulbrandsen\">Fredrik Gulbrandsen<\/a> &#8211; <a href=\"\/Munas_Dabbur\" title=\"Munas Dabbur\">Munas Dabbur<\/a>\n<\/th>\n<\/tr>\n<tr>\n<td colspan=\"2\" style=\"text-align:center;\" bgcolor=\"lightgray\"><b>Wechsel<\/b>\n<\/td>\n<\/tr>\n<tr>\n<th style=\"text-align:left;\"><b>Wechsel<\/b>\n<\/th>\n<th style=\"text-align:left;\"><a href=\"\/Hee-Chan_Hwang\" title=\"Hee-Chan Hwang\">Hee-Chan Hwang<\/a> f\u00fcr Gulbrandsen (68.), <a href=\"\/Takumi_Minamino\" title=\"Takumi Minamino\">Takumi Minamino<\/a> f\u00fcr Schlager (84.), <a href=\"\/Marin_Pongracic\" title=\"Marin Pongracic\">Marin Pongracic<\/a> f\u00fcr Ulmer (97.)\n<\/th>\n<\/tr>\n<tr>\n<td colspan=\"2\" style=\"text-align:center;\" bgcolor=\"lightgray\"><b>Statistik<\/b>\n<\/td>\n<\/tr>\n<tr>\n<th style=\"text-align:left;\"><b>Endstand<\/b>\n<\/th>\n<th style=\"text-align:left;\">2:1 (0:0) nach Verl\u00e4ngerung\n<\/th>\n<\/tr>\n<tr>\n<th style=\"text-align:left;\"><b>Torsch\u00fctzen<\/b>\n<\/th>\n<th style=\"text-align:left;\">Haidara (53.), Sarr (65.\/ET); Rolando (116.)\n<\/th>\n<\/tr>\n<tr>\n<th style=\"text-align:left;\"><b>Gelbe Karten<\/b>\n<\/th>\n<th style=\"text-align:left;\">Haidara (75.), Ramalho (84.), Caleta-Car (94.), Dabbur (117.);Sarr (35.), Lopez (39.), Rami (57.), Germain (78.), Amavi (100.), Rolando (117.)\n<\/th>\n<\/tr>\n<tr>\n<th style=\"text-align:left;\"><b>Rote Karten<\/b>\n<\/th>\n<th style=\"text-align:left;\">gelb-rote Karte: Haidara (119.)\n<\/th>\n<\/tr>\n<tr>\n<th style=\"text-align:left;\"><b>Schiedsrichter<\/b>\n<\/th>\n<th style=\"text-align:left;\">Sergei Karasev (RUS)\n<\/th>\n<\/tr>\n<tr>\n<th style=\"text-align:left;\"><b>Stadion<\/b>\n<\/th>\n<th style=\"text-align:left;\">EM-Stadion Wals-Siezenheim\n<\/th>\n<\/tr>\n<tr>\n<th style=\"text-align:left;\"><b>Zuschauer<\/b>\n<\/th>\n<th style=\"text-align:left;\">29 520 (ausverkauft)\n<\/th>\n<\/tr>\n<\/tbody>\n<\/table>\n<h2><span class=\"mw-headline\" id=\"Weblinks\">Weblinks<\/span><a href=\"\/index.php?title=FC_Salzburg_gegen_Olympique_Marseille&amp;action=edit&amp;section=2\" title=\"Abschnitt bearbeiten: Weblinks\">Bearbeiten<\/a><span class=\"mw-editsection-bracket\">]<\/span><\/span><\/h2>\n<p><a rel=\"nofollow\" class=\"external text\" href=\"http:\/\/www.redbullsalzburg.at\/de\/fc-red-bull-salzburg\/news\/saison_2017_18\/der-schmerz-geht-der-stolz-bleibt.html\">Spielbericht Vereinshomepage<\/a>\n<\/p>\n<h2><span class=\"mw-headline\" id=\"Bilder\">Bilder<\/span><a href=\"\/index.php?title=FC_Salzburg_gegen_Olympique_Marseille&amp;action=edit&amp;section=3\" title=\"Abschnitt bearbeiten: Bilder\">Bearbeiten<\/a><span class=\"mw-editsection-bracket\">]<\/span><\/span><\/h2>\n<ul class=\"gallery mw-gallery-traditional\">\n<li class=\"gallerybox\" style=\"width: 155px\">\n<div style=\"width: 155px\">\n<div class=\"thumb\" style=\"width: 150px;\">\n<div style=\"margin:51.5px auto;\"><a href=\"\/Datei:FC_Salzburg_gegen_Olympique_Marseille_(3._Mai_2018)_46.jpg\" class=\"image\"><img alt=\"FC Salzburg gegen Olympique Marseille (3. Mai 2018) 46.jpg\" src=\"\/images\/thumb\/d\/d6\/FC_Salzburg_gegen_Olympique_Marseille_%283._Mai_2018%29_46.jpg\/120px-FC_Salzburg_gegen_Olympique_Marseille_%283._Mai_2018%29_46.jpg%3Futm_source%3Dcommons.wikimedia.org%26utm_campaign%3Dimageinfo%26utm_content%3Dthumbnail\" decoding=\"async\" width=\"120\" height=\"47\" srcset=\"\/images\/thumb\/d\/d6\/FC_Salzburg_gegen_Olympique_Marseille_%283._Mai_2018%29_46.jpg\/250px-FC_Salzburg_gegen_Olympique_Marseille_%283._Mai_2018%29_46.jpg%3Futm_source%3Dcommons.wikimedia.org%26utm_campaign%3Dimageinfo%26utm_content%3Dthumbnail 1.5x\" \/><\/a><\/div>\n<\/div>\n<div class=\"gallerytext\">\n\t\t\t<\/div>\n<\/p><\/div>\n<\/li>\n<li class=\"gallerybox\" style=\"width: 155px\">\n<div style=\"width: 155px\">\n<div class=\"thumb\" style=\"width: 150px;\">\n<div style=\"margin:24.5px auto;\"><a href=\"\/Datei:FC_Salzburg_versus_Olympique_Marseille_(3._Mai_2018)_02.jpg\" class=\"image\"><img alt=\"FC Salzburg versus Olympique Marseille (3. Mai 2018) 02.jpg\" src=\"\/images\/thumb\/4\/44\/FC_Salzburg_versus_Olympique_Marseille_%283._Mai_2018%29_02.jpg\/120px-FC_Salzburg_versus_Olympique_Marseille_%283._Mai_2018%29_02.jpg%3Futm_source%3Dcommons.wikimedia.org%26utm_campaign%3Dimageinfo%26utm_content%3Dthumbnail\" decoding=\"async\" width=\"120\" height=\"101\" srcset=\"\/images\/thumb\/4\/44\/FC_Salzburg_versus_Olympique_Marseille_%283._Mai_2018%29_02.jpg\/250px-FC_Salzburg_versus_Olympique_Marseille_%283._Mai_2018%29_02.jpg%3Futm_source%3Dcommons.wikimedia.org%26utm_campaign%3Dimageinfo%26utm_content%3Dthumbnail 1.5x\" \/><\/a><\/div>\n<\/div>\n<div class=\"gallerytext\">\n\t\t\t<\/div>\n<\/p><\/div>\n<\/li>\n<li class=\"gallerybox\" style=\"width: 155px\">\n<div style=\"width: 155px\">\n<div class=\"thumb\" style=\"width: 150px;\">\n<div style=\"margin:26.5px auto;\"><a href=\"\/Datei:FC_Salzburg_vs_Olympique_Marseille_(3._Mai_2018)_09.jpg\" class=\"image\"><img alt=\"FC Salzburg vs Olympique Marseille (3. Mai 2018) 09.jpg\" src=\"\/images\/thumb\/b\/bc\/FC_Salzburg_vs_Olympique_Marseille_%283._Mai_2018%29_09.jpg\/120px-FC_Salzburg_vs_Olympique_Marseille_%283._Mai_2018%29_09.jpg%3Futm_source%3Dcommons.wikimedia.org%26utm_campaign%3Dimageinfo%26utm_content%3Dthumbnail\" decoding=\"async\" width=\"120\" height=\"97\" srcset=\"\/images\/thumb\/b\/bc\/FC_Salzburg_vs_Olympique_Marseille_%283._Mai_2018%29_09.jpg\/250px-FC_Salzburg_vs_Olympique_Marseille_%283._Mai_2018%29_09.jpg%3Futm_source%3Dcommons.wikimedia.org%26utm_campaign%3Dimageinfo%26utm_content%3Dthumbnail 1.5x\" \/><\/a><\/div>\n<\/div>\n<div class=\"gallerytext\">\n\t\t\t<\/div>\n<\/p><\/div>\n<\/li>\n<\/ul>\n<p><img loading=\"lazy\" alt=\"\" src=\"\/images\/thumb\/4\/4a\/Commons-logo.svg\/langde-20px-Commons-logo.svg.png%3Futm_source%3Dcommons.wikimedia.org%26utm_campaign%3Dimageinfo%26utm_content%3Dthumbnail\" decoding=\"async\" title=\"Commons\" width=\"12\" height=\"16\" srcset=\"\/images\/thumb\/4\/4a\/Commons-logo.svg\/langde-40px-Commons-logo.svg.png%3Futm_source%3Dcommons.wikimedia.org%26utm_campaign%3Dimageinfo%26utm_content%3Dthumbnail 2x\" \/>&#160;<b><a href=\"http:\/\/commons.wikimedia.org\/wiki\/Category:FC_Salzburg_gegen_Olympique_Marseille_(3._Mai_2018)\" class=\"extiw\" title=\"commons:Category:FC Salzburg gegen Olympique Marseille (3. Mai 2018)\">FC Salzburg gegen Olympique Marseille<\/a><\/b>&#160;\u2013 Sammlung von Bildern, Videos und Audiodateien auf <a href=\"\/Wikimedia_Commons\" title=\"Wikimedia Commons\">Wikimedia Commons<\/a>\n<\/p>\n<h2><span class=\"mw-headline\" id=\"Stimmen_zum_Spiel\">Stimmen zum Spiel<\/span><a href=\"\/index.php?title=FC_Salzburg_gegen_Olympique_Marseille&amp;action=edit&amp;section=4\" title=\"Abschnitt bearbeiten: Stimmen zum Spiel\">Bearbeiten<\/a><span class=\"mw-editsection-bracket\">]<\/span><\/span><\/h2>\n<ul>\n<li><b>Marco Rose:<\/b> Wir waren knapp davor, deswegen sind wir schwer entt\u00e4uscht. Mir tut es unendlich leid f\u00fcr meine Jungs. Sie haben eine unfassbare Europa League-Saison gespielt und standen heute vor dem n\u00e4chsten gro\u00dfen Ding. Und dann ist es uns ein St\u00fcck weit weggepfiffen worden.<\/li>\n<\/ul>\n<ul>\n<li><b>Stefan Lainer:<\/b> Es ist Leere. Man kann es irgendwie noch gar nicht glauben, dass wir jetzt so bitter ausgeschieden sind. Wir h\u00e4tten uns sicher mehr verdient, daher ist es einfach extrem bitter.<\/li>\n<\/ul>\n<\/div>\n","protected":false},"excerpt":{"rendered":"<p>FaktenBearbeiten] FC Salzburg gegen Olympique Marseille, 2:1 nach Verl\u00e4ngerung Spieltag EL-Halbfinale, R\u00fcckspiel Datum 3. Mai 2018 2018 Anpfiff 21.05 Uhr Aufstellung Tor Alexander Walke Verteidigung Stefan Lainer &#8211; Andre Ramalho &#8211; Duje Caleta-Car &#8211; Andreas Ulmer Mittelfeld Amadou Haidara &#8211; Diadie Samassekou &#8211; Valon Berisha &#8211; Xaver Schlager Sturm Fredrik Gulbrandsen &#8211; Munas Dabbur Wechsel [&hellip;]<\/p>\n","protected":false},"author":1,"featured_media":0,"parent":0,"menu_order":0,"comment_status":"closed","ping_status":"closed","template":"","meta":{"footnotes":""},"class_list":["post-4317","page","type-page","status-publish","hentry"],"_links":{"self":[{"href":"https:\/\/wiki.s12.at\/index.php\/wp-json\/wp\/v2\/pages\/4317","targetHints":{"allow":["GET"]}}],"collection":[{"href":"https:\/\/wiki.s12.at\/index.php\/wp-json\/wp\/v2\/pages"}],"about":[{"href":"https:\/\/wiki.s12.at\/index.php\/wp-json\/wp\/v2\/types\/page"}],"author":[{"embeddable":true,"href":"https:\/\/wiki.s12.at\/index.php\/wp-json\/wp\/v2\/users\/1"}],"replies":[{"embeddable":true,"href":"https:\/\/wiki.s12.at\/index.php\/wp-json\/wp\/v2\/comments?post=4317"}],"version-history":[{"count":0,"href":"https:\/\/wiki.s12.at\/index.php\/wp-json\/wp\/v2\/pages\/4317\/revisions"}],"wp:attachment":[{"href":"https:\/\/wiki.s12.at\/index.php\/wp-json\/wp\/v2\/media?parent=4317"}],"curies":[{"name":"wp","href":"https:\/\/api.w.org\/{rel}","templated":true}]}}

<div class="mw-parser-output">
<h2><span class="mw-headline" id="Fakten">Fakten</span><a href="/index.php?title=FC_Salzburg_gegen_Olympique_Marseille&amp;action=edit&amp;section=1" title="Abschnitt bearbeiten: Fakten">Bearbeiten</a><span class="mw-editsection-bracket">]</span></span></h2>
<table class="toptextcells toccolours">
<tbody>
<tr>
<th colspan="2" style="text-align: center; vertical-align: top; padding: 0.3em 0.8em; font-size: 125%; background-color: lightsteelblue;">FC Salzburg gegen Olympique Marseille, 2:1 nach Verlängerung
</th>
</tr>
<tr>
<th style="text-align:left;"><b>Spieltag</b>
</th>
<th style="text-align:left;">EL-Halbfinale, Rückspiel
</th>
</tr>
<tr>
<th style="text-align:left;"><b>Datum</b>
</th>
<th style="text-align:left;">3. Mai 2018 2018
</th>
</tr>
<tr>
<th style="text-align:left;"><b>Anpfiff</b>
</th>
<th style="text-align:left;">21.05 Uhr
</th>
</tr>
<tr>
<td colspan="2" style="text-align:center;" bgcolor="lightgray"><b>Aufstellung</b>
</td>
</tr>
<tr>
<th style="text-align:left;"><b>Tor</b>
</th>
<th><a href="/Alexander_Walke" title="Alexander Walke">Alexander Walke</a>
</th>
</tr>
<tr>
<th style="text-align:left;"><b>Verteidigung</b>
</th>
<th><a href="/Stefan_Lainer" title="Stefan Lainer">Stefan Lainer</a> &#8211; <a href="/Andre_Ramalho" class="mw-redirect" title="Andre Ramalho">Andre Ramalho</a> &#8211; <a href="/Duje_Caleta-Car" title="Duje Caleta-Car">Duje Caleta-Car</a> &#8211; <a href="/Andreas_Ulmer" title="Andreas Ulmer">Andreas Ulmer</a>
</th>
</tr>
<tr>
<th style="text-align:left;"><b>Mittelfeld</b>
</th>
<th><a href="/Amadou_Haidara" title="Amadou Haidara">Amadou Haidara</a> &#8211; <a href="/Diadie_Samassekou" title="Diadie Samassekou">Diadie Samassekou</a> &#8211; <a href="/Valon_Berisha" title="Valon Berisha">Valon Berisha</a> &#8211; <a href="/Xaver_Schlager" title="Xaver Schlager">Xaver Schlager</a>
</th>
</tr>
<tr>
<th style="text-align:left;"><b>Sturm</b>
</th>
<th><a href="/Fredrik_Gulbrandsen" title="Fredrik Gulbrandsen">Fredrik Gulbrandsen</a> &#8211; <a href="/Munas_Dabbur" title="Munas Dabbur">Munas Dabbur</a>
</th>
</tr>
<tr>
<td colspan="2" style="text-align:center;" bgcolor="lightgray"><b>Wechsel</b>
</td>
</tr>
<tr>
<th style="text-align:left;"><b>Wechsel</b>
</th>
<th style="text-align:left;"><a href="/Hee-Chan_Hwang" title="Hee-Chan Hwang">Hee-Chan Hwang</a> für Gulbrandsen (68.), <a href="/Takumi_Minamino" title="Takumi Minamino">Takumi Minamino</a> für Schlager (84.), <a href="/Marin_Pongracic" title="Marin Pongracic">Marin Pongracic</a> für Ulmer (97.)
</th>
</tr>
<tr>
<td colspan="2" style="text-align:center;" bgcolor="lightgray"><b>Statistik</b>
</td>
</tr>
<tr>
<th style="text-align:left;"><b>Endstand</b>
</th>
<th style="text-align:left;">2:1 (0:0) nach Verlängerung
</th>
</tr>
<tr>
<th style="text-align:left;"><b>Torschützen</b>
</th>
<th style="text-align:left;">Haidara (53.), Sarr (65./ET); Rolando (116.)
</th>
</tr>
<tr>
<th style="text-align:left;"><b>Gelbe Karten</b>
</th>
<th style="text-align:left;">Haidara (75.), Ramalho (84.), Caleta-Car (94.), Dabbur (117.);Sarr (35.), Lopez (39.), Rami (57.), Germain (78.), Amavi (100.), Rolando (117.)
</th>
</tr>
<tr>
<th style="text-align:left;"><b>Rote Karten</b>
</th>
<th style="text-align:left;">gelb-rote Karte: Haidara (119.)
</th>
</tr>
<tr>
<th style="text-align:left;"><b>Schiedsrichter</b>
</th>
<th style="text-align:left;">Sergei Karasev (RUS)
</th>
</tr>
<tr>
<th style="text-align:left;"><b>Stadion</b>
</th>
<th style="text-align:left;">EM-Stadion Wals-Siezenheim
</th>
</tr>
<tr>
<th style="text-align:left;"><b>Zuschauer</b>
</th>
<th style="text-align:left;">29 520 (ausverkauft)
</th>
</tr>
</tbody>
</table>
<h2><span class="mw-headline" id="Weblinks">Weblinks</span><a href="/index.php?title=FC_Salzburg_gegen_Olympique_Marseille&amp;action=edit&amp;section=2" title="Abschnitt bearbeiten: Weblinks">Bearbeiten</a><span class="mw-editsection-bracket">]</span></span></h2>
<p><a rel="nofollow" class="external text" href="http://www.redbullsalzburg.at/de/fc-red-bull-salzburg/news/saison_2017_18/der-schmerz-geht-der-stolz-bleibt.html">Spielbericht Vereinshomepage</a>
</p>
<h2><span class="mw-headline" id="Bilder">Bilder</span><a href="/index.php?title=FC_Salzburg_gegen_Olympique_Marseille&amp;action=edit&amp;section=3" title="Abschnitt bearbeiten: Bilder">Bearbeiten</a><span class="mw-editsection-bracket">]</span></span></h2>
<ul class="gallery mw-gallery-traditional">
<li class="gallerybox" style="width: 155px">
<div style="width: 155px">
<div class="thumb" style="width: 150px;">
<div style="margin:51.5px auto;"><a href="/Datei:FC_Salzburg_gegen_Olympique_Marseille_(3._Mai_2018)_46.jpg" class="image"><img alt="FC Salzburg gegen Olympique Marseille (3. Mai 2018) 46.jpg" src="/images/thumb/d/d6/FC_Salzburg_gegen_Olympique_Marseille_%283._Mai_2018%29_46.jpg/120px-FC_Salzburg_gegen_Olympique_Marseille_%283._Mai_2018%29_46.jpg%3Futm_source%3Dcommons.wikimedia.org%26utm_campaign%3Dimageinfo%26utm_content%3Dthumbnail" decoding="async" width="120" height="47" srcset="/images/thumb/d/d6/FC_Salzburg_gegen_Olympique_Marseille_%283._Mai_2018%29_46.jpg/250px-FC_Salzburg_gegen_Olympique_Marseille_%283._Mai_2018%29_46.jpg%3Futm_source%3Dcommons.wikimedia.org%26utm_campaign%3Dimageinfo%26utm_content%3Dthumbnail 1.5x" /></a></div>
</div>
<div class="gallerytext">
			</div>
</p></div>
</li>
<li class="gallerybox" style="width: 155px">
<div style="width: 155px">
<div class="thumb" style="width: 150px;">
<div style="margin:24.5px auto;"><a href="/Datei:FC_Salzburg_versus_Olympique_Marseille_(3._Mai_2018)_02.jpg" class="image"><img alt="FC Salzburg versus Olympique Marseille (3. Mai 2018) 02.jpg" src="/images/thumb/4/44/FC_Salzburg_versus_Olympique_Marseille_%283._Mai_2018%29_02.jpg/120px-FC_Salzburg_versus_Olympique_Marseille_%283._Mai_2018%29_02.jpg%3Futm_source%3Dcommons.wikimedia.org%26utm_campaign%3Dimageinfo%26utm_content%3Dthumbnail" decoding="async" width="120" height="101" srcset="/images/thumb/4/44/FC_Salzburg_versus_Olympique_Marseille_%283._Mai_2018%29_02.jpg/250px-FC_Salzburg_versus_Olympique_Marseille_%283._Mai_2018%29_02.jpg%3Futm_source%3Dcommons.wikimedia.org%26utm_campaign%3Dimageinfo%26utm_content%3Dthumbnail 1.5x" /></a></div>
</div>
<div class="gallerytext">
			</div>
</p></div>
</li>
<li class="gallerybox" style="width: 155px">
<div style="width: 155px">
<div class="thumb" style="width: 150px;">
<div style="margin:26.5px auto;"><a href="/Datei:FC_Salzburg_vs_Olympique_Marseille_(3._Mai_2018)_09.jpg" class="image"><img alt="FC Salzburg vs Olympique Marseille (3. Mai 2018) 09.jpg" src="/images/thumb/b/bc/FC_Salzburg_vs_Olympique_Marseille_%283._Mai_2018%29_09.jpg/120px-FC_Salzburg_vs_Olympique_Marseille_%283._Mai_2018%29_09.jpg%3Futm_source%3Dcommons.wikimedia.org%26utm_campaign%3Dimageinfo%26utm_content%3Dthumbnail" decoding="async" width="120" height="97" srcset="/images/thumb/b/bc/FC_Salzburg_vs_Olympique_Marseille_%283._Mai_2018%29_09.jpg/250px-FC_Salzburg_vs_Olympique_Marseille_%283._Mai_2018%29_09.jpg%3Futm_source%3Dcommons.wikimedia.org%26utm_campaign%3Dimageinfo%26utm_content%3Dthumbnail 1.5x" /></a></div>
</div>
<div class="gallerytext">
			</div>
</p></div>
</li>
</ul>
<p><img loading="lazy" alt="" src="/images/thumb/4/4a/Commons-logo.svg/langde-20px-Commons-logo.svg.png%3Futm_source%3Dcommons.wikimedia.org%26utm_campaign%3Dimageinfo%26utm_content%3Dthumbnail" decoding="async" title="Commons" width="12" height="16" srcset="/images/thumb/4/4a/Commons-logo.svg/langde-40px-Commons-logo.svg.png%3Futm_source%3Dcommons.wikimedia.org%26utm_campaign%3Dimageinfo%26utm_content%3Dthumbnail 2x" />&#160;<b><a href="http://commons.wikimedia.org/wiki/Category:FC_Salzburg_gegen_Olympique_Marseille_(3._Mai_2018)" class="extiw" title="commons:Category:FC Salzburg gegen Olympique Marseille (3. Mai 2018)">FC Salzburg gegen Olympique Marseille</a></b>&#160;– Sammlung von Bildern, Videos und Audiodateien auf <a href="/Wikimedia_Commons" title="Wikimedia Commons">Wikimedia Commons</a>
</p>
<h2><span class="mw-headline" id="Stimmen_zum_Spiel">Stimmen zum Spiel</span><a href="/index.php?title=FC_Salzburg_gegen_Olympique_Marseille&amp;action=edit&amp;section=4" title="Abschnitt bearbeiten: Stimmen zum Spiel">Bearbeiten</a><span class="mw-editsection-bracket">]</span></span></h2>
<ul>
<li><b>Marco Rose:</b> Wir waren knapp davor, deswegen sind wir schwer enttäuscht. Mir tut es unendlich leid für meine Jungs. Sie haben eine unfassbare Europa League-Saison gespielt und standen heute vor dem nächsten großen Ding. Und dann ist es uns ein Stück weit weggepfiffen worden.</li>
</ul>
<ul>
<li><b>Stefan Lainer:</b> Es ist Leere. Man kann es irgendwie noch gar nicht glauben, dass wir jetzt so bitter ausgeschieden sind. Wir hätten uns sicher mehr verdient, daher ist es einfach extrem bitter.</li>
</ul>
</div>

<p>FaktenBearbeiten] FC Salzburg gegen Olympique Marseille, 2:1 nach Verlängerung Spieltag EL-Halbfinale, Rückspiel Datum 3. Mai 2018 2018 Anpfiff 21.05 Uhr Aufstellung Tor Alexander Walke Verteidigung Stefan Lainer &#8211; Andre Ramalho &#8211; Duje Caleta-Car &#8211; Andreas Ulmer Mittelfeld Amadou Haidara &#8211; Diadie Samassekou &#8211; Valon Berisha &#8211; Xaver Schlager Sturm Fredrik Gulbrandsen &#8211; Munas Dabbur Wechsel [&hellip;]</p>
