{"id":4315,"date":"2026-05-06T15:42:47","date_gmt":"2026-05-06T13:42:47","guid":{"rendered":"https:\/\/wiki.s12.at\/index.php\/fc-salzburg-gegen-ogc-nice\/"},"modified":"2026-05-06T15:42:47","modified_gmt":"2026-05-06T13:42:47","slug":"fc-salzburg-gegen-ogc-nice","status":"publish","type":"page","link":"https:\/\/wiki.s12.at\/index.php\/fc-salzburg-gegen-ogc-nice\/","title":{"rendered":"FC Salzburg gegen OGC Nice"},"content":{"rendered":"<div class=\"mw-parser-output\">\n<h2><span class=\"mw-headline\" id=\"Fakten\">Fakten<\/span><a href=\"\/index.php?title=FC_Salzburg_gegen_OGC_Nice&amp;action=edit&amp;section=1\" title=\"Abschnitt bearbeiten: Fakten\">Bearbeiten<\/a><span class=\"mw-editsection-bracket\">]<\/span><\/span><\/h2>\n<table class=\"toptextcells toccolours\">\n<tbody>\n<tr>\n<th colspan=\"2\" style=\"text-align: center; vertical-align: top; padding: 0.3em 0.8em; font-size: 125%; background-color: lightsteelblue;\">FC Salzburg gegen OGC Nice, 0:1\n<\/th>\n<\/tr>\n<tr>\n<th style=\"text-align:left;\"><b>Spieltag<\/b>\n<\/th>\n<th style=\"text-align:left;\">UEFA Euro-League\n<\/th>\n<\/tr>\n<tr>\n<th style=\"text-align:left;\"><b>Datum<\/b>\n<\/th>\n<th style=\"text-align:left;\">20. Oktober 2016\n<\/th>\n<\/tr>\n<tr>\n<th style=\"text-align:left;\"><b>Anpfiff<\/b>\n<\/th>\n<th style=\"text-align:left;\">19 Uhr\n<\/th>\n<\/tr>\n<tr>\n<td colspan=\"2\" style=\"text-align:center;\" bgcolor=\"lightgray\"><b>Aufstellung<\/b>\n<\/td>\n<\/tr>\n<tr>\n<th style=\"text-align:left;\"><b>Tor<\/b>\n<\/th>\n<th><a href=\"\/Alexander_Walke\" title=\"Alexander Walke\">Alexander Walke<\/a>\n<\/th>\n<\/tr>\n<tr>\n<th style=\"text-align:left;\"><b>Verteidigung<\/b>\n<\/th>\n<th><a href=\"\/Stefan_Lainer\" title=\"Stefan Lainer\">Stefan Lainer<\/a> &#8211; <a href=\"\/Andre_Wisdom\" title=\"Andre Wisdom\">Andre Wisdom<\/a> &#8211; <a href=\"\/Paulo_Miranda\" title=\"Paulo Miranda\">Paulo Miranda<\/a> &#8211; <a href=\"\/Andreas_Ulmer\" title=\"Andreas Ulmer\">Andreas Ulmer<\/a>\n<\/th>\n<\/tr>\n<tr>\n<th style=\"text-align:left;\"><b>Mittelfeld<\/b>\n<\/th>\n<th><a href=\"\/Marc_Rzatkowski\" title=\"Marc Rzatkowski\">Marc Rzatkowski<\/a> &#8211; <a href=\"\/Konrad_Laimer\" title=\"Konrad Laimer\">Konrad Laimer<\/a> &#8211; <a href=\"\/Josip_Radosevic\" title=\"Josip Radosevic\">Josip Radosevic<\/a> &#8211; <a href=\"\/Fredrik_Gulbrandsen\" title=\"Fredrik Gulbrandsen\">Fredrik Gulbrandsen<\/a> &#8211; <a href=\"\/Valentino_Lazaro\" title=\"Valentino Lazaro\">Valentino Lazaro<\/a>\n<\/th>\n<\/tr>\n<tr>\n<th style=\"text-align:left;\"><b>Sturm<\/b>\n<\/th>\n<th><a href=\"\/Jonathan_Soriano\" class=\"mw-redirect\" title=\"Jonathan Soriano\">Jonathan Soriano<\/a>\n<\/th>\n<\/tr>\n<tr>\n<td colspan=\"2\" style=\"text-align:center;\" bgcolor=\"lightgray\"><b>Wechsel<\/b>\n<\/td>\n<\/tr>\n<tr>\n<th style=\"text-align:left;\"><b>Wechsel<\/b>\n<\/th>\n<th style=\"text-align:left;\"><a href=\"\/Takumi_Minamino\" title=\"Takumi Minamino\">Takumi Minamino<\/a> f\u00fcr Lazaro (80.), <a href=\"\/Hee-Chan_Hwang\" title=\"Hee-Chan Hwang\">Hee-Chan Hwang<\/a> f\u00fcr Gulbrandsen (83.), <a href=\"\/Munas_Dabbur\" title=\"Munas Dabbur\">Munas Dabbur<\/a> f\u00fcr Soriano (83.)\n<\/th>\n<\/tr>\n<tr>\n<td colspan=\"2\" style=\"text-align:center;\" bgcolor=\"lightgray\"><b>Statistik<\/b>\n<\/td>\n<\/tr>\n<tr>\n<th style=\"text-align:left;\"><b>Endstand<\/b>\n<\/th>\n<th style=\"text-align:left;\">0:1  (0:1)\n<\/th>\n<\/tr>\n<tr>\n<th style=\"text-align:left;\"><b>Torsch\u00fctzen<\/b>\n<\/th>\n<th style=\"text-align:left;\">Pl\u00e9a (13.)\n<\/th>\n<\/tr>\n<tr>\n<th style=\"text-align:left;\"><b>Gelbe Karten<\/b>\n<\/th>\n<th style=\"text-align:left;\">Hwang (85.), Laimer (88.); Dalbert (71.)\n<\/th>\n<\/tr>\n<tr>\n<th style=\"text-align:left;\"><b>Rote Karten<\/b>\n<\/th>\n<th style=\"text-align:left;\">\n<\/th>\n<\/tr>\n<tr>\n<th style=\"text-align:left;\"><b>Schiedsrichter<\/b>\n<\/th>\n<th style=\"text-align:left;\">Yevhen Aranovskiy (UKR)\n<\/th>\n<\/tr>\n<tr>\n<th style=\"text-align:left;\"><b>Stadion<\/b>\n<\/th>\n<th style=\"text-align:left;\">EM Stadion Wals-Siezenheim, Salzburg\n<\/th>\n<\/tr>\n<tr>\n<th style=\"text-align:left;\"><b>Zuschauer<\/b>\n<\/th>\n<th style=\"text-align:left;\">9 473\n<\/th>\n<\/tr>\n<\/tbody>\n<\/table>\n<p> \n<\/p>\n<h2><span class=\"mw-headline\" id=\"Bilder\">Bilder<\/span><a href=\"\/index.php?title=FC_Salzburg_gegen_OGC_Nice&amp;action=edit&amp;section=2\" title=\"Abschnitt bearbeiten: Bilder\">Bearbeiten<\/a><span class=\"mw-editsection-bracket\">]<\/span><\/span><\/h2>\n<p>(c)GEPA\n<\/p>\n<ul class=\"gallery mw-gallery-traditional\">\n<li class=\"gallerybox\" style=\"width: 155px\">\n<div style=\"width: 155px\">\n<div class=\"thumb\" style=\"width: 150px;\">\n<div style=\"margin:38px auto;\"><a href=\"\/Datei:EL_Nizza.PNG\" class=\"image\"><img alt=\"EL Nizza.PNG\" src=\"\/images\/thumb\/b\/b1\/EL_Nizza.PNG\/120px-EL_Nizza.PNG\" decoding=\"async\" width=\"120\" height=\"74\" srcset=\"\/images\/thumb\/b\/b1\/EL_Nizza.PNG\/180px-EL_Nizza.PNG 1.5x, \/images\/thumb\/b\/b1\/EL_Nizza.PNG\/240px-EL_Nizza.PNG 2x\" \/><\/a><\/div>\n<\/div>\n<div class=\"gallerytext\">\n\t\t\t<\/div>\n<\/p><\/div>\n<\/li>\n<li class=\"gallerybox\" style=\"width: 155px\">\n<div style=\"width: 155px\">\n<div class=\"thumb\" style=\"width: 150px;\">\n<div style=\"margin:15px auto;\"><a href=\"\/Datei:Nicent.PNG\" class=\"image\"><img alt=\"Nicent.PNG\" src=\"\/images\/thumb\/b\/b1\/Nicent.PNG\/118px-Nicent.PNG\" decoding=\"async\" width=\"118\" height=\"120\" srcset=\"\/images\/thumb\/b\/b1\/Nicent.PNG\/178px-Nicent.PNG 1.5x, \/images\/thumb\/b\/b1\/Nicent.PNG\/237px-Nicent.PNG 2x\" \/><\/a><\/div>\n<\/div>\n<div class=\"gallerytext\">\n\t\t\t<\/div>\n<\/p><\/div>\n<\/li>\n<li class=\"gallerybox\" style=\"width: 155px\">\n<div style=\"width: 155px\">\n<div class=\"thumb\" style=\"width: 150px;\">\n<div style=\"margin:32.5px auto;\"><a href=\"\/Datei:Nizzant.PNG\" class=\"image\"><img alt=\"Nizzant.PNG\" src=\"\/images\/thumb\/8\/89\/Nizzant.PNG\/120px-Nizzant.PNG\" decoding=\"async\" width=\"120\" height=\"85\" srcset=\"\/images\/thumb\/8\/89\/Nizzant.PNG\/180px-Nizzant.PNG 1.5x, \/images\/thumb\/8\/89\/Nizzant.PNG\/240px-Nizzant.PNG 2x\" \/><\/a><\/div>\n<\/div>\n<div class=\"gallerytext\">\n\t\t\t<\/div>\n<\/p><\/div>\n<\/li>\n<li class=\"gallerybox\" style=\"width: 155px\">\n<div style=\"width: 155px\">\n<div class=\"thumb\" style=\"width: 150px;\">\n<div style=\"margin:32.5px auto;\"><a href=\"\/Datei:Nt.PNG\" class=\"image\"><img loading=\"lazy\" alt=\"Nt.PNG\" src=\"\/images\/thumb\/c\/c5\/Nt.PNG\/120px-Nt.PNG\" decoding=\"async\" width=\"120\" height=\"85\" srcset=\"\/images\/thumb\/c\/c5\/Nt.PNG\/180px-Nt.PNG 1.5x, \/images\/thumb\/c\/c5\/Nt.PNG\/240px-Nt.PNG 2x\" \/><\/a><\/div>\n<\/div>\n<div class=\"gallerytext\">\n\t\t\t<\/div>\n<\/p><\/div>\n<\/li>\n<li class=\"gallerybox\" style=\"width: 155px\">\n<div style=\"width: 155px\">\n<div class=\"thumb\" style=\"width: 150px;\">\n<div style=\"margin:35px auto;\"><a href=\"\/Datei:69328_n.jpg\" class=\"image\"><img loading=\"lazy\" alt=\"69328 n.jpg\" src=\"\/images\/thumb\/f\/ff\/69328_n.jpg\/120px-69328_n.jpg\" decoding=\"async\" width=\"120\" height=\"80\" srcset=\"\/images\/thumb\/f\/ff\/69328_n.jpg\/180px-69328_n.jpg 1.5x, \/images\/thumb\/f\/ff\/69328_n.jpg\/240px-69328_n.jpg 2x\" \/><\/a><\/div>\n<\/div>\n<div class=\"gallerytext\">\n\t\t\t<\/div>\n<\/p><\/div>\n<\/li>\n<\/ul>\n<p>(c)Fanfotos\n<\/p>\n<ul class=\"gallery mw-gallery-traditional\">\n<li class=\"gallerybox\" style=\"width: 155px\">\n<div style=\"width: 155px\">\n<div class=\"thumb\" style=\"width: 150px;\">\n<div style=\"margin:30px auto;\"><a href=\"\/Datei:Nizza9982_n.jpg\" class=\"image\"><img loading=\"lazy\" alt=\"Nizza9982 n.jpg\" src=\"\/images\/thumb\/8\/8d\/Nizza9982_n.jpg\/120px-Nizza9982_n.jpg\" decoding=\"async\" width=\"120\" height=\"90\" srcset=\"\/images\/thumb\/8\/8d\/Nizza9982_n.jpg\/180px-Nizza9982_n.jpg 1.5x, \/images\/thumb\/8\/8d\/Nizza9982_n.jpg\/240px-Nizza9982_n.jpg 2x\" \/><\/a><\/div>\n<\/div>\n<div class=\"gallerytext\">\n\t\t\t<\/div>\n<\/p><\/div>\n<\/li>\n<\/ul>\n<h2><span class=\"mw-headline\" id=\"Stimmen_zum_Spiel\">Stimmen zum Spiel<\/span><a href=\"\/index.php?title=FC_Salzburg_gegen_OGC_Nice&amp;action=edit&amp;section=3\" title=\"Abschnitt bearbeiten: Stimmen zum Spiel\">Bearbeiten<\/a><span class=\"mw-editsection-bracket\">]<\/span><\/span><\/h2>\n<p><b>Oscar Garcia:<\/b>  Wir haben einen Fehler gemacht, und den hat der Gegner nat\u00fcrlich ausgen\u00fctzt. Das Problem mit der Chancenauswertung haben wir nicht nur in der Europa League, sondern auch in der Meisterschaft. F\u00fcr mich z\u00e4hlt, dass wir weiterhin gute Torchancen herausspielen. Wir werden weiter daran arbeiten und uns weiter verbessern. Wenn du dir auf einem so hohen Spielniveau einen Konzentrationsfehler erlaubst, wirst du nat\u00fcrlich daf\u00fcr auch bestraft. Viele Torchancen den Gegners haben wir aber nicht zugelassen. Die Leistung der Spieler hat f\u00fcr mich gestimmt.\n<\/p>\n<p><b>Konrad Laimer:<\/b>  Nach dem fr\u00fchen R\u00fcckstand waren wir etwas verunsichert, haben aber dann 60 Minuten lang sehr gut gespielt und selbst auch viele Chancen kreiert. Wir h\u00e4tten uns zumindest den Ausgleich verdient.\n<\/p>\n<\/div>\n","protected":false},"excerpt":{"rendered":"<p>FaktenBearbeiten] FC Salzburg gegen OGC Nice, 0:1 Spieltag UEFA Euro-League Datum 20. Oktober 2016 Anpfiff 19 Uhr Aufstellung Tor Alexander Walke Verteidigung Stefan Lainer &#8211; Andre Wisdom &#8211; Paulo Miranda &#8211; Andreas Ulmer Mittelfeld Marc Rzatkowski &#8211; Konrad Laimer &#8211; Josip Radosevic &#8211; Fredrik Gulbrandsen &#8211; Valentino Lazaro Sturm Jonathan Soriano Wechsel Wechsel Takumi Minamino [&hellip;]<\/p>\n","protected":false},"author":1,"featured_media":0,"parent":0,"menu_order":0,"comment_status":"closed","ping_status":"closed","template":"","meta":{"footnotes":""},"class_list":["post-4315","page","type-page","status-publish","hentry"],"_links":{"self":[{"href":"https:\/\/wiki.s12.at\/index.php\/wp-json\/wp\/v2\/pages\/4315","targetHints":{"allow":["GET"]}}],"collection":[{"href":"https:\/\/wiki.s12.at\/index.php\/wp-json\/wp\/v2\/pages"}],"about":[{"href":"https:\/\/wiki.s12.at\/index.php\/wp-json\/wp\/v2\/types\/page"}],"author":[{"embeddable":true,"href":"https:\/\/wiki.s12.at\/index.php\/wp-json\/wp\/v2\/users\/1"}],"replies":[{"embeddable":true,"href":"https:\/\/wiki.s12.at\/index.php\/wp-json\/wp\/v2\/comments?post=4315"}],"version-history":[{"count":0,"href":"https:\/\/wiki.s12.at\/index.php\/wp-json\/wp\/v2\/pages\/4315\/revisions"}],"wp:attachment":[{"href":"https:\/\/wiki.s12.at\/index.php\/wp-json\/wp\/v2\/media?parent=4315"}],"curies":[{"name":"wp","href":"https:\/\/api.w.org\/{rel}","templated":true}]}}

<div class="mw-parser-output">
<h2><span class="mw-headline" id="Fakten">Fakten</span><a href="/index.php?title=FC_Salzburg_gegen_OGC_Nice&amp;action=edit&amp;section=1" title="Abschnitt bearbeiten: Fakten">Bearbeiten</a><span class="mw-editsection-bracket">]</span></span></h2>
<table class="toptextcells toccolours">
<tbody>
<tr>
<th colspan="2" style="text-align: center; vertical-align: top; padding: 0.3em 0.8em; font-size: 125%; background-color: lightsteelblue;">FC Salzburg gegen OGC Nice, 0:1
</th>
</tr>
<tr>
<th style="text-align:left;"><b>Spieltag</b>
</th>
<th style="text-align:left;">UEFA Euro-League
</th>
</tr>
<tr>
<th style="text-align:left;"><b>Datum</b>
</th>
<th style="text-align:left;">20. Oktober 2016
</th>
</tr>
<tr>
<th style="text-align:left;"><b>Anpfiff</b>
</th>
<th style="text-align:left;">19 Uhr
</th>
</tr>
<tr>
<td colspan="2" style="text-align:center;" bgcolor="lightgray"><b>Aufstellung</b>
</td>
</tr>
<tr>
<th style="text-align:left;"><b>Tor</b>
</th>
<th><a href="/Alexander_Walke" title="Alexander Walke">Alexander Walke</a>
</th>
</tr>
<tr>
<th style="text-align:left;"><b>Verteidigung</b>
</th>
<th><a href="/Stefan_Lainer" title="Stefan Lainer">Stefan Lainer</a> &#8211; <a href="/Andre_Wisdom" title="Andre Wisdom">Andre Wisdom</a> &#8211; <a href="/Paulo_Miranda" title="Paulo Miranda">Paulo Miranda</a> &#8211; <a href="/Andreas_Ulmer" title="Andreas Ulmer">Andreas Ulmer</a>
</th>
</tr>
<tr>
<th style="text-align:left;"><b>Mittelfeld</b>
</th>
<th><a href="/Marc_Rzatkowski" title="Marc Rzatkowski">Marc Rzatkowski</a> &#8211; <a href="/Konrad_Laimer" title="Konrad Laimer">Konrad Laimer</a> &#8211; <a href="/Josip_Radosevic" title="Josip Radosevic">Josip Radosevic</a> &#8211; <a href="/Fredrik_Gulbrandsen" title="Fredrik Gulbrandsen">Fredrik Gulbrandsen</a> &#8211; <a href="/Valentino_Lazaro" title="Valentino Lazaro">Valentino Lazaro</a>
</th>
</tr>
<tr>
<th style="text-align:left;"><b>Sturm</b>
</th>
<th><a href="/Jonathan_Soriano" class="mw-redirect" title="Jonathan Soriano">Jonathan Soriano</a>
</th>
</tr>
<tr>
<td colspan="2" style="text-align:center;" bgcolor="lightgray"><b>Wechsel</b>
</td>
</tr>
<tr>
<th style="text-align:left;"><b>Wechsel</b>
</th>
<th style="text-align:left;"><a href="/Takumi_Minamino" title="Takumi Minamino">Takumi Minamino</a> für Lazaro (80.), <a href="/Hee-Chan_Hwang" title="Hee-Chan Hwang">Hee-Chan Hwang</a> für Gulbrandsen (83.), <a href="/Munas_Dabbur" title="Munas Dabbur">Munas Dabbur</a> für Soriano (83.)
</th>
</tr>
<tr>
<td colspan="2" style="text-align:center;" bgcolor="lightgray"><b>Statistik</b>
</td>
</tr>
<tr>
<th style="text-align:left;"><b>Endstand</b>
</th>
<th style="text-align:left;">0:1  (0:1)
</th>
</tr>
<tr>
<th style="text-align:left;"><b>Torschützen</b>
</th>
<th style="text-align:left;">Pléa (13.)
</th>
</tr>
<tr>
<th style="text-align:left;"><b>Gelbe Karten</b>
</th>
<th style="text-align:left;">Hwang (85.), Laimer (88.); Dalbert (71.)
</th>
</tr>
<tr>
<th style="text-align:left;"><b>Rote Karten</b>
</th>
<th style="text-align:left;">
</th>
</tr>
<tr>
<th style="text-align:left;"><b>Schiedsrichter</b>
</th>
<th style="text-align:left;">Yevhen Aranovskiy (UKR)
</th>
</tr>
<tr>
<th style="text-align:left;"><b>Stadion</b>
</th>
<th style="text-align:left;">EM Stadion Wals-Siezenheim, Salzburg
</th>
</tr>
<tr>
<th style="text-align:left;"><b>Zuschauer</b>
</th>
<th style="text-align:left;">9 473
</th>
</tr>
</tbody>
</table>
<p> 
</p>
<h2><span class="mw-headline" id="Bilder">Bilder</span><a href="/index.php?title=FC_Salzburg_gegen_OGC_Nice&amp;action=edit&amp;section=2" title="Abschnitt bearbeiten: Bilder">Bearbeiten</a><span class="mw-editsection-bracket">]</span></span></h2>
<p>(c)GEPA
</p>
<ul class="gallery mw-gallery-traditional">
<li class="gallerybox" style="width: 155px">
<div style="width: 155px">
<div class="thumb" style="width: 150px;">
<div style="margin:38px auto;"><a href="/Datei:EL_Nizza.PNG" class="image"><img alt="EL Nizza.PNG" src="/images/thumb/b/b1/EL_Nizza.PNG/120px-EL_Nizza.PNG" decoding="async" width="120" height="74" srcset="/images/thumb/b/b1/EL_Nizza.PNG/180px-EL_Nizza.PNG 1.5x, /images/thumb/b/b1/EL_Nizza.PNG/240px-EL_Nizza.PNG 2x" /></a></div>
</div>
<div class="gallerytext">
			</div>
</p></div>
</li>
<li class="gallerybox" style="width: 155px">
<div style="width: 155px">
<div class="thumb" style="width: 150px;">
<div style="margin:15px auto;"><a href="/Datei:Nicent.PNG" class="image"><img alt="Nicent.PNG" src="/images/thumb/b/b1/Nicent.PNG/118px-Nicent.PNG" decoding="async" width="118" height="120" srcset="/images/thumb/b/b1/Nicent.PNG/178px-Nicent.PNG 1.5x, /images/thumb/b/b1/Nicent.PNG/237px-Nicent.PNG 2x" /></a></div>
</div>
<div class="gallerytext">
			</div>
</p></div>
</li>
<li class="gallerybox" style="width: 155px">
<div style="width: 155px">
<div class="thumb" style="width: 150px;">
<div style="margin:32.5px auto;"><a href="/Datei:Nizzant.PNG" class="image"><img alt="Nizzant.PNG" src="/images/thumb/8/89/Nizzant.PNG/120px-Nizzant.PNG" decoding="async" width="120" height="85" srcset="/images/thumb/8/89/Nizzant.PNG/180px-Nizzant.PNG 1.5x, /images/thumb/8/89/Nizzant.PNG/240px-Nizzant.PNG 2x" /></a></div>
</div>
<div class="gallerytext">
			</div>
</p></div>
</li>
<li class="gallerybox" style="width: 155px">
<div style="width: 155px">
<div class="thumb" style="width: 150px;">
<div style="margin:32.5px auto;"><a href="/Datei:Nt.PNG" class="image"><img loading="lazy" alt="Nt.PNG" src="/images/thumb/c/c5/Nt.PNG/120px-Nt.PNG" decoding="async" width="120" height="85" srcset="/images/thumb/c/c5/Nt.PNG/180px-Nt.PNG 1.5x, /images/thumb/c/c5/Nt.PNG/240px-Nt.PNG 2x" /></a></div>
</div>
<div class="gallerytext">
			</div>
</p></div>
</li>
<li class="gallerybox" style="width: 155px">
<div style="width: 155px">
<div class="thumb" style="width: 150px;">
<div style="margin:35px auto;"><a href="/Datei:69328_n.jpg" class="image"><img loading="lazy" alt="69328 n.jpg" src="/images/thumb/f/ff/69328_n.jpg/120px-69328_n.jpg" decoding="async" width="120" height="80" srcset="/images/thumb/f/ff/69328_n.jpg/180px-69328_n.jpg 1.5x, /images/thumb/f/ff/69328_n.jpg/240px-69328_n.jpg 2x" /></a></div>
</div>
<div class="gallerytext">
			</div>
</p></div>
</li>
</ul>
<p>(c)Fanfotos
</p>
<ul class="gallery mw-gallery-traditional">
<li class="gallerybox" style="width: 155px">
<div style="width: 155px">
<div class="thumb" style="width: 150px;">
<div style="margin:30px auto;"><a href="/Datei:Nizza9982_n.jpg" class="image"><img loading="lazy" alt="Nizza9982 n.jpg" src="/images/thumb/8/8d/Nizza9982_n.jpg/120px-Nizza9982_n.jpg" decoding="async" width="120" height="90" srcset="/images/thumb/8/8d/Nizza9982_n.jpg/180px-Nizza9982_n.jpg 1.5x, /images/thumb/8/8d/Nizza9982_n.jpg/240px-Nizza9982_n.jpg 2x" /></a></div>
</div>
<div class="gallerytext">
			</div>
</p></div>
</li>
</ul>
<h2><span class="mw-headline" id="Stimmen_zum_Spiel">Stimmen zum Spiel</span><a href="/index.php?title=FC_Salzburg_gegen_OGC_Nice&amp;action=edit&amp;section=3" title="Abschnitt bearbeiten: Stimmen zum Spiel">Bearbeiten</a><span class="mw-editsection-bracket">]</span></span></h2>
<p><b>Oscar Garcia:</b>  Wir haben einen Fehler gemacht, und den hat der Gegner natürlich ausgenützt. Das Problem mit der Chancenauswertung haben wir nicht nur in der Europa League, sondern auch in der Meisterschaft. Für mich zählt, dass wir weiterhin gute Torchancen herausspielen. Wir werden weiter daran arbeiten und uns weiter verbessern. Wenn du dir auf einem so hohen Spielniveau einen Konzentrationsfehler erlaubst, wirst du natürlich dafür auch bestraft. Viele Torchancen den Gegners haben wir aber nicht zugelassen. Die Leistung der Spieler hat für mich gestimmt.
</p>
<p><b>Konrad Laimer:</b>  Nach dem frühen Rückstand waren wir etwas verunsichert, haben aber dann 60 Minuten lang sehr gut gespielt und selbst auch viele Chancen kreiert. Wir hätten uns zumindest den Ausgleich verdient.
</p>
</div>
