{"id":4313,"date":"2026-05-06T15:42:42","date_gmt":"2026-05-06T13:42:42","guid":{"rendered":"https:\/\/wiki.s12.at\/index.php\/fc-salzburg-gegen-malmoe-ff-2015\/"},"modified":"2026-05-06T15:42:42","modified_gmt":"2026-05-06T13:42:42","slug":"fc-salzburg-gegen-malmoe-ff-2015","status":"publish","type":"page","link":"https:\/\/wiki.s12.at\/index.php\/fc-salzburg-gegen-malmoe-ff-2015\/","title":{"rendered":"FC Salzburg gegen Malm\u00f6 FF (2015)"},"content":{"rendered":"<div class=\"mw-parser-output\">\n<h2><span class=\"mw-headline\" id=\"Fakten\">Fakten<\/span><a href=\"\/index.php?title=FC_Salzburg_gegen_Malm%C3%B6_FF_(2015)&amp;action=edit&amp;section=1\" title=\"Abschnitt bearbeiten: Fakten\">Bearbeiten<\/a><span class=\"mw-editsection-bracket\">]<\/span><\/span><\/h2>\n<table class=\"toptextcells toccolours\">\n<tbody>\n<tr>\n<th colspan=\"2\" style=\"text-align: center; vertical-align: top; padding: 0.3em 0.8em; font-size: 125%; background-color: lightsteelblue;\">FC Salzburg gegen Malm\u00f6 FF, 2:0\n<\/th>\n<\/tr>\n<tr>\n<th style=\"text-align:left;\"><b>Spieltag<\/b>\n<\/th>\n<th style=\"text-align:left;\">Uefa-Championsleague Play-off Hinspiel\n<\/th>\n<\/tr>\n<tr>\n<th style=\"text-align:left;\"><b>Datum<\/b>\n<\/th>\n<th style=\"text-align:left;\">29. Juli 2015\n<\/th>\n<\/tr>\n<tr>\n<th style=\"text-align:left;\"><b>Anpfiff<\/b>\n<\/th>\n<th style=\"text-align:left;\">19 Uhr\n<\/th>\n<\/tr>\n<tr>\n<td colspan=\"2\" style=\"text-align:center;\" bgcolor=\"lightgray\"><b>Aufstellung<\/b>\n<\/td>\n<\/tr>\n<tr>\n<th style=\"text-align:left;\"><b>Tor<\/b>\n<\/th>\n<th><a href=\"\/Cican_Stankovic\" title=\"Cican Stankovic\">Cican Stankovic<\/a>\n<\/th>\n<\/tr>\n<tr>\n<th style=\"text-align:left;\"><b>Verteidigung<\/b>\n<\/th>\n<th><a href=\"\/Benno_Schmitz\" title=\"Benno Schmitz\">Benno Schmitz<\/a> <a href=\"\/Paulo_Miranda\" title=\"Paulo Miranda\">Paulo Miranda<\/a> <a href=\"\/Martin_Hinteregger\" title=\"Martin Hinteregger\">Martin Hinteregger<\/a> <a href=\"\/Andreas_Ulmer\" title=\"Andreas Ulmer\">Andreas Ulmer<\/a>\n<\/th>\n<\/tr>\n<tr>\n<th style=\"text-align:left;\"><b>Mittelfeld<\/b>\n<\/th>\n<th><a href=\"\/David_Atanga\" title=\"David Atanga\">David Atanga<\/a> <a href=\"\/Naby_Keita\" title=\"Naby Keita\">Naby Keita<\/a> <a href=\"\/Christoph_Leitgeb\" title=\"Christoph Leitgeb\">Christoph Leitgeb<\/a> <a href=\"\/Valon_Berisha\" title=\"Valon Berisha\">Valon Berisha<\/a>\n<\/th>\n<\/tr>\n<tr>\n<th style=\"text-align:left;\"><b>Sturm<\/b>\n<\/th>\n<th><a href=\"\/Dimitri_Oberlin\" title=\"Dimitri Oberlin\">Dimitri Oberlin<\/a>  <a href=\"\/Marco_Djuricin\" title=\"Marco Djuricin\">Marco Djuricin<\/a>\n<\/th>\n<\/tr>\n<tr>\n<td colspan=\"2\" style=\"text-align:center;\" bgcolor=\"lightgray\"><b>Wechsel<\/b>\n<\/td>\n<\/tr>\n<tr>\n<th style=\"text-align:left;\"><b>Wechsel<\/b>\n<\/th>\n<th style=\"text-align:left;\"><a href=\"\/Felipe_Pires\" title=\"Felipe Pires\">Felipe Pires<\/a> f\u00fcr Oberlin (63.), <a href=\"\/Havard_Nielsen\" title=\"Havard Nielsen\">Havard Nielsen<\/a> f\u00fcr Djuricin (76.), <a href=\"\/Stefan_Lainer\" title=\"Stefan Lainer\">Stefan Lainer<\/a> f\u00fcr Atanga(90.)\n<\/th>\n<\/tr>\n<tr>\n<td colspan=\"2\" style=\"text-align:center;\" bgcolor=\"lightgray\"><b>Statistik<\/b>\n<\/td>\n<\/tr>\n<tr>\n<th style=\"text-align:left;\"><b>Endstand<\/b>\n<\/th>\n<th style=\"text-align:left;\">2:0 (0:0)\n<\/th>\n<\/tr>\n<tr>\n<th style=\"text-align:left;\"><b>Torsch\u00fctzen<\/b>\n<\/th>\n<th style=\"text-align:left;\">Ulmer (52.), Hinteregger (89.,E.)\n<\/th>\n<\/tr>\n<tr>\n<th style=\"text-align:left;\"><b>Gelbe Karten<\/b>\n<\/th>\n<th style=\"text-align:left;\">Keita (90.);Arnason (3.), Rosenberg (45.)\n<\/th>\n<\/tr>\n<tr>\n<th style=\"text-align:left;\"><b>Rote Karten<\/b>\n<\/th>\n<th style=\"text-align:left;\">\n<\/th>\n<\/tr>\n<tr>\n<th style=\"text-align:left;\"><b>Schiedsrichter<\/b>\n<\/th>\n<th style=\"text-align:left;\">Luca Banti (ITA)\n<\/th>\n<\/tr>\n<tr>\n<th style=\"text-align:left;\"><b>Stadion<\/b>\n<\/th>\n<th style=\"text-align:left;\">Red Bull Arena, Salzburg\n<\/th>\n<\/tr>\n<tr>\n<th style=\"text-align:left;\"><b>Zuschauer<\/b>\n<\/th>\n<th style=\"text-align:left;\">15.027\n<\/th>\n<\/tr>\n<\/tbody>\n<\/table>\n<h2><span class=\"mw-headline\" id=\"Bilder\">Bilder<\/span><a href=\"\/index.php?title=FC_Salzburg_gegen_Malm%C3%B6_FF_(2015)&amp;action=edit&amp;section=2\" title=\"Abschnitt bearbeiten: Bilder\">Bearbeiten<\/a><span class=\"mw-editsection-bracket\">]<\/span><\/span><\/h2>\n<ul class=\"gallery mw-gallery-traditional\">\n<li class=\"gallerybox\" style=\"width: 155px\">\n<div style=\"width: 155px\">\n<div class=\"thumb\" style=\"width: 150px;\">\n<div style=\"margin:33.5px auto;\"><a href=\"\/Datei:SBG_Malm%C3%B6_(1).jpg\" class=\"image\"><img alt=\"SBG Malm\u00f6 (1).jpg\" src=\"\/images\/thumb\/9\/93\/SBG_Malm%C3%B6_%281%29.jpg\/120px-SBG_Malm%C3%B6_%281%29.jpg\" decoding=\"async\" width=\"120\" height=\"83\" srcset=\"\/images\/thumb\/9\/93\/SBG_Malm%C3%B6_%281%29.jpg\/180px-SBG_Malm%C3%B6_%281%29.jpg 1.5x, \/images\/thumb\/9\/93\/SBG_Malm%C3%B6_%281%29.jpg\/240px-SBG_Malm%C3%B6_%281%29.jpg 2x\" \/><\/a><\/div>\n<\/div>\n<div class=\"gallerytext\">\n\t\t\t<\/div>\n<\/p><\/div>\n<\/li>\n<li class=\"gallerybox\" style=\"width: 155px\">\n<div style=\"width: 155px\">\n<div class=\"thumb\" style=\"width: 150px;\">\n<div style=\"margin:33.5px auto;\"><a href=\"\/Datei:SBG_Malm%C3%B6_(2).jpg\" class=\"image\"><img alt=\"SBG Malm\u00f6 (2).jpg\" src=\"\/images\/thumb\/d\/d3\/SBG_Malm%C3%B6_%282%29.jpg\/120px-SBG_Malm%C3%B6_%282%29.jpg\" decoding=\"async\" width=\"120\" height=\"83\" srcset=\"\/images\/thumb\/d\/d3\/SBG_Malm%C3%B6_%282%29.jpg\/180px-SBG_Malm%C3%B6_%282%29.jpg 1.5x, \/images\/thumb\/d\/d3\/SBG_Malm%C3%B6_%282%29.jpg\/240px-SBG_Malm%C3%B6_%282%29.jpg 2x\" \/><\/a><\/div>\n<\/div>\n<div class=\"gallerytext\">\n\t\t\t<\/div>\n<\/p><\/div>\n<\/li>\n<li class=\"gallerybox\" style=\"width: 155px\">\n<div style=\"width: 155px\">\n<div class=\"thumb\" style=\"width: 150px;\">\n<div style=\"margin:35px auto;\"><a href=\"\/Datei:SBG_Malm%C3%B6_(4).jpg\" class=\"image\"><img alt=\"SBG Malm\u00f6 (4).jpg\" src=\"\/images\/thumb\/9\/9d\/SBG_Malm%C3%B6_%284%29.jpg\/120px-SBG_Malm%C3%B6_%284%29.jpg\" decoding=\"async\" width=\"120\" height=\"80\" srcset=\"\/images\/thumb\/9\/9d\/SBG_Malm%C3%B6_%284%29.jpg\/180px-SBG_Malm%C3%B6_%284%29.jpg 1.5x, \/images\/thumb\/9\/9d\/SBG_Malm%C3%B6_%284%29.jpg\/240px-SBG_Malm%C3%B6_%284%29.jpg 2x\" \/><\/a><\/div>\n<\/div>\n<div class=\"gallerytext\">\n\t\t\t<\/div>\n<\/p><\/div>\n<\/li>\n<li class=\"gallerybox\" style=\"width: 155px\">\n<div style=\"width: 155px\">\n<div class=\"thumb\" style=\"width: 150px;\">\n<div style=\"margin:35px auto;\"><a href=\"\/Datei:SBG_Malm%C3%B6_(3).jpg\" class=\"image\"><img loading=\"lazy\" alt=\"SBG Malm\u00f6 (3).jpg\" src=\"\/images\/thumb\/b\/bc\/SBG_Malm%C3%B6_%283%29.jpg\/120px-SBG_Malm%C3%B6_%283%29.jpg\" decoding=\"async\" width=\"120\" height=\"80\" srcset=\"\/images\/thumb\/b\/bc\/SBG_Malm%C3%B6_%283%29.jpg\/180px-SBG_Malm%C3%B6_%283%29.jpg 1.5x, \/images\/thumb\/b\/bc\/SBG_Malm%C3%B6_%283%29.jpg\/240px-SBG_Malm%C3%B6_%283%29.jpg 2x\" \/><\/a><\/div>\n<\/div>\n<div class=\"gallerytext\">\n\t\t\t<\/div>\n<\/p><\/div>\n<\/li>\n<\/ul>\n<h2><span class=\"mw-headline\" id=\"Weblinks\">Weblinks<\/span><a href=\"\/index.php?title=FC_Salzburg_gegen_Malm%C3%B6_FF_(2015)&amp;action=edit&amp;section=3\" title=\"Abschnitt bearbeiten: Weblinks\">Bearbeiten<\/a><span class=\"mw-editsection-bracket\">]<\/span><\/span><\/h2>\n<ul>\n<li><a rel=\"nofollow\" class=\"external text\" href=\"http:\/\/www.redbullsalzburg.at\/de\/fc-red-bull-salzburg\/news\/saison_2015_16\/die-roten-bullen-gewinnen-gegen-malmoeff.html\">Spielbericht Vereinshomepage<\/a><\/li>\n<\/ul>\n<h2><span class=\"mw-headline\" id=\"Stimmen_zum_Spiel\">Stimmen zum Spiel<\/span><a href=\"\/index.php?title=FC_Salzburg_gegen_Malm%C3%B6_FF_(2015)&amp;action=edit&amp;section=4\" title=\"Abschnitt bearbeiten: Stimmen zum Spiel\">Bearbeiten<\/a><span class=\"mw-editsection-bracket\">]<\/span><\/span><\/h2>\n<p><b>Andi Ulmer:<\/b>Wenn wir es uns w\u00fcnschen h\u00e4tten k\u00f6nnen, dann w\u00e4re das sicher das optimale  Ergebnis gewesen. Wir haben auch nach dem Tor kontrolliert weitergespielt und sehr viel Geduld bewiesen. Wir wollten nicht zu viel riskieren und haben uns mit den beiden Toren eine super Ausgangslage geschaffen. Jetzt m\u00fcssen wir ausw\u00e4rts ebenso eine gute Leistung abrufen, dann werden wir auch aufsteigen.&#8220;\n<\/p>\n<p><b>Havard Nielsen:<\/b>Wir haben das heute sehr gut gemacht. Wir haben von Anfang an nach vorne gespielt und ich denke, das war ein verdienter Sieg f\u00fcr uns. Wir wissen, dass das R\u00fcckspiel nicht einfach wird. Malm\u00f6 ist eine gute Mannschaft, die sehr heimstark ist. F\u00fcr uns wird es wichtig sein, ausw\u00e4rts noch ein Tor zu schie\u00dfen.&#8220;\n<\/p>\n<p><b>Marco Djuricin:<\/b>Gut ist, dass wir diesmal zu null spielen konnten. Aber es erwartet uns ein schwieriges R\u00fcckspiel. Das Abseitstor von Rosenberg war ein \u201eWeckeruf\u201c f\u00fcr uns. K\u00e4mpferisch waren vor allem Hinteregger und Miranda gegen Rosenberg ein geiles Duo. Wir haben alles gegeben und sind daf\u00fcr belohnt worden.&#8220;\n<\/p>\n<p><b>Valon Berisha:<\/b>Das ist schon ein tolles Ergebnis. Aber es ist auch verdient, denn wir haben unsere Spielweise heute sehr gut auf den Platz gebracht. Wir waren jede Sekunde f\u00fcreinander da, sind gelaufen und wir haben auch gezeigt, dass wir diesen Sieg wirklich wollten. Jetzt m\u00fcssen wir uns gut auf das n\u00e4chste Meisterschaftsspiel vorbereiten. Wir wollen gegen Rapid gewinnen und mit einem guten Ergebnis in der Liga nach Schweden fahren und \u2013 hey \u2013 nat\u00fcrlich auch dort gewinnen!&#8220;\n<\/p>\n<p><b>Peter Zeidler:<\/b> Wir hatten heute auch das \u201eGl\u00fcck des T\u00fcchtigen\u201c beim Abseitstor von Rosenberg. Aber ich muss meiner Mannschaft ein gro\u00dfes Kompliment machen, denn wie sie heute zusammengehalten, f\u00fcr spielerische Akzente gesorgt  und gegen einen starken Gegner nicht viele Chancen zugelassen hat, hat mich sehr gefreut. Aber wir wissen auch, dass wir erst in der Halbzeit sind. Wir kennen die Gesetzm\u00e4\u00dfigkeiten im europ\u00e4ischen Fu\u00dfball und m\u00fcssen daher sehr konzentriert bleiben.&#8220;\n<\/p>\n<\/div>\n","protected":false},"excerpt":{"rendered":"<p>FaktenBearbeiten] FC Salzburg gegen Malm\u00f6 FF, 2:0 Spieltag Uefa-Championsleague Play-off Hinspiel Datum 29. Juli 2015 Anpfiff 19 Uhr Aufstellung Tor Cican Stankovic Verteidigung Benno Schmitz Paulo Miranda Martin Hinteregger Andreas Ulmer Mittelfeld David Atanga Naby Keita Christoph Leitgeb Valon Berisha Sturm Dimitri Oberlin Marco Djuricin Wechsel Wechsel Felipe Pires f\u00fcr Oberlin (63.), Havard Nielsen f\u00fcr [&hellip;]<\/p>\n","protected":false},"author":1,"featured_media":0,"parent":0,"menu_order":0,"comment_status":"closed","ping_status":"closed","template":"","meta":{"footnotes":""},"class_list":["post-4313","page","type-page","status-publish","hentry"],"_links":{"self":[{"href":"https:\/\/wiki.s12.at\/index.php\/wp-json\/wp\/v2\/pages\/4313","targetHints":{"allow":["GET"]}}],"collection":[{"href":"https:\/\/wiki.s12.at\/index.php\/wp-json\/wp\/v2\/pages"}],"about":[{"href":"https:\/\/wiki.s12.at\/index.php\/wp-json\/wp\/v2\/types\/page"}],"author":[{"embeddable":true,"href":"https:\/\/wiki.s12.at\/index.php\/wp-json\/wp\/v2\/users\/1"}],"replies":[{"embeddable":true,"href":"https:\/\/wiki.s12.at\/index.php\/wp-json\/wp\/v2\/comments?post=4313"}],"version-history":[{"count":0,"href":"https:\/\/wiki.s12.at\/index.php\/wp-json\/wp\/v2\/pages\/4313\/revisions"}],"wp:attachment":[{"href":"https:\/\/wiki.s12.at\/index.php\/wp-json\/wp\/v2\/media?parent=4313"}],"curies":[{"name":"wp","href":"https:\/\/api.w.org\/{rel}","templated":true}]}}

FC Salzburg gegen Malmö FF (2015)

<div class="mw-parser-output">
<h2><span class="mw-headline" id="Fakten">Fakten</span><a href="/index.php?title=FC_Salzburg_gegen_Malm%C3%B6_FF_(2015)&amp;action=edit&amp;section=1" title="Abschnitt bearbeiten: Fakten">Bearbeiten</a><span class="mw-editsection-bracket">]</span></span></h2>
<table class="toptextcells toccolours">
<tbody>
<tr>
<th colspan="2" style="text-align: center; vertical-align: top; padding: 0.3em 0.8em; font-size: 125%; background-color: lightsteelblue;">FC Salzburg gegen Malmö FF, 2:0
</th>
</tr>
<tr>
<th style="text-align:left;"><b>Spieltag</b>
</th>
<th style="text-align:left;">Uefa-Championsleague Play-off Hinspiel
</th>
</tr>
<tr>
<th style="text-align:left;"><b>Datum</b>
</th>
<th style="text-align:left;">29. Juli 2015
</th>
</tr>
<tr>
<th style="text-align:left;"><b>Anpfiff</b>
</th>
<th style="text-align:left;">19 Uhr
</th>
</tr>
<tr>
<td colspan="2" style="text-align:center;" bgcolor="lightgray"><b>Aufstellung</b>
</td>
</tr>
<tr>
<th style="text-align:left;"><b>Tor</b>
</th>
<th><a href="/Cican_Stankovic" title="Cican Stankovic">Cican Stankovic</a>
</th>
</tr>
<tr>
<th style="text-align:left;"><b>Verteidigung</b>
</th>
<th><a href="/Benno_Schmitz" title="Benno Schmitz">Benno Schmitz</a> <a href="/Paulo_Miranda" title="Paulo Miranda">Paulo Miranda</a> <a href="/Martin_Hinteregger" title="Martin Hinteregger">Martin Hinteregger</a> <a href="/Andreas_Ulmer" title="Andreas Ulmer">Andreas Ulmer</a>
</th>
</tr>
<tr>
<th style="text-align:left;"><b>Mittelfeld</b>
</th>
<th><a href="/David_Atanga" title="David Atanga">David Atanga</a> <a href="/Naby_Keita" title="Naby Keita">Naby Keita</a> <a href="/Christoph_Leitgeb" title="Christoph Leitgeb">Christoph Leitgeb</a> <a href="/Valon_Berisha" title="Valon Berisha">Valon Berisha</a>
</th>
</tr>
<tr>
<th style="text-align:left;"><b>Sturm</b>
</th>
<th><a href="/Dimitri_Oberlin" title="Dimitri Oberlin">Dimitri Oberlin</a>  <a href="/Marco_Djuricin" title="Marco Djuricin">Marco Djuricin</a>
</th>
</tr>
<tr>
<td colspan="2" style="text-align:center;" bgcolor="lightgray"><b>Wechsel</b>
</td>
</tr>
<tr>
<th style="text-align:left;"><b>Wechsel</b>
</th>
<th style="text-align:left;"><a href="/Felipe_Pires" title="Felipe Pires">Felipe Pires</a> für Oberlin (63.), <a href="/Havard_Nielsen" title="Havard Nielsen">Havard Nielsen</a> für Djuricin (76.), <a href="/Stefan_Lainer" title="Stefan Lainer">Stefan Lainer</a> für Atanga(90.)
</th>
</tr>
<tr>
<td colspan="2" style="text-align:center;" bgcolor="lightgray"><b>Statistik</b>
</td>
</tr>
<tr>
<th style="text-align:left;"><b>Endstand</b>
</th>
<th style="text-align:left;">2:0 (0:0)
</th>
</tr>
<tr>
<th style="text-align:left;"><b>Torschützen</b>
</th>
<th style="text-align:left;">Ulmer (52.), Hinteregger (89.,E.)
</th>
</tr>
<tr>
<th style="text-align:left;"><b>Gelbe Karten</b>
</th>
<th style="text-align:left;">Keita (90.);Arnason (3.), Rosenberg (45.)
</th>
</tr>
<tr>
<th style="text-align:left;"><b>Rote Karten</b>
</th>
<th style="text-align:left;">
</th>
</tr>
<tr>
<th style="text-align:left;"><b>Schiedsrichter</b>
</th>
<th style="text-align:left;">Luca Banti (ITA)
</th>
</tr>
<tr>
<th style="text-align:left;"><b>Stadion</b>
</th>
<th style="text-align:left;">Red Bull Arena, Salzburg
</th>
</tr>
<tr>
<th style="text-align:left;"><b>Zuschauer</b>
</th>
<th style="text-align:left;">15.027
</th>
</tr>
</tbody>
</table>
<h2><span class="mw-headline" id="Bilder">Bilder</span><a href="/index.php?title=FC_Salzburg_gegen_Malm%C3%B6_FF_(2015)&amp;action=edit&amp;section=2" title="Abschnitt bearbeiten: Bilder">Bearbeiten</a><span class="mw-editsection-bracket">]</span></span></h2>
<ul class="gallery mw-gallery-traditional">
<li class="gallerybox" style="width: 155px">
<div style="width: 155px">
<div class="thumb" style="width: 150px;">
<div style="margin:33.5px auto;"><a href="/Datei:SBG_Malm%C3%B6_(1).jpg" class="image"><img alt="SBG Malmö (1).jpg" src="/images/thumb/9/93/SBG_Malm%C3%B6_%281%29.jpg/120px-SBG_Malm%C3%B6_%281%29.jpg" decoding="async" width="120" height="83" srcset="/images/thumb/9/93/SBG_Malm%C3%B6_%281%29.jpg/180px-SBG_Malm%C3%B6_%281%29.jpg 1.5x, /images/thumb/9/93/SBG_Malm%C3%B6_%281%29.jpg/240px-SBG_Malm%C3%B6_%281%29.jpg 2x" /></a></div>
</div>
<div class="gallerytext">
			</div>
</p></div>
</li>
<li class="gallerybox" style="width: 155px">
<div style="width: 155px">
<div class="thumb" style="width: 150px;">
<div style="margin:33.5px auto;"><a href="/Datei:SBG_Malm%C3%B6_(2).jpg" class="image"><img alt="SBG Malmö (2).jpg" src="/images/thumb/d/d3/SBG_Malm%C3%B6_%282%29.jpg/120px-SBG_Malm%C3%B6_%282%29.jpg" decoding="async" width="120" height="83" srcset="/images/thumb/d/d3/SBG_Malm%C3%B6_%282%29.jpg/180px-SBG_Malm%C3%B6_%282%29.jpg 1.5x, /images/thumb/d/d3/SBG_Malm%C3%B6_%282%29.jpg/240px-SBG_Malm%C3%B6_%282%29.jpg 2x" /></a></div>
</div>
<div class="gallerytext">
			</div>
</p></div>
</li>
<li class="gallerybox" style="width: 155px">
<div style="width: 155px">
<div class="thumb" style="width: 150px;">
<div style="margin:35px auto;"><a href="/Datei:SBG_Malm%C3%B6_(4).jpg" class="image"><img alt="SBG Malmö (4).jpg" src="/images/thumb/9/9d/SBG_Malm%C3%B6_%284%29.jpg/120px-SBG_Malm%C3%B6_%284%29.jpg" decoding="async" width="120" height="80" srcset="/images/thumb/9/9d/SBG_Malm%C3%B6_%284%29.jpg/180px-SBG_Malm%C3%B6_%284%29.jpg 1.5x, /images/thumb/9/9d/SBG_Malm%C3%B6_%284%29.jpg/240px-SBG_Malm%C3%B6_%284%29.jpg 2x" /></a></div>
</div>
<div class="gallerytext">
			</div>
</p></div>
</li>
<li class="gallerybox" style="width: 155px">
<div style="width: 155px">
<div class="thumb" style="width: 150px;">
<div style="margin:35px auto;"><a href="/Datei:SBG_Malm%C3%B6_(3).jpg" class="image"><img loading="lazy" alt="SBG Malmö (3).jpg" src="/images/thumb/b/bc/SBG_Malm%C3%B6_%283%29.jpg/120px-SBG_Malm%C3%B6_%283%29.jpg" decoding="async" width="120" height="80" srcset="/images/thumb/b/bc/SBG_Malm%C3%B6_%283%29.jpg/180px-SBG_Malm%C3%B6_%283%29.jpg 1.5x, /images/thumb/b/bc/SBG_Malm%C3%B6_%283%29.jpg/240px-SBG_Malm%C3%B6_%283%29.jpg 2x" /></a></div>
</div>
<div class="gallerytext">
			</div>
</p></div>
</li>
</ul>
<h2><span class="mw-headline" id="Weblinks">Weblinks</span><a href="/index.php?title=FC_Salzburg_gegen_Malm%C3%B6_FF_(2015)&amp;action=edit&amp;section=3" title="Abschnitt bearbeiten: Weblinks">Bearbeiten</a><span class="mw-editsection-bracket">]</span></span></h2>
<ul>
<li><a rel="nofollow" class="external text" href="http://www.redbullsalzburg.at/de/fc-red-bull-salzburg/news/saison_2015_16/die-roten-bullen-gewinnen-gegen-malmoeff.html">Spielbericht Vereinshomepage</a></li>
</ul>
<h2><span class="mw-headline" id="Stimmen_zum_Spiel">Stimmen zum Spiel</span><a href="/index.php?title=FC_Salzburg_gegen_Malm%C3%B6_FF_(2015)&amp;action=edit&amp;section=4" title="Abschnitt bearbeiten: Stimmen zum Spiel">Bearbeiten</a><span class="mw-editsection-bracket">]</span></span></h2>
<p><b>Andi Ulmer:</b>Wenn wir es uns wünschen hätten können, dann wäre das sicher das optimale  Ergebnis gewesen. Wir haben auch nach dem Tor kontrolliert weitergespielt und sehr viel Geduld bewiesen. Wir wollten nicht zu viel riskieren und haben uns mit den beiden Toren eine super Ausgangslage geschaffen. Jetzt müssen wir auswärts ebenso eine gute Leistung abrufen, dann werden wir auch aufsteigen.&#8220;
</p>
<p><b>Havard Nielsen:</b>Wir haben das heute sehr gut gemacht. Wir haben von Anfang an nach vorne gespielt und ich denke, das war ein verdienter Sieg für uns. Wir wissen, dass das Rückspiel nicht einfach wird. Malmö ist eine gute Mannschaft, die sehr heimstark ist. Für uns wird es wichtig sein, auswärts noch ein Tor zu schießen.&#8220;
</p>
<p><b>Marco Djuricin:</b>Gut ist, dass wir diesmal zu null spielen konnten. Aber es erwartet uns ein schwieriges Rückspiel. Das Abseitstor von Rosenberg war ein „Weckeruf“ für uns. Kämpferisch waren vor allem Hinteregger und Miranda gegen Rosenberg ein geiles Duo. Wir haben alles gegeben und sind dafür belohnt worden.&#8220;
</p>
<p><b>Valon Berisha:</b>Das ist schon ein tolles Ergebnis. Aber es ist auch verdient, denn wir haben unsere Spielweise heute sehr gut auf den Platz gebracht. Wir waren jede Sekunde füreinander da, sind gelaufen und wir haben auch gezeigt, dass wir diesen Sieg wirklich wollten. Jetzt müssen wir uns gut auf das nächste Meisterschaftsspiel vorbereiten. Wir wollen gegen Rapid gewinnen und mit einem guten Ergebnis in der Liga nach Schweden fahren und – hey – natürlich auch dort gewinnen!&#8220;
</p>
<p><b>Peter Zeidler:</b> Wir hatten heute auch das „Glück des Tüchtigen“ beim Abseitstor von Rosenberg. Aber ich muss meiner Mannschaft ein großes Kompliment machen, denn wie sie heute zusammengehalten, für spielerische Akzente gesorgt  und gegen einen starken Gegner nicht viele Chancen zugelassen hat, hat mich sehr gefreut. Aber wir wissen auch, dass wir erst in der Halbzeit sind. Wir kennen die Gesetzmäßigkeiten im europäischen Fußball und müssen daher sehr konzentriert bleiben.&#8220;
</p>
</div>

<p>FaktenBearbeiten] FC Salzburg gegen Malmö FF, 2:0 Spieltag Uefa-Championsleague Play-off Hinspiel Datum 29. Juli 2015 Anpfiff 19 Uhr Aufstellung Tor Cican Stankovic Verteidigung Benno Schmitz Paulo Miranda Martin Hinteregger Andreas Ulmer Mittelfeld David Atanga Naby Keita Christoph Leitgeb Valon Berisha Sturm Dimitri Oberlin Marco Djuricin Wechsel Wechsel Felipe Pires für Oberlin (63.), Havard Nielsen für [&hellip;]</p>
