{"id":4312,"date":"2026-05-06T15:42:41","date_gmt":"2026-05-06T13:42:41","guid":{"rendered":"https:\/\/wiki.s12.at\/index.php\/fc-salzburg-gegen-malmoe-ff\/"},"modified":"2026-05-06T15:42:41","modified_gmt":"2026-05-06T13:42:41","slug":"fc-salzburg-gegen-malmoe-ff","status":"publish","type":"page","link":"https:\/\/wiki.s12.at\/index.php\/fc-salzburg-gegen-malmoe-ff\/","title":{"rendered":"FC Salzburg gegen Malm\u00f6 FF"},"content":{"rendered":"<div class=\"mw-parser-output\">\n<h2><span class=\"mw-headline\" id=\"Fakten\">Fakten<\/span><a href=\"\/index.php?title=FC_Salzburg_gegen_Malm%C3%B6_FF&amp;action=edit&amp;section=1\" title=\"Abschnitt bearbeiten: Fakten\">Bearbeiten<\/a><span class=\"mw-editsection-bracket\">]<\/span><\/span><\/h2>\n<table class=\"toptextcells toccolours\">\n<tbody>\n<tr>\n<th colspan=\"2\" style=\"text-align: center; vertical-align: top; padding: 0.3em 0.8em; font-size: 125%; background-color: lightsteelblue;\">FC Salzburg gegen Malm\u00f6 FF, 2:1\n<\/th>\n<\/tr>\n<tr>\n<th style=\"text-align:left;\"><b>Spieltag<\/b>\n<\/th>\n<th style=\"text-align:left;\">Uefa-Championsleague Play-off Hinspiel\n<\/th>\n<\/tr>\n<tr>\n<th style=\"text-align:left;\"><b>Datum<\/b>\n<\/th>\n<th style=\"text-align:left;\">19. August 2014\n<\/th>\n<\/tr>\n<tr>\n<th style=\"text-align:left;\"><b>Anpfiff<\/b>\n<\/th>\n<th style=\"text-align:left;\">20.45 Uhr\n<\/th>\n<\/tr>\n<tr>\n<td colspan=\"2\" style=\"text-align:center;\" bgcolor=\"lightgray\"><b>Aufstellung<\/b>\n<\/td>\n<\/tr>\n<tr>\n<th style=\"text-align:left;\"><b>Tor<\/b>\n<\/th>\n<th><a href=\"\/Peter_Gulacsi\" class=\"mw-redirect\" title=\"Peter Gulacsi\">Peter Gulacsi<\/a>\n<\/th>\n<\/tr>\n<tr>\n<th style=\"text-align:left;\"><b>Verteidigung<\/b>\n<\/th>\n<th><a href=\"\/Christian_Schwegler\" title=\"Christian Schwegler\">Christian Schwegler<\/a> <a href=\"\/Andre_Ramalho\" class=\"mw-redirect\" title=\"Andre Ramalho\">Andre Ramalho<\/a> <a href=\"\/Franz_Schiemer\" title=\"Franz Schiemer\">Franz Schiemer<\/a> <a href=\"\/Andreas_Ulmer\" title=\"Andreas Ulmer\">Andreas Ulmer<\/a>\n<\/th>\n<\/tr>\n<tr>\n<th style=\"text-align:left;\"><b>Mittelfeld<\/b>\n<\/th>\n<th><a href=\"\/Kevin_Kampl\" title=\"Kevin Kampl\">Kevin Kampl<\/a> <a href=\"\/Stefan_Ilsanker\" title=\"Stefan Ilsanker\">Stefan Ilsanker<\/a> <a href=\"\/Christoph_Leitgeb\" title=\"Christoph Leitgeb\">Christoph Leitgeb<\/a> <a href=\"\/Sadio_Man%C3%A9\" title=\"Sadio Man\u00e9\">Sadio Man\u00e9<\/a>\n<\/th>\n<\/tr>\n<tr>\n<th style=\"text-align:left;\"><b>Sturm<\/b>\n<\/th>\n<th><a href=\"\/Marcel_Sabitzer\" title=\"Marcel Sabitzer\">Marcel Sabitzer<\/a>  <a href=\"\/Jonatan_Soriano\" title=\"Jonatan Soriano\">Jonatan Soriano<\/a>\n<\/th>\n<\/tr>\n<tr>\n<td colspan=\"2\" style=\"text-align:center;\" bgcolor=\"lightgray\"><b>Wechsel<\/b>\n<\/td>\n<\/tr>\n<tr>\n<th style=\"text-align:left;\"><b>Wechsel<\/b>\n<\/th>\n<th style=\"text-align:left;\"><a href=\"\/Massimo_Bruno\" title=\"Massimo Bruno\">Massimo Bruno<\/a> f\u00fcr Mane (80.), <a href=\"\/Alan\" title=\"Alan\">Alan<\/a> f\u00fcr Sabitzer (85.), <a href=\"\/Naby_Keita\" title=\"Naby Keita\">Naby Keita<\/a> f\u00fcr Leitgeb (87.)\n<\/th>\n<\/tr>\n<tr>\n<td colspan=\"2\" style=\"text-align:center;\" bgcolor=\"lightgray\"><b>Statistik<\/b>\n<\/td>\n<\/tr>\n<tr>\n<th style=\"text-align:left;\"><b>Endstand<\/b>\n<\/th>\n<th style=\"text-align:left;\">2:1(1:0)\n<\/th>\n<\/tr>\n<tr>\n<th style=\"text-align:left;\"><b>Torsch\u00fctzen<\/b>\n<\/th>\n<th style=\"text-align:left;\">Schiemer (16.), Soriano (54.); Forsberg (91.)\n<\/th>\n<\/tr>\n<tr>\n<th style=\"text-align:left;\"><b>Gelbe Karten<\/b>\n<\/th>\n<th style=\"text-align:left;\">Ilsanker (70.); Johanson (5.), Adu (46.), Helander (56.), Erikson (63.), Halsti (94.)\n<\/th>\n<\/tr>\n<tr>\n<th style=\"text-align:left;\"><b>Rote Karten<\/b>\n<\/th>\n<th style=\"text-align:left;\">\n<\/th>\n<\/tr>\n<tr>\n<th style=\"text-align:left;\"><b>Schiedsrichter<\/b>\n<\/th>\n<th style=\"text-align:left;\">Nicola Rizzoli (Italien)\n<\/th>\n<\/tr>\n<tr>\n<th style=\"text-align:left;\"><b>Stadion<\/b>\n<\/th>\n<th style=\"text-align:left;\">Red Bull Arena, Salzburg\n<\/th>\n<\/tr>\n<tr>\n<th style=\"text-align:left;\"><b>Zuschauer<\/b>\n<\/th>\n<th style=\"text-align:left;\">29 110\n<\/th>\n<\/tr>\n<\/tbody>\n<\/table>\n<h2><span class=\"mw-headline\" id=\"Bilder\">Bilder<\/span><a href=\"\/index.php?title=FC_Salzburg_gegen_Malm%C3%B6_FF&amp;action=edit&amp;section=2\" title=\"Abschnitt bearbeiten: Bilder\">Bearbeiten<\/a><span class=\"mw-editsection-bracket\">]<\/span><\/span><\/h2>\n<p><center>&lt;youtube&gt;e_BzGp2KhfY&lt;\/youtube&gt;&lt;youtube&gt;y6NKfk5Z9Qg&lt;\/youtube&gt;&lt;youtube&gt;qCZcCr1guLM&lt;\/youtube&gt;<\/center><\/p>\n<p><img alt=\"\" src=\"\/images\/thumb\/4\/4a\/Commons-logo.svg\/langde-20px-Commons-logo.svg.png%3Futm_source%3Dcommons.wikimedia.org%26utm_campaign%3Dimageinfo%26utm_content%3Dthumbnail\" decoding=\"async\" title=\"Commons\" width=\"12\" height=\"16\" srcset=\"\/images\/thumb\/4\/4a\/Commons-logo.svg\/langde-40px-Commons-logo.svg.png%3Futm_source%3Dcommons.wikimedia.org%26utm_campaign%3Dimageinfo%26utm_content%3Dthumbnail 2x\" \/>&#160;<b><a href=\"http:\/\/commons.wikimedia.org\/wiki\/Category:Championsleague_Qualifikation_Play_off_FC_Salzburg_gegen_Malm%C3%B6_FF\" class=\"extiw\" title=\"commons:Category:Championsleague Qualifikation Play off FC Salzburg gegen Malm\u00f6 FF\">FC Salzburg gegen Malm\u00f6 FF<\/a><\/b>&#160;\u2013 Sammlung von Bildern, Videos und Audiodateien auf <a href=\"\/Wikimedia_Commons\" title=\"Wikimedia Commons\">Wikimedia Commons<\/a>\n<\/p>\n<h2><span class=\"mw-headline\" id=\"Weblinks\">Weblinks<\/span><a href=\"\/index.php?title=FC_Salzburg_gegen_Malm%C3%B6_FF&amp;action=edit&amp;section=3\" title=\"Abschnitt bearbeiten: Weblinks\">Bearbeiten<\/a><span class=\"mw-editsection-bracket\">]<\/span><\/span><\/h2>\n<ul>\n<li><a rel=\"nofollow\" class=\"external text\" href=\"http:\/\/www.salzburg12.at\/2014\/08\/heimsieg-mit-schoenheitsfehler\/\">Spielbericht salzburg12.at<\/a><\/li>\n<li><a rel=\"nofollow\" class=\"external text\" href=\"http:\/\/www.redbulls.com\/de\/fc-red-bull-salzburg\/news\/saison_2014_15\/rote-bullen-besiegen-malmoe-2-1.html\">Spielbericht Vereinshomepage<\/a><\/li>\n<\/ul>\n<h2><span class=\"mw-headline\" id=\"Stimmen_zum_Spiel\">Stimmen zum Spiel<\/span><a href=\"\/index.php?title=FC_Salzburg_gegen_Malm%C3%B6_FF&amp;action=edit&amp;section=4\" title=\"Abschnitt bearbeiten: Stimmen zum Spiel\">Bearbeiten<\/a><span class=\"mw-editsection-bracket\">]<\/span><\/span><\/h2>\n<p><b>Adi H\u00fctter:<\/b> &#8222;Ein 2:0 oder 3:0 w\u00e4re mir nat\u00fcrlich lieber gewesen. Wichtig ist aber, dass wir gewonnen und einmal vorgelegt haben. Wobei das Gegentor zum Schluss nat\u00fcrlich schon ein kleiner Schock war. Wir wissen aber, dass wir auch ausw\u00e4rts Tore schie\u00dfen k\u00f6nnen. Und mit diesem Wissen gehen wir auch in das R\u00fcckspiel. Denn dort reicht uns ja auch jedes Unentschieden zum Aufstieg.&#8220;\n<\/p>\n<p><b>Kevin Kampl:<\/b> &#8222;Wir haben sehr viel richtig gemacht, viele Chancen herausgespielt, aber leider nur 2:1 gewonnen. Sowohl meine vergebene Chance, als auch das sp\u00e4te Gegnertor \u00e4rgern nat\u00fcrlich sehr. Aber wir n\u00e4chste Woche in Malm\u00f6 die M\u00f6glichkeit, alles klar zu machen.&#8220;\n<\/p>\n<p><b>Jonatan Soriano:<\/b> &#8222;Wir haben 90 Minuten gut gespielt, dann aber ein dummes Tor bekommen. Noch ist aber nichts passiert. Jetzt m\u00fcssen wir eben n\u00e4chste Woche auch in Malm\u00f6 gewinnen.&#8220;\n<\/p>\n<p><b>Andre Ramalho:<\/b> &#8222;Das Gegentor ist nat\u00fcrlich \u00e4rgerlich. Wir h\u00e4tten aber auch einige Tore mehr machen k\u00f6nnen. Wir d\u00fcrfen jetzt aber nicht zu lange dar\u00fcber nachdenken, m\u00fcssen uns voll auf das R\u00fcckspiel konzentrieren.&#8220;\n<\/p>\n<\/div>\n","protected":false},"excerpt":{"rendered":"<p>FaktenBearbeiten] FC Salzburg gegen Malm\u00f6 FF, 2:1 Spieltag Uefa-Championsleague Play-off Hinspiel Datum 19. August 2014 Anpfiff 20.45 Uhr Aufstellung Tor Peter Gulacsi Verteidigung Christian Schwegler Andre Ramalho Franz Schiemer Andreas Ulmer Mittelfeld Kevin Kampl Stefan Ilsanker Christoph Leitgeb Sadio Man\u00e9 Sturm Marcel Sabitzer Jonatan Soriano Wechsel Wechsel Massimo Bruno f\u00fcr Mane (80.), Alan f\u00fcr Sabitzer [&hellip;]<\/p>\n","protected":false},"author":1,"featured_media":0,"parent":0,"menu_order":0,"comment_status":"closed","ping_status":"closed","template":"","meta":{"footnotes":""},"class_list":["post-4312","page","type-page","status-publish","hentry"],"_links":{"self":[{"href":"https:\/\/wiki.s12.at\/index.php\/wp-json\/wp\/v2\/pages\/4312","targetHints":{"allow":["GET"]}}],"collection":[{"href":"https:\/\/wiki.s12.at\/index.php\/wp-json\/wp\/v2\/pages"}],"about":[{"href":"https:\/\/wiki.s12.at\/index.php\/wp-json\/wp\/v2\/types\/page"}],"author":[{"embeddable":true,"href":"https:\/\/wiki.s12.at\/index.php\/wp-json\/wp\/v2\/users\/1"}],"replies":[{"embeddable":true,"href":"https:\/\/wiki.s12.at\/index.php\/wp-json\/wp\/v2\/comments?post=4312"}],"version-history":[{"count":0,"href":"https:\/\/wiki.s12.at\/index.php\/wp-json\/wp\/v2\/pages\/4312\/revisions"}],"wp:attachment":[{"href":"https:\/\/wiki.s12.at\/index.php\/wp-json\/wp\/v2\/media?parent=4312"}],"curies":[{"name":"wp","href":"https:\/\/api.w.org\/{rel}","templated":true}]}}

FC Salzburg gegen Malmö FF

<div class="mw-parser-output">
<h2><span class="mw-headline" id="Fakten">Fakten</span><a href="/index.php?title=FC_Salzburg_gegen_Malm%C3%B6_FF&amp;action=edit&amp;section=1" title="Abschnitt bearbeiten: Fakten">Bearbeiten</a><span class="mw-editsection-bracket">]</span></span></h2>
<table class="toptextcells toccolours">
<tbody>
<tr>
<th colspan="2" style="text-align: center; vertical-align: top; padding: 0.3em 0.8em; font-size: 125%; background-color: lightsteelblue;">FC Salzburg gegen Malmö FF, 2:1
</th>
</tr>
<tr>
<th style="text-align:left;"><b>Spieltag</b>
</th>
<th style="text-align:left;">Uefa-Championsleague Play-off Hinspiel
</th>
</tr>
<tr>
<th style="text-align:left;"><b>Datum</b>
</th>
<th style="text-align:left;">19. August 2014
</th>
</tr>
<tr>
<th style="text-align:left;"><b>Anpfiff</b>
</th>
<th style="text-align:left;">20.45 Uhr
</th>
</tr>
<tr>
<td colspan="2" style="text-align:center;" bgcolor="lightgray"><b>Aufstellung</b>
</td>
</tr>
<tr>
<th style="text-align:left;"><b>Tor</b>
</th>
<th><a href="/Peter_Gulacsi" class="mw-redirect" title="Peter Gulacsi">Peter Gulacsi</a>
</th>
</tr>
<tr>
<th style="text-align:left;"><b>Verteidigung</b>
</th>
<th><a href="/Christian_Schwegler" title="Christian Schwegler">Christian Schwegler</a> <a href="/Andre_Ramalho" class="mw-redirect" title="Andre Ramalho">Andre Ramalho</a> <a href="/Franz_Schiemer" title="Franz Schiemer">Franz Schiemer</a> <a href="/Andreas_Ulmer" title="Andreas Ulmer">Andreas Ulmer</a>
</th>
</tr>
<tr>
<th style="text-align:left;"><b>Mittelfeld</b>
</th>
<th><a href="/Kevin_Kampl" title="Kevin Kampl">Kevin Kampl</a> <a href="/Stefan_Ilsanker" title="Stefan Ilsanker">Stefan Ilsanker</a> <a href="/Christoph_Leitgeb" title="Christoph Leitgeb">Christoph Leitgeb</a> <a href="/Sadio_Man%C3%A9" title="Sadio Mané">Sadio Mané</a>
</th>
</tr>
<tr>
<th style="text-align:left;"><b>Sturm</b>
</th>
<th><a href="/Marcel_Sabitzer" title="Marcel Sabitzer">Marcel Sabitzer</a>  <a href="/Jonatan_Soriano" title="Jonatan Soriano">Jonatan Soriano</a>
</th>
</tr>
<tr>
<td colspan="2" style="text-align:center;" bgcolor="lightgray"><b>Wechsel</b>
</td>
</tr>
<tr>
<th style="text-align:left;"><b>Wechsel</b>
</th>
<th style="text-align:left;"><a href="/Massimo_Bruno" title="Massimo Bruno">Massimo Bruno</a> für Mane (80.), <a href="/Alan" title="Alan">Alan</a> für Sabitzer (85.), <a href="/Naby_Keita" title="Naby Keita">Naby Keita</a> für Leitgeb (87.)
</th>
</tr>
<tr>
<td colspan="2" style="text-align:center;" bgcolor="lightgray"><b>Statistik</b>
</td>
</tr>
<tr>
<th style="text-align:left;"><b>Endstand</b>
</th>
<th style="text-align:left;">2:1(1:0)
</th>
</tr>
<tr>
<th style="text-align:left;"><b>Torschützen</b>
</th>
<th style="text-align:left;">Schiemer (16.), Soriano (54.); Forsberg (91.)
</th>
</tr>
<tr>
<th style="text-align:left;"><b>Gelbe Karten</b>
</th>
<th style="text-align:left;">Ilsanker (70.); Johanson (5.), Adu (46.), Helander (56.), Erikson (63.), Halsti (94.)
</th>
</tr>
<tr>
<th style="text-align:left;"><b>Rote Karten</b>
</th>
<th style="text-align:left;">
</th>
</tr>
<tr>
<th style="text-align:left;"><b>Schiedsrichter</b>
</th>
<th style="text-align:left;">Nicola Rizzoli (Italien)
</th>
</tr>
<tr>
<th style="text-align:left;"><b>Stadion</b>
</th>
<th style="text-align:left;">Red Bull Arena, Salzburg
</th>
</tr>
<tr>
<th style="text-align:left;"><b>Zuschauer</b>
</th>
<th style="text-align:left;">29 110
</th>
</tr>
</tbody>
</table>
<h2><span class="mw-headline" id="Bilder">Bilder</span><a href="/index.php?title=FC_Salzburg_gegen_Malm%C3%B6_FF&amp;action=edit&amp;section=2" title="Abschnitt bearbeiten: Bilder">Bearbeiten</a><span class="mw-editsection-bracket">]</span></span></h2>
<p><center>&lt;youtube&gt;e_BzGp2KhfY&lt;/youtube&gt;&lt;youtube&gt;y6NKfk5Z9Qg&lt;/youtube&gt;&lt;youtube&gt;qCZcCr1guLM&lt;/youtube&gt;</center></p>
<p><img alt="" src="/images/thumb/4/4a/Commons-logo.svg/langde-20px-Commons-logo.svg.png%3Futm_source%3Dcommons.wikimedia.org%26utm_campaign%3Dimageinfo%26utm_content%3Dthumbnail" decoding="async" title="Commons" width="12" height="16" srcset="/images/thumb/4/4a/Commons-logo.svg/langde-40px-Commons-logo.svg.png%3Futm_source%3Dcommons.wikimedia.org%26utm_campaign%3Dimageinfo%26utm_content%3Dthumbnail 2x" />&#160;<b><a href="http://commons.wikimedia.org/wiki/Category:Championsleague_Qualifikation_Play_off_FC_Salzburg_gegen_Malm%C3%B6_FF" class="extiw" title="commons:Category:Championsleague Qualifikation Play off FC Salzburg gegen Malmö FF">FC Salzburg gegen Malmö FF</a></b>&#160;– Sammlung von Bildern, Videos und Audiodateien auf <a href="/Wikimedia_Commons" title="Wikimedia Commons">Wikimedia Commons</a>
</p>
<h2><span class="mw-headline" id="Weblinks">Weblinks</span><a href="/index.php?title=FC_Salzburg_gegen_Malm%C3%B6_FF&amp;action=edit&amp;section=3" title="Abschnitt bearbeiten: Weblinks">Bearbeiten</a><span class="mw-editsection-bracket">]</span></span></h2>
<ul>
<li><a rel="nofollow" class="external text" href="http://www.salzburg12.at/2014/08/heimsieg-mit-schoenheitsfehler/">Spielbericht salzburg12.at</a></li>
<li><a rel="nofollow" class="external text" href="http://www.redbulls.com/de/fc-red-bull-salzburg/news/saison_2014_15/rote-bullen-besiegen-malmoe-2-1.html">Spielbericht Vereinshomepage</a></li>
</ul>
<h2><span class="mw-headline" id="Stimmen_zum_Spiel">Stimmen zum Spiel</span><a href="/index.php?title=FC_Salzburg_gegen_Malm%C3%B6_FF&amp;action=edit&amp;section=4" title="Abschnitt bearbeiten: Stimmen zum Spiel">Bearbeiten</a><span class="mw-editsection-bracket">]</span></span></h2>
<p><b>Adi Hütter:</b> &#8222;Ein 2:0 oder 3:0 wäre mir natürlich lieber gewesen. Wichtig ist aber, dass wir gewonnen und einmal vorgelegt haben. Wobei das Gegentor zum Schluss natürlich schon ein kleiner Schock war. Wir wissen aber, dass wir auch auswärts Tore schießen können. Und mit diesem Wissen gehen wir auch in das Rückspiel. Denn dort reicht uns ja auch jedes Unentschieden zum Aufstieg.&#8220;
</p>
<p><b>Kevin Kampl:</b> &#8222;Wir haben sehr viel richtig gemacht, viele Chancen herausgespielt, aber leider nur 2:1 gewonnen. Sowohl meine vergebene Chance, als auch das späte Gegnertor ärgern natürlich sehr. Aber wir nächste Woche in Malmö die Möglichkeit, alles klar zu machen.&#8220;
</p>
<p><b>Jonatan Soriano:</b> &#8222;Wir haben 90 Minuten gut gespielt, dann aber ein dummes Tor bekommen. Noch ist aber nichts passiert. Jetzt müssen wir eben nächste Woche auch in Malmö gewinnen.&#8220;
</p>
<p><b>Andre Ramalho:</b> &#8222;Das Gegentor ist natürlich ärgerlich. Wir hätten aber auch einige Tore mehr machen können. Wir dürfen jetzt aber nicht zu lange darüber nachdenken, müssen uns voll auf das Rückspiel konzentrieren.&#8220;
</p>
</div>

<p>FaktenBearbeiten] FC Salzburg gegen Malmö FF, 2:1 Spieltag Uefa-Championsleague Play-off Hinspiel Datum 19. August 2014 Anpfiff 20.45 Uhr Aufstellung Tor Peter Gulacsi Verteidigung Christian Schwegler Andre Ramalho Franz Schiemer Andreas Ulmer Mittelfeld Kevin Kampl Stefan Ilsanker Christoph Leitgeb Sadio Mané Sturm Marcel Sabitzer Jonatan Soriano Wechsel Wechsel Massimo Bruno für Mane (80.), Alan für Sabitzer [&hellip;]</p>
