{"id":4305,"date":"2026-05-06T15:41:45","date_gmt":"2026-05-06T13:41:45","guid":{"rendered":"https:\/\/wiki.s12.at\/index.php\/fc-salzburg-gegen-fc-porto\/"},"modified":"2026-05-06T15:41:45","modified_gmt":"2026-05-06T13:41:45","slug":"fc-salzburg-gegen-fc-porto","status":"publish","type":"page","link":"https:\/\/wiki.s12.at\/index.php\/fc-salzburg-gegen-fc-porto\/","title":{"rendered":"FC Salzburg gegen FC Porto"},"content":{"rendered":"<div class=\"mw-parser-output\">\n<table class=\"toptextcells toccolours\">\n<tbody>\n<tr>\n<th colspan=\"2\" style=\"text-align: center; vertical-align: top; padding: 0.3em 0.8em; font-size: 125%; background-color: lightsteelblue;\">FC Salzburg gegen  FC Porto, 0:1\n<\/th>\n<\/tr>\n<tr>\n<th style=\"text-align:left;\"><b>Spieltag<\/b>\n<\/th>\n<th style=\"text-align:left;\">Europaleague, 1. Runde\n<\/th>\n<\/tr>\n<tr>\n<th style=\"text-align:left;\"><b>Datum<\/b>\n<\/th>\n<th style=\"text-align:left;\">25. September 2025\n<\/th>\n<\/tr>\n<tr>\n<th style=\"text-align:left;\"><b>Anpfiff<\/b>\n<\/th>\n<th style=\"text-align:left;\">21 Uhr\n<\/th>\n<\/tr>\n<tr>\n<td colspan=\"2\" style=\"text-align:center;\" bgcolor=\"lightgray\"><b>Aufstellung<\/b>\n<\/td>\n<\/tr>\n<tr>\n<th style=\"text-align:left;\"><b>Tor<\/b>\n<\/th>\n<th><a href=\"\/Alexander_Schlager\" title=\"Alexander Schlager\">Alexander Schlager<\/a>\n<\/th>\n<\/tr>\n<tr>\n<th style=\"text-align:left;\"><b>Verteidigung<\/b>\n<\/th>\n<th><a href=\"\/Stefan_Lainer\" title=\"Stefan Lainer\">Stefan Lainer<\/a> &#8211;  <a href=\"\/Joane_Gadou\" title=\"Joane Gadou\">Joane Gadou <\/a> &#8211;  <a href=\"\/Jacob_Rasmussen\" title=\"Jacob Rasmussen\">Jacob Rasmussen<\/a>&#8211; <a href=\"\/Aleksa_Terzic\" title=\"Aleksa Terzic\">Aleksa Terzic<\/a>\n<\/th>\n<\/tr>\n<tr>\n<th style=\"text-align:left;\"><b>Mittelfeld<\/b>\n<\/th>\n<th><a href=\"\/Mads_Bidstrup\" title=\"Mads Bidstrup\">Mads Bidstrup <\/a> \u2013 <a href=\"\/Soumaila_Diabate\" title=\"Soumaila Diabate\">Soumaila Diabate<\/a> <a href=\"\/Kerim_Alajbegovic\" title=\"Kerim Alajbegovic\">Kerim Alajbegovic<\/a>&#8211;  <a href=\"\/Moussa_Yeo\" class=\"mw-redirect\" title=\"Moussa Yeo\">Moussa Yeo<\/a>\n<\/th>\n<\/tr>\n<tr>\n<th style=\"text-align:left;\"><b>Sturm<\/b>\n<\/th>\n<th><a href=\"\/Petar_Ratkov\" title=\"Petar Ratkov\">Petar Ratkov<\/a> &#8211; <a href=\"\/Edmund_Baidoo\" title=\"Edmund Baidoo\">Edmund Baidoo<\/a>\n<\/th>\n<\/tr>\n<tr>\n<td colspan=\"2\" style=\"text-align:center;\" bgcolor=\"lightgray\"><b>Wechsel<\/b>\n<\/td>\n<\/tr>\n<tr>\n<th style=\"text-align:left;\"><b>Wechsel<\/b>\n<\/th>\n<th style=\"text-align:left;\"><a href=\"\/Karim_Onisiwo\" title=\"Karim Onisiwo\">Karim Onisiwo<\/a> f\u00fcr Yeo (65.), <a href=\"\/Maurits_Kjaergaard\" title=\"Maurits Kjaergaard\">Maurits Kjaergaard <\/a> f\u00fcr Alajbegovic (65.), <a href=\"\/Yorbe_Vertessen\" title=\"Yorbe Vertessen\">Yorbe Vertessen<\/a> f\u00fcr Ratkov(76.), <br \/><a href=\"\/Sota_Kitano\" title=\"Sota Kitano\">Sota Kitano<\/a> f\u00fcr Baidoo (65.), <a href=\"\/Lucas_Gourna-Douath\" title=\"Lucas Gourna-Douath\">Lucas Gourna-Douath<\/a> f\u00fcr Bidstrup (92.)\n<\/th>\n<\/tr>\n<tr>\n<td colspan=\"2\" style=\"text-align:center;\" bgcolor=\"lightgray\"><b>Statistik<\/b>\n<\/td>\n<\/tr>\n<tr>\n<th style=\"text-align:left;\"><b>Endstand<\/b>\n<\/th>\n<th style=\"text-align:left;\">0:1 (0:0)\n<\/th>\n<\/tr>\n<tr>\n<th style=\"text-align:left;\"><b>Torsch\u00fctzen<\/b>\n<\/th>\n<th style=\"text-align:left;\">William Gomes (93.)\n<\/th>\n<\/tr>\n<tr>\n<th style=\"text-align:left;\"><b>Gelbe Karten<\/b>\n<\/th>\n<th style=\"text-align:left;\">Yeo (16.), Gesch\u00e4ftsf\u00fchrer Sport Schr\u00f6der (69.), Rasmussen (80.), Vertessen (86.); Gomes (93.)\n<\/th>\n<\/tr>\n<tr>\n<th style=\"text-align:left;\"><b>Rote Karten<\/b>\n<\/th>\n<th style=\"text-align:left;\">Co-Trainer Wissing (86.)\n<\/th>\n<\/tr>\n<tr>\n<th style=\"text-align:left;\"><b>Schiedsrichter<\/b>\n<\/th>\n<th style=\"text-align:left;\">Vassilis Fotias (GRE)\n<\/th>\n<\/tr>\n<tr>\n<th style=\"text-align:left;\"><b>Stadion<\/b>\n<\/th>\n<th style=\"text-align:left;\">EM Stadion, Wals-Siezenheim\n<\/th>\n<\/tr>\n<tr>\n<th style=\"text-align:left;\"><b>Zuschauer<\/b>\n<\/th>\n<th style=\"text-align:left;\">9.993\n<\/th>\n<\/tr>\n<\/tbody>\n<\/table>\n<h2><span class=\"mw-headline\" id=\"Spielbericht\">Spielbericht<\/span><a href=\"\/index.php?title=FC_Salzburg_gegen_FC_Porto&amp;action=edit&amp;section=1\" title=\"Abschnitt bearbeiten: Spielbericht\">Bearbeiten<\/a><span class=\"mw-editsection-bracket\">]<\/span><\/span><\/h2>\n<p><a rel=\"nofollow\" class=\"external text\" href=\"https:\/\/www.redbullsalzburg.at\/de\/2025-2026\/spielplan\/europa-league-runde-1-fc-salzburg-vs-fc-porto#spielbericht\">Spielbericht Vereinshomepage<\/a>\n<\/p>\n<h2><span class=\"mw-headline\" id=\"BIlder\">BIlder<\/span><a href=\"\/index.php?title=FC_Salzburg_gegen_FC_Porto&amp;action=edit&amp;section=2\" title=\"Abschnitt bearbeiten: BIlder\">Bearbeiten<\/a><span class=\"mw-editsection-bracket\">]<\/span><\/span><\/h2>\n<p><img alt=\"\" src=\"\/images\/thumb\/4\/4a\/Commons-logo.svg\/langde-20px-Commons-logo.svg.png%3Futm_source%3Dcommons.wikimedia.org%26utm_campaign%3Dimageinfo%26utm_content%3Dthumbnail\" decoding=\"async\" title=\"Commons\" width=\"12\" height=\"16\" srcset=\"\/images\/thumb\/4\/4a\/Commons-logo.svg\/langde-40px-Commons-logo.svg.png%3Futm_source%3Dcommons.wikimedia.org%26utm_campaign%3Dimageinfo%26utm_content%3Dthumbnail 2x\" \/>&#160;<b><a href=\"http:\/\/commons.wikimedia.org\/wiki\/Category:FC_Salzburg_gegen_FC_Porto_(2025-09-25)\" class=\"extiw\" title=\"commons:Category:FC Salzburg gegen FC Porto (2025-09-25)\">FC Salzburg gegen FC Porto<\/a><\/b>&#160;\u2013 Sammlung von Bildern, Videos und Audiodateien auf <a href=\"\/Wikimedia_Commons\" title=\"Wikimedia Commons\">Wikimedia Commons<\/a>\n<\/p>\n<h2><span class=\"mw-headline\" id=\"Stimmen_zum_Spiel\">Stimmen zum Spiel<\/span><a href=\"\/index.php?title=FC_Salzburg_gegen_FC_Porto&amp;action=edit&amp;section=3\" title=\"Abschnitt bearbeiten: Stimmen zum Spiel\">Bearbeiten<\/a><span class=\"mw-editsection-bracket\">]<\/span><\/span><\/h2>\n<p><b>Thomas Letsch:<\/b> Was da in der letzten Minute passiert ist, tut einfach weh. Wir sind extrem entt\u00e4uscht \u00fcber das Ergebnis, auf der anderen Seite haben wir eine leidenschaftliche Leistung hingelegt als Mannschaft. Wir haben all das, was uns \u2013 zum Teil zu Recht \u2013 vorgeworfen worden ist, auf den Platz gebracht, wir haben diszipliniert verteidigt, zusammengehalten und alles reingehauen. Ich bin extrem stolz auf die Truppe, was sie da heute auf dem Platz gezeigt hat.\n<\/p>\n<p><b>Stefan Lainer:<\/b> Wir spielen eigentlich echt ein gutes Spiel, und ich bin stolz auf den Auftritt der Mannschaft. Diese Energie, diese Konzentration und Bereitschaft, dass jeder f\u00fcr den anderen marschiert, muss die Basis sein. Genau das m\u00fcssen wir von heute mitnehmen.\n<\/p>\n<p><b>Karim Onisiwo:<\/b> Sehr bitter! Wenn man vorne die Chancen reinmacht \u2013 den einen oder anderen h\u00e4tten wir schon \u00fcber die Linie dr\u00fccken m\u00fcssen \u2013, geht das Spiel nat\u00fcrlich in eine andere Richtung. So wie wir aufgetreten sind, so stellen es sich die Fans vor! In dieser Art und Weise m\u00fcssen wir auch in der Liga spielen. Dann sieht es anders aus. Wir k\u00f6nnen trotzdem vieles mitnehmen.\n<\/p>\n<\/div>\n","protected":false},"excerpt":{"rendered":"<p>FC Salzburg gegen FC Porto, 0:1 Spieltag Europaleague, 1. Runde Datum 25. September 2025 Anpfiff 21 Uhr Aufstellung Tor Alexander Schlager Verteidigung Stefan Lainer &#8211; Joane Gadou &#8211; Jacob Rasmussen&#8211; Aleksa Terzic Mittelfeld Mads Bidstrup \u2013 Soumaila Diabate Kerim Alajbegovic&#8211; Moussa Yeo Sturm Petar Ratkov &#8211; Edmund Baidoo Wechsel Wechsel Karim Onisiwo f\u00fcr Yeo (65.), [&hellip;]<\/p>\n","protected":false},"author":1,"featured_media":0,"parent":0,"menu_order":0,"comment_status":"closed","ping_status":"closed","template":"","meta":{"footnotes":""},"class_list":["post-4305","page","type-page","status-publish","hentry"],"_links":{"self":[{"href":"https:\/\/wiki.s12.at\/index.php\/wp-json\/wp\/v2\/pages\/4305","targetHints":{"allow":["GET"]}}],"collection":[{"href":"https:\/\/wiki.s12.at\/index.php\/wp-json\/wp\/v2\/pages"}],"about":[{"href":"https:\/\/wiki.s12.at\/index.php\/wp-json\/wp\/v2\/types\/page"}],"author":[{"embeddable":true,"href":"https:\/\/wiki.s12.at\/index.php\/wp-json\/wp\/v2\/users\/1"}],"replies":[{"embeddable":true,"href":"https:\/\/wiki.s12.at\/index.php\/wp-json\/wp\/v2\/comments?post=4305"}],"version-history":[{"count":0,"href":"https:\/\/wiki.s12.at\/index.php\/wp-json\/wp\/v2\/pages\/4305\/revisions"}],"wp:attachment":[{"href":"https:\/\/wiki.s12.at\/index.php\/wp-json\/wp\/v2\/media?parent=4305"}],"curies":[{"name":"wp","href":"https:\/\/api.w.org\/{rel}","templated":true}]}}

<div class="mw-parser-output">
<table class="toptextcells toccolours">
<tbody>
<tr>
<th colspan="2" style="text-align: center; vertical-align: top; padding: 0.3em 0.8em; font-size: 125%; background-color: lightsteelblue;">FC Salzburg gegen  FC Porto, 0:1
</th>
</tr>
<tr>
<th style="text-align:left;"><b>Spieltag</b>
</th>
<th style="text-align:left;">Europaleague, 1. Runde
</th>
</tr>
<tr>
<th style="text-align:left;"><b>Datum</b>
</th>
<th style="text-align:left;">25. September 2025
</th>
</tr>
<tr>
<th style="text-align:left;"><b>Anpfiff</b>
</th>
<th style="text-align:left;">21 Uhr
</th>
</tr>
<tr>
<td colspan="2" style="text-align:center;" bgcolor="lightgray"><b>Aufstellung</b>
</td>
</tr>
<tr>
<th style="text-align:left;"><b>Tor</b>
</th>
<th><a href="/Alexander_Schlager" title="Alexander Schlager">Alexander Schlager</a>
</th>
</tr>
<tr>
<th style="text-align:left;"><b>Verteidigung</b>
</th>
<th><a href="/Stefan_Lainer" title="Stefan Lainer">Stefan Lainer</a> &#8211;  <a href="/Joane_Gadou" title="Joane Gadou">Joane Gadou </a> &#8211;  <a href="/Jacob_Rasmussen" title="Jacob Rasmussen">Jacob Rasmussen</a>&#8211; <a href="/Aleksa_Terzic" title="Aleksa Terzic">Aleksa Terzic</a>
</th>
</tr>
<tr>
<th style="text-align:left;"><b>Mittelfeld</b>
</th>
<th><a href="/Mads_Bidstrup" title="Mads Bidstrup">Mads Bidstrup </a> – <a href="/Soumaila_Diabate" title="Soumaila Diabate">Soumaila Diabate</a> <a href="/Kerim_Alajbegovic" title="Kerim Alajbegovic">Kerim Alajbegovic</a>&#8211;  <a href="/Moussa_Yeo" class="mw-redirect" title="Moussa Yeo">Moussa Yeo</a>
</th>
</tr>
<tr>
<th style="text-align:left;"><b>Sturm</b>
</th>
<th><a href="/Petar_Ratkov" title="Petar Ratkov">Petar Ratkov</a> &#8211; <a href="/Edmund_Baidoo" title="Edmund Baidoo">Edmund Baidoo</a>
</th>
</tr>
<tr>
<td colspan="2" style="text-align:center;" bgcolor="lightgray"><b>Wechsel</b>
</td>
</tr>
<tr>
<th style="text-align:left;"><b>Wechsel</b>
</th>
<th style="text-align:left;"><a href="/Karim_Onisiwo" title="Karim Onisiwo">Karim Onisiwo</a> für Yeo (65.), <a href="/Maurits_Kjaergaard" title="Maurits Kjaergaard">Maurits Kjaergaard </a> für Alajbegovic (65.), <a href="/Yorbe_Vertessen" title="Yorbe Vertessen">Yorbe Vertessen</a> für Ratkov(76.), <br /><a href="/Sota_Kitano" title="Sota Kitano">Sota Kitano</a> für Baidoo (65.), <a href="/Lucas_Gourna-Douath" title="Lucas Gourna-Douath">Lucas Gourna-Douath</a> für Bidstrup (92.)
</th>
</tr>
<tr>
<td colspan="2" style="text-align:center;" bgcolor="lightgray"><b>Statistik</b>
</td>
</tr>
<tr>
<th style="text-align:left;"><b>Endstand</b>
</th>
<th style="text-align:left;">0:1 (0:0)
</th>
</tr>
<tr>
<th style="text-align:left;"><b>Torschützen</b>
</th>
<th style="text-align:left;">William Gomes (93.)
</th>
</tr>
<tr>
<th style="text-align:left;"><b>Gelbe Karten</b>
</th>
<th style="text-align:left;">Yeo (16.), Geschäftsführer Sport Schröder (69.), Rasmussen (80.), Vertessen (86.); Gomes (93.)
</th>
</tr>
<tr>
<th style="text-align:left;"><b>Rote Karten</b>
</th>
<th style="text-align:left;">Co-Trainer Wissing (86.)
</th>
</tr>
<tr>
<th style="text-align:left;"><b>Schiedsrichter</b>
</th>
<th style="text-align:left;">Vassilis Fotias (GRE)
</th>
</tr>
<tr>
<th style="text-align:left;"><b>Stadion</b>
</th>
<th style="text-align:left;">EM Stadion, Wals-Siezenheim
</th>
</tr>
<tr>
<th style="text-align:left;"><b>Zuschauer</b>
</th>
<th style="text-align:left;">9.993
</th>
</tr>
</tbody>
</table>
<h2><span class="mw-headline" id="Spielbericht">Spielbericht</span><a href="/index.php?title=FC_Salzburg_gegen_FC_Porto&amp;action=edit&amp;section=1" title="Abschnitt bearbeiten: Spielbericht">Bearbeiten</a><span class="mw-editsection-bracket">]</span></span></h2>
<p><a rel="nofollow" class="external text" href="https://www.redbullsalzburg.at/de/2025-2026/spielplan/europa-league-runde-1-fc-salzburg-vs-fc-porto#spielbericht">Spielbericht Vereinshomepage</a>
</p>
<h2><span class="mw-headline" id="BIlder">BIlder</span><a href="/index.php?title=FC_Salzburg_gegen_FC_Porto&amp;action=edit&amp;section=2" title="Abschnitt bearbeiten: BIlder">Bearbeiten</a><span class="mw-editsection-bracket">]</span></span></h2>
<p><img alt="" src="/images/thumb/4/4a/Commons-logo.svg/langde-20px-Commons-logo.svg.png%3Futm_source%3Dcommons.wikimedia.org%26utm_campaign%3Dimageinfo%26utm_content%3Dthumbnail" decoding="async" title="Commons" width="12" height="16" srcset="/images/thumb/4/4a/Commons-logo.svg/langde-40px-Commons-logo.svg.png%3Futm_source%3Dcommons.wikimedia.org%26utm_campaign%3Dimageinfo%26utm_content%3Dthumbnail 2x" />&#160;<b><a href="http://commons.wikimedia.org/wiki/Category:FC_Salzburg_gegen_FC_Porto_(2025-09-25)" class="extiw" title="commons:Category:FC Salzburg gegen FC Porto (2025-09-25)">FC Salzburg gegen FC Porto</a></b>&#160;– Sammlung von Bildern, Videos und Audiodateien auf <a href="/Wikimedia_Commons" title="Wikimedia Commons">Wikimedia Commons</a>
</p>
<h2><span class="mw-headline" id="Stimmen_zum_Spiel">Stimmen zum Spiel</span><a href="/index.php?title=FC_Salzburg_gegen_FC_Porto&amp;action=edit&amp;section=3" title="Abschnitt bearbeiten: Stimmen zum Spiel">Bearbeiten</a><span class="mw-editsection-bracket">]</span></span></h2>
<p><b>Thomas Letsch:</b> Was da in der letzten Minute passiert ist, tut einfach weh. Wir sind extrem enttäuscht über das Ergebnis, auf der anderen Seite haben wir eine leidenschaftliche Leistung hingelegt als Mannschaft. Wir haben all das, was uns – zum Teil zu Recht – vorgeworfen worden ist, auf den Platz gebracht, wir haben diszipliniert verteidigt, zusammengehalten und alles reingehauen. Ich bin extrem stolz auf die Truppe, was sie da heute auf dem Platz gezeigt hat.
</p>
<p><b>Stefan Lainer:</b> Wir spielen eigentlich echt ein gutes Spiel, und ich bin stolz auf den Auftritt der Mannschaft. Diese Energie, diese Konzentration und Bereitschaft, dass jeder für den anderen marschiert, muss die Basis sein. Genau das müssen wir von heute mitnehmen.
</p>
<p><b>Karim Onisiwo:</b> Sehr bitter! Wenn man vorne die Chancen reinmacht – den einen oder anderen hätten wir schon über die Linie drücken müssen –, geht das Spiel natürlich in eine andere Richtung. So wie wir aufgetreten sind, so stellen es sich die Fans vor! In dieser Art und Weise müssen wir auch in der Liga spielen. Dann sieht es anders aus. Wir können trotzdem vieles mitnehmen.
</p>
</div>

<p>FC Salzburg gegen FC Porto, 0:1 Spieltag Europaleague, 1. Runde Datum 25. September 2025 Anpfiff 21 Uhr Aufstellung Tor Alexander Schlager Verteidigung Stefan Lainer &#8211; Joane Gadou &#8211; Jacob Rasmussen&#8211; Aleksa Terzic Mittelfeld Mads Bidstrup – Soumaila Diabate Kerim Alajbegovic&#8211; Moussa Yeo Sturm Petar Ratkov &#8211; Edmund Baidoo Wechsel Wechsel Karim Onisiwo für Yeo (65.), [&hellip;]</p>
