{"id":4304,"date":"2026-05-06T15:41:41","date_gmt":"2026-05-06T13:41:41","guid":{"rendered":"https:\/\/wiki.s12.at\/index.php\/fc-salzburg-gegen-fc-kairat-almaty\/"},"modified":"2026-05-06T15:41:41","modified_gmt":"2026-05-06T13:41:41","slug":"fc-salzburg-gegen-fc-kairat-almaty","status":"publish","type":"page","link":"https:\/\/wiki.s12.at\/index.php\/fc-salzburg-gegen-fc-kairat-almaty\/","title":{"rendered":"FC Salzburg gegen FC Kairat Almaty"},"content":{"rendered":"<div class=\"mw-parser-output\">\n<h2><span class=\"mw-headline\" id=\"Fakten\">Fakten<\/span><a href=\"\/index.php?title=FC_Salzburg_gegen_FC_Kairat_Almaty&amp;action=edit&amp;section=1\" title=\"Abschnitt bearbeiten: Fakten\">Bearbeiten<\/a><span class=\"mw-editsection-bracket\">]<\/span><\/span><\/h2>\n<table class=\"toptextcells toccolours\">\n<tbody>\n<tr>\n<th colspan=\"2\" style=\"text-align: center; vertical-align: top; padding: 0.3em 0.8em; font-size: 125%; background-color: lightsteelblue;\">FC Red Bull Salzburg (U19) gegen FC Kairat Almaty (U19), 8:1\n<\/th>\n<\/tr>\n<tr>\n<th style=\"text-align:left;\"><b>Spieltag<\/b>\n<\/th>\n<th style=\"text-align:left;\">UEFA Youth League 2. Runde, Hinspiel\n<\/th>\n<\/tr>\n<tr>\n<th style=\"text-align:left;\"><b>Datum<\/b>\n<\/th>\n<th style=\"text-align:left;\">2. November 2016\n<\/th>\n<\/tr>\n<tr>\n<th style=\"text-align:left;\"><b>Anpfiff<\/b>\n<\/th>\n<th style=\"text-align:left;\">18 Uhr\n<\/th>\n<\/tr>\n<tr>\n<td colspan=\"2\" style=\"text-align:center;\" bgcolor=\"lightgray\"><b>Aufstellung<\/b>\n<\/td>\n<\/tr>\n<tr>\n<th style=\"text-align:left;\"><b>Tor<\/b>\n<\/th>\n<th><a href=\"\/Bartlomiej_Zynel\" class=\"mw-redirect\" title=\"Bartlomiej Zynel\">Bartlomiej Zynel<\/a>\n<\/th>\n<\/tr>\n<tr>\n<th style=\"text-align:left;\"><b>Verteidigung<\/b>\n<\/th>\n<th><a href=\"\/Daniel_Raischl\" title=\"Daniel Raischl\">Daniel Raischl<\/a> &#8211; <a href=\"\/Igor\" class=\"mw-redirect\" title=\"Igor\">Igor<\/a> &#8211; <a href=\"\/Luca_Meisl\" title=\"Luca Meisl\">Luca Meisl<\/a> &#8211; <a href=\"\/Gideon_Mensah\" title=\"Gideon Mensah\">Gideon Mensah<\/a>\n<\/th>\n<\/tr>\n<tr>\n<th style=\"text-align:left;\"><b>Mittelfeld<\/b>\n<\/th>\n<th><a href=\"\/Xaver_Schlager\" title=\"Xaver Schlager\">Xaver Schlager<\/a> (C)- <a href=\"\/Philipp_Sturm\" title=\"Philipp Sturm\">Philipp Sturm<\/a> &#8211; <a href=\"\/Nico_Gorzel\" title=\"Nico Gorzel\">Nico Gorzel<\/a> &#8211;<a href=\"\/Mergim_Berisha\" title=\"Mergim Berisha\">Mergim Berisha<\/a>\n<\/th>\n<\/tr>\n<tr>\n<th style=\"text-align:left;\"><b>Sturm<\/b>\n<\/th>\n<th><a href=\"\/Oliver_Filip\" title=\"Oliver Filip\">Oliver Filip<\/a> &#8211; <a href=\"\/Hannes_Wolf\" title=\"Hannes Wolf\">Hannes Wolf<\/a>\n<\/th>\n<\/tr>\n<tr>\n<td colspan=\"2\" style=\"text-align:center;\" bgcolor=\"lightgray\"><b>Wechsel<\/b>\n<\/td>\n<\/tr>\n<tr>\n<th style=\"text-align:left;\"><b>Wechsel<\/b>\n<\/th>\n<th style=\"text-align:left;\"><a href=\"\/Dominik_Stumberger\" title=\"Dominik Stumberger\">Dominik Stumberger<\/a> f\u00fcr Filip (75.), <a href=\"\/Randy_Montie\" title=\"Randy Montie\">Randy Montie<\/a> f\u00fcr Wolf (84.), <a href=\"\/Maximilian_Schuster\" title=\"Maximilian Schuster\">Maximilian Schuster<\/a> f\u00fcr Schlager (84.)\n<\/th>\n<\/tr>\n<tr>\n<td colspan=\"2\" style=\"text-align:center;\" bgcolor=\"lightgray\"><b>Statistik<\/b>\n<\/td>\n<\/tr>\n<tr>\n<th style=\"text-align:left;\"><b>Endstand<\/b>\n<\/th>\n<th style=\"text-align:left;\">8:1 (2:0)\n<\/th>\n<\/tr>\n<tr>\n<th style=\"text-align:left;\"><b>Torsch\u00fctzen<\/b>\n<\/th>\n<th style=\"text-align:left;\">Wolf (16.,68.,79.), Berisha (24.,70.,80.,87.,90.); Soltan (55.)\n<\/th>\n<\/tr>\n<tr>\n<th style=\"text-align:left;\"><b>Gelbe Karten<\/b>\n<\/th>\n<th style=\"text-align:left;\">Raischl (54.); Orazov (74.), Yevseyev (79.), Oteshev (93.)\n<\/th>\n<\/tr>\n<tr>\n<th style=\"text-align:left;\"><b>Rote Karten<\/b>\n<\/th>\n<th style=\"text-align:left;\">gelb-rote Yevseyev (92.)\n<\/th>\n<\/tr>\n<tr>\n<th style=\"text-align:left;\"><b>Schiedsrichter<\/b>\n<\/th>\n<th style=\"text-align:left;\">Sascha Amhof (SUI)\n<\/th>\n<\/tr>\n<tr>\n<th style=\"text-align:left;\"><b>Stadion<\/b>\n<\/th>\n<th style=\"text-align:left;\">Red Bull Arena, Salzburg\n<\/th>\n<\/tr>\n<tr>\n<th style=\"text-align:left;\"><b>Zuschauer<\/b>\n<\/th>\n<th style=\"text-align:left;\">623\n<\/th>\n<\/tr>\n<\/tbody>\n<\/table>\n<h2><span class=\"mw-headline\" id=\"Weblinks\">Weblinks<\/span><a href=\"\/index.php?title=FC_Salzburg_gegen_FC_Kairat_Almaty&amp;action=edit&amp;section=2\" title=\"Abschnitt bearbeiten: Weblinks\">Bearbeiten<\/a><span class=\"mw-editsection-bracket\">]<\/span><\/span><\/h2>\n<ul>\n<li><a rel=\"nofollow\" class=\"external text\" href=\"http:\/\/www.redbullsalzburg.at\/de\/fc-red-bull-salzburg\/news\/saison_2016_17\/jungbullen-mit-klarem-heimsieg-gegen-kairat-almaty.html\">Vereinshomepage<\/a><\/li>\n<\/ul>\n<h2><span class=\"mw-headline\" id=\"Bilder\">Bilder<\/span><a href=\"\/index.php?title=FC_Salzburg_gegen_FC_Kairat_Almaty&amp;action=edit&amp;section=3\" title=\"Abschnitt bearbeiten: Bilder\">Bearbeiten<\/a><span class=\"mw-editsection-bracket\">]<\/span><\/span><\/h2>\n<p><img alt=\"\" src=\"\/images\/thumb\/4\/4a\/Commons-logo.svg\/langde-20px-Commons-logo.svg.png%3Futm_source%3Dcommons.wikimedia.org%26utm_campaign%3Dimageinfo%26utm_content%3Dthumbnail\" decoding=\"async\" title=\"Commons\" width=\"12\" height=\"16\" srcset=\"\/images\/thumb\/4\/4a\/Commons-logo.svg\/langde-40px-Commons-logo.svg.png%3Futm_source%3Dcommons.wikimedia.org%26utm_campaign%3Dimageinfo%26utm_content%3Dthumbnail 2x\" \/>&#160;<b><a href=\"http:\/\/commons.wikimedia.org\/wiki\/Category:FC_Red_Bull_Salzburg_(U19)_gegen_FC_Kairat_Almaty_(U19)\" class=\"extiw\" title=\"commons:Category:FC Red Bull Salzburg (U19) gegen FC Kairat Almaty (U19)\">FC Salzburg gegen FC Kairat Almaty<\/a><\/b>&#160;\u2013 Sammlung von Bildern, Videos und Audiodateien auf <a href=\"\/Wikimedia_Commons\" title=\"Wikimedia Commons\">Wikimedia Commons<\/a>\n<\/p>\n<h2><span class=\"mw-headline\" id=\"Stimmen_zum_Spiel\">Stimmen zum Spiel<\/span><a href=\"\/index.php?title=FC_Salzburg_gegen_FC_Kairat_Almaty&amp;action=edit&amp;section=4\" title=\"Abschnitt bearbeiten: Stimmen zum Spiel\">Bearbeiten<\/a><span class=\"mw-editsection-bracket\">]<\/span><\/span><\/h2>\n<p><b>Marco Rose:<\/b> Mit dem Ergebnis sind wir sehr zufrieden, auch wenn wir gerne ohne Gegentreffer geblieben w\u00e4ren. Wir konnten uns eine komfortable Ausgangssituation f\u00fcr das R\u00fcckspiel erarbeiten, auch wenn die Partie bei Weitem kein Selbstl\u00e4ufer war. Wir hatten zwischenzeitlich eine Phase, in der wir nicht konsequent verteidigt haben und nicht gemeinsam angelaufen sind. Das f\u00fchrt dann dazu, dass uns eine Mannschaft, die gut Fu\u00dfball spielen kann, auch in Probleme bringen kann. F\u00fcr jeden unserer Spieler war das heute gegen die Kasachen ein hartes St\u00fcck Arbeit, auch wenn das Ergebnis schlussendlich klar war.\n<\/p>\n<p><b>Xaver Schlager:<\/b> Wir haben wirklich gut begonnen und den Gegner im Griff gehabt. In der zweiten Halbzeit haben wir am Beginn etwas schlampig agiert, die Kasachen besser ins Spiel kommen lassen und mussten einen Gegentreffer hinnehmen. In dieser Phase hatten wir Probleme, haben uns aber wieder zur\u00fcckgek\u00e4mpft und mit sch\u00f6nen Toren f\u00fcr die Vorentscheidung gesorgt. Die ganze Mannschaft hat heute einen guten Job gemacht, von dem her geht der Sieg mehr als in Ordnung.\n<\/p>\n<p><b>Mergim Berisha:<\/b> Ich freue mich heute \u00fcber meine f\u00fcnf Treffer, auch wenn ich wei\u00df, dass ich einige gro\u00dfe Chancen liegen gelassen habe. Wir haben heute \u00fcber weite Strecken der Partie einen ansehnlichen Fu\u00dfball gezeigt und gut kombiniert. Auch wenn wir zwischenzeitlich einen kleinen H\u00e4nger hatten, hatten wir die Partie immer unter Kontrolle und haben verdient gewonnen.\n<\/p>\n<\/div>\n","protected":false},"excerpt":{"rendered":"<p>FaktenBearbeiten] FC Red Bull Salzburg (U19) gegen FC Kairat Almaty (U19), 8:1 Spieltag UEFA Youth League 2. Runde, Hinspiel Datum 2. November 2016 Anpfiff 18 Uhr Aufstellung Tor Bartlomiej Zynel Verteidigung Daniel Raischl &#8211; Igor &#8211; Luca Meisl &#8211; Gideon Mensah Mittelfeld Xaver Schlager (C)- Philipp Sturm &#8211; Nico Gorzel &#8211;Mergim Berisha Sturm Oliver Filip [&hellip;]<\/p>\n","protected":false},"author":1,"featured_media":0,"parent":0,"menu_order":0,"comment_status":"closed","ping_status":"closed","template":"","meta":{"footnotes":""},"class_list":["post-4304","page","type-page","status-publish","hentry"],"_links":{"self":[{"href":"https:\/\/wiki.s12.at\/index.php\/wp-json\/wp\/v2\/pages\/4304","targetHints":{"allow":["GET"]}}],"collection":[{"href":"https:\/\/wiki.s12.at\/index.php\/wp-json\/wp\/v2\/pages"}],"about":[{"href":"https:\/\/wiki.s12.at\/index.php\/wp-json\/wp\/v2\/types\/page"}],"author":[{"embeddable":true,"href":"https:\/\/wiki.s12.at\/index.php\/wp-json\/wp\/v2\/users\/1"}],"replies":[{"embeddable":true,"href":"https:\/\/wiki.s12.at\/index.php\/wp-json\/wp\/v2\/comments?post=4304"}],"version-history":[{"count":0,"href":"https:\/\/wiki.s12.at\/index.php\/wp-json\/wp\/v2\/pages\/4304\/revisions"}],"wp:attachment":[{"href":"https:\/\/wiki.s12.at\/index.php\/wp-json\/wp\/v2\/media?parent=4304"}],"curies":[{"name":"wp","href":"https:\/\/api.w.org\/{rel}","templated":true}]}}

<div class="mw-parser-output">
<h2><span class="mw-headline" id="Fakten">Fakten</span><a href="/index.php?title=FC_Salzburg_gegen_FC_Kairat_Almaty&amp;action=edit&amp;section=1" title="Abschnitt bearbeiten: Fakten">Bearbeiten</a><span class="mw-editsection-bracket">]</span></span></h2>
<table class="toptextcells toccolours">
<tbody>
<tr>
<th colspan="2" style="text-align: center; vertical-align: top; padding: 0.3em 0.8em; font-size: 125%; background-color: lightsteelblue;">FC Red Bull Salzburg (U19) gegen FC Kairat Almaty (U19), 8:1
</th>
</tr>
<tr>
<th style="text-align:left;"><b>Spieltag</b>
</th>
<th style="text-align:left;">UEFA Youth League 2. Runde, Hinspiel
</th>
</tr>
<tr>
<th style="text-align:left;"><b>Datum</b>
</th>
<th style="text-align:left;">2. November 2016
</th>
</tr>
<tr>
<th style="text-align:left;"><b>Anpfiff</b>
</th>
<th style="text-align:left;">18 Uhr
</th>
</tr>
<tr>
<td colspan="2" style="text-align:center;" bgcolor="lightgray"><b>Aufstellung</b>
</td>
</tr>
<tr>
<th style="text-align:left;"><b>Tor</b>
</th>
<th><a href="/Bartlomiej_Zynel" class="mw-redirect" title="Bartlomiej Zynel">Bartlomiej Zynel</a>
</th>
</tr>
<tr>
<th style="text-align:left;"><b>Verteidigung</b>
</th>
<th><a href="/Daniel_Raischl" title="Daniel Raischl">Daniel Raischl</a> &#8211; <a href="/Igor" class="mw-redirect" title="Igor">Igor</a> &#8211; <a href="/Luca_Meisl" title="Luca Meisl">Luca Meisl</a> &#8211; <a href="/Gideon_Mensah" title="Gideon Mensah">Gideon Mensah</a>
</th>
</tr>
<tr>
<th style="text-align:left;"><b>Mittelfeld</b>
</th>
<th><a href="/Xaver_Schlager" title="Xaver Schlager">Xaver Schlager</a> (C)- <a href="/Philipp_Sturm" title="Philipp Sturm">Philipp Sturm</a> &#8211; <a href="/Nico_Gorzel" title="Nico Gorzel">Nico Gorzel</a> &#8211;<a href="/Mergim_Berisha" title="Mergim Berisha">Mergim Berisha</a>
</th>
</tr>
<tr>
<th style="text-align:left;"><b>Sturm</b>
</th>
<th><a href="/Oliver_Filip" title="Oliver Filip">Oliver Filip</a> &#8211; <a href="/Hannes_Wolf" title="Hannes Wolf">Hannes Wolf</a>
</th>
</tr>
<tr>
<td colspan="2" style="text-align:center;" bgcolor="lightgray"><b>Wechsel</b>
</td>
</tr>
<tr>
<th style="text-align:left;"><b>Wechsel</b>
</th>
<th style="text-align:left;"><a href="/Dominik_Stumberger" title="Dominik Stumberger">Dominik Stumberger</a> für Filip (75.), <a href="/Randy_Montie" title="Randy Montie">Randy Montie</a> für Wolf (84.), <a href="/Maximilian_Schuster" title="Maximilian Schuster">Maximilian Schuster</a> für Schlager (84.)
</th>
</tr>
<tr>
<td colspan="2" style="text-align:center;" bgcolor="lightgray"><b>Statistik</b>
</td>
</tr>
<tr>
<th style="text-align:left;"><b>Endstand</b>
</th>
<th style="text-align:left;">8:1 (2:0)
</th>
</tr>
<tr>
<th style="text-align:left;"><b>Torschützen</b>
</th>
<th style="text-align:left;">Wolf (16.,68.,79.), Berisha (24.,70.,80.,87.,90.); Soltan (55.)
</th>
</tr>
<tr>
<th style="text-align:left;"><b>Gelbe Karten</b>
</th>
<th style="text-align:left;">Raischl (54.); Orazov (74.), Yevseyev (79.), Oteshev (93.)
</th>
</tr>
<tr>
<th style="text-align:left;"><b>Rote Karten</b>
</th>
<th style="text-align:left;">gelb-rote Yevseyev (92.)
</th>
</tr>
<tr>
<th style="text-align:left;"><b>Schiedsrichter</b>
</th>
<th style="text-align:left;">Sascha Amhof (SUI)
</th>
</tr>
<tr>
<th style="text-align:left;"><b>Stadion</b>
</th>
<th style="text-align:left;">Red Bull Arena, Salzburg
</th>
</tr>
<tr>
<th style="text-align:left;"><b>Zuschauer</b>
</th>
<th style="text-align:left;">623
</th>
</tr>
</tbody>
</table>
<h2><span class="mw-headline" id="Weblinks">Weblinks</span><a href="/index.php?title=FC_Salzburg_gegen_FC_Kairat_Almaty&amp;action=edit&amp;section=2" title="Abschnitt bearbeiten: Weblinks">Bearbeiten</a><span class="mw-editsection-bracket">]</span></span></h2>
<ul>
<li><a rel="nofollow" class="external text" href="http://www.redbullsalzburg.at/de/fc-red-bull-salzburg/news/saison_2016_17/jungbullen-mit-klarem-heimsieg-gegen-kairat-almaty.html">Vereinshomepage</a></li>
</ul>
<h2><span class="mw-headline" id="Bilder">Bilder</span><a href="/index.php?title=FC_Salzburg_gegen_FC_Kairat_Almaty&amp;action=edit&amp;section=3" title="Abschnitt bearbeiten: Bilder">Bearbeiten</a><span class="mw-editsection-bracket">]</span></span></h2>
<p><img alt="" src="/images/thumb/4/4a/Commons-logo.svg/langde-20px-Commons-logo.svg.png%3Futm_source%3Dcommons.wikimedia.org%26utm_campaign%3Dimageinfo%26utm_content%3Dthumbnail" decoding="async" title="Commons" width="12" height="16" srcset="/images/thumb/4/4a/Commons-logo.svg/langde-40px-Commons-logo.svg.png%3Futm_source%3Dcommons.wikimedia.org%26utm_campaign%3Dimageinfo%26utm_content%3Dthumbnail 2x" />&#160;<b><a href="http://commons.wikimedia.org/wiki/Category:FC_Red_Bull_Salzburg_(U19)_gegen_FC_Kairat_Almaty_(U19)" class="extiw" title="commons:Category:FC Red Bull Salzburg (U19) gegen FC Kairat Almaty (U19)">FC Salzburg gegen FC Kairat Almaty</a></b>&#160;– Sammlung von Bildern, Videos und Audiodateien auf <a href="/Wikimedia_Commons" title="Wikimedia Commons">Wikimedia Commons</a>
</p>
<h2><span class="mw-headline" id="Stimmen_zum_Spiel">Stimmen zum Spiel</span><a href="/index.php?title=FC_Salzburg_gegen_FC_Kairat_Almaty&amp;action=edit&amp;section=4" title="Abschnitt bearbeiten: Stimmen zum Spiel">Bearbeiten</a><span class="mw-editsection-bracket">]</span></span></h2>
<p><b>Marco Rose:</b> Mit dem Ergebnis sind wir sehr zufrieden, auch wenn wir gerne ohne Gegentreffer geblieben wären. Wir konnten uns eine komfortable Ausgangssituation für das Rückspiel erarbeiten, auch wenn die Partie bei Weitem kein Selbstläufer war. Wir hatten zwischenzeitlich eine Phase, in der wir nicht konsequent verteidigt haben und nicht gemeinsam angelaufen sind. Das führt dann dazu, dass uns eine Mannschaft, die gut Fußball spielen kann, auch in Probleme bringen kann. Für jeden unserer Spieler war das heute gegen die Kasachen ein hartes Stück Arbeit, auch wenn das Ergebnis schlussendlich klar war.
</p>
<p><b>Xaver Schlager:</b> Wir haben wirklich gut begonnen und den Gegner im Griff gehabt. In der zweiten Halbzeit haben wir am Beginn etwas schlampig agiert, die Kasachen besser ins Spiel kommen lassen und mussten einen Gegentreffer hinnehmen. In dieser Phase hatten wir Probleme, haben uns aber wieder zurückgekämpft und mit schönen Toren für die Vorentscheidung gesorgt. Die ganze Mannschaft hat heute einen guten Job gemacht, von dem her geht der Sieg mehr als in Ordnung.
</p>
<p><b>Mergim Berisha:</b> Ich freue mich heute über meine fünf Treffer, auch wenn ich weiß, dass ich einige große Chancen liegen gelassen habe. Wir haben heute über weite Strecken der Partie einen ansehnlichen Fußball gezeigt und gut kombiniert. Auch wenn wir zwischenzeitlich einen kleinen Hänger hatten, hatten wir die Partie immer unter Kontrolle und haben verdient gewonnen.
</p>
</div>
