{"id":4303,"date":"2026-05-06T15:41:40","date_gmt":"2026-05-06T13:41:40","guid":{"rendered":"https:\/\/wiki.s12.at\/index.php\/fc-salzburg-gegen-fc-chelsea\/"},"modified":"2026-05-06T15:41:40","modified_gmt":"2026-05-06T13:41:40","slug":"fc-salzburg-gegen-fc-chelsea","status":"publish","type":"page","link":"https:\/\/wiki.s12.at\/index.php\/fc-salzburg-gegen-fc-chelsea\/","title":{"rendered":"FC Salzburg gegen FC Chelsea"},"content":{"rendered":"<div class=\"mw-parser-output\">\n<table class=\"toptextcells toccolours\">\n<tbody>\n<tr>\n<th colspan=\"2\" style=\"text-align: center; vertical-align: top; padding: 0.3em 0.8em; font-size: 125%; background-color: lightsteelblue;\">FC Salzburg gegen FC Chelsea, 1:2\n<\/th>\n<\/tr>\n<tr>\n<th style=\"text-align:left;\"><b>Spieltag<\/b>\n<\/th>\n<th style=\"text-align:left;\">UEFA Championsleague Gruppe E, 5. Runde\n<\/th>\n<\/tr>\n<tr>\n<th style=\"text-align:left;\"><b>Datum<\/b>\n<\/th>\n<th style=\"text-align:left;\">25. Oktober 2022\n<\/th>\n<\/tr>\n<tr>\n<th style=\"text-align:left;\"><b>Anpfiff<\/b>\n<\/th>\n<th style=\"text-align:left;\">18.45 Uhr\n<\/th>\n<\/tr>\n<tr>\n<td colspan=\"2\" style=\"text-align:center;\" bgcolor=\"lightgray\"><b>Aufstellung<\/b>\n<\/td>\n<\/tr>\n<tr>\n<th style=\"text-align:left;\"><b>Tor<\/b>\n<\/th>\n<th><a href=\"\/Philipp_K%C3%B6hn\" title=\"Philipp K\u00f6hn\">Philipp K\u00f6hn <\/a>\n<\/th>\n<\/tr>\n<tr>\n<th style=\"text-align:left;\"><b>Verteidigung<\/b>\n<\/th>\n<th><a href=\"\/Amar_Dedic\" title=\"Amar Dedic\">Amar Dedic<\/a> &#8211; <a href=\"\/Bernardo\" title=\"Bernardo\">Bernardo<\/a>  &#8211;<a href=\"\/Strahinja_Pavlovic\" title=\"Strahinja Pavlovic\">Strahinja Pavlovic<\/a>  &#8211;  <a href=\"\/Maximilian_W%C3%B6ber\" title=\"Maximilian W\u00f6ber\">Maximilian W\u00f6ber<\/a>\n<\/th>\n<\/tr>\n<tr>\n<th style=\"text-align:left;\"><b>Mittelfeld<\/b>\n<\/th>\n<th><a href=\"\/Nicolas_Seiwald\" title=\"Nicolas Seiwald\">Nicolas Seiwald<\/a> &#8211; <a href=\"\/Maurits_Kjaergaard\" title=\"Maurits Kjaergaard\">Maurits Kjaergaard<\/a> &#8211; <a href=\"\/Luka_Sucic\" title=\"Luka Sucic\">Luka Sucic<\/a> &#8211; <a href=\"\/Lucas_Gourna-Douath\" title=\"Lucas Gourna-Douath\">Lucas Gourna-Douath<\/a>\n<\/th>\n<\/tr>\n<tr>\n<th style=\"text-align:left;\"><b>Sturm<\/b>\n<\/th>\n<th><a href=\"\/Junior_Adamu\" class=\"mw-redirect\" title=\"Junior Adamu\">Junior Adamu<\/a> &#8211; <a href=\"\/Noah_Okafor\" title=\"Noah Okafor\">Noah Okafor<\/a>\n<\/th>\n<\/tr>\n<tr>\n<td colspan=\"2\" style=\"text-align:center;\" bgcolor=\"lightgray\"><b>Wechsel<\/b>\n<\/td>\n<\/tr>\n<tr>\n<th style=\"text-align:left;\"><b>Wechsel<\/b>\n<\/th>\n<th style=\"text-align:left;\"><a href=\"\/Benjamin_Sesko\" class=\"mw-redirect\" title=\"Benjamin Sesko\">Benjamin Sesko<\/a> f\u00fcr Sucic (61.), <a href=\"\/Andreas_Ulmer\" title=\"Andreas Ulmer\">Andreas Ulmer<\/a> f\u00fcr W\u00f6ber (78.), <a href=\"\/Roko_Simic\" title=\"Roko Simic\">Roko Simic<\/a> f\u00fcr Okafor (78.), <br \/><a href=\"\/Dijon_Kameri\" title=\"Dijon Kameri\">Dijon Kameri<\/a> f\u00fcr Adamu (82.)\n<\/th>\n<\/tr>\n<tr>\n<td colspan=\"2\" style=\"text-align:center;\" bgcolor=\"lightgray\"><b>Statistik<\/b>\n<\/td>\n<\/tr>\n<tr>\n<th style=\"text-align:left;\"><b>Endstand<\/b>\n<\/th>\n<th style=\"text-align:left;\">1:2 (0:1)\n<\/th>\n<\/tr>\n<tr>\n<th style=\"text-align:left;\"><b>Torsch\u00fctzen<\/b>\n<\/th>\n<th style=\"text-align:left;\">Adamu (49.); Kovacic (36.), Havertz (64.)\n<\/th>\n<\/tr>\n<tr>\n<th style=\"text-align:left;\"><b>Gelbe Karten<\/b>\n<\/th>\n<th style=\"text-align:left;\">Sucic (47.); Gallagher  (85.), Arrizabalaga (92.)\n<\/th>\n<\/tr>\n<tr>\n<th style=\"text-align:left;\"><b>Rote Karten<\/b>\n<\/th>\n<th style=\"text-align:left;\">\n<\/th>\n<\/tr>\n<tr>\n<th style=\"text-align:left;\"><b>Schiedsrichter<\/b>\n<\/th>\n<th style=\"text-align:left;\">Sandro Sch\u00e4rer (SUI)\n<\/th>\n<\/tr>\n<tr>\n<th style=\"text-align:left;\"><b>Stadion<\/b>\n<\/th>\n<th style=\"text-align:left;\">EM Stadion Wals Siezenheim\n<\/th>\n<\/tr>\n<tr>\n<th style=\"text-align:left;\"><b>Zuschauer<\/b>\n<\/th>\n<th style=\"text-align:left;\">28 800 &#8211; ausverkauft\n<\/th>\n<\/tr>\n<\/tbody>\n<\/table>\n<h2><span class=\"mw-headline\" id=\"Spielbericht\">Spielbericht<\/span><a href=\"\/index.php?title=FC_Salzburg_gegen_FC_Chelsea&amp;action=edit&amp;section=1\" title=\"Abschnitt bearbeiten: Spielbericht\">Bearbeiten<\/a><span class=\"mw-editsection-bracket\">]<\/span><\/span><\/h2>\n<p><a rel=\"nofollow\" class=\"external text\" href=\"https:\/\/www.redbullsalzburg.at\/de\/2022-2023\/spielplan\/champions-league-runde-5-fc-salzburg-vs-chelsea#spielbericht\">Spielbericht Vereinshomepage<\/a>\n<\/p>\n<h2><span class=\"mw-headline\" id=\"Stimmen_zum_Spiel\">Stimmen zum Spiel<\/span><a href=\"\/index.php?title=FC_Salzburg_gegen_FC_Chelsea&amp;action=edit&amp;section=2\" title=\"Abschnitt bearbeiten: Stimmen zum Spiel\">Bearbeiten<\/a><span class=\"mw-editsection-bracket\">]<\/span><\/span><\/h2>\n<p><b>Matthias Jaissle:<\/b>   Es ist nat\u00fcrlich schade, dass so eine Serie jetzt vorbei ist. Man muss aber auch neidlos anerkennen, dass wir gegen einen unglaublich starken Gegner gespielt haben, der uns mit seiner Qualit\u00e4t immer wieder vor Probleme gestellt hat.  Nichtsdestotrotz bin ich stolz auf die Mannschaft, weil wir vor allem in der zweiten Halbzeit Paroli bieten konnten. Da konnten wir sehen, dass wir mit dem Mut, fr\u00fchzeitig zu pressen, selbst Spieler dieser Qualit\u00e4t in Bedr\u00e4ngnis bringen k\u00f6nnen. Das stimmt mich auf jeden Fall positiv f\u00fcr die Zukunft.\n<\/p>\n<p><b>Philipp K\u00f6hn:<\/b> Wir haben uns in der ersten Halbzeit echt schwergetan. Sie haben es gut gespielt, wir sind da bisschen hinterhergelaufen. In der Halbzeit haben wir uns noch mal hei\u00df gemacht, und es ist genau das eingetroffen, was wir uns vorgenommen hatten \u2013 gleich das Tor zu machen. Am Ende hat sich die Qualit\u00e4t durchgesetzt. Das Tor macht er (Anm.: Kai Havertz) nicht jeden Tag. Ich versuche einfach, mein Bestes zu geben, leider hat es trotzdem zwei Mal geklingelt. Es macht Spa\u00df auf dem Niveau. Wir haben gezeigt, dass wir mithalten k\u00f6nnen und haben uns trotzdem eine super Ausgangslage geschaffen f\u00fcr n\u00e4chste Woche, das macht das heutige Spiel nicht kaputt.\n<\/p>\n<\/div>\n","protected":false},"excerpt":{"rendered":"<p>FC Salzburg gegen FC Chelsea, 1:2 Spieltag UEFA Championsleague Gruppe E, 5. Runde Datum 25. Oktober 2022 Anpfiff 18.45 Uhr Aufstellung Tor Philipp K\u00f6hn Verteidigung Amar Dedic &#8211; Bernardo &#8211;Strahinja Pavlovic &#8211; Maximilian W\u00f6ber Mittelfeld Nicolas Seiwald &#8211; Maurits Kjaergaard &#8211; Luka Sucic &#8211; Lucas Gourna-Douath Sturm Junior Adamu &#8211; Noah Okafor Wechsel Wechsel Benjamin [&hellip;]<\/p>\n","protected":false},"author":1,"featured_media":0,"parent":0,"menu_order":0,"comment_status":"closed","ping_status":"closed","template":"","meta":{"footnotes":""},"class_list":["post-4303","page","type-page","status-publish","hentry"],"_links":{"self":[{"href":"https:\/\/wiki.s12.at\/index.php\/wp-json\/wp\/v2\/pages\/4303","targetHints":{"allow":["GET"]}}],"collection":[{"href":"https:\/\/wiki.s12.at\/index.php\/wp-json\/wp\/v2\/pages"}],"about":[{"href":"https:\/\/wiki.s12.at\/index.php\/wp-json\/wp\/v2\/types\/page"}],"author":[{"embeddable":true,"href":"https:\/\/wiki.s12.at\/index.php\/wp-json\/wp\/v2\/users\/1"}],"replies":[{"embeddable":true,"href":"https:\/\/wiki.s12.at\/index.php\/wp-json\/wp\/v2\/comments?post=4303"}],"version-history":[{"count":0,"href":"https:\/\/wiki.s12.at\/index.php\/wp-json\/wp\/v2\/pages\/4303\/revisions"}],"wp:attachment":[{"href":"https:\/\/wiki.s12.at\/index.php\/wp-json\/wp\/v2\/media?parent=4303"}],"curies":[{"name":"wp","href":"https:\/\/api.w.org\/{rel}","templated":true}]}}

<div class="mw-parser-output">
<table class="toptextcells toccolours">
<tbody>
<tr>
<th colspan="2" style="text-align: center; vertical-align: top; padding: 0.3em 0.8em; font-size: 125%; background-color: lightsteelblue;">FC Salzburg gegen FC Chelsea, 1:2
</th>
</tr>
<tr>
<th style="text-align:left;"><b>Spieltag</b>
</th>
<th style="text-align:left;">UEFA Championsleague Gruppe E, 5. Runde
</th>
</tr>
<tr>
<th style="text-align:left;"><b>Datum</b>
</th>
<th style="text-align:left;">25. Oktober 2022
</th>
</tr>
<tr>
<th style="text-align:left;"><b>Anpfiff</b>
</th>
<th style="text-align:left;">18.45 Uhr
</th>
</tr>
<tr>
<td colspan="2" style="text-align:center;" bgcolor="lightgray"><b>Aufstellung</b>
</td>
</tr>
<tr>
<th style="text-align:left;"><b>Tor</b>
</th>
<th><a href="/Philipp_K%C3%B6hn" title="Philipp Köhn">Philipp Köhn </a>
</th>
</tr>
<tr>
<th style="text-align:left;"><b>Verteidigung</b>
</th>
<th><a href="/Amar_Dedic" title="Amar Dedic">Amar Dedic</a> &#8211; <a href="/Bernardo" title="Bernardo">Bernardo</a>  &#8211;<a href="/Strahinja_Pavlovic" title="Strahinja Pavlovic">Strahinja Pavlovic</a>  &#8211;  <a href="/Maximilian_W%C3%B6ber" title="Maximilian Wöber">Maximilian Wöber</a>
</th>
</tr>
<tr>
<th style="text-align:left;"><b>Mittelfeld</b>
</th>
<th><a href="/Nicolas_Seiwald" title="Nicolas Seiwald">Nicolas Seiwald</a> &#8211; <a href="/Maurits_Kjaergaard" title="Maurits Kjaergaard">Maurits Kjaergaard</a> &#8211; <a href="/Luka_Sucic" title="Luka Sucic">Luka Sucic</a> &#8211; <a href="/Lucas_Gourna-Douath" title="Lucas Gourna-Douath">Lucas Gourna-Douath</a>
</th>
</tr>
<tr>
<th style="text-align:left;"><b>Sturm</b>
</th>
<th><a href="/Junior_Adamu" class="mw-redirect" title="Junior Adamu">Junior Adamu</a> &#8211; <a href="/Noah_Okafor" title="Noah Okafor">Noah Okafor</a>
</th>
</tr>
<tr>
<td colspan="2" style="text-align:center;" bgcolor="lightgray"><b>Wechsel</b>
</td>
</tr>
<tr>
<th style="text-align:left;"><b>Wechsel</b>
</th>
<th style="text-align:left;"><a href="/Benjamin_Sesko" class="mw-redirect" title="Benjamin Sesko">Benjamin Sesko</a> für Sucic (61.), <a href="/Andreas_Ulmer" title="Andreas Ulmer">Andreas Ulmer</a> für Wöber (78.), <a href="/Roko_Simic" title="Roko Simic">Roko Simic</a> für Okafor (78.), <br /><a href="/Dijon_Kameri" title="Dijon Kameri">Dijon Kameri</a> für Adamu (82.)
</th>
</tr>
<tr>
<td colspan="2" style="text-align:center;" bgcolor="lightgray"><b>Statistik</b>
</td>
</tr>
<tr>
<th style="text-align:left;"><b>Endstand</b>
</th>
<th style="text-align:left;">1:2 (0:1)
</th>
</tr>
<tr>
<th style="text-align:left;"><b>Torschützen</b>
</th>
<th style="text-align:left;">Adamu (49.); Kovacic (36.), Havertz (64.)
</th>
</tr>
<tr>
<th style="text-align:left;"><b>Gelbe Karten</b>
</th>
<th style="text-align:left;">Sucic (47.); Gallagher  (85.), Arrizabalaga (92.)
</th>
</tr>
<tr>
<th style="text-align:left;"><b>Rote Karten</b>
</th>
<th style="text-align:left;">
</th>
</tr>
<tr>
<th style="text-align:left;"><b>Schiedsrichter</b>
</th>
<th style="text-align:left;">Sandro Schärer (SUI)
</th>
</tr>
<tr>
<th style="text-align:left;"><b>Stadion</b>
</th>
<th style="text-align:left;">EM Stadion Wals Siezenheim
</th>
</tr>
<tr>
<th style="text-align:left;"><b>Zuschauer</b>
</th>
<th style="text-align:left;">28 800 &#8211; ausverkauft
</th>
</tr>
</tbody>
</table>
<h2><span class="mw-headline" id="Spielbericht">Spielbericht</span><a href="/index.php?title=FC_Salzburg_gegen_FC_Chelsea&amp;action=edit&amp;section=1" title="Abschnitt bearbeiten: Spielbericht">Bearbeiten</a><span class="mw-editsection-bracket">]</span></span></h2>
<p><a rel="nofollow" class="external text" href="https://www.redbullsalzburg.at/de/2022-2023/spielplan/champions-league-runde-5-fc-salzburg-vs-chelsea#spielbericht">Spielbericht Vereinshomepage</a>
</p>
<h2><span class="mw-headline" id="Stimmen_zum_Spiel">Stimmen zum Spiel</span><a href="/index.php?title=FC_Salzburg_gegen_FC_Chelsea&amp;action=edit&amp;section=2" title="Abschnitt bearbeiten: Stimmen zum Spiel">Bearbeiten</a><span class="mw-editsection-bracket">]</span></span></h2>
<p><b>Matthias Jaissle:</b>   Es ist natürlich schade, dass so eine Serie jetzt vorbei ist. Man muss aber auch neidlos anerkennen, dass wir gegen einen unglaublich starken Gegner gespielt haben, der uns mit seiner Qualität immer wieder vor Probleme gestellt hat.  Nichtsdestotrotz bin ich stolz auf die Mannschaft, weil wir vor allem in der zweiten Halbzeit Paroli bieten konnten. Da konnten wir sehen, dass wir mit dem Mut, frühzeitig zu pressen, selbst Spieler dieser Qualität in Bedrängnis bringen können. Das stimmt mich auf jeden Fall positiv für die Zukunft.
</p>
<p><b>Philipp Köhn:</b> Wir haben uns in der ersten Halbzeit echt schwergetan. Sie haben es gut gespielt, wir sind da bisschen hinterhergelaufen. In der Halbzeit haben wir uns noch mal heiß gemacht, und es ist genau das eingetroffen, was wir uns vorgenommen hatten – gleich das Tor zu machen. Am Ende hat sich die Qualität durchgesetzt. Das Tor macht er (Anm.: Kai Havertz) nicht jeden Tag. Ich versuche einfach, mein Bestes zu geben, leider hat es trotzdem zwei Mal geklingelt. Es macht Spaß auf dem Niveau. Wir haben gezeigt, dass wir mithalten können und haben uns trotzdem eine super Ausgangslage geschaffen für nächste Woche, das macht das heutige Spiel nicht kaputt.
</p>
</div>

<p>FC Salzburg gegen FC Chelsea, 1:2 Spieltag UEFA Championsleague Gruppe E, 5. Runde Datum 25. Oktober 2022 Anpfiff 18.45 Uhr Aufstellung Tor Philipp Köhn Verteidigung Amar Dedic &#8211; Bernardo &#8211;Strahinja Pavlovic &#8211; Maximilian Wöber Mittelfeld Nicolas Seiwald &#8211; Maurits Kjaergaard &#8211; Luka Sucic &#8211; Lucas Gourna-Douath Sturm Junior Adamu &#8211; Noah Okafor Wechsel Wechsel Benjamin [&hellip;]</p>
