{"id":4300,"date":"2026-05-06T15:41:38","date_gmt":"2026-05-06T13:41:38","guid":{"rendered":"https:\/\/wiki.s12.at\/index.php\/fc-salzburg-gegen-fc-basel-el\/"},"modified":"2026-05-06T15:41:38","modified_gmt":"2026-05-06T13:41:38","slug":"fc-salzburg-gegen-fc-basel-el","status":"publish","type":"page","link":"https:\/\/wiki.s12.at\/index.php\/fc-salzburg-gegen-fc-basel-el\/","title":{"rendered":"FC Salzburg gegen FC Basel (EL)"},"content":{"rendered":"<div class=\"mw-parser-output\">\n<table class=\"toptextcells toccolours\">\n<tbody>\n<tr>\n<th colspan=\"2\" style=\"text-align: center; vertical-align: top; padding: 0.3em 0.8em; font-size: 125%; background-color: lightsteelblue;\">FC Salzburg gegen FC Basel, 3:1\n<\/th>\n<\/tr>\n<tr>\n<th style=\"text-align:left;\"><b>Spieltag<\/b>\n<\/th>\n<th style=\"text-align:left;\">Europaleague, 7. Runde\n<\/th>\n<\/tr>\n<tr>\n<th style=\"text-align:left;\"><b>Datum<\/b>\n<\/th>\n<th style=\"text-align:left;\">22. J\u00e4nner 2026\n<\/th>\n<\/tr>\n<tr>\n<th style=\"text-align:left;\"><b>Anpfiff<\/b>\n<\/th>\n<th style=\"text-align:left;\">21 Uhr\n<\/th>\n<\/tr>\n<tr>\n<td colspan=\"2\" style=\"text-align:center;\" bgcolor=\"lightgray\"><b>Aufstellung<\/b>\n<\/td>\n<\/tr>\n<tr>\n<th style=\"text-align:left;\"><b>Tor<\/b>\n<\/th>\n<th><a href=\"\/Alexander_Schlager\" title=\"Alexander Schlager\">Alexander Schlager<\/a>\n<\/th>\n<\/tr>\n<tr>\n<th style=\"text-align:left;\"><b>Verteidigung<\/b>\n<\/th>\n<th><a href=\"\/Tim_Trummer\" title=\"Tim Trummer\">Tim Trummer<\/a> &#8211;  <a href=\"\/Jannik_Schuster\" title=\"Jannik Schuster\">Jannik Schuster<\/a> &#8211;  <a href=\"\/Joane_Gadou\" title=\"Joane Gadou\">Joane Gadou<\/a>&#8211;  <a href=\"\/Frans_Kr%C3%A4tzig\" title=\"Frans Kr\u00e4tzig\">Frans Kr\u00e4tzig<\/a>\n<\/th>\n<\/tr>\n<tr>\n<th style=\"text-align:left;\"><b>Mittelfeld<\/b>\n<\/th>\n<th><a href=\"\/Mads_Bidstrup\" title=\"Mads Bidstrup\">Mads Bidstrup<\/a> \u2013 <a href=\"\/Soumaila_Diabate\" title=\"Soumaila Diabate\">Soumaila Diabate<\/a> <a href=\"\/Kerim_Alajbegovic\" title=\"Kerim Alajbegovic\">Kerim Alajbegovic<\/a>&#8211;  <a href=\"\/Sota_Kitano\" title=\"Sota Kitano\">Sota Kitano<\/a>\n<\/th>\n<\/tr>\n<tr>\n<th style=\"text-align:left;\"><b>Sturm<\/b>\n<\/th>\n<th><a href=\"\/Yorbe_Vertessen\" title=\"Yorbe Vertessen\">Yorbe Vertessen<\/a> &#8211; <a href=\"\/Edmund_Baidoo\" title=\"Edmund Baidoo\">Edmund Baidoo<\/a>\n<\/th>\n<\/tr>\n<tr>\n<td colspan=\"2\" style=\"text-align:center;\" bgcolor=\"lightgray\"><b>Wechsel<\/b>\n<\/td>\n<\/tr>\n<tr>\n<th style=\"text-align:left;\"><b>Wechsel<\/b>\n<\/th>\n<th style=\"text-align:left;\"><a href=\"\/Karim_Onisiwo\" title=\"Karim Onisiwo\">Karim Onisiwo<\/a> f\u00fcr Vertessen (51.), <a href=\"\/Moussa_Yeo\" class=\"mw-redirect\" title=\"Moussa Yeo\">Moussa Yeo<\/a> f\u00fcr Kitano (75.), <a href=\"\/Oliver_Lukic\" title=\"Oliver Lukic\">Oliver Lukic<\/a> f\u00fcr Bidstrup (91.), <br \/><a href=\"\/Karim_Konate\" title=\"Karim Konate\">Karim Konate<\/a> f\u00fcr Baidoo (91.), <a href=\"\/Clement_Bischoff\" title=\"Clement Bischoff\">Clement Bischoff<\/a> f\u00fcr Alajbegovic (91.)\n<\/th>\n<\/tr>\n<tr>\n<td colspan=\"2\" style=\"text-align:center;\" bgcolor=\"lightgray\"><b>Statistik<\/b>\n<\/td>\n<\/tr>\n<tr>\n<th style=\"text-align:left;\"><b>Endstand<\/b>\n<\/th>\n<th style=\"text-align:left;\">3:1 (3:0)\n<\/th>\n<\/tr>\n<tr>\n<th style=\"text-align:left;\"><b>Torsch\u00fctzen<\/b>\n<\/th>\n<th style=\"text-align:left;\">Aljabegovic (4., 12.), Kr\u00e4tzig (35.); Agbonifo (56.)\n<\/th>\n<\/tr>\n<tr>\n<th style=\"text-align:left;\"><b>Gelbe Karten<\/b>\n<\/th>\n<th style=\"text-align:left;\">Kitano (45.);Agbonifo (37.), Ba\u010danin (40.), Vouilloz  (50.)\n<\/th>\n<\/tr>\n<tr>\n<th style=\"text-align:left;\"><b>Rote Karten<\/b>\n<\/th>\n<th style=\"text-align:left;\">\n<\/th>\n<\/tr>\n<tr>\n<th style=\"text-align:left;\"><b>Schiedsrichter<\/b>\n<\/th>\n<th style=\"text-align:left;\">Anastasios Papapetrou (GRE)\n<\/th>\n<\/tr>\n<tr>\n<th style=\"text-align:left;\"><b>Stadion<\/b>\n<\/th>\n<th style=\"text-align:left;\">EM Stadion, Wals-Siezenheim\n<\/th>\n<\/tr>\n<tr>\n<th style=\"text-align:left;\"><b>Zuschauer<\/b>\n<\/th>\n<th style=\"text-align:left;\">6.741\n<\/th>\n<\/tr>\n<\/tbody>\n<\/table>\n<h2><span class=\"mw-headline\" id=\"Spielbericht\">Spielbericht<\/span><a href=\"\/index.php?title=FC_Salzburg_gegen_FC_Basel_(EL)&amp;action=edit&amp;section=1\" title=\"Abschnitt bearbeiten: Spielbericht\">Bearbeiten<\/a><span class=\"mw-editsection-bracket\">]<\/span><\/span><\/h2>\n<p><a rel=\"nofollow\" class=\"external text\" href=\"https:\/\/www.redbullsalzburg.at\/de\/2025-2026\/spielplan\/europa-league-26-runde-7-fc-salzburg-vs-fc-basel-1893\">Spielbericht Vereinshomepage<\/a>\n<\/p>\n<h2><span class=\"mw-headline\" id=\"Stimmen_zum_Spiel\">Stimmen zum Spiel<\/span><a href=\"\/index.php?title=FC_Salzburg_gegen_FC_Basel_(EL)&amp;action=edit&amp;section=2\" title=\"Abschnitt bearbeiten: Stimmen zum Spiel\">Bearbeiten<\/a><span class=\"mw-editsection-bracket\">]<\/span><\/span><\/h2>\n<p><b>Thomas Letsch:<\/b> n der ersten H\u00e4lfte war es so, dass wir Basel kaum Luft zum Atmen gelassen haben. Wenn sie einmal den Ball hatten, haben wir ihn uns mit einem super Gegenpressing direkt wieder zur\u00fcckerobert. In der zweiten H\u00e4lfte gab es eine kurze Phase, in der wir keinen Zugriff hatten. Das hat sich hintenraus wieder gelegt. Unterm Strich war es ein sehr guter Auftritt von dieser jungen Truppe \u2013 genau so wollten wir ins neue Jahr starten!\n<\/p>\n<p><b>Kerim Alajbegovic:<\/b> Wir sind, auch abseits der beiden Tore, sehr gut in die Partie gestartet \u2013 wir haben Basel vor gro\u00dfe Probleme gestellt. Nach dem 3:0 haben wir etwas an Fahrt rausgenommen, das d\u00fcrfen wir nicht machen, stattdessen m\u00fcssen wir aufs N\u00e4chste gehen. Unterm Strich haben wir es aber souver\u00e4n zu Ende gespielt. Jetzt fahren wir nach Birmingham und wollen dort an die heutige Leistung ankn\u00fcpfen \u2013 wir haben nichts zu verlieren!\n<\/p>\n<\/div>\n","protected":false},"excerpt":{"rendered":"<p>FC Salzburg gegen FC Basel, 3:1 Spieltag Europaleague, 7. Runde Datum 22. J\u00e4nner 2026 Anpfiff 21 Uhr Aufstellung Tor Alexander Schlager Verteidigung Tim Trummer &#8211; Jannik Schuster &#8211; Joane Gadou&#8211; Frans Kr\u00e4tzig Mittelfeld Mads Bidstrup \u2013 Soumaila Diabate Kerim Alajbegovic&#8211; Sota Kitano Sturm Yorbe Vertessen &#8211; Edmund Baidoo Wechsel Wechsel Karim Onisiwo f\u00fcr Vertessen (51.), [&hellip;]<\/p>\n","protected":false},"author":1,"featured_media":0,"parent":0,"menu_order":0,"comment_status":"closed","ping_status":"closed","template":"","meta":{"footnotes":""},"class_list":["post-4300","page","type-page","status-publish","hentry"],"_links":{"self":[{"href":"https:\/\/wiki.s12.at\/index.php\/wp-json\/wp\/v2\/pages\/4300","targetHints":{"allow":["GET"]}}],"collection":[{"href":"https:\/\/wiki.s12.at\/index.php\/wp-json\/wp\/v2\/pages"}],"about":[{"href":"https:\/\/wiki.s12.at\/index.php\/wp-json\/wp\/v2\/types\/page"}],"author":[{"embeddable":true,"href":"https:\/\/wiki.s12.at\/index.php\/wp-json\/wp\/v2\/users\/1"}],"replies":[{"embeddable":true,"href":"https:\/\/wiki.s12.at\/index.php\/wp-json\/wp\/v2\/comments?post=4300"}],"version-history":[{"count":0,"href":"https:\/\/wiki.s12.at\/index.php\/wp-json\/wp\/v2\/pages\/4300\/revisions"}],"wp:attachment":[{"href":"https:\/\/wiki.s12.at\/index.php\/wp-json\/wp\/v2\/media?parent=4300"}],"curies":[{"name":"wp","href":"https:\/\/api.w.org\/{rel}","templated":true}]}}

<div class="mw-parser-output">
<table class="toptextcells toccolours">
<tbody>
<tr>
<th colspan="2" style="text-align: center; vertical-align: top; padding: 0.3em 0.8em; font-size: 125%; background-color: lightsteelblue;">FC Salzburg gegen FC Basel, 3:1
</th>
</tr>
<tr>
<th style="text-align:left;"><b>Spieltag</b>
</th>
<th style="text-align:left;">Europaleague, 7. Runde
</th>
</tr>
<tr>
<th style="text-align:left;"><b>Datum</b>
</th>
<th style="text-align:left;">22. Jänner 2026
</th>
</tr>
<tr>
<th style="text-align:left;"><b>Anpfiff</b>
</th>
<th style="text-align:left;">21 Uhr
</th>
</tr>
<tr>
<td colspan="2" style="text-align:center;" bgcolor="lightgray"><b>Aufstellung</b>
</td>
</tr>
<tr>
<th style="text-align:left;"><b>Tor</b>
</th>
<th><a href="/Alexander_Schlager" title="Alexander Schlager">Alexander Schlager</a>
</th>
</tr>
<tr>
<th style="text-align:left;"><b>Verteidigung</b>
</th>
<th><a href="/Tim_Trummer" title="Tim Trummer">Tim Trummer</a> &#8211;  <a href="/Jannik_Schuster" title="Jannik Schuster">Jannik Schuster</a> &#8211;  <a href="/Joane_Gadou" title="Joane Gadou">Joane Gadou</a>&#8211;  <a href="/Frans_Kr%C3%A4tzig" title="Frans Krätzig">Frans Krätzig</a>
</th>
</tr>
<tr>
<th style="text-align:left;"><b>Mittelfeld</b>
</th>
<th><a href="/Mads_Bidstrup" title="Mads Bidstrup">Mads Bidstrup</a> – <a href="/Soumaila_Diabate" title="Soumaila Diabate">Soumaila Diabate</a> <a href="/Kerim_Alajbegovic" title="Kerim Alajbegovic">Kerim Alajbegovic</a>&#8211;  <a href="/Sota_Kitano" title="Sota Kitano">Sota Kitano</a>
</th>
</tr>
<tr>
<th style="text-align:left;"><b>Sturm</b>
</th>
<th><a href="/Yorbe_Vertessen" title="Yorbe Vertessen">Yorbe Vertessen</a> &#8211; <a href="/Edmund_Baidoo" title="Edmund Baidoo">Edmund Baidoo</a>
</th>
</tr>
<tr>
<td colspan="2" style="text-align:center;" bgcolor="lightgray"><b>Wechsel</b>
</td>
</tr>
<tr>
<th style="text-align:left;"><b>Wechsel</b>
</th>
<th style="text-align:left;"><a href="/Karim_Onisiwo" title="Karim Onisiwo">Karim Onisiwo</a> für Vertessen (51.), <a href="/Moussa_Yeo" class="mw-redirect" title="Moussa Yeo">Moussa Yeo</a> für Kitano (75.), <a href="/Oliver_Lukic" title="Oliver Lukic">Oliver Lukic</a> für Bidstrup (91.), <br /><a href="/Karim_Konate" title="Karim Konate">Karim Konate</a> für Baidoo (91.), <a href="/Clement_Bischoff" title="Clement Bischoff">Clement Bischoff</a> für Alajbegovic (91.)
</th>
</tr>
<tr>
<td colspan="2" style="text-align:center;" bgcolor="lightgray"><b>Statistik</b>
</td>
</tr>
<tr>
<th style="text-align:left;"><b>Endstand</b>
</th>
<th style="text-align:left;">3:1 (3:0)
</th>
</tr>
<tr>
<th style="text-align:left;"><b>Torschützen</b>
</th>
<th style="text-align:left;">Aljabegovic (4., 12.), Krätzig (35.); Agbonifo (56.)
</th>
</tr>
<tr>
<th style="text-align:left;"><b>Gelbe Karten</b>
</th>
<th style="text-align:left;">Kitano (45.);Agbonifo (37.), Bačanin (40.), Vouilloz  (50.)
</th>
</tr>
<tr>
<th style="text-align:left;"><b>Rote Karten</b>
</th>
<th style="text-align:left;">
</th>
</tr>
<tr>
<th style="text-align:left;"><b>Schiedsrichter</b>
</th>
<th style="text-align:left;">Anastasios Papapetrou (GRE)
</th>
</tr>
<tr>
<th style="text-align:left;"><b>Stadion</b>
</th>
<th style="text-align:left;">EM Stadion, Wals-Siezenheim
</th>
</tr>
<tr>
<th style="text-align:left;"><b>Zuschauer</b>
</th>
<th style="text-align:left;">6.741
</th>
</tr>
</tbody>
</table>
<h2><span class="mw-headline" id="Spielbericht">Spielbericht</span><a href="/index.php?title=FC_Salzburg_gegen_FC_Basel_(EL)&amp;action=edit&amp;section=1" title="Abschnitt bearbeiten: Spielbericht">Bearbeiten</a><span class="mw-editsection-bracket">]</span></span></h2>
<p><a rel="nofollow" class="external text" href="https://www.redbullsalzburg.at/de/2025-2026/spielplan/europa-league-26-runde-7-fc-salzburg-vs-fc-basel-1893">Spielbericht Vereinshomepage</a>
</p>
<h2><span class="mw-headline" id="Stimmen_zum_Spiel">Stimmen zum Spiel</span><a href="/index.php?title=FC_Salzburg_gegen_FC_Basel_(EL)&amp;action=edit&amp;section=2" title="Abschnitt bearbeiten: Stimmen zum Spiel">Bearbeiten</a><span class="mw-editsection-bracket">]</span></span></h2>
<p><b>Thomas Letsch:</b> n der ersten Hälfte war es so, dass wir Basel kaum Luft zum Atmen gelassen haben. Wenn sie einmal den Ball hatten, haben wir ihn uns mit einem super Gegenpressing direkt wieder zurückerobert. In der zweiten Hälfte gab es eine kurze Phase, in der wir keinen Zugriff hatten. Das hat sich hintenraus wieder gelegt. Unterm Strich war es ein sehr guter Auftritt von dieser jungen Truppe – genau so wollten wir ins neue Jahr starten!
</p>
<p><b>Kerim Alajbegovic:</b> Wir sind, auch abseits der beiden Tore, sehr gut in die Partie gestartet – wir haben Basel vor große Probleme gestellt. Nach dem 3:0 haben wir etwas an Fahrt rausgenommen, das dürfen wir nicht machen, stattdessen müssen wir aufs Nächste gehen. Unterm Strich haben wir es aber souverän zu Ende gespielt. Jetzt fahren wir nach Birmingham und wollen dort an die heutige Leistung anknüpfen – wir haben nichts zu verlieren!
</p>
</div>

<p>FC Salzburg gegen FC Basel, 3:1 Spieltag Europaleague, 7. Runde Datum 22. Jänner 2026 Anpfiff 21 Uhr Aufstellung Tor Alexander Schlager Verteidigung Tim Trummer &#8211; Jannik Schuster &#8211; Joane Gadou&#8211; Frans Krätzig Mittelfeld Mads Bidstrup – Soumaila Diabate Kerim Alajbegovic&#8211; Sota Kitano Sturm Yorbe Vertessen &#8211; Edmund Baidoo Wechsel Wechsel Karim Onisiwo für Vertessen (51.), [&hellip;]</p>
