{"id":4299,"date":"2026-05-06T15:41:38","date_gmt":"2026-05-06T13:41:38","guid":{"rendered":"https:\/\/wiki.s12.at\/index.php\/fc-salzburg-gegen-fc-basel\/"},"modified":"2026-05-06T15:41:38","modified_gmt":"2026-05-06T13:41:38","slug":"fc-salzburg-gegen-fc-basel","status":"publish","type":"page","link":"https:\/\/wiki.s12.at\/index.php\/fc-salzburg-gegen-fc-basel\/","title":{"rendered":"FC Salzburg gegen FC Basel"},"content":{"rendered":"<div class=\"mw-parser-output\">\n<h2><span class=\"mw-headline\" id=\"Fakten\">Fakten<\/span><a href=\"\/index.php?title=FC_Salzburg_gegen_FC_Basel&amp;action=edit&amp;section=1\" title=\"Abschnitt bearbeiten: Fakten\">Bearbeiten<\/a><span class=\"mw-editsection-bracket\">]<\/span><\/span><\/h2>\n<table class=\"toptextcells toccolours\">\n<tbody>\n<tr>\n<th colspan=\"2\" style=\"text-align: center; vertical-align: top; padding: 0.3em 0.8em; font-size: 125%; background-color: lightsteelblue;\">FC Salzburg gegen FC Basel, 1:2\n<\/th>\n<\/tr>\n<tr>\n<th style=\"text-align:left;\"><b>Spieltag<\/b>\n<\/th>\n<th style=\"text-align:left;\">UEFA Europa League, 1\/8- Finale\n<\/th>\n<\/tr>\n<tr>\n<th style=\"text-align:left;\"><b>Datum<\/b>\n<\/th>\n<th style=\"text-align:left;\">20. M\u00e4rz 2014\n<\/th>\n<\/tr>\n<tr>\n<th style=\"text-align:left;\"><b>Anpfiff<\/b>\n<\/th>\n<th style=\"text-align:left;\">21.05 Uhr\n<\/th>\n<\/tr>\n<tr>\n<td colspan=\"2\" style=\"text-align:center;\" bgcolor=\"lightgray\"><b>Aufstellung<\/b>\n<\/td>\n<\/tr>\n<tr>\n<th style=\"text-align:left;\"><b>Tor<\/b>\n<\/th>\n<th><a href=\"\/Peter_Gulacsi\" class=\"mw-redirect\" title=\"Peter Gulacsi\">Peter Gulacsi<\/a>\n<\/th>\n<\/tr>\n<tr>\n<th style=\"text-align:left;\"><b>Verteidigung<\/b>\n<\/th>\n<th><a href=\"\/Florian_Klein\" title=\"Florian Klein\">Florian Klein<\/a> <a href=\"\/Andre_Ramalho\" class=\"mw-redirect\" title=\"Andre Ramalho\">Andre Ramalho<\/a> <a href=\"\/Rodnei\" title=\"Rodnei\">Rodnei<\/a> <a href=\"\/Dusan_Svento\" class=\"mw-redirect\" title=\"Dusan Svento\">Dusan Svento<\/a>\n<\/th>\n<\/tr>\n<tr>\n<th style=\"text-align:left;\"><b>Mittelfeld<\/b>\n<\/th>\n<th><a href=\"\/Stefan_Ilsanker\" title=\"Stefan Ilsanker\">Stefan Ilsanker<\/a> <a href=\"\/Christoph_Leitgeb\" title=\"Christoph Leitgeb\">Christoph Leitgeb<\/a> <a href=\"\/Kevin_Kampl\" title=\"Kevin Kampl\">Kevin Kampl<\/a> <a href=\"\/Sadio_Man%C3%A9\" title=\"Sadio Man\u00e9\">Sadio Man\u00e9<\/a>\n<\/th>\n<\/tr>\n<tr>\n<th style=\"text-align:left;\"><b>Sturm<\/b>\n<\/th>\n<th><a href=\"\/Alan\" title=\"Alan\">Alan<\/a> <a href=\"\/Jonatan_Soriano\" title=\"Jonatan Soriano\">Jonatan Soriano<\/a>\n<\/th>\n<\/tr>\n<tr>\n<td colspan=\"2\" style=\"text-align:center;\" bgcolor=\"lightgray\"><b>Wechsel<\/b>\n<\/td>\n<\/tr>\n<tr>\n<th style=\"text-align:left;\"><b>Wechsel<\/b>\n<\/th>\n<th style=\"text-align:left;\"><a href=\"\/Robert_Zulj\" title=\"Robert Zulj\">Robert Zulj<\/a> f\u00fcr Ilsanker (72.), <a href=\"\/Valon_Berisha\" title=\"Valon Berisha\">Valon Berisha<\/a> f\u00fcr Soriano (78.), <a href=\"\/Marco_Meilinger\" title=\"Marco Meilinger\">Marco Meilinger<\/a> f\u00fcr Svento (83.)\n<\/th>\n<\/tr>\n<tr>\n<td colspan=\"2\" style=\"text-align:center;\" bgcolor=\"lightgray\"><b>Statistik<\/b>\n<\/td>\n<\/tr>\n<tr>\n<th style=\"text-align:left;\"><b>Endstand<\/b>\n<\/th>\n<th style=\"text-align:left;\">1:2 (1:0)\n<\/th>\n<\/tr>\n<tr>\n<th style=\"text-align:left;\"><b>Torsch\u00fctzen<\/b>\n<\/th>\n<th style=\"text-align:left;\">Soriano (22.); Streller (51.), Sauro (60.)\n<\/th>\n<\/tr>\n<tr>\n<th style=\"text-align:left;\"><b>Gelbe Karten<\/b>\n<\/th>\n<th style=\"text-align:left;\">Alan (54.), Rodnei (62.), Ramalho (78.), Leitgeb (91.); Streller (9.), Sio (38.), Ajeti (54.)\n<\/th>\n<\/tr>\n<tr>\n<th style=\"text-align:left;\"><b>Rote Karten<\/b>\n<\/th>\n<th style=\"text-align:left;\">Alan (86., gelb-rot); Suchy (9.)\n<\/th>\n<\/tr>\n<tr>\n<th style=\"text-align:left;\"><b>Schiedsrichter<\/b>\n<\/th>\n<th style=\"text-align:left;\">Manuel Gr\u00e4fe  (GER)\n<\/th>\n<\/tr>\n<tr>\n<th style=\"text-align:left;\"><b>Stadion<\/b>\n<\/th>\n<th style=\"text-align:left;\">EM Stadion Wals-Siezenheim, Salzburg\n<\/th>\n<\/tr>\n<tr>\n<th style=\"text-align:left;\"><b>Zuschauer<\/b>\n<\/th>\n<th style=\"text-align:left;\">30 000\n<\/th>\n<\/tr>\n<\/tbody>\n<\/table>\n<h2><span class=\"mw-headline\" id=\"Bilder\">Bilder<\/span><a href=\"\/index.php?title=FC_Salzburg_gegen_FC_Basel&amp;action=edit&amp;section=2\" title=\"Abschnitt bearbeiten: Bilder\">Bearbeiten<\/a><span class=\"mw-editsection-bracket\">]<\/span><\/span><\/h2>\n<p><img alt=\"\" src=\"\/images\/thumb\/4\/4a\/Commons-logo.svg\/langde-20px-Commons-logo.svg.png%3Futm_source%3Dcommons.wikimedia.org%26utm_campaign%3Dimageinfo%26utm_content%3Dthumbnail\" decoding=\"async\" title=\"Commons\" width=\"12\" height=\"16\" srcset=\"\/images\/thumb\/4\/4a\/Commons-logo.svg\/langde-40px-Commons-logo.svg.png%3Futm_source%3Dcommons.wikimedia.org%26utm_campaign%3Dimageinfo%26utm_content%3Dthumbnail 2x\" \/>&#160;<b><a href=\"http:\/\/commons.wikimedia.org\/wiki\/Category:UEFA_Euro_League_FC_Salzburg_gegen_FC_Basel_(20._M%C3%A4rz_2014)\" class=\"extiw\" title=\"commons:Category:UEFA Euro League FC Salzburg gegen FC Basel (20. M\u00e4rz 2014)\">FC Salzburg gegen FC Basel<\/a><\/b>&#160;\u2013 Sammlung von Bildern, Videos und Audiodateien auf <a href=\"\/Wikimedia_Commons\" title=\"Wikimedia Commons\">Wikimedia Commons<\/a>\n<\/p>\n<h2><span class=\"mw-headline\" id=\"Weblinks\">Weblinks<\/span><a href=\"\/index.php?title=FC_Salzburg_gegen_FC_Basel&amp;action=edit&amp;section=3\" title=\"Abschnitt bearbeiten: Weblinks\">Bearbeiten<\/a><span class=\"mw-editsection-bracket\">]<\/span><\/span><\/h2>\n<ul>\n<li><a rel=\"nofollow\" class=\"external text\" href=\"http:\/\/www.redbulls.com\/de\/fc-red-bull-salzburg\/news\/saison_2013_14\/bitteres-aus-fuer-rote-bullen.html\">Spielbericht Vereinshomepage<\/a><\/li>\n<li><a rel=\"nofollow\" class=\"external text\" href=\"http:\/\/www.salzburg12.at\/2014\/03\/ausgetraeumt\/\">Spielbericht Salzburg12.at<\/a><\/li>\n<\/ul>\n<h2><span class=\"mw-headline\" id=\"Stimmen_zum_Spiel\">Stimmen zum Spiel<\/span><a href=\"\/index.php?title=FC_Salzburg_gegen_FC_Basel&amp;action=edit&amp;section=4\" title=\"Abschnitt bearbeiten: Stimmen zum Spiel\">Bearbeiten<\/a><span class=\"mw-editsection-bracket\">]<\/span><\/span><\/h2>\n<p><b>Roger Schmidt:<\/b> &#8222;Wenn man so viele Chancen hat, muss das Spiel eigentlich nach einer halben Stunde entschieden sein. Wir haben die Tore nicht gemacht, Basel hat die Standards optimal genutzt. Danach hat die Mannschaft dem Druck nicht mehr standgehalten. Wir hatten es selbst in der Hand, haben heute etwas Lehrgeld bezahlt. Im Fu\u00dfball kann eben alles passieren. Und das muss man auch einmal akzeptieren.&#8220;\n<\/p>\n<p><b>Jonatan Soriano:<\/b> &#8222;Erste Halbzeit war gut, nach der Pause waren es nach den beiden Gegentoren sehr schwierig. H\u00e4tte ich das Tor kurz nach der Pause gemacht, w\u00e4re es wahrscheinlich anders gelaufen. Die Entt\u00e4uschung ist nat\u00fcrlich riesengro\u00df.&#8220;\n<\/p>\n<p><b>Stefan Ilsanker:<\/b> &#8222;Wir haben jetzt so viele H\u00f6hen erlebt, aber dieses Ausscheiden tut uns richtig weh. Wir haben heute einfach zu viele Chancen vernebelt.&#8220;\n<\/p>\n<\/div>\n","protected":false},"excerpt":{"rendered":"<p>FaktenBearbeiten] FC Salzburg gegen FC Basel, 1:2 Spieltag UEFA Europa League, 1\/8- Finale Datum 20. M\u00e4rz 2014 Anpfiff 21.05 Uhr Aufstellung Tor Peter Gulacsi Verteidigung Florian Klein Andre Ramalho Rodnei Dusan Svento Mittelfeld Stefan Ilsanker Christoph Leitgeb Kevin Kampl Sadio Man\u00e9 Sturm Alan Jonatan Soriano Wechsel Wechsel Robert Zulj f\u00fcr Ilsanker (72.), Valon Berisha f\u00fcr [&hellip;]<\/p>\n","protected":false},"author":1,"featured_media":0,"parent":0,"menu_order":0,"comment_status":"closed","ping_status":"closed","template":"","meta":{"footnotes":""},"class_list":["post-4299","page","type-page","status-publish","hentry"],"_links":{"self":[{"href":"https:\/\/wiki.s12.at\/index.php\/wp-json\/wp\/v2\/pages\/4299","targetHints":{"allow":["GET"]}}],"collection":[{"href":"https:\/\/wiki.s12.at\/index.php\/wp-json\/wp\/v2\/pages"}],"about":[{"href":"https:\/\/wiki.s12.at\/index.php\/wp-json\/wp\/v2\/types\/page"}],"author":[{"embeddable":true,"href":"https:\/\/wiki.s12.at\/index.php\/wp-json\/wp\/v2\/users\/1"}],"replies":[{"embeddable":true,"href":"https:\/\/wiki.s12.at\/index.php\/wp-json\/wp\/v2\/comments?post=4299"}],"version-history":[{"count":0,"href":"https:\/\/wiki.s12.at\/index.php\/wp-json\/wp\/v2\/pages\/4299\/revisions"}],"wp:attachment":[{"href":"https:\/\/wiki.s12.at\/index.php\/wp-json\/wp\/v2\/media?parent=4299"}],"curies":[{"name":"wp","href":"https:\/\/api.w.org\/{rel}","templated":true}]}}

<div class="mw-parser-output">
<h2><span class="mw-headline" id="Fakten">Fakten</span><a href="/index.php?title=FC_Salzburg_gegen_FC_Basel&amp;action=edit&amp;section=1" title="Abschnitt bearbeiten: Fakten">Bearbeiten</a><span class="mw-editsection-bracket">]</span></span></h2>
<table class="toptextcells toccolours">
<tbody>
<tr>
<th colspan="2" style="text-align: center; vertical-align: top; padding: 0.3em 0.8em; font-size: 125%; background-color: lightsteelblue;">FC Salzburg gegen FC Basel, 1:2
</th>
</tr>
<tr>
<th style="text-align:left;"><b>Spieltag</b>
</th>
<th style="text-align:left;">UEFA Europa League, 1/8- Finale
</th>
</tr>
<tr>
<th style="text-align:left;"><b>Datum</b>
</th>
<th style="text-align:left;">20. März 2014
</th>
</tr>
<tr>
<th style="text-align:left;"><b>Anpfiff</b>
</th>
<th style="text-align:left;">21.05 Uhr
</th>
</tr>
<tr>
<td colspan="2" style="text-align:center;" bgcolor="lightgray"><b>Aufstellung</b>
</td>
</tr>
<tr>
<th style="text-align:left;"><b>Tor</b>
</th>
<th><a href="/Peter_Gulacsi" class="mw-redirect" title="Peter Gulacsi">Peter Gulacsi</a>
</th>
</tr>
<tr>
<th style="text-align:left;"><b>Verteidigung</b>
</th>
<th><a href="/Florian_Klein" title="Florian Klein">Florian Klein</a> <a href="/Andre_Ramalho" class="mw-redirect" title="Andre Ramalho">Andre Ramalho</a> <a href="/Rodnei" title="Rodnei">Rodnei</a> <a href="/Dusan_Svento" class="mw-redirect" title="Dusan Svento">Dusan Svento</a>
</th>
</tr>
<tr>
<th style="text-align:left;"><b>Mittelfeld</b>
</th>
<th><a href="/Stefan_Ilsanker" title="Stefan Ilsanker">Stefan Ilsanker</a> <a href="/Christoph_Leitgeb" title="Christoph Leitgeb">Christoph Leitgeb</a> <a href="/Kevin_Kampl" title="Kevin Kampl">Kevin Kampl</a> <a href="/Sadio_Man%C3%A9" title="Sadio Mané">Sadio Mané</a>
</th>
</tr>
<tr>
<th style="text-align:left;"><b>Sturm</b>
</th>
<th><a href="/Alan" title="Alan">Alan</a> <a href="/Jonatan_Soriano" title="Jonatan Soriano">Jonatan Soriano</a>
</th>
</tr>
<tr>
<td colspan="2" style="text-align:center;" bgcolor="lightgray"><b>Wechsel</b>
</td>
</tr>
<tr>
<th style="text-align:left;"><b>Wechsel</b>
</th>
<th style="text-align:left;"><a href="/Robert_Zulj" title="Robert Zulj">Robert Zulj</a> für Ilsanker (72.), <a href="/Valon_Berisha" title="Valon Berisha">Valon Berisha</a> für Soriano (78.), <a href="/Marco_Meilinger" title="Marco Meilinger">Marco Meilinger</a> für Svento (83.)
</th>
</tr>
<tr>
<td colspan="2" style="text-align:center;" bgcolor="lightgray"><b>Statistik</b>
</td>
</tr>
<tr>
<th style="text-align:left;"><b>Endstand</b>
</th>
<th style="text-align:left;">1:2 (1:0)
</th>
</tr>
<tr>
<th style="text-align:left;"><b>Torschützen</b>
</th>
<th style="text-align:left;">Soriano (22.); Streller (51.), Sauro (60.)
</th>
</tr>
<tr>
<th style="text-align:left;"><b>Gelbe Karten</b>
</th>
<th style="text-align:left;">Alan (54.), Rodnei (62.), Ramalho (78.), Leitgeb (91.); Streller (9.), Sio (38.), Ajeti (54.)
</th>
</tr>
<tr>
<th style="text-align:left;"><b>Rote Karten</b>
</th>
<th style="text-align:left;">Alan (86., gelb-rot); Suchy (9.)
</th>
</tr>
<tr>
<th style="text-align:left;"><b>Schiedsrichter</b>
</th>
<th style="text-align:left;">Manuel Gräfe  (GER)
</th>
</tr>
<tr>
<th style="text-align:left;"><b>Stadion</b>
</th>
<th style="text-align:left;">EM Stadion Wals-Siezenheim, Salzburg
</th>
</tr>
<tr>
<th style="text-align:left;"><b>Zuschauer</b>
</th>
<th style="text-align:left;">30 000
</th>
</tr>
</tbody>
</table>
<h2><span class="mw-headline" id="Bilder">Bilder</span><a href="/index.php?title=FC_Salzburg_gegen_FC_Basel&amp;action=edit&amp;section=2" title="Abschnitt bearbeiten: Bilder">Bearbeiten</a><span class="mw-editsection-bracket">]</span></span></h2>
<p><img alt="" src="/images/thumb/4/4a/Commons-logo.svg/langde-20px-Commons-logo.svg.png%3Futm_source%3Dcommons.wikimedia.org%26utm_campaign%3Dimageinfo%26utm_content%3Dthumbnail" decoding="async" title="Commons" width="12" height="16" srcset="/images/thumb/4/4a/Commons-logo.svg/langde-40px-Commons-logo.svg.png%3Futm_source%3Dcommons.wikimedia.org%26utm_campaign%3Dimageinfo%26utm_content%3Dthumbnail 2x" />&#160;<b><a href="http://commons.wikimedia.org/wiki/Category:UEFA_Euro_League_FC_Salzburg_gegen_FC_Basel_(20._M%C3%A4rz_2014)" class="extiw" title="commons:Category:UEFA Euro League FC Salzburg gegen FC Basel (20. März 2014)">FC Salzburg gegen FC Basel</a></b>&#160;– Sammlung von Bildern, Videos und Audiodateien auf <a href="/Wikimedia_Commons" title="Wikimedia Commons">Wikimedia Commons</a>
</p>
<h2><span class="mw-headline" id="Weblinks">Weblinks</span><a href="/index.php?title=FC_Salzburg_gegen_FC_Basel&amp;action=edit&amp;section=3" title="Abschnitt bearbeiten: Weblinks">Bearbeiten</a><span class="mw-editsection-bracket">]</span></span></h2>
<ul>
<li><a rel="nofollow" class="external text" href="http://www.redbulls.com/de/fc-red-bull-salzburg/news/saison_2013_14/bitteres-aus-fuer-rote-bullen.html">Spielbericht Vereinshomepage</a></li>
<li><a rel="nofollow" class="external text" href="http://www.salzburg12.at/2014/03/ausgetraeumt/">Spielbericht Salzburg12.at</a></li>
</ul>
<h2><span class="mw-headline" id="Stimmen_zum_Spiel">Stimmen zum Spiel</span><a href="/index.php?title=FC_Salzburg_gegen_FC_Basel&amp;action=edit&amp;section=4" title="Abschnitt bearbeiten: Stimmen zum Spiel">Bearbeiten</a><span class="mw-editsection-bracket">]</span></span></h2>
<p><b>Roger Schmidt:</b> &#8222;Wenn man so viele Chancen hat, muss das Spiel eigentlich nach einer halben Stunde entschieden sein. Wir haben die Tore nicht gemacht, Basel hat die Standards optimal genutzt. Danach hat die Mannschaft dem Druck nicht mehr standgehalten. Wir hatten es selbst in der Hand, haben heute etwas Lehrgeld bezahlt. Im Fußball kann eben alles passieren. Und das muss man auch einmal akzeptieren.&#8220;
</p>
<p><b>Jonatan Soriano:</b> &#8222;Erste Halbzeit war gut, nach der Pause waren es nach den beiden Gegentoren sehr schwierig. Hätte ich das Tor kurz nach der Pause gemacht, wäre es wahrscheinlich anders gelaufen. Die Enttäuschung ist natürlich riesengroß.&#8220;
</p>
<p><b>Stefan Ilsanker:</b> &#8222;Wir haben jetzt so viele Höhen erlebt, aber dieses Ausscheiden tut uns richtig weh. Wir haben heute einfach zu viele Chancen vernebelt.&#8220;
</p>
</div>

<p>FaktenBearbeiten] FC Salzburg gegen FC Basel, 1:2 Spieltag UEFA Europa League, 1/8- Finale Datum 20. März 2014 Anpfiff 21.05 Uhr Aufstellung Tor Peter Gulacsi Verteidigung Florian Klein Andre Ramalho Rodnei Dusan Svento Mittelfeld Stefan Ilsanker Christoph Leitgeb Kevin Kampl Sadio Mané Sturm Alan Jonatan Soriano Wechsel Wechsel Robert Zulj für Ilsanker (72.), Valon Berisha für [&hellip;]</p>
