{"id":4298,"date":"2026-05-06T15:41:37","date_gmt":"2026-05-06T13:41:37","guid":{"rendered":"https:\/\/wiki.s12.at\/index.php\/fc-salzburg-gegen-fc-astra-giurgiu\/"},"modified":"2026-05-06T15:41:37","modified_gmt":"2026-05-06T13:41:37","slug":"fc-salzburg-gegen-fc-astra-giurgiu","status":"publish","type":"page","link":"https:\/\/wiki.s12.at\/index.php\/fc-salzburg-gegen-fc-astra-giurgiu\/","title":{"rendered":"FC Salzburg gegen FC Astra Giurgiu"},"content":{"rendered":"<div class=\"mw-parser-output\">\n<h2><span class=\"mw-headline\" id=\"Fakten\">Fakten<\/span><a href=\"\/index.php?title=FC_Salzburg_gegen_FC_Astra_Giurgiu&amp;action=edit&amp;section=1\" title=\"Abschnitt bearbeiten: Fakten\">Bearbeiten<\/a><span class=\"mw-editsection-bracket\">]<\/span><\/span><\/h2>\n<table class=\"toptextcells toccolours\">\n<tbody>\n<tr>\n<th colspan=\"2\" style=\"text-align: center; vertical-align: top; padding: 0.3em 0.8em; font-size: 125%; background-color: lightsteelblue;\">FC Salzburg gegen FC Astra Giurgiu, 5:1\n<\/th>\n<\/tr>\n<tr>\n<th style=\"text-align:left;\"><b>Spieltag<\/b>\n<\/th>\n<th style=\"text-align:left;\">Uefa-Euroleague Gruppe D\n<\/th>\n<\/tr>\n<tr>\n<th style=\"text-align:left;\"><b>Datum<\/b>\n<\/th>\n<th style=\"text-align:left;\">11. Dezember 2014\n<\/th>\n<\/tr>\n<tr>\n<th style=\"text-align:left;\"><b>Anpfiff<\/b>\n<\/th>\n<th style=\"text-align:left;\">19 Uhr\n<\/th>\n<\/tr>\n<tr>\n<td colspan=\"2\" style=\"text-align:center;\" bgcolor=\"lightgray\"><b>Aufstellung<\/b>\n<\/td>\n<\/tr>\n<tr>\n<th style=\"text-align:left;\"><b>Tor<\/b>\n<\/th>\n<th><a href=\"\/Alexander_Walke\" title=\"Alexander Walke\">Alexander Walke<\/a>\n<\/th>\n<\/tr>\n<tr>\n<th style=\"text-align:left;\"><b>Verteidigung<\/b>\n<\/th>\n<th><a href=\"\/Peter_Ankersen\" title=\"Peter Ankersen\">Peter Ankersen<\/a> <a href=\"\/Duje_Caleta-Car\" title=\"Duje Caleta-Car\">Duje Caleta-Car<\/a> <a href=\"\/Martin_Hinteregger\" title=\"Martin Hinteregger\">Martin Hinteregger<\/a>  <a href=\"\/Benno_Schmitz\" title=\"Benno Schmitz\">Benno Schmitz<\/a>\n<\/th>\n<\/tr>\n<tr>\n<th style=\"text-align:left;\"><b>Mittelfeld<\/b>\n<\/th>\n<th><a href=\"\/Naby_Keita\" title=\"Naby Keita\">Naby Keita<\/a> <a href=\"\/Konrad_Laimer\" title=\"Konrad Laimer\">Konrad Laimer<\/a> <a href=\"\/Kevin_Kampl\" title=\"Kevin Kampl\">Kevin Kampl<\/a> <a href=\"\/Massimo_Bruno\" title=\"Massimo Bruno\">Massimo Bruno<\/a>\n<\/th>\n<\/tr>\n<tr>\n<th style=\"text-align:left;\"><b>Sturm<\/b>\n<\/th>\n<th><a href=\"\/Marcel_Sabitzer\" title=\"Marcel Sabitzer\">Marcel Sabitzer<\/a> <a href=\"\/Alan\" title=\"Alan\">Alan<\/a>\n<\/th>\n<\/tr>\n<tr>\n<td colspan=\"2\" style=\"text-align:center;\" bgcolor=\"lightgray\"><b>Wechsel<\/b>\n<\/td>\n<\/tr>\n<tr>\n<th style=\"text-align:left;\"><b>Wechsel<\/b>\n<\/th>\n<th style=\"text-align:left;\"><a href=\"\/Jonatan_Soriano\" title=\"Jonatan Soriano\">Jonatan Soriano<\/a> f\u00fcr Bruno (74.), <a href=\"\/Christian_Schwegler\" title=\"Christian Schwegler\">Christian Schwegler<\/a> f\u00fcr Ankersen (78.), <a href=\"\/Franz_Schiemer\" title=\"Franz Schiemer\">Franz Schiemer<\/a> f\u00fcr Hinteregger (82.)\n<\/th>\n<\/tr>\n<tr>\n<td colspan=\"2\" style=\"text-align:center;\" bgcolor=\"lightgray\"><b>Statistik<\/b>\n<\/td>\n<\/tr>\n<tr>\n<th style=\"text-align:left;\"><b>Endstand<\/b>\n<\/th>\n<th style=\"text-align:left;\">5:1 (2:0)\n<\/th>\n<\/tr>\n<tr>\n<th style=\"text-align:left;\"><b>Torsch\u00fctzen<\/b>\n<\/th>\n<th style=\"text-align:left;\">Sabitzer (9.), Kampl (34., 92.), Alan (46., 70.); Florescu (51.)\n<\/th>\n<\/tr>\n<tr>\n<th style=\"text-align:left;\"><b>Gelbe Karten<\/b>\n<\/th>\n<th style=\"text-align:left;\">Sabitzer (55.), Schmitz (67.), Schwegler (83.); Chi\u0163u (53.)\n<\/th>\n<\/tr>\n<tr>\n<th style=\"text-align:left;\"><b>Rote Karten<\/b>\n<\/th>\n<th style=\"text-align:left;\">\n<\/th>\n<\/tr>\n<tr>\n<th style=\"text-align:left;\"><b>Schiedsrichter<\/b>\n<\/th>\n<th style=\"text-align:left;\">Pawel Raczkowski (POL)\n<\/th>\n<\/tr>\n<tr>\n<th style=\"text-align:left;\"><b>Stadion<\/b>\n<\/th>\n<th style=\"text-align:left;\">Red Bull Arena, Salzburg\n<\/th>\n<\/tr>\n<tr>\n<th style=\"text-align:left;\"><b>Zuschauer<\/b>\n<\/th>\n<th style=\"text-align:left;\">8.258\n<\/th>\n<\/tr>\n<\/tbody>\n<\/table>\n<h2><span class=\"mw-headline\" id=\"Besonderes\">Besonderes<\/span><a href=\"\/index.php?title=FC_Salzburg_gegen_FC_Astra_Giurgiu&amp;action=edit&amp;section=2\" title=\"Abschnitt bearbeiten: Besonderes\">Bearbeiten<\/a><span class=\"mw-editsection-bracket\">]<\/span><\/span><\/h2>\n<ul>\n<li>Der 18j\u00e4hrige Duje Caleta-Car und der 17j\u00e4hrige Konrad Laimer feierten ihr Europacup-Startelf-Deb\u00fct.<\/li>\n<li>Das Durchschnittsalter der Mannschaft betrug 21,9 Jahre.<\/li>\n<\/ul>\n<h2><span class=\"mw-headline\" id=\"Bilder\">Bilder<\/span><a href=\"\/index.php?title=FC_Salzburg_gegen_FC_Astra_Giurgiu&amp;action=edit&amp;section=3\" title=\"Abschnitt bearbeiten: Bilder\">Bearbeiten<\/a><span class=\"mw-editsection-bracket\">]<\/span><\/span><\/h2>\n<p><img alt=\"\" src=\"\/images\/thumb\/4\/4a\/Commons-logo.svg\/langde-20px-Commons-logo.svg.png%3Futm_source%3Dcommons.wikimedia.org%26utm_campaign%3Dimageinfo%26utm_content%3Dthumbnail\" decoding=\"async\" title=\"Commons\" width=\"12\" height=\"16\" srcset=\"\/images\/thumb\/4\/4a\/Commons-logo.svg\/langde-40px-Commons-logo.svg.png%3Futm_source%3Dcommons.wikimedia.org%26utm_campaign%3Dimageinfo%26utm_content%3Dthumbnail 2x\" \/>&#160;<b><a href=\"http:\/\/commons.wikimedia.org\/wiki\/Category:UEFA_Euroleague_Group_D_FC_Salzburg_gegen_Astra_Giurgiu_(11._Dezember_2014)\" class=\"extiw\" title=\"commons:Category:UEFA Euroleague Group D FC Salzburg gegen Astra Giurgiu (11. Dezember 2014)\">FC Salzburg gegen FC Astra Giurgiu<\/a><\/b>&#160;\u2013 Sammlung von Bildern, Videos und Audiodateien auf <a href=\"\/Wikimedia_Commons\" title=\"Wikimedia Commons\">Wikimedia Commons<\/a>\n<\/p>\n<h2><span class=\"mw-headline\" id=\"Weblinks\">Weblinks<\/span><a href=\"\/index.php?title=FC_Salzburg_gegen_FC_Astra_Giurgiu&amp;action=edit&amp;section=4\" title=\"Abschnitt bearbeiten: Weblinks\">Bearbeiten<\/a><span class=\"mw-editsection-bracket\">]<\/span><\/span><\/h2>\n<ul>\n<li><a rel=\"nofollow\" class=\"external text\" href=\"http:\/\/www.redbulls.com\/de\/fc-red-bull-salzburg\/news\/saison_2014_15\/kantersieg-und-rekord-fuer-rote-bullen.html\">Spielbericht Vereinshomepage<\/a><\/li>\n<li><a rel=\"nofollow\" class=\"external text\" href=\"http:\/\/www.uefa.com\/uefaeuropaleague\/season=2015\/matches\/round=2000587\/match=2014557\/index.html\">Spielbericht UEFA.com<\/a><\/li>\n<\/ul>\n<h2><span class=\"mw-headline\" id=\"Stimmen_zum_Spiel\">Stimmen zum Spiel<\/span><a href=\"\/index.php?title=FC_Salzburg_gegen_FC_Astra_Giurgiu&amp;action=edit&amp;section=5\" title=\"Abschnitt bearbeiten: Stimmen zum Spiel\">Bearbeiten<\/a><span class=\"mw-editsection-bracket\">]<\/span><\/span><\/h2>\n<p><b>Adi H\u00fctter:<\/b> &#8222;Wir haben heute einen kr\u00f6nenden Abschluss einer sehr guten Gruppenphase gemacht. Zumal wir ja auch eine schwierige Phase hatten. Aber wir haben uns selbst aus dem Sumpf gezogen und die Situation angenommen. Heute haben wir viele Sachen von Beginn an richtig gemacht und einen beeindruckenden Sieg gelandet. Im Fr\u00fchjahr gibt es noch viele sehr gute Mannschaften, wirklichen Wunschgegner habe ich keinen.&#8220;\n<\/p>\n<p><b>Konrad Laimer:<\/b> &#8222;F\u00fcr mich war das heute ein kleines Weihnachtsgeschenk. Mit 17 Jahren in der Europa League spielen zu d\u00fcrfen, ist schon eine tolle Sache. Ich habe mich schnell integriert und richtig wohl gef\u00fchlt. Davon kann man nicht genug bekommen. Klar habe ich jetzt Lust auf mehr.&#8220;\n<\/p>\n<p><b>Alan:<\/b> &#8222;Gewinnen macht immer Spa\u00df. Aber wir haben uns das auch verdient. Meine bisherige Trefferausbeute freut mich nat\u00fcrlich. Wichtiger ist aber, dass wir als Mannschaft in der Europa League so weit als nur m\u00f6glich kommen. Wunschgegner habe ich keinen. Wir sind bereit f\u00fcr alle Teams.&#8220;\n<\/p>\n<p>Kevin Kampl: &#8222;Der Fun-Faktor war heute sehr hoch. Es war sehr sch\u00f6n, mit dieser jungen Truppe auf dem Platz zu stehen. Mit der Gruppenphase k\u00f6nnen wir wirklich sehr zufrieden sein. Jetzt haben wir auch noch den Torrekord geknackt, was will man mehr. Jetzt m\u00fcssen wir uns noch einmal auf das letzte Spiel am Sonntag gegen Rapid voll konzentrieren.&#8220;\n<\/p>\n<p><b>Fr\u00e4nky Schiemer:<\/b> &#8222;Es war heute ein tolles Spiel und eine tolle Kulisse. Wir haben ein sehr gutes Spiel abgeliefert und hochverdient gewonnen.&#8220;\n<\/p>\n<\/div>\n","protected":false},"excerpt":{"rendered":"<p>FaktenBearbeiten] FC Salzburg gegen FC Astra Giurgiu, 5:1 Spieltag Uefa-Euroleague Gruppe D Datum 11. Dezember 2014 Anpfiff 19 Uhr Aufstellung Tor Alexander Walke Verteidigung Peter Ankersen Duje Caleta-Car Martin Hinteregger Benno Schmitz Mittelfeld Naby Keita Konrad Laimer Kevin Kampl Massimo Bruno Sturm Marcel Sabitzer Alan Wechsel Wechsel Jonatan Soriano f\u00fcr Bruno (74.), Christian Schwegler f\u00fcr [&hellip;]<\/p>\n","protected":false},"author":1,"featured_media":0,"parent":0,"menu_order":0,"comment_status":"closed","ping_status":"closed","template":"","meta":{"footnotes":""},"class_list":["post-4298","page","type-page","status-publish","hentry"],"_links":{"self":[{"href":"https:\/\/wiki.s12.at\/index.php\/wp-json\/wp\/v2\/pages\/4298","targetHints":{"allow":["GET"]}}],"collection":[{"href":"https:\/\/wiki.s12.at\/index.php\/wp-json\/wp\/v2\/pages"}],"about":[{"href":"https:\/\/wiki.s12.at\/index.php\/wp-json\/wp\/v2\/types\/page"}],"author":[{"embeddable":true,"href":"https:\/\/wiki.s12.at\/index.php\/wp-json\/wp\/v2\/users\/1"}],"replies":[{"embeddable":true,"href":"https:\/\/wiki.s12.at\/index.php\/wp-json\/wp\/v2\/comments?post=4298"}],"version-history":[{"count":0,"href":"https:\/\/wiki.s12.at\/index.php\/wp-json\/wp\/v2\/pages\/4298\/revisions"}],"wp:attachment":[{"href":"https:\/\/wiki.s12.at\/index.php\/wp-json\/wp\/v2\/media?parent=4298"}],"curies":[{"name":"wp","href":"https:\/\/api.w.org\/{rel}","templated":true}]}}

<div class="mw-parser-output">
<h2><span class="mw-headline" id="Fakten">Fakten</span><a href="/index.php?title=FC_Salzburg_gegen_FC_Astra_Giurgiu&amp;action=edit&amp;section=1" title="Abschnitt bearbeiten: Fakten">Bearbeiten</a><span class="mw-editsection-bracket">]</span></span></h2>
<table class="toptextcells toccolours">
<tbody>
<tr>
<th colspan="2" style="text-align: center; vertical-align: top; padding: 0.3em 0.8em; font-size: 125%; background-color: lightsteelblue;">FC Salzburg gegen FC Astra Giurgiu, 5:1
</th>
</tr>
<tr>
<th style="text-align:left;"><b>Spieltag</b>
</th>
<th style="text-align:left;">Uefa-Euroleague Gruppe D
</th>
</tr>
<tr>
<th style="text-align:left;"><b>Datum</b>
</th>
<th style="text-align:left;">11. Dezember 2014
</th>
</tr>
<tr>
<th style="text-align:left;"><b>Anpfiff</b>
</th>
<th style="text-align:left;">19 Uhr
</th>
</tr>
<tr>
<td colspan="2" style="text-align:center;" bgcolor="lightgray"><b>Aufstellung</b>
</td>
</tr>
<tr>
<th style="text-align:left;"><b>Tor</b>
</th>
<th><a href="/Alexander_Walke" title="Alexander Walke">Alexander Walke</a>
</th>
</tr>
<tr>
<th style="text-align:left;"><b>Verteidigung</b>
</th>
<th><a href="/Peter_Ankersen" title="Peter Ankersen">Peter Ankersen</a> <a href="/Duje_Caleta-Car" title="Duje Caleta-Car">Duje Caleta-Car</a> <a href="/Martin_Hinteregger" title="Martin Hinteregger">Martin Hinteregger</a>  <a href="/Benno_Schmitz" title="Benno Schmitz">Benno Schmitz</a>
</th>
</tr>
<tr>
<th style="text-align:left;"><b>Mittelfeld</b>
</th>
<th><a href="/Naby_Keita" title="Naby Keita">Naby Keita</a> <a href="/Konrad_Laimer" title="Konrad Laimer">Konrad Laimer</a> <a href="/Kevin_Kampl" title="Kevin Kampl">Kevin Kampl</a> <a href="/Massimo_Bruno" title="Massimo Bruno">Massimo Bruno</a>
</th>
</tr>
<tr>
<th style="text-align:left;"><b>Sturm</b>
</th>
<th><a href="/Marcel_Sabitzer" title="Marcel Sabitzer">Marcel Sabitzer</a> <a href="/Alan" title="Alan">Alan</a>
</th>
</tr>
<tr>
<td colspan="2" style="text-align:center;" bgcolor="lightgray"><b>Wechsel</b>
</td>
</tr>
<tr>
<th style="text-align:left;"><b>Wechsel</b>
</th>
<th style="text-align:left;"><a href="/Jonatan_Soriano" title="Jonatan Soriano">Jonatan Soriano</a> für Bruno (74.), <a href="/Christian_Schwegler" title="Christian Schwegler">Christian Schwegler</a> für Ankersen (78.), <a href="/Franz_Schiemer" title="Franz Schiemer">Franz Schiemer</a> für Hinteregger (82.)
</th>
</tr>
<tr>
<td colspan="2" style="text-align:center;" bgcolor="lightgray"><b>Statistik</b>
</td>
</tr>
<tr>
<th style="text-align:left;"><b>Endstand</b>
</th>
<th style="text-align:left;">5:1 (2:0)
</th>
</tr>
<tr>
<th style="text-align:left;"><b>Torschützen</b>
</th>
<th style="text-align:left;">Sabitzer (9.), Kampl (34., 92.), Alan (46., 70.); Florescu (51.)
</th>
</tr>
<tr>
<th style="text-align:left;"><b>Gelbe Karten</b>
</th>
<th style="text-align:left;">Sabitzer (55.), Schmitz (67.), Schwegler (83.); Chiţu (53.)
</th>
</tr>
<tr>
<th style="text-align:left;"><b>Rote Karten</b>
</th>
<th style="text-align:left;">
</th>
</tr>
<tr>
<th style="text-align:left;"><b>Schiedsrichter</b>
</th>
<th style="text-align:left;">Pawel Raczkowski (POL)
</th>
</tr>
<tr>
<th style="text-align:left;"><b>Stadion</b>
</th>
<th style="text-align:left;">Red Bull Arena, Salzburg
</th>
</tr>
<tr>
<th style="text-align:left;"><b>Zuschauer</b>
</th>
<th style="text-align:left;">8.258
</th>
</tr>
</tbody>
</table>
<h2><span class="mw-headline" id="Besonderes">Besonderes</span><a href="/index.php?title=FC_Salzburg_gegen_FC_Astra_Giurgiu&amp;action=edit&amp;section=2" title="Abschnitt bearbeiten: Besonderes">Bearbeiten</a><span class="mw-editsection-bracket">]</span></span></h2>
<ul>
<li>Der 18jährige Duje Caleta-Car und der 17jährige Konrad Laimer feierten ihr Europacup-Startelf-Debüt.</li>
<li>Das Durchschnittsalter der Mannschaft betrug 21,9 Jahre.</li>
</ul>
<h2><span class="mw-headline" id="Bilder">Bilder</span><a href="/index.php?title=FC_Salzburg_gegen_FC_Astra_Giurgiu&amp;action=edit&amp;section=3" title="Abschnitt bearbeiten: Bilder">Bearbeiten</a><span class="mw-editsection-bracket">]</span></span></h2>
<p><img alt="" src="/images/thumb/4/4a/Commons-logo.svg/langde-20px-Commons-logo.svg.png%3Futm_source%3Dcommons.wikimedia.org%26utm_campaign%3Dimageinfo%26utm_content%3Dthumbnail" decoding="async" title="Commons" width="12" height="16" srcset="/images/thumb/4/4a/Commons-logo.svg/langde-40px-Commons-logo.svg.png%3Futm_source%3Dcommons.wikimedia.org%26utm_campaign%3Dimageinfo%26utm_content%3Dthumbnail 2x" />&#160;<b><a href="http://commons.wikimedia.org/wiki/Category:UEFA_Euroleague_Group_D_FC_Salzburg_gegen_Astra_Giurgiu_(11._Dezember_2014)" class="extiw" title="commons:Category:UEFA Euroleague Group D FC Salzburg gegen Astra Giurgiu (11. Dezember 2014)">FC Salzburg gegen FC Astra Giurgiu</a></b>&#160;– Sammlung von Bildern, Videos und Audiodateien auf <a href="/Wikimedia_Commons" title="Wikimedia Commons">Wikimedia Commons</a>
</p>
<h2><span class="mw-headline" id="Weblinks">Weblinks</span><a href="/index.php?title=FC_Salzburg_gegen_FC_Astra_Giurgiu&amp;action=edit&amp;section=4" title="Abschnitt bearbeiten: Weblinks">Bearbeiten</a><span class="mw-editsection-bracket">]</span></span></h2>
<ul>
<li><a rel="nofollow" class="external text" href="http://www.redbulls.com/de/fc-red-bull-salzburg/news/saison_2014_15/kantersieg-und-rekord-fuer-rote-bullen.html">Spielbericht Vereinshomepage</a></li>
<li><a rel="nofollow" class="external text" href="http://www.uefa.com/uefaeuropaleague/season=2015/matches/round=2000587/match=2014557/index.html">Spielbericht UEFA.com</a></li>
</ul>
<h2><span class="mw-headline" id="Stimmen_zum_Spiel">Stimmen zum Spiel</span><a href="/index.php?title=FC_Salzburg_gegen_FC_Astra_Giurgiu&amp;action=edit&amp;section=5" title="Abschnitt bearbeiten: Stimmen zum Spiel">Bearbeiten</a><span class="mw-editsection-bracket">]</span></span></h2>
<p><b>Adi Hütter:</b> &#8222;Wir haben heute einen krönenden Abschluss einer sehr guten Gruppenphase gemacht. Zumal wir ja auch eine schwierige Phase hatten. Aber wir haben uns selbst aus dem Sumpf gezogen und die Situation angenommen. Heute haben wir viele Sachen von Beginn an richtig gemacht und einen beeindruckenden Sieg gelandet. Im Frühjahr gibt es noch viele sehr gute Mannschaften, wirklichen Wunschgegner habe ich keinen.&#8220;
</p>
<p><b>Konrad Laimer:</b> &#8222;Für mich war das heute ein kleines Weihnachtsgeschenk. Mit 17 Jahren in der Europa League spielen zu dürfen, ist schon eine tolle Sache. Ich habe mich schnell integriert und richtig wohl gefühlt. Davon kann man nicht genug bekommen. Klar habe ich jetzt Lust auf mehr.&#8220;
</p>
<p><b>Alan:</b> &#8222;Gewinnen macht immer Spaß. Aber wir haben uns das auch verdient. Meine bisherige Trefferausbeute freut mich natürlich. Wichtiger ist aber, dass wir als Mannschaft in der Europa League so weit als nur möglich kommen. Wunschgegner habe ich keinen. Wir sind bereit für alle Teams.&#8220;
</p>
<p>Kevin Kampl: &#8222;Der Fun-Faktor war heute sehr hoch. Es war sehr schön, mit dieser jungen Truppe auf dem Platz zu stehen. Mit der Gruppenphase können wir wirklich sehr zufrieden sein. Jetzt haben wir auch noch den Torrekord geknackt, was will man mehr. Jetzt müssen wir uns noch einmal auf das letzte Spiel am Sonntag gegen Rapid voll konzentrieren.&#8220;
</p>
<p><b>Fränky Schiemer:</b> &#8222;Es war heute ein tolles Spiel und eine tolle Kulisse. Wir haben ein sehr gutes Spiel abgeliefert und hochverdient gewonnen.&#8220;
</p>
</div>

<p>FaktenBearbeiten] FC Salzburg gegen FC Astra Giurgiu, 5:1 Spieltag Uefa-Euroleague Gruppe D Datum 11. Dezember 2014 Anpfiff 19 Uhr Aufstellung Tor Alexander Walke Verteidigung Peter Ankersen Duje Caleta-Car Martin Hinteregger Benno Schmitz Mittelfeld Naby Keita Konrad Laimer Kevin Kampl Massimo Bruno Sturm Marcel Sabitzer Alan Wechsel Wechsel Jonatan Soriano für Bruno (74.), Christian Schwegler für [&hellip;]</p>
