{"id":4296,"date":"2026-05-06T15:41:35","date_gmt":"2026-05-06T13:41:35","guid":{"rendered":"https:\/\/wiki.s12.at\/index.php\/fc-salzburg-gegen-dynamo-kiew\/"},"modified":"2026-05-06T15:41:35","modified_gmt":"2026-05-06T13:41:35","slug":"fc-salzburg-gegen-dynamo-kiew","status":"publish","type":"page","link":"https:\/\/wiki.s12.at\/index.php\/fc-salzburg-gegen-dynamo-kiew\/","title":{"rendered":"FC Salzburg gegen Dynamo Kiew"},"content":{"rendered":"<div class=\"mw-parser-output\">\n<table class=\"toptextcells toccolours\">\n<tbody>\n<tr>\n<th colspan=\"2\" style=\"text-align: center; vertical-align: top; padding: 0.3em 0.8em; font-size: 125%; background-color: lightsteelblue;\">FC Salzburg gegen Dynamo Kiew, 1:1\n<\/th>\n<\/tr>\n<tr>\n<th style=\"text-align:left;\"><b>Spieltag<\/b>\n<\/th>\n<th style=\"text-align:left;\">UEFA-Championsleague Qualifikation, Play-off R\u00fcckspiel\n<\/th>\n<\/tr>\n<tr>\n<th style=\"text-align:left;\"><b>Datum<\/b>\n<\/th>\n<th style=\"text-align:left;\">27. August 2024\n<\/th>\n<\/tr>\n<tr>\n<th style=\"text-align:left;\"><b>Anpfiff<\/b>\n<\/th>\n<th style=\"text-align:left;\">21.00 Uhr\n<\/th>\n<\/tr>\n<tr>\n<td colspan=\"2\" style=\"text-align:center;\" bgcolor=\"lightgray\"><b>Aufstellung<\/b>\n<\/td>\n<\/tr>\n<tr>\n<th style=\"text-align:left;\"><b>Tor<\/b>\n<\/th>\n<th><a href=\"\/Janis_Blaswich\" title=\"Janis Blaswich\">Janis Blaswich<\/a>\n<\/th>\n<\/tr>\n<tr>\n<th style=\"text-align:left;\"><b>Verteidigung<\/b>\n<\/th>\n<th><a href=\"\/Amar_Dedic\" title=\"Amar Dedic\">Amar Dedic<\/a>  &#8211; <a href=\"\/Samson_Baidoo\" title=\"Samson Baidoo\">Samson Baidoo<\/a>  &#8211;<a href=\"\/Kamil_Piatkowski\" title=\"Kamil Piatkowski\">Kamil Piatkowski<\/a>  &#8211;  <a href=\"\/Ignace_Van_der_Brempt\" title=\"Ignace Van der Brempt\">Ignace Van der Brempt<\/a>\n<\/th>\n<\/tr>\n<tr>\n<th style=\"text-align:left;\"><b>Mittelfeld<\/b>\n<\/th>\n<th><a href=\"\/Nicolas_Capaldo\" title=\"Nicolas Capaldo\">Nicolas Capaldo<\/a>  &#8211; <a href=\"\/Mads_Bidstrup\" title=\"Mads Bidstrup\">Mads Bidstrup<\/a>  &#8211;  <a href=\"\/Maurits_Kjaergaard\" title=\"Maurits Kjaergaard\">Maurits Kjaergaard<\/a>\n<\/th>\n<\/tr>\n<tr>\n<th style=\"text-align:left;\"><b>Sturm<\/b>\n<\/th>\n<th><a href=\"\/Oscar_Gloukh\" title=\"Oscar Gloukh\">Oscar Gloukh<\/a> &#8211;  <a href=\"\/Moussa_Yeo\" class=\"mw-redirect\" title=\"Moussa Yeo\">Moussa Yeo<\/a> &#8211; <a href=\"\/Adam_Daghim\" title=\"Adam Daghim\">Adam Daghim<\/a>\n<\/th>\n<\/tr>\n<tr>\n<td colspan=\"2\" style=\"text-align:center;\" bgcolor=\"lightgray\"><b>Wechsel<\/b>\n<\/td>\n<\/tr>\n<tr>\n<th style=\"text-align:left;\"><b>Wechsel<\/b>\n<\/th>\n<th style=\"text-align:left;\"><a href=\"\/Mamady_Diambou\" title=\"Mamady Diambou\">Mamady Diambou<\/a> f\u00fcr Capaldo (64.), <a href=\"\/Dorgeles_Nene\" class=\"mw-redirect\" title=\"Dorgeles Nene\">Dorgeles Nene<\/a> f\u00fcr Kjaergaard (64.), <a href=\"\/Lucas_Gourna-Douath\" title=\"Lucas Gourna-Douath\">Lucas Gourna-Douath<\/a> f\u00fcr Bidstrup (74.), <br \/><a href=\"\/Petar_Ratkov\" title=\"Petar Ratkov\">Petar  Ratkov<\/a> f\u00fcr Daghim (74.), <a href=\"\/Hendry_Blank\" title=\"Hendry Blank\">Hendry Blank<\/a> f\u00fcr Van der Brempt (90.+2)\n<\/th>\n<\/tr>\n<tr>\n<td colspan=\"2\" style=\"text-align:center;\" bgcolor=\"lightgray\"><b>Statistik<\/b>\n<\/td>\n<\/tr>\n<tr>\n<th style=\"text-align:left;\"><b>Endstand<\/b>\n<\/th>\n<th style=\"text-align:left;\">1:1 (1:1)\n<\/th>\n<\/tr>\n<tr>\n<th style=\"text-align:left;\"><b>Torsch\u00fctzen<\/b>\n<\/th>\n<th style=\"text-align:left;\">Daghim (12); Vanat (29.)\n<\/th>\n<\/tr>\n<tr>\n<th style=\"text-align:left;\"><b>Gelbe Karten<\/b>\n<\/th>\n<th style=\"text-align:left;\">Diambou (70.), Gourna-Douath (77.); Mykhavko (32.), Vanat (65.), Bilovar (92.)\n<\/th>\n<\/tr>\n<tr>\n<th style=\"text-align:left;\"><b>Rote Karten<\/b>\n<\/th>\n<th style=\"text-align:left;\">\n<\/th>\n<\/tr>\n<tr>\n<th style=\"text-align:left;\"><b>Schiedsrichter<\/b>\n<\/th>\n<th style=\"text-align:left;\">Umut Meler (TUR)\n<\/th>\n<\/tr>\n<tr>\n<th style=\"text-align:left;\"><b>Stadion<\/b>\n<\/th>\n<th style=\"text-align:left;\">Stadion Salzburg\n<\/th>\n<\/tr>\n<tr>\n<th style=\"text-align:left;\"><b>Zuschauer<\/b>\n<\/th>\n<th style=\"text-align:left;\">23.300\n<\/th>\n<\/tr>\n<\/tbody>\n<\/table>\n<h2><span class=\"mw-headline\" id=\"Spielbericht\">Spielbericht<\/span><a href=\"\/index.php?title=FC_Salzburg_gegen_Dynamo_Kiew&amp;action=edit&amp;section=1\" title=\"Abschnitt bearbeiten: Spielbericht\">Bearbeiten<\/a><span class=\"mw-editsection-bracket\">]<\/span><\/span><\/h2>\n<p><a rel=\"nofollow\" class=\"external text\" href=\"https:\/\/www.redbullsalzburg.at\/de\/2024-2025\/spielplan\/champions-league-cl-play-off-fc-salzburg-vs-dynamo-kyiv#spielbericht\">Spielbericht Vereinshomepage<\/a>\n<\/p>\n<h2><span class=\"mw-headline\" id=\"Bilder\">Bilder<\/span><a href=\"\/index.php?title=FC_Salzburg_gegen_Dynamo_Kiew&amp;action=edit&amp;section=2\" title=\"Abschnitt bearbeiten: Bilder\">Bearbeiten<\/a><span class=\"mw-editsection-bracket\">]<\/span><\/span><\/h2>\n<p><img alt=\"\" src=\"\/images\/thumb\/4\/4a\/Commons-logo.svg\/langde-20px-Commons-logo.svg.png%3Futm_source%3Dcommons.wikimedia.org%26utm_campaign%3Dimageinfo%26utm_content%3Dthumbnail\" decoding=\"async\" title=\"Commons\" width=\"12\" height=\"16\" srcset=\"\/images\/thumb\/4\/4a\/Commons-logo.svg\/langde-40px-Commons-logo.svg.png%3Futm_source%3Dcommons.wikimedia.org%26utm_campaign%3Dimageinfo%26utm_content%3Dthumbnail 2x\" \/>&#160;<b><a href=\"http:\/\/commons.wikimedia.org\/wiki\/Category:FC_Salzburg_vs._Dynamo_Kyiv_(2024-08-27)\" class=\"extiw\" title=\"commons:Category:FC Salzburg vs. Dynamo Kyiv (2024-08-27)\">FC Salzburg gegen Dynamo Kiew<\/a><\/b>&#160;\u2013 Sammlung von Bildern, Videos und Audiodateien auf <a href=\"\/Wikimedia_Commons\" title=\"Wikimedia Commons\">Wikimedia Commons<\/a>\n<\/p>\n<h2><span class=\"mw-headline\" id=\"Stimmen_zum_Spiel\">Stimmen zum Spiel<\/span><a href=\"\/index.php?title=FC_Salzburg_gegen_Dynamo_Kiew&amp;action=edit&amp;section=3\" title=\"Abschnitt bearbeiten: Stimmen zum Spiel\">Bearbeiten<\/a><span class=\"mw-editsection-bracket\">]<\/span><\/span><\/h2>\n<p><b>Pepijn Lijnders:<\/b> Gleich bei meiner Ankunft hier habe ich allen gesagt, dass ich gemeinsam mit der Mannschaft f\u00fcr diese magischen N\u00e4chte hier im Stadion sorgen m\u00f6chte. Ich liebe diesen Bewerb einfach. Ein Mal konnte ich als Teil des FC Liverpool den Champions League-Titel schon gewinnen, ein Mal haben wir im Finale verloren \u2013 besondere Matches sind immer garantiert! Wir mussten uns heute die Qualifikation wirklich verdienen und haben alles daf\u00fcr gegeben. Dynamo Kyiv war ein starker Gegner, und umso gr\u00f6\u00dfer ist das Kompliment, das ich unseren Burschen aussprechen muss.\n<\/p>\n<p><b>Mads Bidstrup:<\/b> Dieses Gef\u00fchl gerade ist unglaublich, kaum in Worte zu fassen. An diesen Tag werden wir uns noch lange erinnern. Ein gro\u00dfer Dank geb\u00fchrt heute auch unseren Fans, die Atmosph\u00e4re war wirklich unglaublich \u2013 jetzt sind wir sowas von bereit f\u00fcr die Champions League!\n<\/p>\n<p><b>Amar Dedic:<\/b> Das ist ein unglaublicher Erfolg f\u00fcr uns alle, f\u00fcr den ganzen Klub! Wir haben gro\u00dfartige vier Spiele gezeigt und uns hochverdient qualifiziert. Heute war es von Anfang an schwer, weil Kyiv mit dem R\u00fcckstand aus dem Hinspiel direkt Druck gemacht hat. Wir haben das aber \u00fcber 90 Minuten hinweg gut verteidigt.\n<\/p>\n<p>&#8218;<i>Adam Daghim:<\/i> Es ist ein Kindheitstraum von mir, der heute wahr wurde. Nach meinem Tor habe ich einfach nur pure Freude versp\u00fcrt, war mit dem Kopf aber schnell wieder beim Spiel, weil Dynamo uns alles abverlangt hat. Bei der Auslosung am Donnerstag hoffe ich nun, dass wir auf den FC Barcelona oder Real Madrid treffen, das w\u00e4re mein Traumlos.\n<\/p>\n<\/div>\n","protected":false},"excerpt":{"rendered":"<p>FC Salzburg gegen Dynamo Kiew, 1:1 Spieltag UEFA-Championsleague Qualifikation, Play-off R\u00fcckspiel Datum 27. August 2024 Anpfiff 21.00 Uhr Aufstellung Tor Janis Blaswich Verteidigung Amar Dedic &#8211; Samson Baidoo &#8211;Kamil Piatkowski &#8211; Ignace Van der Brempt Mittelfeld Nicolas Capaldo &#8211; Mads Bidstrup &#8211; Maurits Kjaergaard Sturm Oscar Gloukh &#8211; Moussa Yeo &#8211; Adam Daghim Wechsel Wechsel [&hellip;]<\/p>\n","protected":false},"author":1,"featured_media":0,"parent":0,"menu_order":0,"comment_status":"closed","ping_status":"closed","template":"","meta":{"footnotes":""},"class_list":["post-4296","page","type-page","status-publish","hentry"],"_links":{"self":[{"href":"https:\/\/wiki.s12.at\/index.php\/wp-json\/wp\/v2\/pages\/4296","targetHints":{"allow":["GET"]}}],"collection":[{"href":"https:\/\/wiki.s12.at\/index.php\/wp-json\/wp\/v2\/pages"}],"about":[{"href":"https:\/\/wiki.s12.at\/index.php\/wp-json\/wp\/v2\/types\/page"}],"author":[{"embeddable":true,"href":"https:\/\/wiki.s12.at\/index.php\/wp-json\/wp\/v2\/users\/1"}],"replies":[{"embeddable":true,"href":"https:\/\/wiki.s12.at\/index.php\/wp-json\/wp\/v2\/comments?post=4296"}],"version-history":[{"count":0,"href":"https:\/\/wiki.s12.at\/index.php\/wp-json\/wp\/v2\/pages\/4296\/revisions"}],"wp:attachment":[{"href":"https:\/\/wiki.s12.at\/index.php\/wp-json\/wp\/v2\/media?parent=4296"}],"curies":[{"name":"wp","href":"https:\/\/api.w.org\/{rel}","templated":true}]}}

<div class="mw-parser-output">
<table class="toptextcells toccolours">
<tbody>
<tr>
<th colspan="2" style="text-align: center; vertical-align: top; padding: 0.3em 0.8em; font-size: 125%; background-color: lightsteelblue;">FC Salzburg gegen Dynamo Kiew, 1:1
</th>
</tr>
<tr>
<th style="text-align:left;"><b>Spieltag</b>
</th>
<th style="text-align:left;">UEFA-Championsleague Qualifikation, Play-off Rückspiel
</th>
</tr>
<tr>
<th style="text-align:left;"><b>Datum</b>
</th>
<th style="text-align:left;">27. August 2024
</th>
</tr>
<tr>
<th style="text-align:left;"><b>Anpfiff</b>
</th>
<th style="text-align:left;">21.00 Uhr
</th>
</tr>
<tr>
<td colspan="2" style="text-align:center;" bgcolor="lightgray"><b>Aufstellung</b>
</td>
</tr>
<tr>
<th style="text-align:left;"><b>Tor</b>
</th>
<th><a href="/Janis_Blaswich" title="Janis Blaswich">Janis Blaswich</a>
</th>
</tr>
<tr>
<th style="text-align:left;"><b>Verteidigung</b>
</th>
<th><a href="/Amar_Dedic" title="Amar Dedic">Amar Dedic</a>  &#8211; <a href="/Samson_Baidoo" title="Samson Baidoo">Samson Baidoo</a>  &#8211;<a href="/Kamil_Piatkowski" title="Kamil Piatkowski">Kamil Piatkowski</a>  &#8211;  <a href="/Ignace_Van_der_Brempt" title="Ignace Van der Brempt">Ignace Van der Brempt</a>
</th>
</tr>
<tr>
<th style="text-align:left;"><b>Mittelfeld</b>
</th>
<th><a href="/Nicolas_Capaldo" title="Nicolas Capaldo">Nicolas Capaldo</a>  &#8211; <a href="/Mads_Bidstrup" title="Mads Bidstrup">Mads Bidstrup</a>  &#8211;  <a href="/Maurits_Kjaergaard" title="Maurits Kjaergaard">Maurits Kjaergaard</a>
</th>
</tr>
<tr>
<th style="text-align:left;"><b>Sturm</b>
</th>
<th><a href="/Oscar_Gloukh" title="Oscar Gloukh">Oscar Gloukh</a> &#8211;  <a href="/Moussa_Yeo" class="mw-redirect" title="Moussa Yeo">Moussa Yeo</a> &#8211; <a href="/Adam_Daghim" title="Adam Daghim">Adam Daghim</a>
</th>
</tr>
<tr>
<td colspan="2" style="text-align:center;" bgcolor="lightgray"><b>Wechsel</b>
</td>
</tr>
<tr>
<th style="text-align:left;"><b>Wechsel</b>
</th>
<th style="text-align:left;"><a href="/Mamady_Diambou" title="Mamady Diambou">Mamady Diambou</a> für Capaldo (64.), <a href="/Dorgeles_Nene" class="mw-redirect" title="Dorgeles Nene">Dorgeles Nene</a> für Kjaergaard (64.), <a href="/Lucas_Gourna-Douath" title="Lucas Gourna-Douath">Lucas Gourna-Douath</a> für Bidstrup (74.), <br /><a href="/Petar_Ratkov" title="Petar Ratkov">Petar  Ratkov</a> für Daghim (74.), <a href="/Hendry_Blank" title="Hendry Blank">Hendry Blank</a> für Van der Brempt (90.+2)
</th>
</tr>
<tr>
<td colspan="2" style="text-align:center;" bgcolor="lightgray"><b>Statistik</b>
</td>
</tr>
<tr>
<th style="text-align:left;"><b>Endstand</b>
</th>
<th style="text-align:left;">1:1 (1:1)
</th>
</tr>
<tr>
<th style="text-align:left;"><b>Torschützen</b>
</th>
<th style="text-align:left;">Daghim (12); Vanat (29.)
</th>
</tr>
<tr>
<th style="text-align:left;"><b>Gelbe Karten</b>
</th>
<th style="text-align:left;">Diambou (70.), Gourna-Douath (77.); Mykhavko (32.), Vanat (65.), Bilovar (92.)
</th>
</tr>
<tr>
<th style="text-align:left;"><b>Rote Karten</b>
</th>
<th style="text-align:left;">
</th>
</tr>
<tr>
<th style="text-align:left;"><b>Schiedsrichter</b>
</th>
<th style="text-align:left;">Umut Meler (TUR)
</th>
</tr>
<tr>
<th style="text-align:left;"><b>Stadion</b>
</th>
<th style="text-align:left;">Stadion Salzburg
</th>
</tr>
<tr>
<th style="text-align:left;"><b>Zuschauer</b>
</th>
<th style="text-align:left;">23.300
</th>
</tr>
</tbody>
</table>
<h2><span class="mw-headline" id="Spielbericht">Spielbericht</span><a href="/index.php?title=FC_Salzburg_gegen_Dynamo_Kiew&amp;action=edit&amp;section=1" title="Abschnitt bearbeiten: Spielbericht">Bearbeiten</a><span class="mw-editsection-bracket">]</span></span></h2>
<p><a rel="nofollow" class="external text" href="https://www.redbullsalzburg.at/de/2024-2025/spielplan/champions-league-cl-play-off-fc-salzburg-vs-dynamo-kyiv#spielbericht">Spielbericht Vereinshomepage</a>
</p>
<h2><span class="mw-headline" id="Bilder">Bilder</span><a href="/index.php?title=FC_Salzburg_gegen_Dynamo_Kiew&amp;action=edit&amp;section=2" title="Abschnitt bearbeiten: Bilder">Bearbeiten</a><span class="mw-editsection-bracket">]</span></span></h2>
<p><img alt="" src="/images/thumb/4/4a/Commons-logo.svg/langde-20px-Commons-logo.svg.png%3Futm_source%3Dcommons.wikimedia.org%26utm_campaign%3Dimageinfo%26utm_content%3Dthumbnail" decoding="async" title="Commons" width="12" height="16" srcset="/images/thumb/4/4a/Commons-logo.svg/langde-40px-Commons-logo.svg.png%3Futm_source%3Dcommons.wikimedia.org%26utm_campaign%3Dimageinfo%26utm_content%3Dthumbnail 2x" />&#160;<b><a href="http://commons.wikimedia.org/wiki/Category:FC_Salzburg_vs._Dynamo_Kyiv_(2024-08-27)" class="extiw" title="commons:Category:FC Salzburg vs. Dynamo Kyiv (2024-08-27)">FC Salzburg gegen Dynamo Kiew</a></b>&#160;– Sammlung von Bildern, Videos und Audiodateien auf <a href="/Wikimedia_Commons" title="Wikimedia Commons">Wikimedia Commons</a>
</p>
<h2><span class="mw-headline" id="Stimmen_zum_Spiel">Stimmen zum Spiel</span><a href="/index.php?title=FC_Salzburg_gegen_Dynamo_Kiew&amp;action=edit&amp;section=3" title="Abschnitt bearbeiten: Stimmen zum Spiel">Bearbeiten</a><span class="mw-editsection-bracket">]</span></span></h2>
<p><b>Pepijn Lijnders:</b> Gleich bei meiner Ankunft hier habe ich allen gesagt, dass ich gemeinsam mit der Mannschaft für diese magischen Nächte hier im Stadion sorgen möchte. Ich liebe diesen Bewerb einfach. Ein Mal konnte ich als Teil des FC Liverpool den Champions League-Titel schon gewinnen, ein Mal haben wir im Finale verloren – besondere Matches sind immer garantiert! Wir mussten uns heute die Qualifikation wirklich verdienen und haben alles dafür gegeben. Dynamo Kyiv war ein starker Gegner, und umso größer ist das Kompliment, das ich unseren Burschen aussprechen muss.
</p>
<p><b>Mads Bidstrup:</b> Dieses Gefühl gerade ist unglaublich, kaum in Worte zu fassen. An diesen Tag werden wir uns noch lange erinnern. Ein großer Dank gebührt heute auch unseren Fans, die Atmosphäre war wirklich unglaublich – jetzt sind wir sowas von bereit für die Champions League!
</p>
<p><b>Amar Dedic:</b> Das ist ein unglaublicher Erfolg für uns alle, für den ganzen Klub! Wir haben großartige vier Spiele gezeigt und uns hochverdient qualifiziert. Heute war es von Anfang an schwer, weil Kyiv mit dem Rückstand aus dem Hinspiel direkt Druck gemacht hat. Wir haben das aber über 90 Minuten hinweg gut verteidigt.
</p>
<p>&#8218;<i>Adam Daghim:</i> Es ist ein Kindheitstraum von mir, der heute wahr wurde. Nach meinem Tor habe ich einfach nur pure Freude verspürt, war mit dem Kopf aber schnell wieder beim Spiel, weil Dynamo uns alles abverlangt hat. Bei der Auslosung am Donnerstag hoffe ich nun, dass wir auf den FC Barcelona oder Real Madrid treffen, das wäre mein Traumlos.
</p>
</div>

<p>FC Salzburg gegen Dynamo Kiew, 1:1 Spieltag UEFA-Championsleague Qualifikation, Play-off Rückspiel Datum 27. August 2024 Anpfiff 21.00 Uhr Aufstellung Tor Janis Blaswich Verteidigung Amar Dedic &#8211; Samson Baidoo &#8211;Kamil Piatkowski &#8211; Ignace Van der Brempt Mittelfeld Nicolas Capaldo &#8211; Mads Bidstrup &#8211; Maurits Kjaergaard Sturm Oscar Gloukh &#8211; Moussa Yeo &#8211; Adam Daghim Wechsel Wechsel [&hellip;]</p>
